83.58.251.144 - - [13/Dec/2006:05:00:20 -0600] "GET /archives/2006/11/28/gigantes-en-la-era-del-silicio/feed/ HTTP/1.1" 304 0 "-" "NewzCrawler/1.7 (compatible; MSIE 6.00; Newz Crawler 1.7; http://www.newzcrawler.com/ )"
83.58.251.144 - - [13/Dec/2006:05:00:22 -0600] "GET /archives/2006/12/01/nieve-ahora-si/feed/ HTTP/1.1" 304 0 "-" "NewzCrawler/1.7 (compatible; MSIE 6.00; Newz Crawler 1.7; http://www.newzcrawler.com/ )"
83.58.251.144 - - [13/Dec/2006:05:00:24 -0600] "GET /archives/2006/12/11/pronunciacion/feed/ HTTP/1.1" 304 0 "-" "NewzCrawler/1.7 (compatible; MSIE 6.00; Newz Crawler 1.7; http://www.newzcrawler.com/ )"
216.171.98.77 - - [13/Dec/2006:05:00:41 -0600] "GET /archives/2006/02/13/obituario-informatico/ HTTP/1.0" 200 24525 "-" "Mozilla/5.0 (X11; U; Linux i686; en-US; rv:1.7.5) Gecko/20041107 Firefox/1.0"
82.198.250.16 - - [13/Dec/2006:05:00:42 -0600] "GET /archives/2006/02/13/obituario-informatico/ HTTP/1.0" 200 13118 "http://images.google.co.uk/imgres?imgurl=http://www.homecomputer.de/images/machines/Sinclair_Spectrum%2B3_Large.jpg&imgrefurl=http://www.foobar.com/archives/2006/02/13/obituario-informatico/&h=479&w=800&sz=69&hl=en&start=23&tbnid=l5cgxwliTLDxgM:&tbnh=86&tbnw=143&prev=/images%3Fq%3Dspectrum%2Bsinclair%26start%3D20%26ndsp%3D20%26svnum%3D10%26hl%3Den%26lr%3D%26sa%3DN" "Mozilla/4.0 (compatible; MSIE 6.0; Windows NT 5.1; SV1; InfoPath.1; .NET CLR 1.1.4322; .NET CLR 2.0.50727)"
194.224.199.54 - - [13/Dec/2006:05:00:46 -0600] "GET /archives/2003/09/09/borja-croft-grid-raider-la-cuna-de-la-web/feed/ HTTP/1.1" 200 3105 "http://www.foobar.com/archives/2003/09/09/borja-croft-grid-raider-la-cuna-de-la-web/" "noxtrumbot/1.0 (crawler@noxtrum.com)"
38.102.128.140 - - [13/Dec/2006:05:01:14 -0600] "GET /feed HTTP/1.1" 304 0 "-" "Mozilla/5.0 (X11; U; Linux i686; en-US; rv:1.2.1; Rojo 1.0; http://www.rojo.com/corporate/help/agg/; Aggregating on behalf of 6 subscriber(s) online at http://www.rojo.com/?feed-id=2396053) Gecko/20021130"
65.214.44.29 - - [13/Dec/2006:05:01:26 -0600] "GET /feed/rss2/ HTTP/1.1" 304 0 "-" "Bloglines/3.1 (http://www.bloglines.com; 14 subscribers)"
195.27.215.89 - - [13/Dec/2006:05:01:44 -0600] "GET /archives/2005/03/10/llegando-a-la-linea-de-meta/ HTTP/1.0" 200 18034 "-" "Seekbot/1.0 (http://www.seekbot.net/bot.html) HTTPFetcher/0.3"
194.224.199.54 - - [13/Dec/2006:05:01:46 -0600] "GET /archives/2003/09/07/el-cientfico-trotamundos/feed/ HTTP/1.1" 200 2806 "http://www.foobar.com/archives/2003/09/07/el-cientfico-trotamundos/" "noxtrumbot/1.0 (crawler@noxtrum.com)"
83.175.234.105 - - [13/Dec/2006:05:02:09 -0600] "GET /uploads/Family_guy_logo.png HTTP/1.0" 404 - "http://images.google.es/imgres?imgurl=http://www.foobar.com/uploads/Family_guy_logo.png&imgrefurl=http://www.foobar.com/archives/2006/01/19/television-americana/&h=189&w=300&sz=28&tbnid=qlC6Gq_pQxf_tM:&tbnh=73&tbnw=116&hl=es&prev=/images%3Fq%3Dpadre%2Bde%2Bfamilia%26svnum%3D10%26hl%3Des%26lr%3D%26sa%3DX&frame=small" "Mozilla/4.0 (compatible; MSIE 6.0; Windows NT 5.1; SV1)"
83.175.234.105 - - [13/Dec/2006:05:02:10 -0600] "GET /archives/2006/01/19/television-americana/ HTTP/1.0" 200 14250 "http://images.google.es/imgres?imgurl=http://www.foobar.com/uploads/Family_guy_logo.png&imgrefurl=http://www.foobar.com/archives/2006/01/19/television-americana/&h=189&w=300&sz=28&hl=es&start=12&tbnid=qlC6Gq_pQxf_tM:&tbnh=73&tbnw=116&prev=/images%3Fq%3Dpadre%2Bde%2Bfamilia%26svnum%3D10%26hl%3Des%26lr%3D%26sa%3DX" "Mozilla/4.0 (compatible; MSIE 6.0; Windows NT 5.1; SV1)"
83.175.234.105 - - [13/Dec/2006:05:02:16 -0600] "GET /archives/2006/01/19/television-americana/ HTTP/1.0" 200 14250 "http://images.google.es/imgres?imgurl=http://www.foobar.com/uploads/Family_guy_logo.png&imgrefurl=http://www.foobar.com/archives/2006/01/19/television-americana/&h=189&w=300&sz=28&hl=es&start=12&tbnid=qlC6Gq_pQxf_tM:&tbnh=73&tbnw=116&prev=/images%3Fq%3Dpadre%2Bde%2Bfamilia%26svnum%3D10%26hl%3Des%26lr%3D%26sa%3DX" "Mozilla/4.0 (compatible; MSIE 6.0; Windows NT 5.1; SV1)"
65.214.44.29 - - [13/Dec/2006:05:02:17 -0600] "GET /feed/atom/ HTTP/1.1" 304 0 "-" "Bloglines/3.1 (http://www.bloglines.com; 6 subscribers)"
158.42.53.165 - - [13/Dec/2006:05:02:18 -0600] "GET / HTTP/1.1" 200 41046 "http://www.foobar.com/archives/2004/06/25/los-agridulces-frutos-de-la-docencia/" "Mozilla/5.0 (X11; U; Linux i686; es-ES; rv:1.8.0.8) Gecko/20061115 Ubuntu/dapper-security Firefox/1.5.0.8"
158.42.53.165 - - [13/Dec/2006:05:02:18 -0600] "GET /uploads/pronunciacion.png HTTP/1.1" 200 2058 "http://www.foobar.com/" "Mozilla/5.0 (X11; U; Linux i686; es-ES; rv:1.8.0.8) Gecko/20061115 Ubuntu/dapper-security Firefox/1.5.0.8"
158.42.53.165 - - [13/Dec/2006:05:02:19 -0600] "GET /wp-content/themes/default_es/images/kubrickbg.jpg HTTP/1.1" 200 1047 "http://www.foobar.com/" "Mozilla/5.0 (X11; U; Linux i686; es-ES; rv:1.8.0.8) Gecko/20061115 Ubuntu/dapper-security Firefox/1.5.0.8"
212.168.173.12 - - [13/Dec/2006:05:02:22 -0600] "GET /feed/rss2 HTTP/1.1" 304 0 "-" "AlestiFeedBot/0.7 (http://www.alesti.org/; 1 subscriber)"
210.173.180.164 - - [13/Dec/2006:05:02:42 -0600] "GET /archives/2004/12/01/borjanet-segn-markov/ HTTP/1.1" 200 28055 "-" "ichiro/2.0 (http://help.goo.ne.jp/door/crawler.html)"
194.224.199.54 - - [13/Dec/2006:05:02:47 -0600] "GET /archives/2003/08/page/4/ HTTP/1.1" 200 32251 "http://www.foobar.com/archives/2003/08/page/3/" "noxtrumbot/1.0 (crawler@noxtrum.com)"
213.97.131.216 - - [13/Dec/2006:05:03:23 -0600] "GET /feed/atom/ HTTP/1.1" 304 0 "-" "NetNewsWire/2.1.1 (Mac OS X; Lite; http://ranchero.com/netnewswire/)"
71.103.125.141 - - [13/Dec/2006:05:03:27 -0600] "GET /uploads/Family_guy_logo.png HTTP/1.1" 404 - "http://profile.myspace.com/index.cfm?fuseaction=user.viewprofile&friendid=80115137" "Mozilla/5.0 (Windows; U; Windows NT 5.1; en-US; rv:1.8.1) Gecko/20061010 Firefox/2.0"
68.85.138.187 - - [13/Dec/2006:05:03:34 -0600] "GET /uploads/Family_guy_logo.png HTTP/1.1" 404 - "http://profile.myspace.com/index.cfm?fuseaction=user.viewprofile&friendid=62120752" "Mozilla/5.0 (Windows; U; Windows NT 5.1; en-US; rv:1.8.0.8) Gecko/20061025 Firefox/1.5.0.8"
212.55.0.180 - - [13/Dec/2006:05:03:36 -0600] "GET /favicon.ico HTTP/1.1" 404 - "http://www.newsgator.com/ngs/subscriber/WebEd2.aspx?fid=1685" "Mozilla/5.0 (Windows; U; Windows NT 5.1; es-ES; rv:1.8.1) Gecko/20061010 Firefox/2.0"
158.38.88.39 - - [13/Dec/2006:05:03:44 -0600] "GET /favicon.ico HTTP/1.1" 404 - "http://www.netvibes.com/" "Mozilla/5.0 (Windows; U; Windows NT 5.1; es-ES; rv:1.8.1) Gecko/20061010 Firefox/2.0"
194.224.199.54 - - [13/Dec/2006:05:03:47 -0600] "GET /archives/2003/08/19/australia-da-12-melbourne/ HTTP/1.1" 200 14720 "http://www.foobar.com/archives/2003/08/page/3/" "noxtrumbot/1.0 (crawler@noxtrum.com)"
71.103.125.141 - - [13/Dec/2006:05:03:53 -0600] "GET /uploads/Family_guy_logo.png HTTP/1.1" 404 - "http://profile.myspace.com/index.cfm?fuseaction=user.viewprofile&friendID=80115137&Mytoken=36DB3418-2AAA-424E-88A433167461CD4731588502" "Mozilla/5.0 (Windows; U; Windows NT 5.1; en-US; rv:1.8.1) Gecko/20061010 Firefox/2.0"
71.103.125.141 - - [13/Dec/2006:05:04:13 -0600] "GET /uploads/Family_guy_logo.png HTTP/1.1" 404 - "http://profile.myspace.com/index.cfm?fuseaction=user.viewprofile&friendID=80115137&Mytoken=36DB3418-2AAA-424E-88A433167461CD4731588502" "Mozilla/5.0 (Windows; U; Windows NT 5.1; en-US; rv:1.8.1) Gecko/20061010 Firefox/2.0"
65.214.44.29 - - [13/Dec/2006:05:04:19 -0600] "GET /feed/ HTTP/1.1" 304 0 "-" "Bloglines/3.1 (http://www.bloglines.com; 34 subscribers)"
210.173.180.164 - - [13/Dec/2006:05:04:36 -0600] "GET /archives/2004/12/28/una-inesperada-visita/feed/ HTTP/1.1" 200 9870 "-" "ichiro/2.0 (http://help.goo.ne.jp/door/crawler.html)"
88.11.208.18 - - [13/Dec/2006:05:05:08 -0600] "GET /archives/2006/01/19/television-americana/ HTTP/1.1" 200 22442 "http://www.google.com/search?sourceid=navclient&ie=UTF-8&rls=GGLR,GGLR:2006-02,GGLR:en&q=estereotipos+de+family+guy" "Mozilla/4.0 (compatible; MSIE 6.0; Windows NT 5.1; SV1)"
88.11.208.18 - - [13/Dec/2006:05:05:09 -0600] "GET /wp-content/themes/default_es/style.css HTTP/1.1" 200 9885 "http://www.foobar.com/archives/2006/01/19/television-americana/" "Mozilla/4.0 (compatible; MSIE 6.0; Windows NT 5.1; SV1)"
88.11.208.18 - - [13/Dec/2006:05:05:09 -0600] "GET /wp-content/themes/default_es/images/borjanet.png HTTP/1.1" 200 16169 "http://www.foobar.com/archives/2006/01/19/television-americana/" "Mozilla/4.0 (compatible; MSIE 6.0; Windows NT 5.1; SV1)"
88.11.208.18 - - [13/Dec/2006:05:05:09 -0600] "GET /uploads/Dailyshow_logo.jpg HTTP/1.1" 200 13964 "http://www.foobar.com/archives/2006/01/19/television-americana/" "Mozilla/4.0 (compatible; MSIE 6.0; Windows NT 5.1; SV1)"
88.11.208.18 - - [13/Dec/2006:05:05:10 -0600] "GET /uploads/TheWestWing.JPG HTTP/1.1" 200 7234 "http://www.foobar.com/archives/2006/01/19/television-americana/" "Mozilla/4.0 (compatible; MSIE 6.0; Windows NT 5.1; SV1)"
88.11.208.18 - - [13/Dec/2006:05:05:11 -0600] "GET /uploads/Birdman.jpg HTTP/1.1" 200 23838 "http://www.foobar.com/archives/2006/01/19/television-americana/" "Mozilla/4.0 (compatible; MSIE 6.0; Windows NT 5.1; SV1)"
88.11.208.18 - - [13/Dec/2006:05:05:11 -0600] "GET /uploads/fglogo.png HTTP/1.1" 200 27895 "http://www.foobar.com/archives/2006/01/19/television-americana/" "Mozilla/4.0 (compatible; MSIE 6.0; Windows NT 5.1; SV1)"
88.11.208.18 - - [13/Dec/2006:05:05:11 -0600] "GET /uploads/Harvey_Birdman2C_Attorney_at_Law_title.jpg HTTP/1.1" 200 20129 "http://www.foobar.com/archives/2006/01/19/television-americana/" "Mozilla/4.0 (compatible; MSIE 6.0; Windows NT 5.1; SV1)"
88.11.208.18 - - [13/Dec/2006:05:05:11 -0600] "GET /uploads/whoseline.jpg HTTP/1.1" 200 13096 "http://www.foobar.com/archives/2006/01/19/television-americana/" "Mozilla/4.0 (compatible; MSIE 6.0; Windows NT 5.1; SV1)"
88.11.208.18 - - [13/Dec/2006:05:05:12 -0600] "GET /uploads/comedy.png HTTP/1.1" 200 22619 "http://www.foobar.com/archives/2006/01/19/television-americana/" "Mozilla/4.0 (compatible; MSIE 6.0; Windows NT 5.1; SV1)"
88.11.208.18 - - [13/Dec/2006:05:05:12 -0600] "GET /wp-content/themes/default_es/images/kubrickbgcolor.jpg HTTP/1.1" 200 558 "http://www.foobar.com/archives/2006/01/19/television-americana/" "Mozilla/4.0 (compatible; MSIE 6.0; Windows NT 5.1; SV1)"
88.11.208.18 - - [13/Dec/2006:05:05:12 -0600] "GET /wp-content/themes/default_es/images/kubrickbgwide.jpg HTTP/1.1" 200 1020 "http://www.foobar.com/archives/2006/01/19/television-americana/" "Mozilla/4.0 (compatible; MSIE 6.0; Windows NT 5.1; SV1)"
88.11.208.18 - - [13/Dec/2006:05:05:12 -0600] "GET /wp-content/themes/default_es/images/kubrickheader.png HTTP/1.1" 200 3850 "http://www.foobar.com/archives/2006/01/19/television-americana/" "Mozilla/4.0 (compatible; MSIE 6.0; Windows NT 5.1; SV1)"
88.11.208.18 - - [13/Dec/2006:05:05:12 -0600] "GET /wp-content/themes/default_es/images/kubrickfooter.jpg HTTP/1.1" 200 2601 "http://www.foobar.com/archives/2006/01/19/television-americana/" "Mozilla/4.0 (compatible; MSIE 6.0; Windows NT 5.1; SV1)"
88.11.208.18 - - [13/Dec/2006:05:05:13 -0600] "GET /favicon.ico HTTP/1.1" 404 - "-" "Mozilla/4.0 (compatible; MSIE 6.0; Windows NT 5.1; SV1)"
88.11.208.18 - - [13/Dec/2006:05:05:13 -0600] "GET /favicon.ico HTTP/1.1" 404 - "-" "Mozilla/4.0 (compatible; MSIE 6.0; Windows NT 5.1; SV1)"
71.103.125.141 - - [13/Dec/2006:05:05:28 -0600] "GET /uploads/Family_guy_logo.png HTTP/1.1" 404 - "http://profile.myspace.com/index.cfm?fuseaction=user.viewprofile&friendid=80115137&MyToken=2009f9ff-dcaa-460c-81ce-441865bbcd7f" "Mozilla/5.0 (Windows; U; Windows NT 5.1; en-US; rv:1.8.1) Gecko/20061010 Firefox/2.0"
147.96.41.187 - - [13/Dec/2006:05:05:57 -0600] "GET /feed/ HTTP/1.1" 304 0 "-" "Mozilla/5.0 (compatible; Google Desktop)"
217.130.78.71 - - [13/Dec/2006:05:06:32 -0600] "GET /feed/ HTTP/1.0" 304 0 "-" "Liferea/1.0.23 (Linux; es_ES.UTF-8; http://liferea.sf.net/)"
194.224.199.54 - - [13/Dec/2006:05:06:43 -0600] "GET /archives/2003/08/18/australia-da-11-melbourne/ HTTP/1.1" 200 17841 "http://www.foobar.com/archives/2003/08/page/3/" "noxtrumbot/1.0 (crawler@noxtrum.com)"
212.168.173.12 - - [13/Dec/2006:05:07:27 -0600] "GET /feed/ HTTP/1.1" 304 0 "-" "AlestiFeedBot/0.7 (http://www.alesti.org/; 5 subscribers)"
201.11.25.144 - - [13/Dec/2006:05:07:42 -0600] "GET /uploads/whoseline.jpg HTTP/1.1" 200 13096 "http://nowloaded.org/forum/index.php?showtopic=22951" "Mozilla/4.0 (compatible; MSIE 6.0; Windows NT 5.1; SV1; MEGAUPLOAD 1.0)"
194.224.199.54 - - [13/Dec/2006:05:07:43 -0600] "GET /archives/2003/08/18/australia-da-10-sydney/ HTTP/1.1" 200 14559 "http://www.foobar.com/archives/2003/08/page/3/" "noxtrumbot/1.0 (crawler@noxtrum.com)"
74.6.87.43 - - [13/Dec/2006:05:08:12 -0600] "GET /archives/2003/03/24/oscarand-all-that-jazz/ HTTP/1.0" 200 16430 "-" "Mozilla/5.0 (compatible; Yahoo! Slurp; http://help.yahoo.com/help/us/ysearch/slurp)"
80.224.29.161 - - [13/Dec/2006:05:08:15 -0600] "GET /feed/ HTTP/1.0" 304 0 "-" "Liferea/1.0.26 (Linux; http://liferea.sf.net/)"
195.27.215.89 - - [13/Dec/2006:05:08:18 -0600] "GET /archives/2005/03/10/mi-kernel/ HTTP/1.0" 200 21272 "-" "Seekbot/1.0 (http://www.seekbot.net/bot.html) HTTPFetcher/0.3"
194.224.199.54 - - [13/Dec/2006:05:08:43 -0600] "GET /archives/2003/08/16/australia-da-9-sydney/ HTTP/1.1" 200 17908 "http://www.foobar.com/archives/2003/08/page/3/" "noxtrumbot/1.0 (crawler@noxtrum.com)"
210.173.180.164 - - [13/Dec/2006:05:08:53 -0600] "GET /archives/2004/12/28/una-inesperada-visita/trackback/ HTTP/1.1" 302 5 "-" "ichiro/2.0 (http://help.goo.ne.jp/door/crawler.html)"
72.14.199.5 - - [13/Dec/2006:05:09:36 -0600] "GET /feed/atom HTTP/1.1" 304 0 "-" "Feedfetcher-Google; (+http://www.google.com/feedfetcher.html)"
194.224.199.54 - - [13/Dec/2006:05:09:43 -0600] "GET /archives/2003/08/15/australia-da-8-sydney/ HTTP/1.1" 200 16041 "http://www.foobar.com/archives/2003/08/page/3/" "noxtrumbot/1.0 (crawler@noxtrum.com)"
74.6.87.12 - - [13/Dec/2006:05:10:15 -0600] "GET /archives/category/informatica/page/2/ HTTP/1.0" 200 33332 "-" "Mozilla/5.0 (compatible; Yahoo! Slurp; http://help.yahoo.com/help/us/ysearch/slurp)"
194.224.199.54 - - [13/Dec/2006:05:10:41 -0600] "GET /robots.txt HTTP/1.1" 404 - "-" "noxtrumbot/1.0 (crawler@noxtrum.com)"
194.224.199.54 - - [13/Dec/2006:05:10:43 -0600] "GET /archives/2003/08/24/australia-da-17-byron-bay/feed/ HTTP/1.1" 200 524 "http://www.foobar.com/archives/2003/08/24/australia-da-17-byron-bay/" "noxtrumbot/1.0 (crawler@noxtrum.com)"
74.6.86.153 - - [13/Dec/2006:05:10:48 -0600] "GET /archives/category/viajes/2005-europa/page/2/ HTTP/1.0" 200 32051 "-" "Mozilla/5.0 (compatible; Yahoo! Slurp; http://help.yahoo.com/help/us/ysearch/slurp)"
83.59.156.169 - - [13/Dec/2006:05:11:03 -0600] "GET /archives/2006/07/02/en-los-madriles-2/ HTTP/1.1" 200 16049 "http://www.google.es/search?hl=es&q=madriles&meta=" "Mozilla/4.0 (compatible; MSIE 6.0; Windows NT 5.1; SV1; .NET CLR 1.1.4322)"
83.59.156.169 - - [13/Dec/2006:05:11:04 -0600] "GET /wp-content/themes/default_es/style.css HTTP/1.1" 200 9885 "http://www.foobar.com/archives/2006/07/02/en-los-madriles-2/" "Mozilla/4.0 (compatible; MSIE 6.0; Windows NT 5.1; SV1; .NET CLR 1.1.4322)"
83.59.156.169 - - [13/Dec/2006:05:11:04 -0600] "GET /wp-content/themes/default_es/images/kubrickbgcolor.jpg HTTP/1.1" 200 558 "http://www.foobar.com/archives/2006/07/02/en-los-madriles-2/" "Mozilla/4.0 (compatible; MSIE 6.0; Windows NT 5.1; SV1; .NET CLR 1.1.4322)"
83.59.156.169 - - [13/Dec/2006:05:11:04 -0600] "GET /wp-content/themes/default_es/images/borjanet.png HTTP/1.1" 200 16169 "http://www.foobar.com/archives/2006/07/02/en-los-madriles-2/" "Mozilla/4.0 (compatible; MSIE 6.0; Windows NT 5.1; SV1; .NET CLR 1.1.4322)"
83.59.156.169 - - [13/Dec/2006:05:11:05 -0600] "GET /wp-content/themes/default_es/images/kubrickbgwide.jpg HTTP/1.1" 200 1020 "http://www.foobar.com/archives/2006/07/02/en-los-madriles-2/" "Mozilla/4.0 (compatible; MSIE 6.0; Windows NT 5.1; SV1; .NET CLR 1.1.4322)"
83.59.156.169 - - [13/Dec/2006:05:11:05 -0600] "GET /wp-content/themes/default_es/images/kubrickheader.png HTTP/1.1" 200 3850 "http://www.foobar.com/archives/2006/07/02/en-los-madriles-2/" "Mozilla/4.0 (compatible; MSIE 6.0; Windows NT 5.1; SV1; .NET CLR 1.1.4322)"
83.59.156.169 - - [13/Dec/2006:05:11:05 -0600] "GET /wp-content/themes/default_es/images/kubrickfooter.jpg HTTP/1.1" 200 2601 "http://www.foobar.com/archives/2006/07/02/en-los-madriles-2/" "Mozilla/4.0 (compatible; MSIE 6.0; Windows NT 5.1; SV1; .NET CLR 1.1.4322)"
80.32.238.208 - - [13/Dec/2006:05:11:15 -0600] "GET /archives/2003/12/25/la-cena-de-nochebuena/ HTTP/1.1" 200 18270 "http://www.google.es/search?hl=es&q=cena+de+noche+buena&btnG=B%C3%BAsqueda+en+Google&meta=" "Mozilla/4.0 (compatible; MSIE 6.0; Windows NT 5.1; SV1; .NET CLR 1.1.4322)"
80.32.238.208 - - [13/Dec/2006:05:11:15 -0600] "GET /wp-content/themes/default_es/style.css HTTP/1.1" 200 9885 "http://www.foobar.com/archives/2003/12/25/la-cena-de-nochebuena/" "Mozilla/4.0 (compatible; MSIE 6.0; Windows NT 5.1; SV1; .NET CLR 1.1.4322)"
80.32.238.208 - - [13/Dec/2006:05:11:16 -0600] "GET /wp-content/themes/default_es/images/kubrickbgcolor.jpg HTTP/1.1" 200 558 "http://www.foobar.com/archives/2003/12/25/la-cena-de-nochebuena/" "Mozilla/4.0 (compatible; MSIE 6.0; Windows NT 5.1; SV1; .NET CLR 1.1.4322)"
80.32.238.208 - - [13/Dec/2006:05:11:16 -0600] "GET /wp-content/themes/default_es/images/kubrickbgwide.jpg HTTP/1.1" 200 1020 "http://www.foobar.com/archives/2003/12/25/la-cena-de-nochebuena/" "Mozilla/4.0 (compatible; MSIE 6.0; Windows NT 5.1; SV1; .NET CLR 1.1.4322)"
80.32.238.208 - - [13/Dec/2006:05:11:16 -0600] "GET /wp-content/themes/default_es/images/borjanet.png HTTP/1.1" 200 16169 "http://www.foobar.com/archives/2003/12/25/la-cena-de-nochebuena/" "Mozilla/4.0 (compatible; MSIE 6.0; Windows NT 5.1; SV1; .NET CLR 1.1.4322)"
80.32.238.208 - - [13/Dec/2006:05:11:16 -0600] "GET /wp-content/themes/default_es/images/kubrickheader.png HTTP/1.1" 200 3850 "http://www.foobar.com/archives/2003/12/25/la-cena-de-nochebuena/" "Mozilla/4.0 (compatible; MSIE 6.0; Windows NT 5.1; SV1; .NET CLR 1.1.4322)"
80.32.238.208 - - [13/Dec/2006:05:11:16 -0600] "GET /wp-content/themes/default_es/images/kubrickfooter.jpg HTTP/1.1" 200 2601 "http://www.foobar.com/archives/2003/12/25/la-cena-de-nochebuena/" "Mozilla/4.0 (compatible; MSIE 6.0; Windows NT 5.1; SV1; .NET CLR 1.1.4322)"
194.224.199.54 - - [13/Dec/2006:05:11:43 -0600] "GET /archives/2003/08/23/australia-da-16-byron-bay/feed/ HTTP/1.1" 200 524 "http://www.foobar.com/archives/2003/08/23/australia-da-16-byron-bay/" "noxtrumbot/1.0 (crawler@noxtrum.com)"
210.173.180.164 - - [13/Dec/2006:05:11:59 -0600] "GET /archives/2004/12/25/nochebuena-en-chicago/feed/ HTTP/1.1" 200 8431 "-" "ichiro/2.0 (http://help.goo.ne.jp/door/crawler.html)"
194.224.199.54 - - [13/Dec/2006:05:12:43 -0600] "GET /archives/2003/08/22/australia-da-15-melbourne/feed/ HTTP/1.1" 200 1357 "http://www.foobar.com/archives/2003/08/22/australia-da-15-melbourne/" "noxtrumbot/1.0 (crawler@noxtrum.com)"
84.124.142.80 - - [13/Dec/2006:05:12:49 -0600] "GET /wp-content/themes/default_es/style.css HTTP/1.1" 200 9885 "http://www.foobar.com/" "Mozilla/5.0 (Windows; U; Windows NT 5.1; es-ES; rv:1.8.1) Gecko/20061010 Firefox/2.0"
84.124.142.80 - - [13/Dec/2006:05:12:49 -0600] "GET / HTTP/1.1" 200 41046 "-" "Mozilla/5.0 (Windows; U; Windows NT 5.1; es-ES; rv:1.8.1) Gecko/20061010 Firefox/2.0"
84.124.142.80 - - [13/Dec/2006:05:12:51 -0600] "GET /uploads/pronunciacion.png HTTP/1.1" 200 2058 "http://www.foobar.com/" "Mozilla/5.0 (Windows; U; Windows NT 5.1; es-ES; rv:1.8.1) Gecko/20061010 Firefox/2.0"
84.124.142.80 - - [13/Dec/2006:05:12:51 -0600] "GET /wp-content/themes/default_es/images/borjanet.png HTTP/1.1" 200 16169 "http://www.foobar.com/" "Mozilla/5.0 (Windows; U; Windows NT 5.1; es-ES; rv:1.8.1) Gecko/20061010 Firefox/2.0"
84.124.142.80 - - [13/Dec/2006:05:12:52 -0600] "GET /wp-content/themes/default_es/images/kubrickbgcolor.jpg HTTP/1.1" 200 558 "http://www.foobar.com/" "Mozilla/5.0 (Windows; U; Windows NT 5.1; es-ES; rv:1.8.1) Gecko/20061010 Firefox/2.0"
84.124.142.80 - - [13/Dec/2006:05:12:52 -0600] "GET /wp-content/themes/default_es/images/kubrickbg.jpg HTTP/1.1" 200 1047 "http://www.foobar.com/" "Mozilla/5.0 (Windows; U; Windows NT 5.1; es-ES; rv:1.8.1) Gecko/20061010 Firefox/2.0"
84.124.142.80 - - [13/Dec/2006:05:12:52 -0600] "GET /wp-content/themes/default_es/images/kubrickheader.png HTTP/1.1" 200 3850 "http://www.foobar.com/" "Mozilla/5.0 (Windows; U; Windows NT 5.1; es-ES; rv:1.8.1) Gecko/20061010 Firefox/2.0"
193.189.143.228 - - [13/Dec/2006:05:12:58 -0600] "GET /feed/ HTTP/1.0" 200 10737 "-" "Netvibes (http://www.netvibes.com/; 11 subscribers)"
158.42.16.182 - - [13/Dec/2006:05:12:58 -0600] "GET /favicon.ico HTTP/1.1" 404 - "http://www.netvibes.com/" "Mozilla/5.0 (Windows; U; Windows NT 5.1; es-ES; rv:1.8.1) Gecko/20061010 Firefox/2.0"
201.14.242.116 - - [13/Dec/2006:05:13:05 -0600] "GET /uploads/whoseline.jpg HTTP/1.1" 200 13096 "http://nowloaded.org/forum/index.php?showtopic=22951" "Mozilla/4.0 (compatible; MSIE 6.0; Windows NT 5.1; SV1; MEGAUPLOAD 1.0; .NET CLR 1.1.4322; Alexa Toolbar; MEGAUPLOAD 1.0)"
81.37.220.68 - - [13/Dec/2006:05:13:07 -0600] "GET /feed HTTP/1.0" 304 0 "-" "Liferea/1.0.23 (Linux; es_ES.UTF-8; http://liferea.sf.net/)"
212.55.0.180 - - [13/Dec/2006:05:13:09 -0600] "GET /favicon.ico HTTP/1.1" 404 - "http://www.newsgator.com/ngs/subscriber/WebEd2.aspx?fid=511357" "Mozilla/5.0 (Windows; U; Windows NT 5.1; es-ES; rv:1.8.1) Gecko/20061010 Firefox/2.0"
84.124.142.80 - - [13/Dec/2006:05:13:13 -0600] "GET /wp-content/themes/default_es/images/kubrickfooter.jpg HTTP/1.1" 200 2601 "http://www.foobar.com/" "Mozilla/5.0 (Windows; U; Windows NT 5.1; es-ES; rv:1.8.1) Gecko/20061010 Firefox/2.0"
212.55.0.180 - - [13/Dec/2006:05:13:14 -0600] "GET /favicon.ico HTTP/1.1" 404 - "http://www.newsgator.com/ngs/subscriber/WebEd2.aspx?fid=511357" "Mozilla/5.0 (Windows; U; Windows NT 5.1; es-ES; rv:1.8.1) Gecko/20061010 Firefox/2.0"
84.124.142.80 - - [13/Dec/2006:05:13:18 -0600] "GET /favicon.ico HTTP/1.1" 404 - "-" "Mozilla/5.0 (Windows; U; Windows NT 5.1; es-ES; rv:1.8.1) Gecko/20061010 Firefox/2.0"
81.38.8.216 - - [13/Dec/2006:05:13:27 -0600] "GET /feed/ HTTP/1.1" 304 0 "-" "Akregator/1.2.5; librss/remnants"
194.224.199.54 - - [13/Dec/2006:05:13:44 -0600] "GET /archives/2003/08/21/australia-da-14-melbourne/feed/ HTTP/1.1" 200 14640 "http://www.foobar.com/archives/2003/08/21/australia-da-14-melbourne/" "noxtrumbot/1.0 (crawler@noxtrum.com)"
74.6.86.207 - - [13/Dec/2006:05:13:50 -0600] "GET /archives/2006/04/11/en-la-biblioteca-mater/ HTTP/1.0" 200 14333 "-" "Mozilla/5.0 (compatible; Yahoo! Slurp; http://help.yahoo.com/help/us/ysearch/slurp)"
65.214.44.29 - - [13/Dec/2006:05:13:54 -0600] "GET /feed/rss2/ HTTP/1.1" 304 0 "-" "Bloglines/3.1 (http://www.bloglines.com; 3 subscribers)"
72.14.199.5 - - [13/Dec/2006:05:14:00 -0600] "GET /feed/rss2 HTTP/1.1" 304 0 "-" "Feedfetcher-Google; (+http://www.google.com/feedfetcher.html)"
201.246.8.159 - - [13/Dec/2006:05:14:02 -0600] "GET /feed/ HTTP/1.1" 304 0 "-" "Mozilla/5.0 (compatible; Google Desktop)"
65.214.44.29 - - [13/Dec/2006:05:14:04 -0600] "GET /feed/ HTTP/1.1" 304 0 "-" "Bloglines/3.1 (http://www.bloglines.com; 8 subscribers)"
194.224.199.54 - - [13/Dec/2006:05:14:43 -0600] "GET /archives/2003/08/20/australia-da-13-melbourne/feed/ HTTP/1.1" 200 524 "http://www.foobar.com/archives/2003/08/20/australia-da-13-melbourne/" "noxtrumbot/1.0 (crawler@noxtrum.com)"
201.8.69.100 - - [13/Dec/2006:05:14:44 -0600] "GET /uploads/whoseline.jpg HTTP/1.1" 200 13096 "http://nowloaded.org/forum/index.php?showtopic=4951" "Mozilla/4.0 (compatible; MSIE 6.0; Windows NT 5.1; SV1; MEGAUPLOAD 1.0)"
88.19.254.48 - - [13/Dec/2006:05:14:54 -0600] "GET /wp-content/themes/default_es/style.css HTTP/1.1" 200 9885 "http://www.foobar.com/archives/2005/10/17/magdalenas/" "Mozilla/4.0 (compatible; MSIE 6.0; Windows NT 5.1; .NET CLR 1.1.4322)"
88.19.254.48 - - [13/Dec/2006:05:14:55 -0600] "GET /archives/2005/10/17/magdalenas/ HTTP/1.1" 200 25614 "http://www.google.es/search?hl=es&q=receta+magdalenas&meta=" "Mozilla/4.0 (compatible; MSIE 6.0; Windows NT 5.1; .NET CLR 1.1.4322)"
88.19.254.48 - - [13/Dec/2006:05:14:55 -0600] "GET /wp-content/themes/default_es/images/kubrickbgcolor.jpg HTTP/1.1" 200 558 "http://www.foobar.com/archives/2005/10/17/magdalenas/" "Mozilla/4.0 (compatible; MSIE 6.0; Windows NT 5.1; .NET CLR 1.1.4322)"
88.19.254.48 - - [13/Dec/2006:05:14:56 -0600] "GET /wp-content/themes/default_es/images/borjanet.png HTTP/1.1" 200 16169 "http://www.foobar.com/archives/2005/10/17/magdalenas/" "Mozilla/4.0 (compatible; MSIE 6.0; Windows NT 5.1; .NET CLR 1.1.4322)"
88.19.254.48 - - [13/Dec/2006:05:14:56 -0600] "GET /wp-content/themes/default_es/images/kubrickbgwide.jpg HTTP/1.1" 200 1020 "http://www.foobar.com/archives/2005/10/17/magdalenas/" "Mozilla/4.0 (compatible; MSIE 6.0; Windows NT 5.1; .NET CLR 1.1.4322)"
88.19.254.48 - - [13/Dec/2006:05:14:56 -0600] "GET /wp-content/themes/default_es/images/kubrickheader.png HTTP/1.1" 200 3850 "http://www.foobar.com/archives/2005/10/17/magdalenas/" "Mozilla/4.0 (compatible; MSIE 6.0; Windows NT 5.1; .NET CLR 1.1.4322)"
88.19.254.48 - - [13/Dec/2006:05:14:56 -0600] "GET /wp-content/themes/default_es/images/kubrickfooter.jpg HTTP/1.1" 200 2601 "http://www.foobar.com/archives/2005/10/17/magdalenas/" "Mozilla/4.0 (compatible; MSIE 6.0; Windows NT 5.1; .NET CLR 1.1.4322)"
88.19.254.48 - - [13/Dec/2006:05:14:56 -0600] "GET /favicon.ico HTTP/1.1" 404 - "-" "Mozilla/4.0 (compatible; MSIE 6.0; Windows NT 5.1; .NET CLR 1.1.4322)"
88.19.254.48 - - [13/Dec/2006:05:14:57 -0600] "GET /favicon.ico HTTP/1.1" 404 - "-" "Mozilla/4.0 (compatible; MSIE 6.0; Windows NT 5.1; .NET CLR 1.1.4322)"
195.27.215.89 - - [13/Dec/2006:05:15:06 -0600] "GET /archives/2005/03/15/mi-kernel-y-2/ HTTP/1.0" 200 16047 "-" "Seekbot/1.0 (http://www.seekbot.net/bot.html) HTTPFetcher/0.3"
66.249.65.135 - - [13/Dec/2006:05:15:16 -0600] "GET / HTTP/1.1" 200 41046 "-" "Mozilla/5.0 (compatible; Googlebot/2.1; +http://www.google.com/bot.html)"
210.173.180.164 - - [13/Dec/2006:05:15:30 -0600] "GET /archives/2004/12/25/nochebuena-en-chicago/trackback/ HTTP/1.1" 302 5 "-" "ichiro/2.0 (http://help.goo.ne.jp/door/crawler.html)"
194.224.199.54 - - [13/Dec/2006:05:15:44 -0600] "GET /archives/2003/07/27/in-transit/feed/ HTTP/1.1" 200 489 "http://www.foobar.com/archives/2003/07/27/in-transit/" "noxtrumbot/1.0 (crawler@noxtrum.com)"
74.6.74.234 - - [13/Dec/2006:05:15:53 -0600] "GET /robots.txt HTTP/1.0" 404 - "-" "Mozilla/5.0 (compatible; Yahoo! Slurp; http://help.yahoo.com/help/us/ysearch/slurp)"
74.6.66.29 - - [13/Dec/2006:05:15:54 -0600] "GET /archives/2004/08/14/antologa-de-la-vagancia HTTP/1.0" 200 17895 "-" "Mozilla/5.0 (compatible; Yahoo! Slurp; http://help.yahoo.com/help/us/ysearch/slurp)"
62.81.27.241 - - [13/Dec/2006:05:16:07 -0600] "GET /feed/ HTTP/1.0" 304 0 "-" "Mozilla/5.0 (Windows; U; Windows NT 5.1; es-ES; rv:1.8.1) Gecko/20061010 Firefox/2.0"
84.120.152.188 - - [13/Dec/2006:05:16:31 -0600] "GET /feed/ HTTP/1.1" 304 0 "-" "Akregator/1.2.5; librss/remnants"
74.6.86.198 - - [13/Dec/2006:05:16:34 -0600] "GET /archives/2006/10/11/almendras/feed/ HTTP/1.0" 200 5880 "-" "Mozilla/5.0 (compatible; Yahoo! Slurp; http://help.yahoo.com/help/us/ysearch/slurp)"
194.224.199.54 - - [13/Dec/2006:05:16:42 -0600] "GET /weblog/1055629714/index_html HTTP/1.1" 404 - "http://www.foobar.com/archives/2003/07/24/vacaciones-casi/" "noxtrumbot/1.0 (crawler@noxtrum.com)"
213.60.181.33 - - [13/Dec/2006:05:16:43 -0600] "GET /wp-content/themes/default_es/style.css HTTP/1.1" 200 9885 "http://www.foobar.com/" "Mozilla/4.0 (compatible; MSIE 6.0; Windows NT 5.1; SV1; .NET CLR 1.1.4322)"
213.60.181.33 - - [13/Dec/2006:05:16:43 -0600] "GET / HTTP/1.1" 200 41046 "http://www.spaniards.es/" "Mozilla/4.0 (compatible; MSIE 6.0; Windows NT 5.1; SV1; .NET CLR 1.1.4322)"
213.60.181.33 - - [13/Dec/2006:05:16:44 -0600] "GET /wp-content/themes/default_es/images/borjanet.png HTTP/1.1" 200 16169 "http://www.foobar.com/" "Mozilla/4.0 (compatible; MSIE 6.0; Windows NT 5.1; SV1; .NET CLR 1.1.4322)"
213.60.181.33 - - [13/Dec/2006:05:16:44 -0600] "GET /uploads/pronunciacion.png HTTP/1.1" 200 2058 "http://www.foobar.com/" "Mozilla/4.0 (compatible; MSIE 6.0; Windows NT 5.1; SV1; .NET CLR 1.1.4322)"
74.6.85.230 - - [13/Dec/2006:05:16:44 -0600] "GET /archives/2003/04/13/la-semana-eside-ha-terminado/ HTTP/1.0" 200 18957 "-" "Mozilla/5.0 (compatible; Yahoo! Slurp; http://help.yahoo.com/help/us/ysearch/slurp)"
213.60.181.33 - - [13/Dec/2006:05:16:44 -0600] "GET /wp-content/themes/default_es/images/kubrickbgcolor.jpg HTTP/1.1" 200 558 "http://www.foobar.com/" "Mozilla/4.0 (compatible; MSIE 6.0; Windows NT 5.1; SV1; .NET CLR 1.1.4322)"
213.60.181.33 - - [13/Dec/2006:05:16:44 -0600] "GET /wp-content/themes/default_es/images/kubrickbg.jpg HTTP/1.1" 200 1047 "http://www.foobar.com/" "Mozilla/4.0 (compatible; MSIE 6.0; Windows NT 5.1; SV1; .NET CLR 1.1.4322)"
213.60.181.33 - - [13/Dec/2006:05:16:44 -0600] "GET /wp-content/themes/default_es/images/kubrickheader.png HTTP/1.1" 200 3850 "http://www.foobar.com/" "Mozilla/4.0 (compatible; MSIE 6.0; Windows NT 5.1; SV1; .NET CLR 1.1.4322)"
213.60.181.33 - - [13/Dec/2006:05:16:44 -0600] "GET /wp-content/themes/default_es/images/kubrickfooter.jpg HTTP/1.1" 200 2601 "http://www.foobar.com/" "Mozilla/4.0 (compatible; MSIE 6.0; Windows NT 5.1; SV1; .NET CLR 1.1.4322)"
74.6.85.231 - - [13/Dec/2006:05:16:53 -0600] "GET /archives/2006/10/11/ HTTP/1.0" 200 24897 "-" "Mozilla/5.0 (compatible; Yahoo! Slurp; http://help.yahoo.com/help/us/ysearch/slurp)"
80.59.240.143 - - [13/Dec/2006:05:17:22 -0600] "GET /archives/2005/10/31/lentejas/ HTTP/1.1" 200 17155 "http://www.google.es/search?hl=es&q=LENTEJAS&btnG=B%C3%BAsqueda+en+Google&meta=lr%3Dlang_es" "Mozilla/4.0 (compatible; MSIE 6.0; Windows NT 5.1; SV1)"
80.59.240.143 - - [13/Dec/2006:05:17:22 -0600] "GET /wp-content/themes/default_es/style.css HTTP/1.1" 200 9885 "http://www.foobar.com/archives/2005/10/31/lentejas/" "Mozilla/4.0 (compatible; MSIE 6.0; Windows NT 5.1; SV1)"
80.59.240.143 - - [13/Dec/2006:05:17:23 -0600] "GET /wp-content/themes/default_es/images/borjanet.png HTTP/1.1" 200 16169 "http://www.foobar.com/archives/2005/10/31/lentejas/" "Mozilla/4.0 (compatible; MSIE 6.0; Windows NT 5.1; SV1)"
80.59.240.143 - - [13/Dec/2006:05:17:23 -0600] "GET /wp-content/themes/default_es/images/kubrickbgcolor.jpg HTTP/1.1" 200 558 "http://www.foobar.com/archives/2005/10/31/lentejas/" "Mozilla/4.0 (compatible; MSIE 6.0; Windows NT 5.1; SV1)"
80.59.240.143 - - [13/Dec/2006:05:17:23 -0600] "GET /wp-content/themes/default_es/images/kubrickbgwide.jpg HTTP/1.1" 200 1020 "http://www.foobar.com/archives/2005/10/31/lentejas/" "Mozilla/4.0 (compatible; MSIE 6.0; Windows NT 5.1; SV1)"
80.59.240.143 - - [13/Dec/2006:05:17:23 -0600] "GET /wp-content/themes/default_es/images/kubrickheader.png HTTP/1.1" 200 3850 "http://www.foobar.com/archives/2005/10/31/lentejas/" "Mozilla/4.0 (compatible; MSIE 6.0; Windows NT 5.1; SV1)"
80.59.240.143 - - [13/Dec/2006:05:17:24 -0600] "GET /wp-content/themes/default_es/images/kubrickfooter.jpg HTTP/1.1" 200 2601 "http://www.foobar.com/archives/2005/10/31/lentejas/" "Mozilla/4.0 (compatible; MSIE 6.0; Windows NT 5.1; SV1)"
141.58.5.91 - - [13/Dec/2006:05:17:37 -0600] "GET /feed/ HTTP/1.1" 200 10775 "-" "RSSOwl/1.2.3 Preview Release 2006-10-30 (Windows; U; de)"
194.224.199.54 - - [13/Dec/2006:05:17:43 -0600] "GET /archives/2003/07/24/vacaciones-casi/feed/ HTTP/1.1" 200 504 "http://www.foobar.com/archives/2003/07/24/vacaciones-casi/" "noxtrumbot/1.0 (crawler@noxtrum.com)"
80.224.29.161 - - [13/Dec/2006:05:18:14 -0600] "GET /feed/ HTTP/1.0" 304 0 "-" "Liferea/1.0.26 (Linux; http://liferea.sf.net/)"
147.96.67.23 - - [13/Dec/2006:05:18:24 -0600] "GET / HTTP/1.1" 200 16960 "http://www.google.es/search?hl=es&client=firefox&rls=org.mozilla%3Aen-US%3Aunofficial&hs=ETm&q=borja+sotomayor+&btnG=B%C3%BAsqueda&meta=" "Mozilla/5.0 (X11; U; Linux i686; en-US; rv:1.8.0.7) Gecko/20060830 Firefox/1.5.0.7 (Debian-1.5.dfsg+1.5.0.7-2)"
194.224.199.54 - - [13/Dec/2006:05:18:43 -0600] "GET /archives/2003/07/04/ya-soy-ingeniero/feed/ HTTP/1.1" 200 2208 "http://www.foobar.com/archives/2003/07/04/ya-soy-ingeniero/" "noxtrumbot/1.0 (crawler@noxtrum.com)"
81.202.208.214 - - [13/Dec/2006:05:18:50 -0600] "GET /favicon.ico HTTP/1.1" 404 - "http://www.netvibes.com/" "Mozilla/5.0 (Windows; U; Windows NT 5.1; es-ES; rv:1.8.0.8) Gecko/20061025 Firefox/1.5.0.8"
210.173.180.164 - - [13/Dec/2006:05:19:13 -0600] "GET /archives/2004/12/19/en-extremos-opuestos/feed/ HTTP/1.1" 200 13577 "-" "ichiro/2.0 (http://help.goo.ne.jp/door/crawler.html)"
194.224.199.54 - - [13/Dec/2006:05:19:43 -0600] "GET /archives/2003/08/01/in-transit-again/feed/ HTTP/1.1" 200 503 "http://www.foobar.com/archives/2003/08/01/in-transit-again/" "noxtrumbot/1.0 (crawler@noxtrum.com)"
195.188.217.146 - - [13/Dec/2006:05:20:39 -0600] "GET /uploads/Family_guy_logo.png HTTP/1.1" 404 - "http://images.google.co.uk/imgres?imgurl=http://www.foobar.com/uploads/Family_guy_logo.png&imgrefurl=http://www.foobar.com/archives/2006/01/19/television-americana/&h=189&w=300&sz=28&tbnid=qlC6Gq_pQxf_tM:&tbnh=73&tbnw=116&hl=en&prev=/images%3Fq%3Dfamily%2Bguy%2Blogo%26svnum%3D10%26hl%3Den%26lr%3D&frame=small" "Mozilla/4.0 (compatible; MSIE 6.0; Windows NT 5.1; SV1; Borough Of Telford And Wrekin.; .NET CLR 1.1.4322; .NET CLR 2.0.50727)"
195.188.217.144 - - [13/Dec/2006:05:20:40 -0600] "GET /archives/2006/01/19/television-americana/ HTTP/1.1" 200 22431 "http://images.google.co.uk/imgres?imgurl=http://www.foobar.com/uploads/Family_guy_logo.png&imgrefurl=http://www.foobar.com/archives/2006/01/19/television-americana/&h=189&w=300&sz=28&hl=en&start=1&tbnid=qlC6Gq_pQxf_tM:&tbnh=73&tbnw=116&prev=/images%3Fq%3Dfamily%2Bguy%2Blogo%26svnum%3D10%26hl%3Den%26lr%3D" "Mozilla/4.0 (compatible; MSIE 6.0; Windows NT 5.1; SV1; Borough Of Telford And Wrekin.; .NET CLR 1.1.4322; .NET CLR 2.0.50727)"
195.188.217.144 - - [13/Dec/2006:05:20:45 -0600] "GET /archives/2006/01/19/television-americana/ HTTP/1.1" 200 22406 "http://images.google.co.uk/imgres?imgurl=http://www.foobar.com/uploads/Family_guy_logo.png&imgrefurl=http://www.foobar.com/archives/2006/01/19/television-americana/&h=189&w=300&sz=28&hl=en&start=1&tbnid=qlC6Gq_pQxf_tM:&tbnh=73&tbnw=116&prev=/images%3Fq%3Dfamily%2Bguy%2Blogo%26svnum%3D10%26hl%3Den%26lr%3D" "Mozilla/4.0 (compatible; MSIE 6.0; Windows NT 5.1; SV1; Borough Of Telford And Wrekin.; .NET CLR 1.1.4322; .NET CLR 2.0.50727)"
194.224.199.54 - - [13/Dec/2006:05:20:45 -0600] "GET /feed/ HTTP/1.1" 200 3708 "http://www.foobar.com/archives/2003/04/page/1/" "noxtrumbot/1.0 (crawler@noxtrum.com)"
72.14.199.5 - - [13/Dec/2006:05:21:03 -0600] "GET /archives/2006/04/10/hay-que-ser-muy-friki/feed/ HTTP/1.1" 304 0 "-" "Feedfetcher-Google; (+http://www.google.com/feedfetcher.html)"
194.224.199.54 - - [13/Dec/2006:05:21:44 -0600] "GET /feed/rss/ HTTP/1.1" 200 5894 "http://www.foobar.com/archives/2003/04/page/1/" "noxtrumbot/1.0 (crawler@noxtrum.com)"
217.22.96.65 - - [13/Dec/2006:05:21:47 -0600] "GET / HTTP/1.1" 200 41046 "-" "Mozilla/4.0 (compatible; MSIE 6.0; Windows NT 5.1; SV1; .NET CLR 1.0.3705; .NET CLR 1.1.4322; InfoPath.1; .NET CLR 2.0.50727)"
217.22.96.65 - - [13/Dec/2006:05:21:47 -0600] "GET /wp-content/themes/default_es/style.css HTTP/1.1" 304 - "http://www.foobar.com" "Mozilla/4.0 (compatible; MSIE 6.0; Windows NT 5.1; SV1; .NET CLR 1.0.3705; .NET CLR 1.1.4322; InfoPath.1; .NET CLR 2.0.50727)"
217.22.96.65 - - [13/Dec/2006:05:21:47 -0600] "GET /wp-content/themes/default_es/images/borjanet.png HTTP/1.1" 304 - "http://www.foobar.com" "Mozilla/4.0 (compatible; MSIE 6.0; Windows NT 5.1; SV1; .NET CLR 1.0.3705; .NET CLR 1.1.4322; InfoPath.1; .NET CLR 2.0.50727)"
217.22.96.65 - - [13/Dec/2006:05:21:47 -0600] "GET /uploads/pronunciacion.png HTTP/1.1" 304 - "http://www.foobar.com" "Mozilla/4.0 (compatible; MSIE 6.0; Windows NT 5.1; SV1; .NET CLR 1.0.3705; .NET CLR 1.1.4322; InfoPath.1; .NET CLR 2.0.50727)"
217.22.96.65 - - [13/Dec/2006:05:21:47 -0600] "GET /wp-content/themes/default_es/images/kubrickbgcolor.jpg HTTP/1.1" 304 - "http://www.foobar.com" "Mozilla/4.0 (compatible; MSIE 6.0; Windows NT 5.1; SV1; .NET CLR 1.0.3705; .NET CLR 1.1.4322; InfoPath.1; .NET CLR 2.0.50727)"
217.22.96.65 - - [13/Dec/2006:05:21:48 -0600] "GET /wp-content/themes/default_es/images/kubrickbg.jpg HTTP/1.1" 304 - "http://www.foobar.com" "Mozilla/4.0 (compatible; MSIE 6.0; Windows NT 5.1; SV1; .NET CLR 1.0.3705; .NET CLR 1.1.4322; InfoPath.1; .NET CLR 2.0.50727)"
217.22.96.65 - - [13/Dec/2006:05:21:48 -0600] "GET /wp-content/themes/default_es/images/kubrickheader.png HTTP/1.1" 304 - "http://www.foobar.com" "Mozilla/4.0 (compatible; MSIE 6.0; Windows NT 5.1; SV1; .NET CLR 1.0.3705; .NET CLR 1.1.4322; InfoPath.1; .NET CLR 2.0.50727)"
195.27.215.89 - - [13/Dec/2006:05:21:49 -0600] "GET /archives/2005/03/16/problemas-abiertos-o-hay-que-ver-los-cerebrines-que-estudian-aqu/ HTTP/1.0" 200 21149 "-" "Seekbot/1.0 (http://www.seekbot.net/bot.html) HTTPFetcher/0.3"
217.22.96.65 - - [13/Dec/2006:05:21:50 -0600] "GET /wp-content/themes/default_es/images/kubrickfooter.jpg HTTP/1.1" 304 - "http://www.foobar.com" "Mozilla/4.0 (compatible; MSIE 6.0; Windows NT 5.1; SV1; .NET CLR 1.0.3705; .NET CLR 1.1.4322; InfoPath.1; .NET CLR 2.0.50727)"
213.162.200.20 - - [13/Dec/2006:05:22:00 -0600] "GET /uploads/Family_guy_logo.png HTTP/1.1" 404 - "http://zonaforo.meristation.com/foros/viewtopic.php?t=657392" "Mozilla/4.0 (compatible; MSIE 6.0; Windows 98)"
81.169.133.69 - - [13/Dec/2006:05:22:06 -0600] "POST /wp-comments-post.php HTTP/1.1" 404 - "http://www.foobar.com/archives/2006/03/06/acostumbrandome-al-cafe-solo/" "Mozilla/4.0 (compatible; MSIE 5.5; Windows 98; Win 9x 4.90)"
201.255.88.149 - - [13/Dec/2006:05:22:38 -0600] "POST /wp-comments-post.php HTTP/1.1" 404 - "http://www.foobar.com/archives/2006/03/06/acostumbrandome-al-cafe-solo/" "Mozilla/4.0 (compatible; MSIE 5.5; Windows 98; Win 9x 4.90)"
193.205.222.22 - - [13/Dec/2006:05:22:41 -0600] "GET /feed/ HTTP/1.0" 304 0 "-" "Liferea/1.0.20 (Linux; es_ES.ISO-8859-15; http://liferea.sf.net/)"
194.224.199.54 - - [13/Dec/2006:05:22:44 -0600] "GET /feed/atom/ HTTP/1.1" 200 3621 "http://www.foobar.com/archives/2003/04/page/1/" "noxtrumbot/1.0 (crawler@noxtrum.com)"
198.37.25.204 - - [13/Dec/2006:05:22:50 -0600] "GET /feed/ HTTP/1.1" 304 0 "-" "Mozilla/5.0 (Macintosh; U; PPC Mac OS X; en-us) AppleWebKit/412 (KHTML, like Gecko) Safari/412"
213.140.17.111 - - [13/Dec/2006:05:22:56 -0600] "GET /archives/2005/11/30/subiendo-el-liston/ HTTP/1.1" 200 23505 "http://www.google.es/search?hl=es&q=john+williams+cds&meta=" "Mozilla/4.0 (compatible; MSIE 6.0; Windows NT 5.1; SV1)"
213.140.17.111 - - [13/Dec/2006:05:22:56 -0600] "GET /wp-content/themes/default_es/style.css HTTP/1.1" 200 9885 "http://www.foobar.com/archives/2005/11/30/subiendo-el-liston/" "Mozilla/4.0 (compatible; MSIE 6.0; Windows NT 5.1; SV1)"
213.140.17.111 - - [13/Dec/2006:05:22:57 -0600] "GET /wp-content/themes/default_es/images/borjanet.png HTTP/1.1" 200 16169 "http://www.foobar.com/archives/2005/11/30/subiendo-el-liston/" "Mozilla/4.0 (compatible; MSIE 6.0; Windows NT 5.1; SV1)"
213.140.17.111 - - [13/Dec/2006:05:22:57 -0600] "GET /wp-content/themes/default_es/images/kubrickbgcolor.jpg HTTP/1.1" 200 558 "http://www.foobar.com/archives/2005/11/30/subiendo-el-liston/" "Mozilla/4.0 (compatible; MSIE 6.0; Windows NT 5.1; SV1)"
213.140.17.111 - - [13/Dec/2006:05:22:58 -0600] "GET /wp-content/themes/default_es/images/kubrickbgwide.jpg HTTP/1.1" 200 1020 "http://www.foobar.com/archives/2005/11/30/subiendo-el-liston/" "Mozilla/4.0 (compatible; MSIE 6.0; Windows NT 5.1; SV1)"
213.140.17.111 - - [13/Dec/2006:05:22:58 -0600] "GET /wp-content/themes/default_es/images/kubrickheader.png HTTP/1.1" 200 3850 "http://www.foobar.com/archives/2005/11/30/subiendo-el-liston/" "Mozilla/4.0 (compatible; MSIE 6.0; Windows NT 5.1; SV1)"
213.140.17.111 - - [13/Dec/2006:05:22:59 -0600] "GET /wp-content/themes/default_es/images/kubrickfooter.jpg HTTP/1.1" 200 2601 "http://www.foobar.com/archives/2005/11/30/subiendo-el-liston/" "Mozilla/4.0 (compatible; MSIE 6.0; Windows NT 5.1; SV1)"
210.173.180.164 - - [13/Dec/2006:05:23:07 -0600] "GET /archives/2004/12/19/en-extremos-opuestos/trackback/ HTTP/1.1" 302 5 "-" "ichiro/2.0 (http://help.goo.ne.jp/door/crawler.html)"
201.21.17.118 - - [13/Dec/2006:05:23:07 -0600] "POST /wp-comments-post.php HTTP/1.0" 404 - "http://www.foobar.com/archives/2006/03/06/acostumbrandome-al-cafe-solo/" "Mozilla/4.0 (compatible; MSIE 5.5; Windows 98; Win 9x 4.90)"
213.97.176.44 - - [13/Dec/2006:05:23:17 -0600] "GET /feed/rss2/ HTTP/1.1" 304 0 "-" "Mozilla/5.0 (Macintosh; U; PPC Mac OS X Mach-O; es-AR; rv:1.8.1) Gecko/20061010 Firefox/2.0"
60.191.80.30 - - [13/Dec/2006:05:23:41 -0600] "GET /robots.txt HTTP/1.1" 404 - "-" "OutfoxBot/0.5 (for internet experiments; http://; outfoxbot@gmail.com)"
194.224.199.54 - - [13/Dec/2006:05:23:44 -0600] "GET /xmlrpc.php HTTP/1.1" 200 54 "http://www.foobar.com/archives/2003/04/page/1/" "noxtrumbot/1.0 (crawler@noxtrum.com)"
60.191.80.30 - - [13/Dec/2006:05:23:54 -0600] "GET / HTTP/1.1" 200 41046 "-" "OutfoxBot/0.5 (for internet experiments; http://; outfoxbot@gmail.com)"
84.122.88.137 - - [13/Dec/2006:05:24:01 -0600] "GET /feed/ HTTP/1.1" 304 0 "-" "Akregator/1.2.2; librss/remnants"
72.14.199.5 - - [13/Dec/2006:05:24:01 -0600] "GET /feed/ HTTP/1.1" 304 0 "-" "Feedfetcher-Google; (+http://www.google.com/feedfetcher.html)"
150.214.57.106 - - [13/Dec/2006:05:24:40 -0600] "GET /favicon.ico HTTP/1.1" 404 - "-" "Mozilla/5.0 (compatible; Konqueror/3.5; Linux) KHTML/3.5.2 (like Gecko) Kubuntu 6.06 Dapper"
150.214.57.106 - - [13/Dec/2006:05:24:40 -0600] "GET /favicon.ico HTTP/1.1" 404 - "-" "Mozilla/5.0 (compatible; Konqueror/3.5; Linux) KHTML/3.5.2 (like Gecko) Kubuntu 6.06 Dapper"
194.224.199.54 - - [13/Dec/2006:05:24:42 -0600] "GET /wp-content/themes/default_es/images/kubrickbgcolor.jpg\") HTTP/1.1" 404 - "http://www.foobar.com/archives/2003/04/page/1/" "noxtrumbot/1.0 (crawler@noxtrum.com)"
87.216.179.225 - - [13/Dec/2006:05:25:05 -0600] "GET /wp-content/themes/default_es/style.css HTTP/1.1" 200 9885 "http://www.foobar.com/archives/2005/10/17/magdalenas/" "Mozilla/4.0 (compatible; MSIE 6.0; Windows NT 5.1; SV1; .NET CLR 1.1.4322)"
87.216.179.225 - - [13/Dec/2006:05:25:05 -0600] "GET /archives/2005/10/17/magdalenas/ HTTP/1.1" 200 25684 "-" "Mozilla/4.0 (compatible; MSIE 6.0; Windows NT 5.1; SV1; .NET CLR 1.1.4322)"
87.216.179.225 - - [13/Dec/2006:05:25:06 -0600] "GET /wp-content/themes/default_es/images/borjanet.png HTTP/1.1" 200 16169 "http://www.foobar.com/archives/2005/10/17/magdalenas/" "Mozilla/4.0 (compatible; MSIE 6.0; Windows NT 5.1; SV1; .NET CLR 1.1.4322)"
87.216.179.225 - - [13/Dec/2006:05:25:06 -0600] "GET /wp-content/themes/default_es/images/kubrickheader.png HTTP/1.1" 200 3850 "http://www.foobar.com/archives/2005/10/17/magdalenas/" "Mozilla/4.0 (compatible; MSIE 6.0; Windows NT 5.1; SV1; .NET CLR 1.1.4322)"
87.216.179.225 - - [13/Dec/2006:05:25:06 -0600] "GET /wp-content/themes/default_es/images/kubrickbgwide.jpg HTTP/1.1" 200 1020 "http://www.foobar.com/archives/2005/10/17/magdalenas/" "Mozilla/4.0 (compatible; MSIE 6.0; Windows NT 5.1; SV1; .NET CLR 1.1.4322)"
87.216.179.225 - - [13/Dec/2006:05:25:06 -0600] "GET /wp-content/themes/default_es/images/kubrickbgcolor.jpg HTTP/1.1" 200 558 "http://www.foobar.com/archives/2005/10/17/magdalenas/" "Mozilla/4.0 (compatible; MSIE 6.0; Windows NT 5.1; SV1; .NET CLR 1.1.4322)"
87.216.179.225 - - [13/Dec/2006:05:25:06 -0600] "GET /wp-content/themes/default_es/images/kubrickfooter.jpg HTTP/1.1" 200 2601 "http://www.foobar.com/archives/2005/10/17/magdalenas/" "Mozilla/4.0 (compatible; MSIE 6.0; Windows NT 5.1; SV1; .NET CLR 1.1.4322)"
210.173.180.164 - - [13/Dec/2006:05:25:13 -0600] "GET /weblog/postings HTTP/1.1" 404 - "-" "ichiro/2.0 (http://help.goo.ne.jp/door/crawler.html)"
212.55.0.180 - - [13/Dec/2006:05:25:36 -0600] "GET /favicon.ico HTTP/1.1" 404 - "http://www.newsgator.com/ngs/subscriber/WebEd2.aspx?fid=825471" "Mozilla/5.0 (Windows; U; Windows NT 5.1; es-ES; rv:1.8.1) Gecko/20061010 Firefox/2.0"
212.55.0.180 - - [13/Dec/2006:05:25:41 -0600] "GET /favicon.ico HTTP/1.1" 404 - "http://www.newsgator.com/ngs/subscriber/WebEd2.aspx?fid=825471" "Mozilla/5.0 (Windows; U; Windows NT 5.1; es-ES; rv:1.8.1) Gecko/20061010 Firefox/2.0"
194.224.199.54 - - [13/Dec/2006:05:25:42 -0600] "GET /wp-content/themes/default_es/images/kubrickbg.jpg\") HTTP/1.1" 404 - "http://www.foobar.com/archives/2003/04/page/1/" "noxtrumbot/1.0 (crawler@noxtrum.com)"
69.178.55.42 - - [13/Dec/2006:05:25:46 -0600] "GET /uploads/Birdman.jpg HTTP/1.1" 200 23838 "http://profile.myspace.com/index.cfm?fuseaction=user.viewprofile&friendid=12624071" "Mozilla/5.0 (Macintosh; U; Intel Mac OS X; en) AppleWebKit/417.9 (KHTML, like Gecko) Safari/417.8"
212.55.0.180 - - [13/Dec/2006:05:26:06 -0600] "GET /favicon.ico HTTP/1.1" 404 - "http://www.newsgator.com/ngs/subscriber/WebEd2.aspx?fid=214176" "Mozilla/5.0 (Windows; U; Windows NT 5.1; es-ES; rv:1.8.1) Gecko/20061010 Firefox/2.0"
212.55.0.180 - - [13/Dec/2006:05:26:24 -0600] "GET /favicon.ico HTTP/1.1" 404 - "http://www.newsgator.com/ngs/subscriber/WebEd2.aspx?fid=214176" "Mozilla/5.0 (Windows; U; Windows NT 5.1; es-ES; rv:1.8.1) Gecko/20061010 Firefox/2.0"
62.43.198.198 - - [13/Dec/2006:05:26:26 -0600] "GET /feed/ HTTP/1.1" 200 10763 "-" "Mozilla/5.0 (Sage)"
194.224.199.54 - - [13/Dec/2006:05:26:42 -0600] "GET /wp-content/themes/default_es/images/kubrickheader.png\") HTTP/1.1" 404 - "http://www.foobar.com/archives/2003/04/page/1/" "noxtrumbot/1.0 (crawler@noxtrum.com)"
150.214.57.106 - - [13/Dec/2006:05:26:48 -0600] "GET /feed/ HTTP/1.1" 200 10763 "-" "Akregator/1.2.2; librss/remnants"
88.7.249.134 - - [13/Dec/2006:05:26:53 -0600] "GET /comments/feed/ HTTP/1.1" 304 0 "-" "Feedreader 3.06 (Powered by Newsbrain)"
212.55.0.180 - - [13/Dec/2006:05:27:02 -0600] "GET /favicon.ico HTTP/1.1" 404 - "http://www.newsgator.com/ngs/subscriber/WebEd2.aspx?fid=652426" "Mozilla/5.0 (Windows; U; Windows NT 5.1; es-ES; rv:1.8.1) Gecko/20061010 Firefox/2.0"
210.173.180.164 - - [13/Dec/2006:05:27:13 -0600] "GET /archives/2003/04/18/debian-sarge-zope-26-squishdot-15-apache2-kernel-2420-y-ms/feed/ HTTP/1.1" 200 596 "-" "ichiro/2.0 (http://help.goo.ne.jp/door/crawler.html)"
212.55.0.180 - - [13/Dec/2006:05:27:35 -0600] "GET /favicon.ico HTTP/1.1" 404 - "http://www.newsgator.com/ngs/subscriber/WebEd2.aspx?fid=652426" "Mozilla/5.0 (Windows; U; Windows NT 5.1; es-ES; rv:1.8.1) Gecko/20061010 Firefox/2.0"
194.224.199.54 - - [13/Dec/2006:05:27:42 -0600] "GET /wp-content/themes/default_es/images/kubrickfooter.jpg\") HTTP/1.1" 404 - "http://www.foobar.com/archives/2003/04/page/1/" "noxtrumbot/1.0 (crawler@noxtrum.com)"
80.224.29.161 - - [13/Dec/2006:05:28:39 -0600] "GET /feed/ HTTP/1.0" 304 0 "-" "Liferea/1.0.26 (Linux; http://liferea.sf.net/)"
194.224.199.54 - - [13/Dec/2006:05:28:43 -0600] "GET /wp-content/themes/default_es/images/personalheader.jpg') HTTP/1.1" 404 - "http://www.foobar.com/archives/2003/04/page/1/" "noxtrumbot/1.0 (crawler@noxtrum.com)"
130.206.100.134 - - [13/Dec/2006:05:28:48 -0600] "GET /feed/atom/ HTTP/1.0" 304 0 "-" "Vienna/2.1.0.2108"
83.35.134.42 - - [13/Dec/2006:05:28:50 -0600] "GET /feed/ HTTP/1.1" 304 0 "-" "Mozilla/5.0 (Windows; U; Windows NT 5.1; ca; rv:1.8.0.8) Gecko/20061025 Firefox/1.5.0.8"
195.27.215.89 - - [13/Dec/2006:05:28:50 -0600] "GET /archives/2005/03/17/dude-i-dont-have-to-outrun-the-bear/ HTTP/1.0" 200 16836 "-" "Seekbot/1.0 (http://www.seekbot.net/bot.html) HTTPFetcher/0.3"
72.14.199.5 - - [13/Dec/2006:05:29:11 -0600] "GET /weblog/rdf HTTP/1.1" 304 0 "-" "Feedfetcher-Google; (+http://www.google.com/feedfetcher.html)"
131.202.212.90 - - [13/Dec/2006:05:29:19 -0600] "GET /feed/ HTTP/1.1" 304 0 "-" "NetNewsWire/2.1.1 (Mac OS X; http://ranchero.com/netnewswire/)"
81.38.8.216 - - [13/Dec/2006:05:29:24 -0600] "GET /feed/ HTTP/1.1" 304 0 "-" "Akregator/1.2.5; librss/remnants"
201.21.21.53 - - [13/Dec/2006:05:29:44 -0600] "GET /uploads/whoseline.jpg HTTP/1.1" 200 13096 "http://nowloaded.org/forum/index.php?showtopic=22951" "Mozilla/4.0 (compatible; MSIE 6.0; Windows NT 5.1; {2532940F-C538-95A9-6130-CB50EBB058E0}; Alexa Toolbar)"
194.224.199.54 - - [13/Dec/2006:05:29:49 -0600] "GET /wp-content/themes/default_es/images/kubrickbgwide.jpg\") HTTP/1.1" 404 - "http://www.foobar.com/archives/2003/04/09/mi-primera-conferencia-a-posteriori/" "noxtrumbot/1.0 (crawler@noxtrum.com)"
65.214.44.29 - - [13/Dec/2006:05:30:21 -0600] "GET /weblog/rdf HTTP/1.1" 304 0 "-" "Bloglines/3.1 (http://www.bloglines.com; 27 subscribers)"
83.58.251.144 - - [13/Dec/2006:05:30:40 -0600] "GET /favicon.ico HTTP/1.1" 404 - "-" "NewzCrawler/1.7 (compatible; MSIE 6.00; Newz Crawler 1.7; http://www.newzcrawler.com/ )"
83.58.251.144 - - [13/Dec/2006:05:30:41 -0600] "GET /weblog/rdf HTTP/1.1" 304 0 "-" "NewzCrawler/1.7 (compatible; MSIE 6.00; Newz Crawler 1.7; http://www.newzcrawler.com/ )"
83.58.251.144 - - [13/Dec/2006:05:30:42 -0600] "GET /archives/2006/05/12/nostalgia-2/feed/ HTTP/1.1" 304 0 "-" "NewzCrawler/1.7 (compatible; MSIE 6.00; Newz Crawler 1.7; http://www.newzcrawler.com/ )"
83.58.251.144 - - [13/Dec/2006:05:30:44 -0600] "GET /archives/2006/11/14/advanced-wookie-laboratories/feed/ HTTP/1.1" 304 0 "-" "NewzCrawler/1.7 (compatible; MSIE 6.00; Newz Crawler 1.7; http://www.newzcrawler.com/ )"
194.224.199.54 - - [13/Dec/2006:05:30:45 -0600] "GET /archives/2003/04/09/mi-primera-conferencia-a-posteriori/feed/ HTTP/1.1" 200 11785 "http://www.foobar.com/archives/2003/04/09/mi-primera-conferencia-a-posteriori/" "noxtrumbot/1.0 (crawler@noxtrum.com)"
