80.39.209.255 - - [13/Dec/2006:10:11:17 -0600] "GET /archives/2005/01/11/y-ahora-repostera/ HTTP/1.1" 200 21578 "http://www.google.es/search?hl=gl&q=receta.es&btnG=Procura+Google&meta=" "Mozilla/4.0 (compatible; MSIE 6.0; Windows NT 5.1)"
80.39.209.255 - - [13/Dec/2006:10:11:17 -0600] "GET /wp-content/themes/default_es/images/kubrickbgwide.jpg HTTP/1.1" 200 1020 "http://www.foobar.com/archives/2005/01/11/y-ahora-repostera/" "Mozilla/4.0 (compatible; MSIE 6.0; Windows NT 5.1)"
80.39.209.255 - - [13/Dec/2006:10:11:18 -0600] "GET /wp-content/themes/default_es/images/kubrickfooter.jpg HTTP/1.1" 200 2601 "http://www.foobar.com/archives/2005/01/11/y-ahora-repostera/" "Mozilla/4.0 (compatible; MSIE 6.0; Windows NT 5.1)"
80.39.209.255 - - [13/Dec/2006:10:11:18 -0600] "GET /wp-content/themes/default_es/images/kubrickheader.png HTTP/1.1" 200 3850 "http://www.foobar.com/archives/2005/01/11/y-ahora-repostera/" "Mozilla/4.0 (compatible; MSIE 6.0; Windows NT 5.1)"
213.97.131.216 - - [13/Dec/2006:10:11:49 -0600] "GET /feed/atom/ HTTP/1.1" 304 0 "-" "NetNewsWire/2.1.1 (Mac OS X; Lite; http://ranchero.com/netnewswire/)"
190.11.64.135 - - [13/Dec/2006:10:12:16 -0600] "GET /wp-content/themes/default_es/style.css HTTP/1.1" 200 9885 "http://www.foobar.com/archives/2004/08/14/antologa-de-la-vagancia/" "Mozilla/4.0 (compatible; MSIE 6.0; Windows NT 5.1)"
190.11.64.135 - - [13/Dec/2006:10:12:16 -0600] "GET /archives/2004/08/14/antologa-de-la-vagancia/ HTTP/1.1" 200 17976 "http://www.google.com.bo/search?hl=es&sa=X&oi=spell&resnum=0&ct=result&cd=1&q=vagancia&spell=1" "Mozilla/4.0 (compatible; MSIE 6.0; Windows NT 5.1)"
190.11.64.135 - - [13/Dec/2006:10:12:17 -0600] "GET /wp-content/themes/default_es/images/borjanet.png HTTP/1.1" 200 16169 "http://www.foobar.com/archives/2004/08/14/antologa-de-la-vagancia/" "Mozilla/4.0 (compatible; MSIE 6.0; Windows NT 5.1)"
190.11.64.135 - - [13/Dec/2006:10:12:17 -0600] "GET /wp-content/themes/default_es/images/kubrickbgwide.jpg HTTP/1.1" 200 1020 "http://www.foobar.com/archives/2004/08/14/antologa-de-la-vagancia/" "Mozilla/4.0 (compatible; MSIE 6.0; Windows NT 5.1)"
190.11.64.135 - - [13/Dec/2006:10:12:17 -0600] "GET /wp-content/themes/default_es/images/kubrickbgcolor.jpg HTTP/1.1" 200 558 "http://www.foobar.com/archives/2004/08/14/antologa-de-la-vagancia/" "Mozilla/4.0 (compatible; MSIE 6.0; Windows NT 5.1)"
190.11.64.135 - - [13/Dec/2006:10:12:17 -0600] "GET /wp-content/themes/default_es/images/kubrickheader.png HTTP/1.1" 200 3850 "http://www.foobar.com/archives/2004/08/14/antologa-de-la-vagancia/" "Mozilla/4.0 (compatible; MSIE 6.0; Windows NT 5.1)"
190.11.64.135 - - [13/Dec/2006:10:12:17 -0600] "GET /wp-content/themes/default_es/images/kubrickfooter.jpg HTTP/1.1" 200 2601 "http://www.foobar.com/archives/2004/08/14/antologa-de-la-vagancia/" "Mozilla/4.0 (compatible; MSIE 6.0; Windows NT 5.1)"
87.235.153.249 - - [13/Dec/2006:10:13:13 -0600] "GET /feed/ HTTP/1.1" 304 0 "-" "Mozilla/5.0 (compatible; Google Desktop)"
210.173.180.164 - - [13/Dec/2006:10:13:19 -0600] "GET /archives/2003/11/04/happy-birthday-to-me/feed/ HTTP/1.1" 200 6759 "-" "ichiro/2.0 (http://help.goo.ne.jp/door/crawler.html)"
81.38.196.80 - - [13/Dec/2006:10:13:29 -0600] "GET /uploads/Family_guy_logo.png HTTP/1.1" 404 - "http://images.google.es/imgres?imgurl=http://www.foobar.com/uploads/Family_guy_logo.png&imgrefurl=http://www.foobar.com/archives/2006/01/19/television-americana/&h=189&w=300&sz=28&tbnid=qlC6Gq_pQxf_tM:&tbnh=73&tbnw=116&hl=ca&prev=/images%3Fq%3Dfamily%2Bguy%26start%3D140%26ndsp%3D20%26svnum%3D10%26hl%3Dca%26lr%3D%26sa%3DN&frame=small" "Mozilla/5.0 (Windows; U; Windows NT 5.1; es-ES; rv:1.8.0.8) Gecko/20061025 Firefox/1.5.0.8"
81.38.196.80 - - [13/Dec/2006:10:13:30 -0600] "GET /favicon.ico HTTP/1.1" 404 - "-" "Mozilla/5.0 (Windows; U; Windows NT 5.1; es-ES; rv:1.8.0.8) Gecko/20061025 Firefox/1.5.0.8"
81.38.196.80 - - [13/Dec/2006:10:13:31 -0600] "GET /archives/2006/01/19/television-americana/ HTTP/1.1" 200 7869 "http://images.google.es/imgres?imgurl=http://www.foobar.com/uploads/Family_guy_logo.png&imgrefurl=http://www.foobar.com/archives/2006/01/19/television-americana/&h=189&w=300&sz=28&hl=ca&start=143&tbnid=qlC6Gq_pQxf_tM:&tbnh=73&tbnw=116&prev=/images%3Fq%3Dfamily%2Bguy%26start%3D140%26ndsp%3D20%26svnum%3D10%26hl%3Dca%26lr%3D%26sa%3DN" "Mozilla/5.0 (Windows; U; Windows NT 5.1; es-ES; rv:1.8.0.8) Gecko/20061025 Firefox/1.5.0.8"
81.38.196.80 - - [13/Dec/2006:10:13:35 -0600] "GET /archives/2006/01/19/television-americana/ HTTP/1.1" 200 7869 "http://images.google.es/imgres?imgurl=http://www.foobar.com/uploads/Family_guy_logo.png&imgrefurl=http://www.foobar.com/archives/2006/01/19/television-americana/&h=189&w=300&sz=28&hl=ca&start=143&tbnid=qlC6Gq_pQxf_tM:&tbnh=73&tbnw=116&prev=/images%3Fq%3Dfamily%2Bguy%26start%3D140%26ndsp%3D20%26svnum%3D10%26hl%3Dca%26lr%3D%26sa%3DN" "Mozilla/5.0 (Windows; U; Windows NT 5.1; es-ES; rv:1.8.0.8) Gecko/20061025 Firefox/1.5.0.8"
213.97.131.216 - - [13/Dec/2006:10:14:09 -0600] "GET /feed/atom/ HTTP/1.1" 304 0 "-" "NetNewsWire/2.1.1 (Mac OS X; Lite; http://ranchero.com/netnewswire/)"
195.27.215.89 - - [13/Dec/2006:10:16:22 -0600] "GET /archives/2005/09/10/dia-7-amsterdam/ HTTP/1.0" 200 18239 "-" "Seekbot/1.0 (http://www.seekbot.net/bot.html) HTTPFetcher/0.3"
62.81.27.241 - - [13/Dec/2006:10:17:25 -0600] "GET /feed/ HTTP/1.0" 304 0 "-" "Mozilla/5.0 (Windows; U; Windows NT 5.1; es-ES; rv:1.8.1) Gecko/20061010 Firefox/2.0"
38.102.128.140 - - [13/Dec/2006:10:17:37 -0600] "GET /feed/rss2 HTTP/1.1" 304 0 "-" "Mozilla/5.0 (X11; U; Linux i686; en-US; rv:1.2.1; Rojo 1.0; http://www.rojo.com/corporate/help/agg/; Aggregating on behalf of 1 subscriber(s) online at http://www.rojo.com/?feed-id=2478579) Gecko/20021130"
217.216.26.128 - - [13/Dec/2006:10:17:40 -0600] "GET /wp-content/themes/default_es/style.css HTTP/1.1" 200 9885 "http://www.foobar.com/archives/2004/02/08/la-teta-de-la-discordia/" "Mozilla/4.0 (compatible; MSIE 7.0; Windows NT 5.1; .NET CLR 1.1.4322)"
217.216.26.128 - - [13/Dec/2006:10:17:40 -0600] "GET /archives/2004/02/08/la-teta-de-la-discordia/ HTTP/1.1" 200 35147 "http://www.google.es/search?hl=es&q=teta&meta=" "Mozilla/4.0 (compatible; MSIE 7.0; Windows NT 5.1; .NET CLR 1.1.4322)"
217.216.26.128 - - [13/Dec/2006:10:17:41 -0600] "GET /weblog/files/janet_superbowl.jpg HTTP/1.1" 404 - "http://www.foobar.com/archives/2004/02/08/la-teta-de-la-discordia/" "Mozilla/4.0 (compatible; MSIE 7.0; Windows NT 5.1; .NET CLR 1.1.4322)"
217.216.26.128 - - [13/Dec/2006:10:17:41 -0600] "GET /wp-content/themes/default_es/images/borjanet.png HTTP/1.1" 200 16169 "http://www.foobar.com/archives/2004/02/08/la-teta-de-la-discordia/" "Mozilla/4.0 (compatible; MSIE 7.0; Windows NT 5.1; .NET CLR 1.1.4322)"
217.216.26.128 - - [13/Dec/2006:10:17:41 -0600] "GET /wp-content/themes/default_es/images/kubrickbgcolor.jpg HTTP/1.1" 200 558 "http://www.foobar.com/archives/2004/02/08/la-teta-de-la-discordia/" "Mozilla/4.0 (compatible; MSIE 7.0; Windows NT 5.1; .NET CLR 1.1.4322)"
217.216.26.128 - - [13/Dec/2006:10:17:42 -0600] "GET /wp-content/themes/default_es/images/kubrickbgwide.jpg HTTP/1.1" 200 1020 "http://www.foobar.com/archives/2004/02/08/la-teta-de-la-discordia/" "Mozilla/4.0 (compatible; MSIE 7.0; Windows NT 5.1; .NET CLR 1.1.4322)"
217.216.26.128 - - [13/Dec/2006:10:17:42 -0600] "GET /wp-content/themes/default_es/images/kubrickheader.png HTTP/1.1" 200 3850 "http://www.foobar.com/archives/2004/02/08/la-teta-de-la-discordia/" "Mozilla/4.0 (compatible; MSIE 7.0; Windows NT 5.1; .NET CLR 1.1.4322)"
217.216.26.128 - - [13/Dec/2006:10:17:42 -0600] "GET /wp-content/themes/default_es/images/kubrickfooter.jpg HTTP/1.1" 200 2601 "http://www.foobar.com/archives/2004/02/08/la-teta-de-la-discordia/" "Mozilla/4.0 (compatible; MSIE 7.0; Windows NT 5.1; .NET CLR 1.1.4322)"
217.216.26.128 - - [13/Dec/2006:10:17:42 -0600] "GET /favicon.ico HTTP/1.1" 404 - "-" "Mozilla/4.0 (compatible; MSIE 7.0; Windows NT 5.1; .NET CLR 1.1.4322)"
72.32.59.213 - - [13/Dec/2006:10:17:46 -0600] "GET /archives/2006/04/19/meme-aleatorio-musical-y-2/ HTTP/1.1" 200 17062 "http://www.foobar.com/archives/2006/04/19/meme-aleatorio-musical-y-2/" "User-Agent: Mozilla/4.0 (compatible; MSIE 6.0; Windows NT 5.1)"
189.146.94.87 - - [13/Dec/2006:10:17:50 -0600] "GET /archives/2006/01/19/television-americana/ HTTP/1.1" 200 7869 "-" "Mozilla/4.0 (compatible; MSIE 6.0; Windows NT 5.1)"
189.146.94.87 - - [13/Dec/2006:10:17:50 -0600] "GET /uploads/Birdman.jpg HTTP/1.1" 200 23838 "-" "Mozilla/4.0 (compatible; MSIE 6.0; Windows NT 5.1)"
88.8.127.47 - - [13/Dec/2006:10:18:12 -0600] "GET /uploads/Family_guy_logo.png HTTP/1.1" 404 - "http://images.google.es/imgres?imgurl=http://www.foobar.com/uploads/Family_guy_logo.png&imgrefurl=http://www.foobar.com/archives/2006/01/19/television-americana/&h=189&w=300&sz=28&tbnid=qlC6Gq_pQxf_tM:&tbnh=73&tbnw=116&hl=es&prev=/images%3Fq%3Dpadre%2Bde%2Bfamilia%26svnum%3D10%26hl%3Des%26lr%3D%26client%3Dfirefox-a%26rls%3Dorg.mozilla:es-AR:official_s%26sa%3DX&frame=small" "Mozilla/5.0 (Windows; U; Windows NT 5.1; es-AR; rv:1.7.12) Gecko/20050919 Firefox/1.0.7"
88.8.127.47 - - [13/Dec/2006:10:18:13 -0600] "GET /favicon.ico HTTP/1.1" 404 - "-" "-"
88.8.127.47 - - [13/Dec/2006:10:18:14 -0600] "GET /archives/2006/01/19/television-americana/ HTTP/1.1" 200 22405 "http://images.google.es/imgres?imgurl=http://www.foobar.com/uploads/Family_guy_logo.png&imgrefurl=http://www.foobar.com/archives/2006/01/19/television-americana/&h=189&w=300&sz=28&hl=es&start=16&tbnid=qlC6Gq_pQxf_tM:&tbnh=73&tbnw=116&prev=/images%3Fq%3Dpadre%2Bde%2Bfamilia%26svnum%3D10%26hl%3Des%26lr%3D%26client%3Dfirefox-a%26rls%3Dorg.mozilla:es-AR:official_s%26sa%3DX" "Mozilla/5.0 (Windows; U; Windows NT 5.1; es-AR; rv:1.7.12) Gecko/20050919 Firefox/1.0.7"
88.8.127.47 - - [13/Dec/2006:10:18:16 -0600] "GET /uploads/Family_guy_logo.png HTTP/1.1" 404 - "http://images.google.es/imgres?imgurl=http://www.foobar.com/uploads/Family_guy_logo.png&imgrefurl=http://www.foobar.com/archives/2006/01/19/television-americana/&h=189&w=300&sz=28&tbnid=qlC6Gq_pQxf_tM:&tbnh=73&tbnw=116&hl=es&prev=/images%3Fq%3Dpadre%2Bde%2Bfamilia%26svnum%3D10%26hl%3Des%26lr%3D%26client%3Dfirefox-a%26rls%3Dorg.mozilla:es-AR:official_s%26sa%3DX&frame=small" "Mozilla/5.0 (Windows; U; Windows NT 5.1; es-AR; rv:1.7.12) Gecko/20050919 Firefox/1.0.7"
80.224.29.161 - - [13/Dec/2006:10:18:19 -0600] "GET /feed/ HTTP/1.0" 304 0 "-" "Liferea/1.0.26 (Linux; http://liferea.sf.net/)"
88.8.127.47 - - [13/Dec/2006:10:18:19 -0600] "GET /archives/2006/01/19/television-americana/ HTTP/1.1" 200 22489 "http://images.google.es/imgres?imgurl=http://www.foobar.com/uploads/Family_guy_logo.png&imgrefurl=http://www.foobar.com/archives/2006/01/19/television-americana/&h=189&w=300&sz=28&hl=es&start=16&tbnid=qlC6Gq_pQxf_tM:&tbnh=73&tbnw=116&prev=/images%3Fq%3Dpadre%2Bde%2Bfamilia%26svnum%3D10%26hl%3Des%26lr%3D%26client%3Dfirefox-a%26rls%3Dorg.mozilla:es-AR:official_s%26sa%3DX" "Mozilla/5.0 (Windows; U; Windows NT 5.1; es-AR; rv:1.7.12) Gecko/20050919 Firefox/1.0.7"
88.8.127.47 - - [13/Dec/2006:10:18:22 -0600] "GET /archives/2006/01/19/television-americana/ HTTP/1.1" 200 22465 "http://images.google.es/imgres?imgurl=http://www.foobar.com/uploads/Family_guy_logo.png&imgrefurl=http://www.foobar.com/archives/2006/01/19/television-americana/&h=189&w=300&sz=28&hl=es&start=16&tbnid=qlC6Gq_pQxf_tM:&tbnh=73&tbnw=116&prev=/images%3Fq%3Dpadre%2Bde%2Bfamilia%26svnum%3D10%26hl%3Des%26lr%3D%26client%3Dfirefox-a%26rls%3Dorg.mozilla:es-AR:official_s%26sa%3DX" "Mozilla/5.0 (Windows; U; Windows NT 5.1; es-AR; rv:1.7.12) Gecko/20050919 Firefox/1.0.7"
88.8.127.47 - - [13/Dec/2006:10:18:23 -0600] "GET /wp-content/themes/default_es/style.css HTTP/1.1" 200 9885 "http://www.foobar.com/archives/2006/01/19/television-americana/" "Mozilla/5.0 (Windows; U; Windows NT 5.1; es-AR; rv:1.7.12) Gecko/20050919 Firefox/1.0.7"
88.8.127.47 - - [13/Dec/2006:10:18:24 -0600] "GET /wp-content/themes/default_es/images/kubrickbgcolor.jpg HTTP/1.1" 200 558 "http://www.foobar.com/archives/2006/01/19/television-americana/" "Mozilla/5.0 (Windows; U; Windows NT 5.1; es-AR; rv:1.7.12) Gecko/20050919 Firefox/1.0.7"
88.8.127.47 - - [13/Dec/2006:10:18:24 -0600] "GET /uploads/Dailyshow_logo.jpg HTTP/1.1" 200 13964 "http://www.foobar.com/archives/2006/01/19/television-americana/" "Mozilla/5.0 (Windows; U; Windows NT 5.1; es-AR; rv:1.7.12) Gecko/20050919 Firefox/1.0.7"
88.8.127.47 - - [13/Dec/2006:10:18:24 -0600] "GET /wp-content/themes/default_es/images/borjanet.png HTTP/1.1" 200 16169 "http://www.foobar.com/archives/2006/01/19/television-americana/" "Mozilla/5.0 (Windows; U; Windows NT 5.1; es-AR; rv:1.7.12) Gecko/20050919 Firefox/1.0.7"
88.8.127.47 - - [13/Dec/2006:10:18:25 -0600] "GET /uploads/TheWestWing.JPG HTTP/1.1" 200 7234 "http://www.foobar.com/archives/2006/01/19/television-americana/" "Mozilla/5.0 (Windows; U; Windows NT 5.1; es-AR; rv:1.7.12) Gecko/20050919 Firefox/1.0.7"
88.8.127.47 - - [13/Dec/2006:10:18:25 -0600] "GET /uploads/fglogo.png HTTP/1.1" 200 27895 "http://www.foobar.com/archives/2006/01/19/television-americana/" "Mozilla/5.0 (Windows; U; Windows NT 5.1; es-AR; rv:1.7.12) Gecko/20050919 Firefox/1.0.7"
88.8.127.47 - - [13/Dec/2006:10:18:26 -0600] "GET /uploads/Birdman.jpg HTTP/1.1" 200 23838 "http://www.foobar.com/archives/2006/01/19/television-americana/" "Mozilla/5.0 (Windows; U; Windows NT 5.1; es-AR; rv:1.7.12) Gecko/20050919 Firefox/1.0.7"
88.8.127.47 - - [13/Dec/2006:10:18:26 -0600] "GET /uploads/Harvey_Birdman2C_Attorney_at_Law_title.jpg HTTP/1.1" 200 20129 "http://www.foobar.com/archives/2006/01/19/television-americana/" "Mozilla/5.0 (Windows; U; Windows NT 5.1; es-AR; rv:1.7.12) Gecko/20050919 Firefox/1.0.7"
88.8.127.47 - - [13/Dec/2006:10:18:26 -0600] "GET /uploads/whoseline.jpg HTTP/1.1" 200 13096 "http://www.foobar.com/archives/2006/01/19/television-americana/" "Mozilla/5.0 (Windows; U; Windows NT 5.1; es-AR; rv:1.7.12) Gecko/20050919 Firefox/1.0.7"
88.8.127.47 - - [13/Dec/2006:10:18:27 -0600] "GET /uploads/comedy.png HTTP/1.1" 200 22619 "http://www.foobar.com/archives/2006/01/19/television-americana/" "Mozilla/5.0 (Windows; U; Windows NT 5.1; es-AR; rv:1.7.12) Gecko/20050919 Firefox/1.0.7"
88.8.127.47 - - [13/Dec/2006:10:18:27 -0600] "GET /wp-content/themes/default_es/images/kubrickbgwide.jpg HTTP/1.1" 200 1020 "http://www.foobar.com/archives/2006/01/19/television-americana/" "Mozilla/5.0 (Windows; U; Windows NT 5.1; es-AR; rv:1.7.12) Gecko/20050919 Firefox/1.0.7"
189.146.94.87 - - [13/Dec/2006:10:18:27 -0600] "GET /wp-content/themes/default_es/style.css HTTP/1.1" 200 9885 "-" "Mozilla/4.0 (compatible; MSIE 6.0; Windows NT 5.1)"
88.8.127.47 - - [13/Dec/2006:10:18:27 -0600] "GET /wp-content/themes/default_es/images/kubrickheader.png HTTP/1.1" 200 3850 "http://www.foobar.com/archives/2006/01/19/television-americana/" "Mozilla/5.0 (Windows; U; Windows NT 5.1; es-AR; rv:1.7.12) Gecko/20050919 Firefox/1.0.7"
88.8.127.47 - - [13/Dec/2006:10:18:28 -0600] "GET /wp-content/themes/default_es/images/kubrickfooter.jpg HTTP/1.1" 200 2601 "http://www.foobar.com/archives/2006/01/19/television-americana/" "Mozilla/5.0 (Windows; U; Windows NT 5.1; es-AR; rv:1.7.12) Gecko/20050919 Firefox/1.0.7"
189.146.94.87 - - [13/Dec/2006:10:18:28 -0600] "GET /archives/2006/01/19/television-americana/ HTTP/1.1" 200 22384 "-" "Mozilla/4.0 (compatible; MSIE 6.0; Windows NT 5.1)"
84.122.5.63 - - [13/Dec/2006:10:19:31 -0600] "GET /uploads/Family_guy_logo.png HTTP/1.1" 404 - "http://paratirar.blogspot.com/" "Mozilla/5.0 (Windows; U; Windows NT 5.1; es-ES; rv:1.8.1) Gecko/20061010 Firefox/2.0"
74.6.85.170 - - [13/Dec/2006:10:19:40 -0600] "GET /robots.txt HTTP/1.0" 404 - "-" "Mozilla/5.0 (compatible; Yahoo! Slurp; http://help.yahoo.com/help/us/ysearch/slurp)"
74.6.86.72 - - [13/Dec/2006:10:19:42 -0600] "GET /archives/2006/10/27/pequeno-anticipo-de-mi-tesina/feed/ HTTP/1.0" 200 516 "-" "Mozilla/5.0 (compatible; Yahoo! Slurp; http://help.yahoo.com/help/us/ysearch/slurp)"
67.42.120.213 - - [13/Dec/2006:10:19:43 -0600] "GET /uploads/whoseline.jpg HTTP/1.1" 200 13096 "http://profile.myspace.com/index.cfm?fuseaction=user.viewprofile&friendid=12798639" "Mozilla/4.0 (compatible; MSIE 7.0; Windows NT 5.1; .NET CLR 1.1.4322; .NET CLR 2.0.50727; IEMB3; IEMB3)"
190.48.160.110 - - [13/Dec/2006:10:20:18 -0600] "GET /archives/2004/11/30/estructuras-matemticas-con-sentido-del-humor/ HTTP/1.1" 200 32802 "http://www.google.com.ar/search?hl=es&q=humor+cadena&meta=" "Mozilla/4.0 (compatible; MSIE 6.0; Windows NT 5.1; SV1)"
190.48.160.110 - - [13/Dec/2006:10:20:19 -0600] "GET /uploads/markov.png HTTP/1.1" 200 25991 "http://www.foobar.com/archives/2004/11/30/estructuras-matemticas-con-sentido-del-humor/" "Mozilla/4.0 (compatible; MSIE 6.0; Windows NT 5.1; SV1)"
84.120.52.49 - - [13/Dec/2006:10:20:22 -0600] "GET /uploads/Family_guy_logo.png HTTP/1.1" 404 - "http://www.topseries.es/index.php?name=PNphpBB2&file=viewtopic&t=92" "Mozilla/5.0 (Windows; U; Windows NT 5.1; es-ES; rv:1.8.1) Gecko/20061010 Firefox/2.0"
83.44.111.242 - - [13/Dec/2006:10:20:31 -0600] "GET /archives/2004/04/10/visita-de-un-lector/feed/ HTTP/1.1" 200 4849 "http://www.google.es/search?hl=es&q=images.google.es&btnG=B%C3%BAsqueda+en+Google&meta=" "Mozilla/4.0 (compatible; MSIE 6.0; Windows NT 5.1; SV1)"
65.214.44.29 - - [13/Dec/2006:10:20:56 -0600] "GET /feed/ HTTP/1.1" 304 0 "-" "Bloglines/3.1 (http://www.bloglines.com; 8 subscribers)"
80.178.16.34 - - [13/Dec/2006:10:21:02 -0600] "GET /uploads/whoseline.jpg HTTP/1.1" 200 13096 "http://images.google.co.il/imgres?imgurl=http://www.foobar.com/uploads/whoseline.jpg&imgrefurl=http://www.foobar.com/archives/2006/01/19/television-americana/&h=150&w=200&sz=13&tbnid=pMI_Wkzn7ZA57M:&tbnh=78&tbnw=104&hl=iw&prev=/images%3Fq%3Dwho%2527s%2Bline%2Bis%2Bit%2Banyway%26ndsp%3D20%26svnum%3D10%26hl%3Diw%26lr%3D%26sa%3DN&frame=small" "Mozilla/4.0 (compatible; MSIE 6.0; Windows NT 5.1; SV1)"
80.178.16.34 - - [13/Dec/2006:10:21:07 -0600] "GET /archives/2006/01/19/television-americana/ HTTP/1.1" 200 0 "http://images.google.co.il/imgres?imgurl=http://www.foobar.com/uploads/whoseline.jpg&imgrefurl=http://www.foobar.com/archives/2006/01/19/television-americana/&h=150&w=200&sz=13&hl=iw&start=19&tbnid=pMI_Wkzn7ZA57M:&tbnh=78&tbnw=104&prev=/images%3Fq%3Dwho%2527s%2Bline%2Bis%2Bit%2Banyway%26ndsp%3D20%26svnum%3D10%26hl%3Diw%26lr%3D%26sa%3DN" "Mozilla/4.0 (compatible; MSIE 6.0; Windows NT 5.1; SV1)"
210.173.180.164 - - [13/Dec/2006:10:21:16 -0600] "GET /archives/2003/10/05/back-in-the-usa/feed/ HTTP/1.1" 200 3046 "-" "ichiro/2.0 (http://help.goo.ne.jp/door/crawler.html)"
158.42.16.182 - - [13/Dec/2006:10:22:04 -0600] "GET /favicon.ico HTTP/1.1" 404 - "http://www.netvibes.com/" "Mozilla/5.0 (Windows; U; Windows NT 5.1; es-ES; rv:1.8.1) Gecko/20061010 Firefox/2.0"
81.37.220.68 - - [13/Dec/2006:10:22:33 -0600] "GET /feed HTTP/1.0" 304 0 "-" "Liferea/1.0.23 (Linux; es_ES.UTF-8; http://liferea.sf.net/)"
198.37.25.204 - - [13/Dec/2006:10:22:50 -0600] "GET /feed/ HTTP/1.1" 304 0 "-" "Mozilla/5.0 (Macintosh; U; PPC Mac OS X; en-us) AppleWebKit/412 (KHTML, like Gecko) Safari/412"
72.32.59.213 - - [13/Dec/2006:10:23:00 -0600] "POST /wp-comments-post.php HTTP/1.1" 200 - "http://www.foobar.com/archives/2006/04/19/meme-aleatorio-musical-y-2/" "User-Agent: Mozilla/4.0 (compatible; MSIE 6.0; Windows NT 5.1)"
190.48.33.143 - - [13/Dec/2006:10:23:21 -0600] "GET /wp-content/themes/default_es/style.css HTTP/1.1" 200 9885 "http://www.foobar.com/archives/2003/12/19/el-retorno-del-rey/" "Mozilla/4.0 (compatible; MSIE 6.0; Windows NT 5.1; SV1)"
190.48.33.143 - - [13/Dec/2006:10:23:21 -0600] "GET /archives/2003/12/19/el-retorno-del-rey/ HTTP/1.1" 200 17452 "http://www.google.com.ar/search?hl=es&sa=X&oi=spell&resnum=0&ct=result&cd=1&q=El+retorno+del+rey+brujo&spell=1" "Mozilla/4.0 (compatible; MSIE 6.0; Windows NT 5.1; SV1)"
190.48.33.143 - - [13/Dec/2006:10:23:22 -0600] "GET /wp-content/themes/default_es/images/kubrickbgcolor.jpg HTTP/1.1" 200 558 "http://www.foobar.com/archives/2003/12/19/el-retorno-del-rey/" "Mozilla/4.0 (compatible; MSIE 6.0; Windows NT 5.1; SV1)"
190.48.33.143 - - [13/Dec/2006:10:23:22 -0600] "GET /wp-content/themes/default_es/images/borjanet.png HTTP/1.1" 200 16169 "http://www.foobar.com/archives/2003/12/19/el-retorno-del-rey/" "Mozilla/4.0 (compatible; MSIE 6.0; Windows NT 5.1; SV1)"
190.48.33.143 - - [13/Dec/2006:10:23:23 -0600] "GET /wp-content/themes/default_es/images/kubrickbgwide.jpg HTTP/1.1" 200 1020 "http://www.foobar.com/archives/2003/12/19/el-retorno-del-rey/" "Mozilla/4.0 (compatible; MSIE 6.0; Windows NT 5.1; SV1)"
190.48.33.143 - - [13/Dec/2006:10:23:23 -0600] "GET /wp-content/themes/default_es/images/kubrickheader.png HTTP/1.1" 200 3850 "http://www.foobar.com/archives/2003/12/19/el-retorno-del-rey/" "Mozilla/4.0 (compatible; MSIE 6.0; Windows NT 5.1; SV1)"
190.48.33.143 - - [13/Dec/2006:10:23:23 -0600] "GET /wp-content/themes/default_es/images/kubrickfooter.jpg HTTP/1.1" 200 2601 "http://www.foobar.com/archives/2003/12/19/el-retorno-del-rey/" "Mozilla/4.0 (compatible; MSIE 6.0; Windows NT 5.1; SV1)"
60.191.80.30 - - [13/Dec/2006:10:23:25 -0600] "GET /archives/2002/11/30/harry-potter-muy-bien-pero-mejorable/ HTTP/1.1" 200 24012 "-" "OutfoxBot/0.5 (for internet experiments; http://; outfoxbot@gmail.com)"
195.27.215.89 - - [13/Dec/2006:10:23:57 -0600] "GET /archives/2005/09/page/1/ HTTP/1.0" 200 32440 "-" "Seekbot/1.0 (http://www.seekbot.net/bot.html) HTTPFetcher/0.3"
72.14.199.5 - - [13/Dec/2006:10:24:01 -0600] "GET /feed/ HTTP/1.1" 304 0 "-" "Feedfetcher-Google; (+http://www.google.com/feedfetcher.html)"
156.3.163.99 - - [13/Dec/2006:10:24:07 -0600] "GET /wp-content/themes/default_es/style.css HTTP/1.1" 200 9885 "http://www.foobar.com/archives/2006/01/19/television-americana/" "Mozilla/4.0 (compatible; MSIE 6.0; Windows NT 5.0)"
156.3.163.99 - - [13/Dec/2006:10:24:07 -0600] "GET /archives/2006/01/19/television-americana/ HTTP/1.1" 200 16187 "http://images.google.com/imgres?imgurl=http://www.foobar.com/uploads/Family_guy_logo.png&imgrefurl=http://www.foobar.com/archives/2006/01/19/television-americana/&h=189&w=300&sz=28&hl=en&start=2&tbnid=qlC6Gq_pQxf_tM:&tbnh=73&tbnw=116&prev=/images%3Fq%3Dfamily%2Bguy%2Bthe%2Bbest%26svnum%3D10%26hl%3Den%26lr%3D%26safe%3Dactive%26sa%3DG" "Mozilla/4.0 (compatible; MSIE 6.0; Windows NT 5.0)"
156.3.163.99 - - [13/Dec/2006:10:24:07 -0600] "GET /uploads/Family_guy_logo.png HTTP/1.1" 404 - "http://images.google.com/imgres?imgurl=http://www.foobar.com/uploads/Family_guy_logo.png&imgrefurl=http://www.foobar.com/archives/2006/01/19/television-americana/&h=189&w=300&sz=28&tbnid=qlC6Gq_pQxf_tM:&tbnh=73&tbnw=116&hl=en&prev=/images%3Fq%3Dfamily%2Bguy%2Bthe%2Bbest%26svnum%3D10%26hl%3Den%26lr%3D%26safe%3Dactive%26sa%3DG&frame=small" "Mozilla/4.0 (compatible; MSIE 6.0; Windows NT 5.0)"
217.125.50.56 - - [13/Dec/2006:10:24:14 -0600] "GET /wp-content/themes/default_es/style.css HTTP/1.1" 200 9885 "http://www.foobar.com/archives/2004/03/26/qu-tal-en-suiza-frio/" "Mozilla/5.0 (Windows; U; Windows NT 5.1; es-ES; rv:1.8.0.8) Gecko/20061025 Firefox/1.5.0.8"
217.125.50.56 - - [13/Dec/2006:10:24:14 -0600] "GET /archives/2004/03/26/qu-tal-en-suiza-frio/ HTTP/1.1" 200 17050 "-" "Mozilla/5.0 (Windows; U; Windows NT 5.1; es-ES; rv:1.8.0.8) Gecko/20061025 Firefox/1.5.0.8"
217.125.50.56 - - [13/Dec/2006:10:24:15 -0600] "GET /wp-content/themes/default_es/images/kubrickbgcolor.jpg HTTP/1.1" 200 558 "http://www.foobar.com/archives/2004/03/26/qu-tal-en-suiza-frio/" "Mozilla/5.0 (Windows; U; Windows NT 5.1; es-ES; rv:1.8.0.8) Gecko/20061025 Firefox/1.5.0.8"
217.125.50.56 - - [13/Dec/2006:10:24:15 -0600] "GET /wp-content/themes/default_es/images/borjanet.png HTTP/1.1" 200 16169 "http://www.foobar.com/archives/2004/03/26/qu-tal-en-suiza-frio/" "Mozilla/5.0 (Windows; U; Windows NT 5.1; es-ES; rv:1.8.0.8) Gecko/20061025 Firefox/1.5.0.8"
217.125.50.56 - - [13/Dec/2006:10:24:15 -0600] "GET /wp-content/themes/default_es/images/kubrickbgwide.jpg HTTP/1.1" 200 1020 "http://www.foobar.com/archives/2004/03/26/qu-tal-en-suiza-frio/" "Mozilla/5.0 (Windows; U; Windows NT 5.1; es-ES; rv:1.8.0.8) Gecko/20061025 Firefox/1.5.0.8"
217.125.50.56 - - [13/Dec/2006:10:24:16 -0600] "GET /wp-content/themes/default_es/images/kubrickheader.png HTTP/1.1" 200 3850 "http://www.foobar.com/archives/2004/03/26/qu-tal-en-suiza-frio/" "Mozilla/5.0 (Windows; U; Windows NT 5.1; es-ES; rv:1.8.0.8) Gecko/20061025 Firefox/1.5.0.8"
217.125.50.56 - - [13/Dec/2006:10:24:16 -0600] "GET /favicon.ico HTTP/1.1" 404 - "-" "Mozilla/5.0 (Windows; U; Windows NT 5.1; es-ES; rv:1.8.0.8) Gecko/20061025 Firefox/1.5.0.8"
217.125.50.56 - - [13/Dec/2006:10:24:16 -0600] "GET /wp-content/themes/default_es/images/kubrickfooter.jpg HTTP/1.1" 200 2601 "http://www.foobar.com/archives/2004/03/26/qu-tal-en-suiza-frio/" "Mozilla/5.0 (Windows; U; Windows NT 5.1; es-ES; rv:1.8.0.8) Gecko/20061025 Firefox/1.5.0.8"
156.3.163.99 - - [13/Dec/2006:10:24:17 -0600] "GET /archives/2006/01/19/television-americana/ HTTP/1.1" 200 0 "http://images.google.com/imgres?imgurl=http://www.foobar.com/uploads/Family_guy_logo.png&imgrefurl=http://www.foobar.com/archives/2006/01/19/television-americana/&h=189&w=300&sz=28&hl=en&start=2&tbnid=qlC6Gq_pQxf_tM:&tbnh=73&tbnw=116&prev=/images%3Fq%3Dfamily%2Bguy%2Bthe%2Bbest%26svnum%3D10%26hl%3Den%26lr%3D%26safe%3Dactive%26sa%3DG" "Mozilla/4.0 (compatible; MSIE 6.0; Windows NT 5.0)"
72.14.199.5 - - [13/Dec/2006:10:24:37 -0600] "GET /feed HTTP/1.1" 304 0 "-" "Feedfetcher-Google; (+http://www.google.com/feedfetcher.html)"
213.97.176.44 - - [13/Dec/2006:10:24:43 -0600] "GET /feed/rss2/ HTTP/1.1" 304 0 "-" "Mozilla/5.0 (Macintosh; U; PPC Mac OS X Mach-O; es-AR; rv:1.8.1) Gecko/20061010 Firefox/2.0"
88.0.84.149 - - [13/Dec/2006:10:25:07 -0600] "GET /wp-content/themes/default_es/style.css HTTP/1.1" 200 9885 "http://www.foobar.com/archives/2005/06/26/meme-de-frases/" "Mozilla/4.0 (compatible; MSIE 6.0; Windows NT 5.1; SV1; HbTools 4.7.1)"
88.0.84.149 - - [13/Dec/2006:10:25:08 -0600] "GET /archives/2005/06/26/meme-de-frases/ HTTP/1.1" 200 21029 "http://www.google.es/search?hl=es&q=frases+chulas+woody+allen&meta=" "Mozilla/4.0 (compatible; MSIE 6.0; Windows NT 5.1; SV1; HbTools 4.7.1)"
88.0.84.149 - - [13/Dec/2006:10:25:08 -0600] "GET /wp-content/themes/default_es/images/borjanet.png HTTP/1.1" 200 16169 "http://www.foobar.com/archives/2005/06/26/meme-de-frases/" "Mozilla/4.0 (compatible; MSIE 6.0; Windows NT 5.1; SV1; HbTools 4.7.1)"
88.0.84.149 - - [13/Dec/2006:10:25:08 -0600] "GET /wp-content/themes/default_es/images/kubrickbgwide.jpg HTTP/1.1" 200 1020 "http://www.foobar.com/archives/2005/06/26/meme-de-frases/" "Mozilla/4.0 (compatible; MSIE 6.0; Windows NT 5.1; SV1; HbTools 4.7.1)"
88.0.84.149 - - [13/Dec/2006:10:25:08 -0600] "GET /wp-content/themes/default_es/images/kubrickbgcolor.jpg HTTP/1.1" 200 558 "http://www.foobar.com/archives/2005/06/26/meme-de-frases/" "Mozilla/4.0 (compatible; MSIE 6.0; Windows NT 5.1; SV1; HbTools 4.7.1)"
88.0.84.149 - - [13/Dec/2006:10:25:09 -0600] "GET /wp-content/themes/default_es/images/kubrickheader.png HTTP/1.1" 200 3850 "http://www.foobar.com/archives/2005/06/26/meme-de-frases/" "Mozilla/4.0 (compatible; MSIE 6.0; Windows NT 5.1; SV1; HbTools 4.7.1)"
88.0.84.149 - - [13/Dec/2006:10:25:09 -0600] "GET /wp-content/themes/default_es/images/kubrickfooter.jpg HTTP/1.1" 200 2601 "http://www.foobar.com/archives/2005/06/26/meme-de-frases/" "Mozilla/4.0 (compatible; MSIE 6.0; Windows NT 5.1; SV1; HbTools 4.7.1)"
210.173.180.164 - - [13/Dec/2006:10:25:15 -0600] "GET /archives/2003/09/page/1/ HTTP/1.1" 200 32081 "-" "ichiro/2.0 (http://help.goo.ne.jp/door/crawler.html)"
212.168.173.12 - - [13/Dec/2006:10:25:33 -0600] "GET /feed/ HTTP/1.1" 304 0 "-" "AlestiFeedBot/0.7 (http://www.alesti.org/; 5 subscribers)"
200.36.110.164 - - [13/Dec/2006:10:25:38 -0600] "GET /favicon.ico HTTP/1.1" 404 - "http://43.gmodules.com/ig/ifr?url=http://www.geocities.com/cosorio353/delicious.xml&nocache=0&up_username=jorgep&up_display=101&up_sort=1&up_filter=&lang=es&country=mx&.lang=es&.country=mx&synd=ig&mid=43&parent=http://www.google.com.mx" "Mozilla/5.0 (Windows; U; Windows NT 5.1; es-ES; rv:1.8.1) Gecko/20061010 Firefox/2.0"
217.125.50.56 - - [13/Dec/2006:10:25:48 -0600] "GET /wp-content/themes/default_es/images/kubrickbg.jpg HTTP/1.1" 200 1047 "http://www.foobar.com/" "Mozilla/5.0 (Windows; U; Windows NT 5.1; es-ES; rv:1.8.0.8) Gecko/20061025 Firefox/1.5.0.8"
217.125.50.56 - - [13/Dec/2006:10:25:48 -0600] "GET / HTTP/1.1" 200 41046 "http://www.foobar.com/archives/2004/03/26/qu-tal-en-suiza-frio/" "Mozilla/5.0 (Windows; U; Windows NT 5.1; es-ES; rv:1.8.0.8) Gecko/20061025 Firefox/1.5.0.8"
217.125.50.56 - - [13/Dec/2006:10:25:48 -0600] "GET /uploads/pronunciacion.png HTTP/1.1" 200 2058 "http://www.foobar.com/" "Mozilla/5.0 (Windows; U; Windows NT 5.1; es-ES; rv:1.8.0.8) Gecko/20061025 Firefox/1.5.0.8"
217.125.50.56 - - [13/Dec/2006:10:25:55 -0600] "GET /acerca-de-mi/ HTTP/1.1" 200 26041 "http://www.foobar.com/" "Mozilla/5.0 (Windows; U; Windows NT 5.1; es-ES; rv:1.8.0.8) Gecko/20061025 Firefox/1.5.0.8"
84.122.75.232 - - [13/Dec/2006:10:26:04 -0600] "GET /uploads/Family_guy_logo.png HTTP/1.1" 404 - "http://www.paratirar.blogspot.com/" "Mozilla/4.0 (compatible; MSIE 6.0; Windows NT 5.1; SV1)"
195.55.130.66 - - [13/Dec/2006:10:26:15 -0600] "GET /wp-content/themes/default_es/style.css HTTP/1.1" 200 9885 "http://www.foobar.com/archives/2006/11/26/%c2%bfpor-que-escribes-un-blog/" "Mozilla/4.0 (compatible; MSIE 6.0; Windows NT 5.1; SV1; .NET CLR 1.1.4322; .NET CLR 2.0.50727)"
195.55.130.66 - - [13/Dec/2006:10:26:15 -0600] "GET /archives/2006/11/26/%c2%bfpor-que-escribes-un-blog/ HTTP/1.1" 200 20572 "-" "Mozilla/4.0 (compatible; MSIE 6.0; Windows NT 5.1; SV1; .NET CLR 1.1.4322; .NET CLR 2.0.50727)"
195.55.130.66 - - [13/Dec/2006:10:26:16 -0600] "GET /wp-content/themes/default_es/images/kubrickbgcolor.jpg HTTP/1.1" 200 558 "http://www.foobar.com/archives/2006/11/26/%c2%bfpor-que-escribes-un-blog/" "Mozilla/4.0 (compatible; MSIE 6.0; Windows NT 5.1; SV1; .NET CLR 1.1.4322; .NET CLR 2.0.50727)"
195.55.130.66 - - [13/Dec/2006:10:26:16 -0600] "GET /wp-content/themes/default_es/images/borjanet.png HTTP/1.1" 200 16169 "http://www.foobar.com/archives/2006/11/26/%c2%bfpor-que-escribes-un-blog/" "Mozilla/4.0 (compatible; MSIE 6.0; Windows NT 5.1; SV1; .NET CLR 1.1.4322; .NET CLR 2.0.50727)"
195.55.130.66 - - [13/Dec/2006:10:26:16 -0600] "GET /wp-content/themes/default_es/images/kubrickbgwide.jpg HTTP/1.1" 200 1020 "http://www.foobar.com/archives/2006/11/26/%c2%bfpor-que-escribes-un-blog/" "Mozilla/4.0 (compatible; MSIE 6.0; Windows NT 5.1; SV1; .NET CLR 1.1.4322; .NET CLR 2.0.50727)"
195.55.130.66 - - [13/Dec/2006:10:26:16 -0600] "GET /wp-content/themes/default_es/images/kubrickheader.png HTTP/1.1" 200 3850 "http://www.foobar.com/archives/2006/11/26/%c2%bfpor-que-escribes-un-blog/" "Mozilla/4.0 (compatible; MSIE 6.0; Windows NT 5.1; SV1; .NET CLR 1.1.4322; .NET CLR 2.0.50727)"
195.55.130.66 - - [13/Dec/2006:10:26:16 -0600] "GET /wp-content/themes/default_es/images/kubrickfooter.jpg HTTP/1.1" 200 2601 "http://www.foobar.com/archives/2006/11/26/%c2%bfpor-que-escribes-un-blog/" "Mozilla/4.0 (compatible; MSIE 6.0; Windows NT 5.1; SV1; .NET CLR 1.1.4322; .NET CLR 2.0.50727)"
195.55.130.66 - - [13/Dec/2006:10:26:18 -0600] "GET /favicon.ico HTTP/1.1" 404 - "-" "Mozilla/4.0 (compatible; Google Desktop)"
67.42.120.213 - - [13/Dec/2006:10:26:30 -0600] "GET /uploads/whoseline.jpg HTTP/1.1" 304 - "http://profile.myspace.com/index.cfm?fuseaction=user.viewprofile&friendid=12798639" "Mozilla/4.0 (compatible; MSIE 7.0; Windows NT 5.1; .NET CLR 1.1.4322; .NET CLR 2.0.50727; IEMB3; IEMB3)"
62.101.191.154 - - [13/Dec/2006:10:26:36 -0600] "GET /archives/2005/11/02/chocolate-a-la-taza/ HTTP/1.1" 200 18014 "http://www.google.es/search?hl=es&q=chocolate+a+la+taza&btnG=B%C3%BAsqueda&meta=" "Mozilla/5.0 (Windows; U; Windows NT 5.1; es-ES; rv:1.8.1) Gecko/20061010 Firefox/2.0"
62.101.191.154 - - [13/Dec/2006:10:26:36 -0600] "GET /wp-content/themes/default_es/style.css HTTP/1.1" 200 9885 "http://www.foobar.com/archives/2005/11/02/chocolate-a-la-taza/" "Mozilla/5.0 (Windows; U; Windows NT 5.1; es-ES; rv:1.8.1) Gecko/20061010 Firefox/2.0"
62.101.191.154 - - [13/Dec/2006:10:26:37 -0600] "GET /wp-content/themes/default_es/images/kubrickbgcolor.jpg HTTP/1.1" 200 558 "http://www.foobar.com/archives/2005/11/02/chocolate-a-la-taza/" "Mozilla/5.0 (Windows; U; Windows NT 5.1; es-ES; rv:1.8.1) Gecko/20061010 Firefox/2.0"
62.101.191.154 - - [13/Dec/2006:10:26:37 -0600] "GET /wp-content/themes/default_es/images/borjanet.png HTTP/1.1" 200 16169 "http://www.foobar.com/archives/2005/11/02/chocolate-a-la-taza/" "Mozilla/5.0 (Windows; U; Windows NT 5.1; es-ES; rv:1.8.1) Gecko/20061010 Firefox/2.0"
62.101.191.154 - - [13/Dec/2006:10:26:37 -0600] "GET /wp-content/themes/default_es/images/kubrickbgwide.jpg HTTP/1.1" 200 1020 "http://www.foobar.com/archives/2005/11/02/chocolate-a-la-taza/" "Mozilla/5.0 (Windows; U; Windows NT 5.1; es-ES; rv:1.8.1) Gecko/20061010 Firefox/2.0"
62.101.191.154 - - [13/Dec/2006:10:26:37 -0600] "GET /wp-content/themes/default_es/images/kubrickheader.png HTTP/1.1" 200 3850 "http://www.foobar.com/archives/2005/11/02/chocolate-a-la-taza/" "Mozilla/5.0 (Windows; U; Windows NT 5.1; es-ES; rv:1.8.1) Gecko/20061010 Firefox/2.0"
62.101.191.154 - - [13/Dec/2006:10:26:37 -0600] "GET /wp-content/themes/default_es/images/kubrickfooter.jpg HTTP/1.1" 200 2601 "http://www.foobar.com/archives/2005/11/02/chocolate-a-la-taza/" "Mozilla/5.0 (Windows; U; Windows NT 5.1; es-ES; rv:1.8.1) Gecko/20061010 Firefox/2.0"
62.101.191.154 - - [13/Dec/2006:10:26:37 -0600] "GET /favicon.ico HTTP/1.1" 404 - "-" "Mozilla/5.0 (Windows; U; Windows NT 5.1; es-ES; rv:1.8.1) Gecko/20061010 Firefox/2.0"
74.6.87.121 - - [13/Dec/2006:10:27:06 -0600] "GET /archives/2005/12/21/%c2%a1ya-esta-aqui-%c2%a1ya-ha-llegado/ HTTP/1.0" 200 20627 "-" "Mozilla/5.0 (compatible; Yahoo! Slurp; http://help.yahoo.com/help/us/ysearch/slurp)"
62.101.187.13 - - [13/Dec/2006:10:27:08 -0600] "GET /archives/2004/02/06/pasarse-al-otro-bando/feed/ HTTP/1.1" 200 43708 "http://www.google.es/search?hl=es&q=REDONDEO+NOTAS&meta=" "Mozilla/4.0 (compatible; MSIE 6.0; Windows NT 5.1; SV1)"
74.6.86.120 - - [13/Dec/2006:10:27:29 -0600] "GET /archives/2005/08/31/borja-mikes-eurotrip-2005/ HTTP/1.0" 200 23268 "-" "Mozilla/5.0 (compatible; Yahoo! Slurp; http://help.yahoo.com/help/us/ysearch/slurp)"
200.149.20.217 - - [13/Dec/2006:10:27:45 -0600] "GET /uploads/whoseline.jpg HTTP/1.1" 200 13096 "http://nowloaded.org/forum/index.php?showtopic=22951" "Mozilla/4.0 (compatible; MSIE 6.0; Windows NT 5.1; SV1; InfoPath.1)"
204.38.32.5 - - [13/Dec/2006:10:28:07 -0600] "GET /uploads/Birdman.jpg HTTP/1.0" 200 23838 "http://images.google.com/imgres?imgurl=http://www.foobar.com/uploads/Birdman.jpg&imgrefurl=http://www.foobar.com/archives/2006/01/19/television-americana/&h=223&w=252&sz=24&tbnid=wZBBvaJEyEDpKM:&tbnh=98&tbnw=111&hl=en&prev=/images%3Fq%3Dbirdman%2Battorney%2Bat%2Blaw%26svnum%3D10%26hl%3Den%26lr%3D%26safe%3Dvss%26sa%3DX&frame=small" "Mozilla/4.0 (compatible; MSIE 6.0; Windows NT 5.1; SV1; .NET CLR 1.1.4322; .NET CLR 2.0.50727)"
204.38.32.5 - - [13/Dec/2006:10:28:13 -0600] "GET /archives/2006/01/19/television-americana/ HTTP/1.0" 200 22333 "http://images.google.com/imgres?imgurl=http://www.foobar.com/uploads/Birdman.jpg&imgrefurl=http://www.foobar.com/archives/2006/01/19/television-americana/&h=223&w=252&sz=24&hl=en&start=7&tbnid=wZBBvaJEyEDpKM:&tbnh=98&tbnw=111&prev=/images%3Fq%3Dbirdman%2Battorney%2Bat%2Blaw%26svnum%3D10%26hl%3Den%26lr%3D%26safe%3Dvss%26sa%3DX" "Mozilla/4.0 (compatible; MSIE 6.0; Windows NT 5.1; SV1; .NET CLR 1.1.4322; .NET CLR 2.0.50727)"
84.122.75.232 - - [13/Dec/2006:10:28:15 -0600] "GET /uploads/Family_guy_logo.png HTTP/1.1" 404 - "http://www.paratirar.blogspot.com/" "Mozilla/4.0 (compatible; MSIE 6.0; Windows NT 5.1; SV1)"
204.38.32.5 - - [13/Dec/2006:10:28:15 -0600] "GET /archives/2006/01/19/television-americana/ HTTP/1.0" 200 22286 "http://images.google.com/imgres?imgurl=http://www.foobar.com/uploads/Birdman.jpg&imgrefurl=http://www.foobar.com/archives/2006/01/19/television-americana/&h=223&w=252&sz=24&hl=en&start=7&tbnid=wZBBvaJEyEDpKM:&tbnh=98&tbnw=111&prev=/images%3Fq%3Dbirdman%2Battorney%2Bat%2Blaw%26svnum%3D10%26hl%3Den%26lr%3D%26safe%3Dvss%26sa%3DX" "Mozilla/4.0 (compatible; MSIE 6.0; Windows NT 5.1; SV1; .NET CLR 1.1.4322; .NET CLR 2.0.50727)"
80.224.29.161 - - [13/Dec/2006:10:28:16 -0600] "GET /feed/ HTTP/1.0" 304 0 "-" "Liferea/1.0.26 (Linux; http://liferea.sf.net/)"
200.24.197.26 - - [13/Dec/2006:10:28:43 -0600] "GET /archives/2004/06/05/estupidos-niatos/feed/ HTTP/1.1" 200 18846 "http://www.google.com.ec/search?hl=es&q=la+falta+de+respeto+hacia+los+mayores&meta=" "Mozilla/4.0 (compatible; MSIE 6.0; Windows NT 5.1; iebar; acc=onekill; (onekill); (none); FunWebProducts)"
84.122.75.232 - - [13/Dec/2006:10:28:52 -0600] "GET /uploads/Family_guy_logo.png HTTP/1.1" 404 - "http://www.paratirar.blogspot.com/" "Mozilla/4.0 (compatible; MSIE 6.0; Windows NT 5.1; SV1)"
85.84.19.122 - - [13/Dec/2006:10:28:59 -0600] "GET /archives/2005/12/27/eta-eta-basque-basque/feed/ HTTP/1.1" 200 13613 "http://buscador2.terra.es/Default.aspx?ca=s&query=el%20desfiladero%20de%20la%20muerte&source=Search" "Mozilla/4.0 (compatible; MSIE 6.0; Windows NT 5.1; SV1; .NET CLR 1.1.4322; .NET CLR 2.0.50727)"
84.122.75.232 - - [13/Dec/2006:10:29:02 -0600] "GET /uploads/Family_guy_logo.png HTTP/1.1" 404 - "http://www.paratirar.blogspot.com/" "Mozilla/4.0 (compatible; MSIE 6.0; Windows NT 5.1; SV1)"
68.163.244.117 - - [13/Dec/2006:10:29:03 -0600] "GET /uploads/Family_guy_logo.png HTTP/1.1" 404 - "http://profile.myspace.com/index.cfm?fuseaction=user.viewprofile&friendid=59073156&MyToken=500406b1-0adf-4a19-9b47-a319592c71c8" "Mozilla/4.0 (compatible; MSIE 6.0; Windows NT 5.1; SV1; .NET CLR 1.1.4322)"
72.14.199.5 - - [13/Dec/2006:10:29:11 -0600] "GET /weblog/rdf HTTP/1.1" 304 0 "-" "Feedfetcher-Google; (+http://www.google.com/feedfetcher.html)"
131.202.212.90 - - [13/Dec/2006:10:29:23 -0600] "GET /feed/ HTTP/1.1" 304 0 "-" "NetNewsWire/2.1.1 (Mac OS X; http://ranchero.com/netnewswire/)"
84.122.75.232 - - [13/Dec/2006:10:29:26 -0600] "GET /uploads/Family_guy_logo.png HTTP/1.1" 404 - "http://www.paratirar.blogspot.com/" "Mozilla/4.0 (compatible; MSIE 6.0; Windows NT 5.1; SV1)"
216.72.28.7 - - [13/Dec/2006:10:29:31 -0600] "GET / HTTP/1.0" 200 40932 "-" "Mozilla/4.0 (compatible; MSIE 6.0; Windows NT 5.1; SV1)"
216.72.28.7 - - [13/Dec/2006:10:29:32 -0600] "GET /wp-content/themes/default_es/images/borjanet.png HTTP/1.0" 200 16169 "http://www.foobar.com/" "Mozilla/4.0 (compatible; MSIE 6.0; Windows NT 5.1; SV1)"
216.72.28.7 - - [13/Dec/2006:10:29:33 -0600] "GET /uploads/pronunciacion.png HTTP/1.0" 200 2058 "http://www.foobar.com/" "Mozilla/4.0 (compatible; MSIE 6.0; Windows NT 5.1; SV1)"
216.72.28.7 - - [13/Dec/2006:10:29:33 -0600] "GET /wp-content/themes/default_es/style.css HTTP/1.0" 200 9885 "http://www.foobar.com/" "Mozilla/4.0 (compatible; MSIE 6.0; Windows NT 5.1; SV1)"
216.72.28.7 - - [13/Dec/2006:10:29:34 -0600] "GET /wp-content/themes/default_es/images/kubrickbg.jpg HTTP/1.0" 200 1047 "http://www.foobar.com/" "Mozilla/4.0 (compatible; MSIE 6.0; Windows NT 5.1; SV1)"
216.72.28.7 - - [13/Dec/2006:10:29:34 -0600] "GET /wp-content/themes/default_es/images/kubrickbgcolor.jpg HTTP/1.0" 200 558 "http://www.foobar.com/" "Mozilla/4.0 (compatible; MSIE 6.0; Windows NT 5.1; SV1)"
216.72.28.7 - - [13/Dec/2006:10:29:34 -0600] "GET /wp-content/themes/default_es/images/kubrickheader.png HTTP/1.0" 200 3850 "http://www.foobar.com/" "Mozilla/4.0 (compatible; MSIE 6.0; Windows NT 5.1; SV1)"
217.125.50.56 - - [13/Dec/2006:10:29:41 -0600] "GET /archives/2004/01/13/aberraciones-tipogrficas/ HTTP/1.1" 200 37653 "-" "Mozilla/5.0 (Windows; U; Windows NT 5.1; es-ES; rv:1.8.0.8) Gecko/20061025 Firefox/1.5.0.8"
216.72.28.7 - - [13/Dec/2006:10:29:42 -0600] "GET /wp-content/themes/default_es/images/kubrickfooter.jpg HTTP/1.0" 200 2601 "http://www.foobar.com/" "Mozilla/4.0 (compatible; MSIE 6.0; Windows NT 5.1; SV1)"
83.35.134.42 - - [13/Dec/2006:10:30:08 -0600] "GET /feed/ HTTP/1.1" 304 0 "-" "Mozilla/5.0 (Windows; U; Windows NT 5.1; ca; rv:1.8.0.8) Gecko/20061025 Firefox/1.5.0.8"
68.163.244.117 - - [13/Dec/2006:10:30:13 -0600] "GET /uploads/Family_guy_logo.png HTTP/1.1" 404 - "http://profile.myspace.com/index.cfm?fuseaction=user.viewprofile&friendid=59073156" "Mozilla/4.0 (compatible; MSIE 6.0; Windows NT 5.1; SV1; .NET CLR 1.1.4322)"
81.202.208.214 - - [13/Dec/2006:10:30:18 -0600] "GET /favicon.ico HTTP/1.1" 404 - "http://www.netvibes.com/" "Mozilla/5.0 (Windows; U; Windows NT 5.1; es-ES; rv:1.8.0.8) Gecko/20061025 Firefox/1.5.0.8"
212.145.182.154 - - [13/Dec/2006:10:30:19 -0600] "GET /archives/2005/10/17/recetas-y-complejidad/feed/ HTTP/1.1" 200 9004 "-" "Mozilla/4.0 (compatible; MSIE 6.0; Windows NT 5.0; .NET CLR 1.1.4322)"
210.173.180.164 - - [13/Dec/2006:10:30:30 -0600] "GET /archives/2003/09/09/borja-croft-grid-raider-la-cuna-de-la-web/ HTTP/1.1" 200 19157 "-" "ichiro/2.0 (http://help.goo.ne.jp/door/crawler.html)"
200.84.136.71 - - [13/Dec/2006:10:30:39 -0600] "GET /wp-content/themes/default_es/style.css HTTP/1.1" 200 9885 "http://www.foobar.com/archives/2003/08/30/fotos-de-australia/" "Mozilla/4.0 (compatible; MSIE 6.0; Windows NT 5.1; SV1; .NET CLR 1.1.4322)"
200.84.136.71 - - [13/Dec/2006:10:30:40 -0600] "GET /archives/2003/08/30/fotos-de-australia/ HTTP/1.1" 200 14457 "http://www.google.co.ve/search?hl=es&q=fotos+de+australia&meta=" "Mozilla/4.0 (compatible; MSIE 6.0; Windows NT 5.1; SV1; .NET CLR 1.1.4322)"
200.84.136.71 - - [13/Dec/2006:10:30:40 -0600] "GET /wp-content/themes/default_es/images/borjanet.png HTTP/1.1" 200 16169 "http://www.foobar.com/archives/2003/08/30/fotos-de-australia/" "Mozilla/4.0 (compatible; MSIE 6.0; Windows NT 5.1; SV1; .NET CLR 1.1.4322)"
200.84.136.71 - - [13/Dec/2006:10:30:40 -0600] "GET /wp-content/themes/default_es/images/kubrickbgcolor.jpg HTTP/1.1" 200 558 "http://www.foobar.com/archives/2003/08/30/fotos-de-australia/" "Mozilla/4.0 (compatible; MSIE 6.0; Windows NT 5.1; SV1; .NET CLR 1.1.4322)"
200.84.136.71 - - [13/Dec/2006:10:30:40 -0600] "GET /wp-content/themes/default_es/images/kubrickbgwide.jpg HTTP/1.1" 200 1020 "http://www.foobar.com/archives/2003/08/30/fotos-de-australia/" "Mozilla/4.0 (compatible; MSIE 6.0; Windows NT 5.1; SV1; .NET CLR 1.1.4322)"
200.84.136.71 - - [13/Dec/2006:10:30:40 -0600] "GET /wp-content/themes/default_es/images/kubrickheader.png HTTP/1.1" 200 3850 "http://www.foobar.com/archives/2003/08/30/fotos-de-australia/" "Mozilla/4.0 (compatible; MSIE 6.0; Windows NT 5.1; SV1; .NET CLR 1.1.4322)"
200.84.136.71 - - [13/Dec/2006:10:30:41 -0600] "GET /wp-content/themes/default_es/images/kubrickfooter.jpg HTTP/1.1" 200 2601 "http://www.foobar.com/archives/2003/08/30/fotos-de-australia/" "Mozilla/4.0 (compatible; MSIE 6.0; Windows NT 5.1; SV1; .NET CLR 1.1.4322)"
38.102.128.140 - - [13/Dec/2006:10:30:51 -0600] "GET /feed/ HTTP/1.1" 304 0 "-" "Mozilla/5.0 (X11; U; Linux i686; en-US; rv:1.2.1; Rojo 1.0; http://www.rojo.com/corporate/help/agg/; Aggregating on behalf of 3 subscriber(s) online at http://www.rojo.com/?feed-id=2624410) Gecko/20021130"
200.24.197.26 - - [13/Dec/2006:10:31:00 -0600] "GET /wp-content/themes/default_es/style.css HTTP/1.1" 200 9885 "http://www.foobar.com/archives/2004/06/05/estupidos-niatos/" "Mozilla/4.0 (compatible; MSIE 6.0; Windows NT 5.1; iebar; acc=onekill; (onekill); (none); FunWebProducts)"
38.102.128.140 - - [13/Dec/2006:10:31:00 -0600] "GET /feed/atom/ HTTP/1.1" 304 0 "-" "Mozilla/5.0 (X11; U; Linux i686; en-US; rv:1.2.1; Rojo 1.0; http://www.rojo.com/corporate/help/agg/; Aggregating on behalf of 1 subscriber(s) online at http://www.rojo.com/?feed-id=2661919) Gecko/20021130"
190.65.69.110 - - [13/Dec/2006:10:31:16 -0600] "GET /feed/atom/ HTTP/1.1" 304 0 "-" "Mozilla/5.0 (Windows; U; Windows NT 5.1; es-AR; rv:1.8.1) Gecko/20061010 Firefox/2.0"
200.24.197.26 - - [13/Dec/2006:10:31:18 -0600] "GET /wp-content/themes/default_es/images/kubrickbgcolor.jpg HTTP/1.1" 200 558 "http://www.foobar.com/archives/2004/06/05/estupidos-niatos/" "Mozilla/4.0 (compatible; MSIE 6.0; Windows NT 5.1; iebar; acc=onekill; (onekill); (none); FunWebProducts)"
200.24.197.26 - - [13/Dec/2006:10:31:26 -0600] "GET /wp-content/themes/default_es/images/borjanet.png HTTP/1.1" 200 16169 "http://www.foobar.com/archives/2004/06/05/estupidos-niatos/" "Mozilla/4.0 (compatible; MSIE 6.0; Windows NT 5.1; iebar; acc=onekill; (onekill); (none); FunWebProducts)"
200.24.197.26 - - [13/Dec/2006:10:31:33 -0600] "GET /wp-content/themes/default_es/images/kubrickheader.png HTTP/1.1" 200 3850 "http://www.foobar.com/archives/2004/06/05/estupidos-niatos/" "Mozilla/4.0 (compatible; MSIE 6.0; Windows NT 5.1; iebar; acc=onekill; (onekill); (none); FunWebProducts)"
200.24.197.26 - - [13/Dec/2006:10:31:34 -0600] "GET /wp-content/themes/default_es/images/kubrickbgwide.jpg HTTP/1.1" 200 1020 "http://www.foobar.com/archives/2004/06/05/estupidos-niatos/" "Mozilla/4.0 (compatible; MSIE 6.0; Windows NT 5.1; iebar; acc=onekill; (onekill); (none); FunWebProducts)"
195.27.215.89 - - [13/Dec/2006:10:31:37 -0600] "GET /archives/2005/09/page/2/ HTTP/1.0" 200 31943 "-" "Seekbot/1.0 (http://www.seekbot.net/bot.html) HTTPFetcher/0.3"
200.24.197.26 - - [13/Dec/2006:10:31:52 -0600] "GET /archives/2004/06/05/estupidos-niatos/ HTTP/1.1" 200 34258 "http://www.google.com.ec/search?hl=es&q=la+falta+de+respeto+hacia+los+mayores&meta=" "Mozilla/4.0 (compatible; MSIE 6.0; Windows NT 5.1; iebar; acc=onekill; (onekill); (none); FunWebProducts)"
200.24.197.26 - - [13/Dec/2006:10:31:56 -0600] "GET /wp-content/themes/default_es/images/kubrickfooter.jpg HTTP/1.1" 200 2601 "http://www.foobar.com/archives/2004/06/05/estupidos-niatos/" "Mozilla/4.0 (compatible; MSIE 6.0; Windows NT 5.1; iebar; acc=onekill; (onekill); (none); FunWebProducts)"
210.173.180.164 - - [13/Dec/2006:10:32:04 -0600] "GET /archives/2003/09/07/el-cientfico-trotamundos/ HTTP/1.1" 200 17071 "-" "ichiro/2.0 (http://help.goo.ne.jp/door/crawler.html)"
80.201.182.245 - - [13/Dec/2006:10:32:50 -0600] "GET /uploads/Family_guy_logo.png HTTP/1.1" 404 - "http://www.projectw.org/viewtopic.php?t=341152&highlight=family" "Mozilla/5.0 (Windows; U; Windows NT 5.1; nl; rv:1.8.1) Gecko/20061010 Firefox/2.0"
65.214.44.29 - - [13/Dec/2006:10:33:00 -0600] "GET /weblog/rdf HTTP/1.1" 304 0 "-" "Bloglines/3.1 (http://www.bloglines.com; 27 subscribers)"
201.230.235.4 - - [13/Dec/2006:10:33:11 -0600] "GET /archives/2006/05/07/bso/ HTTP/1.1" 200 27107 "http://www.google.com.pe/search?q=ESCUCHAR+FONDOS+MUSICALES+EN+BALADAS&start=0&start=0&ie=utf-8&oe=utf-8&client=firefox-a&rls=org.mozilla:en-US:official" "Mozilla/5.0 (X11; U; Linux i686; rv:1.7.3) Gecko/20040913 Firefox/0.10"
201.230.235.4 - - [13/Dec/2006:10:33:11 -0600] "GET /wp-content/themes/default_es/style.css HTTP/1.1" 200 9885 "http://www.foobar.com/archives/2006/05/07/bso/" "Mozilla/5.0 (X11; U; Linux i686; rv:1.7.3) Gecko/20040913 Firefox/0.10"
201.230.235.4 - - [13/Dec/2006:10:33:12 -0600] "GET /wp-content/themes/default_es/images/kubrickbgcolor.jpg HTTP/1.1" 200 558 "http://www.foobar.com/archives/2006/05/07/bso/" "Mozilla/5.0 (X11; U; Linux i686; rv:1.7.3) Gecko/20040913 Firefox/0.10"
201.230.235.4 - - [13/Dec/2006:10:33:12 -0600] "GET /wp-content/themes/default_es/images/kubrickbgwide.jpg HTTP/1.1" 200 1020 "http://www.foobar.com/archives/2006/05/07/bso/" "Mozilla/5.0 (X11; U; Linux i686; rv:1.7.3) Gecko/20040913 Firefox/0.10"
201.230.235.4 - - [13/Dec/2006:10:33:12 -0600] "GET /wp-content/themes/default_es/images/borjanet.png HTTP/1.1" 200 16169 "http://www.foobar.com/archives/2006/05/07/bso/" "Mozilla/5.0 (X11; U; Linux i686; rv:1.7.3) Gecko/20040913 Firefox/0.10"
201.230.235.4 - - [13/Dec/2006:10:33:13 -0600] "GET /wp-content/themes/default_es/images/kubrickheader.png HTTP/1.1" 200 3850 "http://www.foobar.com/archives/2006/05/07/bso/" "Mozilla/5.0 (X11; U; Linux i686; rv:1.7.3) Gecko/20040913 Firefox/0.10"
201.230.235.4 - - [13/Dec/2006:10:33:13 -0600] "GET /wp-content/themes/default_es/images/kubrickfooter.jpg HTTP/1.1" 200 2601 "http://www.foobar.com/archives/2006/05/07/bso/" "Mozilla/5.0 (X11; U; Linux i686; rv:1.7.3) Gecko/20040913 Firefox/0.10"
201.230.235.4 - - [13/Dec/2006:10:33:13 -0600] "GET /favicon.ico HTTP/1.1" 404 - "-" "Mozilla/5.0 (X11; U; Linux i686; rv:1.7.3) Gecko/20040913 Firefox/0.10"
83.246.70.148 - - [13/Dec/2006:10:33:28 -0600] "GET /feed/ HTTP/1.1" 200 10775 "-" "rss-bot/1.0 (http://www.plazoo.com)"
213.98.52.58 - - [13/Dec/2006:10:33:30 -0600] "GET /feed/ HTTP/1.1" 304 0 "-" "SharpReader/0.9.7.0 (.NET CLR 1.1.4322.2032; WinNT 5.1.2600.0)"
87.218.97.2 - - [13/Dec/2006:10:33:40 -0600] "GET /archives/2004/08/29/chicago-da-10/ HTTP/1.1" 200 26664 "http://www.google.com/search?hl=es&rls=DVFA%2CDVFA%3A1970--2%2CDVFA%3Aes&q=+fans+monty+python+flying+circus&btnG=B%C3%BAsqueda&lr=lang_es" "Mozilla/5.0 (Windows; U; Windows NT 5.1; es-ES; rv:1.8.1) Gecko/20061010 Firefox/2.0"
87.218.97.2 - - [13/Dec/2006:10:33:40 -0600] "GET /wp-content/themes/default_es/style.css HTTP/1.1" 200 9885 "http://www.foobar.com/archives/2004/08/29/chicago-da-10/" "Mozilla/5.0 (Windows; U; Windows NT 5.1; es-ES; rv:1.8.1) Gecko/20061010 Firefox/2.0"
87.218.97.2 - - [13/Dec/2006:10:33:46 -0600] "GET /feed/ HTTP/1.1" 200 10763 "-" "Mozilla/5.0 (Windows; U; Windows NT 5.1; es-ES; rv:1.8.1) Gecko/20061010 Firefox/2.0"
87.218.97.2 - - [13/Dec/2006:10:33:46 -0600] "GET /feed/rss/ HTTP/1.1" 200 5888 "-" "Mozilla/5.0 (Windows; U; Windows NT 5.1; es-ES; rv:1.8.1) Gecko/20061010 Firefox/2.0"
87.218.97.2 - - [13/Dec/2006:10:33:47 -0600] "GET /wp-content/themes/default_es/images/borjanet.png HTTP/1.1" 200 16169 "http://www.foobar.com/archives/2004/08/29/chicago-da-10/" "Mozilla/5.0 (Windows; U; Windows NT 5.1; es-ES; rv:1.8.1) Gecko/20061010 Firefox/2.0"
