201.235.234.156 - - [13/Dec/2006:05:59:30 -0600] "GET /wp-content/themes/default_es/images/borjanet.png HTTP/1.1" 200 16169 "http://www.foobar.com/archives/2005/09/09/dia-5-londres/" "Mozilla/4.0 (compatible; MSIE 6.0; Windows NT 5.1; SV1; Alexa Toolbar)"
201.235.234.156 - - [13/Dec/2006:05:59:30 -0600] "GET /wp-content/themes/default_es/images/kubrickbgwide.jpg HTTP/1.1" 200 1020 "http://www.foobar.com/archives/2005/09/09/dia-5-londres/" "Mozilla/4.0 (compatible; MSIE 6.0; Windows NT 5.1; SV1; Alexa Toolbar)"
201.235.234.156 - - [13/Dec/2006:05:59:30 -0600] "GET /wp-content/themes/default_es/images/kubrickbgcolor.jpg HTTP/1.1" 200 558 "http://www.foobar.com/archives/2005/09/09/dia-5-londres/" "Mozilla/4.0 (compatible; MSIE 6.0; Windows NT 5.1; SV1; Alexa Toolbar)"
201.235.234.156 - - [13/Dec/2006:05:59:31 -0600] "GET /wp-content/themes/default_es/images/kubrickfooter.jpg HTTP/1.1" 200 2601 "http://www.foobar.com/archives/2005/09/09/dia-5-londres/" "Mozilla/4.0 (compatible; MSIE 6.0; Windows NT 5.1; SV1; Alexa Toolbar)"
201.235.234.156 - - [13/Dec/2006:05:59:31 -0600] "GET /wp-content/themes/default_es/images/kubrickheader.png HTTP/1.1" 200 3850 "http://www.foobar.com/archives/2005/09/09/dia-5-londres/" "Mozilla/4.0 (compatible; MSIE 6.0; Windows NT 5.1; SV1; Alexa Toolbar)"
213.254.79.17 - - [13/Dec/2006:05:59:32 -0600] "GET /archives/2004/09/27/chili-con-carne/ HTTP/1.1" 200 22258 "http://www.google.es/search?hl=es&q=Salsa+chili&meta=" "Mozilla/4.0 (compatible; MSIE 6.0; Windows NT 5.1; SV1)"
213.254.79.17 - - [13/Dec/2006:05:59:33 -0600] "GET /wp-content/themes/default_es/images/borjanet.png HTTP/1.1" 200 16169 "http://www.foobar.com/archives/2004/09/27/chili-con-carne/" "Mozilla/4.0 (compatible; MSIE 6.0; Windows NT 5.1; SV1)"
213.254.79.17 - - [13/Dec/2006:05:59:35 -0600] "GET /wp-content/themes/default_es/style.css HTTP/1.1" 200 9885 "http://www.foobar.com/archives/2004/09/27/chili-con-carne/" "Mozilla/4.0 (compatible; MSIE 6.0; Windows NT 5.1; SV1)"
213.254.79.17 - - [13/Dec/2006:05:59:36 -0600] "GET /wp-content/themes/default_es/images/kubrickbgcolor.jpg HTTP/1.1" 200 558 "http://www.foobar.com/archives/2004/09/27/chili-con-carne/" "Mozilla/4.0 (compatible; MSIE 6.0; Windows NT 5.1; SV1)"
213.254.79.17 - - [13/Dec/2006:05:59:36 -0600] "GET /wp-content/themes/default_es/images/kubrickbgwide.jpg HTTP/1.1" 200 1020 "http://www.foobar.com/archives/2004/09/27/chili-con-carne/" "Mozilla/4.0 (compatible; MSIE 6.0; Windows NT 5.1; SV1)"
213.254.79.17 - - [13/Dec/2006:05:59:36 -0600] "GET /wp-content/themes/default_es/images/kubrickheader.png HTTP/1.1" 200 3850 "http://www.foobar.com/archives/2004/09/27/chili-con-carne/" "Mozilla/4.0 (compatible; MSIE 6.0; Windows NT 5.1; SV1)"
213.254.79.17 - - [13/Dec/2006:05:59:37 -0600] "GET /wp-content/themes/default_es/images/kubrickfooter.jpg HTTP/1.1" 200 2601 "http://www.foobar.com/archives/2004/09/27/chili-con-carne/" "Mozilla/4.0 (compatible; MSIE 6.0; Windows NT 5.1; SV1)"
193.189.143.206 - - [13/Dec/2006:05:59:41 -0600] "GET /feed/ HTTP/1.0" 200 10737 "-" "Netvibes (http://www.netvibes.com/; 11 subscribers)"
194.224.199.54 - - [13/Dec/2006:06:00:09 -0600] "GET /archives/2006/02/03/second-city/trackback/ HTTP/1.1" 302 5 "http://www.foobar.com/archives/2006/02/03/second-city/" "noxtrumbot/1.0 (crawler@noxtrum.com)"
210.173.180.164 - - [13/Dec/2006:06:00:10 -0600] "GET /archives/2004/11/25/nieve/trackback/ HTTP/1.1" 302 5 "-" "ichiro/2.0 (http://help.goo.ne.jp/door/crawler.html)"
209.131.123.195 - - [13/Dec/2006:06:00:10 -0600] "GET /feed/atom/ HTTP/1.1" 200 9637 "-" "UniversalFeedParser/4.1 +http://feedparser.org/"
65.214.44.29 - - [13/Dec/2006:06:00:23 -0600] "GET /weblog/rdf HTTP/1.1" 304 0 "-" "Bloglines/3.1 (http://www.bloglines.com; 27 subscribers)"
83.58.251.144 - - [13/Dec/2006:06:01:00 -0600] "GET /favicon.ico HTTP/1.1" 404 - "-" "NewzCrawler/1.7 (compatible; MSIE 6.00; Newz Crawler 1.7; http://www.newzcrawler.com/ )"
83.58.251.144 - - [13/Dec/2006:06:01:02 -0600] "GET /weblog/rdf HTTP/1.1" 304 0 "-" "NewzCrawler/1.7 (compatible; MSIE 6.00; Newz Crawler 1.7; http://www.newzcrawler.com/ )"
83.58.251.144 - - [13/Dec/2006:06:01:04 -0600] "GET /archives/2006/05/12/nostalgia-2/feed/ HTTP/1.1" 304 0 "-" "NewzCrawler/1.7 (compatible; MSIE 6.00; Newz Crawler 1.7; http://www.newzcrawler.com/ )"
83.58.251.144 - - [13/Dec/2006:06:01:06 -0600] "GET /archives/2006/11/14/advanced-wookie-laboratories/feed/ HTTP/1.1" 304 0 "-" "NewzCrawler/1.7 (compatible; MSIE 6.00; Newz Crawler 1.7; http://www.newzcrawler.com/ )"
194.224.199.54 - - [13/Dec/2006:06:01:06 -0600] "GET /archives/2005/09/07/dia-4-londres/feed/ HTTP/1.1" 200 498 "http://www.foobar.com/archives/2005/09/07/dia-4-londres/" "noxtrumbot/1.0 (crawler@noxtrum.com)"
83.58.251.144 - - [13/Dec/2006:06:01:08 -0600] "GET /archives/2006/11/18/acento-inclasificable/feed/ HTTP/1.1" 304 0 "-" "NewzCrawler/1.7 (compatible; MSIE 6.00; Newz Crawler 1.7; http://www.newzcrawler.com/ )"
83.58.251.144 - - [13/Dec/2006:06:01:09 -0600] "GET /archives/2006/11/26/%c2%bfpor-que-escribes-un-blog/feed/ HTTP/1.1" 304 0 "-" "NewzCrawler/1.7 (compatible; MSIE 6.00; Newz Crawler 1.7; http://www.newzcrawler.com/ )"
83.58.251.144 - - [13/Dec/2006:06:01:10 -0600] "GET /archives/2006/11/26/%c2%bfpor-que-lees-mi-blog/feed/ HTTP/1.1" 304 0 "-" "NewzCrawler/1.7 (compatible; MSIE 6.00; Newz Crawler 1.7; http://www.newzcrawler.com/ )"
83.58.251.144 - - [13/Dec/2006:06:01:12 -0600] "GET /archives/2006/11/28/gigantes-en-la-era-del-silicio/feed/ HTTP/1.1" 304 0 "-" "NewzCrawler/1.7 (compatible; MSIE 6.00; Newz Crawler 1.7; http://www.newzcrawler.com/ )"
83.58.251.144 - - [13/Dec/2006:06:01:13 -0600] "GET /archives/2006/12/01/nieve-ahora-si/feed/ HTTP/1.1" 304 0 "-" "NewzCrawler/1.7 (compatible; MSIE 6.00; Newz Crawler 1.7; http://www.newzcrawler.com/ )"
83.58.251.144 - - [13/Dec/2006:06:01:14 -0600] "GET /archives/2006/12/11/pronunciacion/feed/ HTTP/1.1" 304 0 "-" "NewzCrawler/1.7 (compatible; MSIE 6.00; Newz Crawler 1.7; http://www.newzcrawler.com/ )"
83.36.152.228 - - [13/Dec/2006:06:01:19 -0600] "GET /archives/2005/12/31/buffalo-hot-wings/ HTTP/1.1" 200 20019 "http://www.google.es/search?hl=es&q=receta+alitas+horno&meta=" "Mozilla/4.0 (compatible; MSIE 7.0; Windows NT 5.1; .NET CLR 1.1.4322)"
83.36.152.228 - - [13/Dec/2006:06:01:19 -0600] "GET /wp-content/themes/default_es/style.css HTTP/1.1" 200 9885 "http://www.foobar.com/archives/2005/12/31/buffalo-hot-wings/" "Mozilla/4.0 (compatible; MSIE 7.0; Windows NT 5.1; .NET CLR 1.1.4322)"
83.36.152.228 - - [13/Dec/2006:06:01:20 -0600] "GET /wp-content/themes/default_es/images/kubrickbgcolor.jpg HTTP/1.1" 200 558 "http://www.foobar.com/archives/2005/12/31/buffalo-hot-wings/" "Mozilla/4.0 (compatible; MSIE 7.0; Windows NT 5.1; .NET CLR 1.1.4322)"
83.36.152.228 - - [13/Dec/2006:06:01:21 -0600] "GET /wp-content/themes/default_es/images/kubrickbgwide.jpg HTTP/1.1" 200 1020 "http://www.foobar.com/archives/2005/12/31/buffalo-hot-wings/" "Mozilla/4.0 (compatible; MSIE 7.0; Windows NT 5.1; .NET CLR 1.1.4322)"
83.36.152.228 - - [13/Dec/2006:06:01:21 -0600] "GET /wp-content/themes/default_es/images/borjanet.png HTTP/1.1" 200 16169 "http://www.foobar.com/archives/2005/12/31/buffalo-hot-wings/" "Mozilla/4.0 (compatible; MSIE 7.0; Windows NT 5.1; .NET CLR 1.1.4322)"
83.36.152.228 - - [13/Dec/2006:06:01:21 -0600] "GET /wp-content/themes/default_es/images/kubrickheader.png HTTP/1.1" 200 3850 "http://www.foobar.com/archives/2005/12/31/buffalo-hot-wings/" "Mozilla/4.0 (compatible; MSIE 7.0; Windows NT 5.1; .NET CLR 1.1.4322)"
83.36.152.228 - - [13/Dec/2006:06:01:21 -0600] "GET /wp-content/themes/default_es/images/kubrickfooter.jpg HTTP/1.1" 200 2601 "http://www.foobar.com/archives/2005/12/31/buffalo-hot-wings/" "Mozilla/4.0 (compatible; MSIE 7.0; Windows NT 5.1; .NET CLR 1.1.4322)"
83.36.152.228 - - [13/Dec/2006:06:01:22 -0600] "GET /favicon.ico HTTP/1.1" 404 - "-" "Mozilla/4.0 (compatible; MSIE 7.0; Windows NT 5.1; .NET CLR 1.1.4322)"
81.38.8.216 - - [13/Dec/2006:06:01:24 -0600] "GET /feed/ HTTP/1.1" 304 0 "-" "Akregator/1.2.5; librss/remnants"
65.214.44.29 - - [13/Dec/2006:06:01:45 -0600] "GET /feed/atom/ HTTP/1.1" 304 0 "-" "Bloglines/3.1 (http://www.bloglines.com; 6 subscribers)"
217.126.176.7 - - [13/Dec/2006:06:01:46 -0600] "GET /archives/2004/10/19/cayendo-en-la-rutina/feed/ HTTP/1.1" 200 18450 "http://www.google.es/search?q=punteros+indireccion+triple&hl=es&lr=&start=10&sa=N" "Mozilla/5.0 (Windows; U; Windows NT 5.1; es-ES; rv:1.8.0.8) Gecko/20061025 Firefox/1.5.0.8"
217.126.176.7 - - [13/Dec/2006:06:01:47 -0600] "GET /favicon.ico HTTP/1.1" 404 - "-" "Mozilla/5.0 (Windows; U; Windows NT 5.1; es-ES; rv:1.8.0.8) Gecko/20061025 Firefox/1.5.0.8"
194.224.199.54 - - [13/Dec/2006:06:02:05 -0600] "GET /archives/2005/09/07/dia-4-londres/trackback/ HTTP/1.1" 302 5 "http://www.foobar.com/archives/2005/09/07/dia-4-londres/" "noxtrumbot/1.0 (crawler@noxtrum.com)"
60.191.80.30 - - [13/Dec/2006:06:02:30 -0600] "GET /archives/2004/09/24/8121-pasos/ HTTP/1.1" 200 19793 "-" "OutfoxBot/0.5 (for internet experiments; http://; outfoxbot@gmail.com)"
60.191.80.30 - - [13/Dec/2006:06:02:34 -0600] "GET /archives/2004/09/22/siguen-orientndonos/ HTTP/1.1" 200 27123 "-" "OutfoxBot/0.5 (for internet experiments; http://; outfoxbot@gmail.com)"
130.206.100.134 - - [13/Dec/2006:06:03:00 -0600] "GET /feed/atom/ HTTP/1.0" 304 0 "-" "AppleSyndication/54"
83.36.152.228 - - [13/Dec/2006:06:03:08 -0600] "GET /archives/2005/12/31/buffalo-hot-wings/ HTTP/1.1" 200 19947 "http://horno.recetaria.com/story.php?id=17" "Mozilla/4.0 (compatible; MSIE 7.0; Windows NT 5.1; .NET CLR 1.1.4322)"
194.224.199.54 - - [13/Dec/2006:06:03:08 -0600] "GET /archives/2005/09/06/dia-3-londres/feed/ HTTP/1.1" 200 1270 "http://www.foobar.com/archives/2005/09/06/dia-3-londres/" "noxtrumbot/1.0 (crawler@noxtrum.com)"
83.42.147.235 - - [13/Dec/2006:06:03:13 -0600] "GET /wp-content/themes/default_es/style.css HTTP/1.1" 200 9885 "http://www.foobar.com/archives/2005/10/31/lentejas/" "Mozilla/4.0 (compatible; MSIE 6.0; Windows NT 5.1; .NET CLR 1.1.4322)"
83.42.147.235 - - [13/Dec/2006:06:03:13 -0600] "GET /archives/2005/10/31/lentejas/ HTTP/1.1" 200 17082 "http://www.google.es/search?hl=es&q=lentejas&btnG=B%C3%BAsqueda+en+Google&meta=" "Mozilla/4.0 (compatible; MSIE 6.0; Windows NT 5.1; .NET CLR 1.1.4322)"
83.42.147.235 - - [13/Dec/2006:06:03:14 -0600] "GET /wp-content/themes/default_es/images/kubrickbgcolor.jpg HTTP/1.1" 200 558 "http://www.foobar.com/archives/2005/10/31/lentejas/" "Mozilla/4.0 (compatible; MSIE 6.0; Windows NT 5.1; .NET CLR 1.1.4322)"
83.42.147.235 - - [13/Dec/2006:06:03:14 -0600] "GET /wp-content/themes/default_es/images/borjanet.png HTTP/1.1" 200 16169 "http://www.foobar.com/archives/2005/10/31/lentejas/" "Mozilla/4.0 (compatible; MSIE 6.0; Windows NT 5.1; .NET CLR 1.1.4322)"
83.42.147.235 - - [13/Dec/2006:06:03:14 -0600] "GET /wp-content/themes/default_es/images/kubrickbgwide.jpg HTTP/1.1" 200 1020 "http://www.foobar.com/archives/2005/10/31/lentejas/" "Mozilla/4.0 (compatible; MSIE 6.0; Windows NT 5.1; .NET CLR 1.1.4322)"
83.42.147.235 - - [13/Dec/2006:06:03:14 -0600] "GET /wp-content/themes/default_es/images/kubrickheader.png HTTP/1.1" 200 3850 "http://www.foobar.com/archives/2005/10/31/lentejas/" "Mozilla/4.0 (compatible; MSIE 6.0; Windows NT 5.1; .NET CLR 1.1.4322)"
83.42.147.235 - - [13/Dec/2006:06:03:14 -0600] "GET /wp-content/themes/default_es/images/kubrickfooter.jpg HTTP/1.1" 200 2601 "http://www.foobar.com/archives/2005/10/31/lentejas/" "Mozilla/4.0 (compatible; MSIE 6.0; Windows NT 5.1; .NET CLR 1.1.4322)"
210.173.180.164 - - [13/Dec/2006:06:03:49 -0600] "GET /archives/2004/11/24/mi-numero/feed/ HTTP/1.1" 200 5674 "-" "ichiro/2.0 (http://help.goo.ne.jp/door/crawler.html)"
194.224.199.54 - - [13/Dec/2006:06:04:06 -0600] "GET /archives/2005/09/06/dia-3-londres/trackback/ HTTP/1.1" 302 5 "http://www.foobar.com/archives/2005/09/06/dia-3-londres/" "noxtrumbot/1.0 (crawler@noxtrum.com)"
65.182.101.179 - - [13/Dec/2006:06:04:31 -0600] "GET /feed/rss2/ HTTP/1.1" 200 10763 "-" "rezzibo.com rss-atom aggregator"
195.27.215.89 - - [13/Dec/2006:06:04:41 -0600] "GET /archives/2005/04/07/de-nuevo-enclaustrado/ HTTP/1.0" 200 16942 "-" "Seekbot/1.0 (http://www.seekbot.net/bot.html) HTTPFetcher/0.3"
194.224.199.54 - - [13/Dec/2006:06:05:06 -0600] "GET /archives/2005/09/05/dia-2-londres/feed/ HTTP/1.1" 200 498 "http://www.foobar.com/archives/2005/09/05/dia-2-londres/" "noxtrumbot/1.0 (crawler@noxtrum.com)"
210.173.180.164 - - [13/Dec/2006:06:05:08 -0600] "GET /archives/2004/11/24/mi-numero/trackback/ HTTP/1.1" 302 5 "-" "ichiro/2.0 (http://help.goo.ne.jp/door/crawler.html)"
194.224.199.54 - - [13/Dec/2006:06:06:06 -0600] "GET /archives/2005/09/05/dia-2-londres/trackback/ HTTP/1.1" 302 5 "http://www.foobar.com/archives/2005/09/05/dia-2-londres/" "noxtrumbot/1.0 (crawler@noxtrum.com)"
88.5.119.108 - - [13/Dec/2006:06:06:37 -0600] "GET /wp-content/themes/default_es/style.css HTTP/1.1" 200 9885 "http://www.foobar.com/archives/2005/12/27/eta-eta-basque-basque/" "Mozilla/4.0 (compatible; MSIE 6.0; Windows NT 5.1; SV1)"
88.5.119.108 - - [13/Dec/2006:06:06:37 -0600] "GET /archives/2005/12/27/eta-eta-basque-basque/ HTTP/1.1" 200 33870 "http://www.google.es/search?hl=es&q=peliculas+de+eta&meta=" "Mozilla/4.0 (compatible; MSIE 6.0; Windows NT 5.1; SV1)"
88.5.119.108 - - [13/Dec/2006:06:06:38 -0600] "GET /wp-content/themes/default_es/images/kubrickbgcolor.jpg HTTP/1.1" 200 558 "http://www.foobar.com/archives/2005/12/27/eta-eta-basque-basque/" "Mozilla/4.0 (compatible; MSIE 6.0; Windows NT 5.1; SV1)"
88.5.119.108 - - [13/Dec/2006:06:06:38 -0600] "GET /wp-content/themes/default_es/images/borjanet.png HTTP/1.1" 200 16169 "http://www.foobar.com/archives/2005/12/27/eta-eta-basque-basque/" "Mozilla/4.0 (compatible; MSIE 6.0; Windows NT 5.1; SV1)"
88.5.119.108 - - [13/Dec/2006:06:06:38 -0600] "GET /wp-content/themes/default_es/images/kubrickbgwide.jpg HTTP/1.1" 200 1020 "http://www.foobar.com/archives/2005/12/27/eta-eta-basque-basque/" "Mozilla/4.0 (compatible; MSIE 6.0; Windows NT 5.1; SV1)"
88.5.119.108 - - [13/Dec/2006:06:06:38 -0600] "GET /wp-content/themes/default_es/images/kubrickheader.png HTTP/1.1" 200 3850 "http://www.foobar.com/archives/2005/12/27/eta-eta-basque-basque/" "Mozilla/4.0 (compatible; MSIE 6.0; Windows NT 5.1; SV1)"
88.5.119.108 - - [13/Dec/2006:06:06:38 -0600] "GET /wp-content/themes/default_es/images/kubrickfooter.jpg HTTP/1.1" 200 2601 "http://www.foobar.com/archives/2005/12/27/eta-eta-basque-basque/" "Mozilla/4.0 (compatible; MSIE 6.0; Windows NT 5.1; SV1)"
130.206.100.134 - - [13/Dec/2006:06:06:40 -0600] "GET /feed/atom/ HTTP/1.0" 304 0 "-" "Vienna/2.1.0.2108"
83.32.53.25 - - [13/Dec/2006:06:06:56 -0600] "GET /favicon.ico HTTP/1.0" 404 - "http://www.netvibes.com/" "Mozilla/5.0 (Windows; U; Windows NT 5.1; es-ES; rv:1.8.0.8) Gecko/20061025 Firefox/1.5.0.8"
194.224.199.54 - - [13/Dec/2006:06:07:07 -0600] "GET /archives/2004/08/20/chicago-dia-1/feed/ HTTP/1.1" 200 1977 "http://www.foobar.com/archives/2004/08/20/chicago-dia-1/" "noxtrumbot/1.0 (crawler@noxtrum.com)"
200.1.175.207 - - [13/Dec/2006:06:07:14 -0600] "GET /archives/2004/11/24/mi-numero/ HTTP/1.1" 200 17727 "http://www.google.com.co/search?hl=es&q=MI+NUMERO+DE+LA+SUERTE&meta=" "Mozilla/4.0 (compatible; MSIE 6.0; Windows NT 5.1)"
200.1.175.207 - - [13/Dec/2006:06:07:15 -0600] "GET /wp-content/themes/default_es/style.css HTTP/1.1" 200 9885 "http://www.foobar.com/archives/2004/11/24/mi-numero/" "Mozilla/4.0 (compatible; MSIE 6.0; Windows NT 5.1)"
200.1.175.207 - - [13/Dec/2006:06:07:15 -0600] "GET /wp-content/themes/default_es/images/borjanet.png HTTP/1.1" 200 16169 "http://www.foobar.com/archives/2004/11/24/mi-numero/" "Mozilla/4.0 (compatible; MSIE 6.0; Windows NT 5.1)"
200.1.175.207 - - [13/Dec/2006:06:07:15 -0600] "GET /wp-content/themes/default_es/images/kubrickbgcolor.jpg HTTP/1.1" 200 558 "http://www.foobar.com/archives/2004/11/24/mi-numero/" "Mozilla/4.0 (compatible; MSIE 6.0; Windows NT 5.1)"
200.1.175.207 - - [13/Dec/2006:06:07:16 -0600] "GET /wp-content/themes/default_es/images/kubrickbgwide.jpg HTTP/1.1" 200 1020 "http://www.foobar.com/archives/2004/11/24/mi-numero/" "Mozilla/4.0 (compatible; MSIE 6.0; Windows NT 5.1)"
200.1.175.207 - - [13/Dec/2006:06:07:16 -0600] "GET /wp-content/themes/default_es/images/kubrickheader.png HTTP/1.1" 200 3850 "http://www.foobar.com/archives/2004/11/24/mi-numero/" "Mozilla/4.0 (compatible; MSIE 6.0; Windows NT 5.1)"
200.1.175.207 - - [13/Dec/2006:06:07:17 -0600] "GET /wp-content/themes/default_es/images/kubrickfooter.jpg HTTP/1.1" 200 2601 "http://www.foobar.com/archives/2004/11/24/mi-numero/" "Mozilla/4.0 (compatible; MSIE 6.0; Windows NT 5.1)"
217.130.78.71 - - [13/Dec/2006:06:07:44 -0600] "GET /feed/ HTTP/1.0" 304 0 "-" "Liferea/1.0.23 (Linux; es_ES.UTF-8; http://liferea.sf.net/)"
210.173.180.164 - - [13/Dec/2006:06:07:54 -0600] "GET /archives/2004/11/22/venga-en-serio/feed/ HTTP/1.1" 200 9005 "-" "ichiro/2.0 (http://help.goo.ne.jp/door/crawler.html)"
194.224.199.54 - - [13/Dec/2006:06:08:06 -0600] "GET /archives/2004/08/20/chicago-dia-1/trackback/ HTTP/1.1" 302 5 "http://www.foobar.com/archives/2004/08/20/chicago-dia-1/" "noxtrumbot/1.0 (crawler@noxtrum.com)"
80.224.29.161 - - [13/Dec/2006:06:08:13 -0600] "GET /feed/ HTTP/1.0" 304 0 "-" "Liferea/1.0.26 (Linux; http://liferea.sf.net/)"
220.41.232.176 - - [13/Dec/2006:06:08:21 -0600] "GET /archives/2003/12/19/unas-navidades-diferentes/ HTTP/1.0" 200 19739 "http://www.foobar.com/archives/2003/12/19/unas-navidades-diferentes/" "User-Agent: Mozilla/4.0 (compatible; MSIE 6.0; Windows NT 5.1)"
62.57.176.96 - - [13/Dec/2006:06:08:30 -0600] "GET /feed/ HTTP/1.1" 200 10763 "-" "Mozilla/5.0 (Windows; U; Windows NT 5.1; es-ES; rv:1.8.0.8) Gecko/20061025 Thunderbird/1.5.0.8"
194.224.199.54 - - [13/Dec/2006:06:09:09 -0600] "GET /archives/2005/07/01/google-satellite-maps-de-chicago/feed/ HTTP/1.1" 200 1970 "http://www.foobar.com/archives/2005/07/01/google-satellite-maps-de-chicago/" "noxtrumbot/1.0 (crawler@noxtrum.com)"
38.102.128.140 - - [13/Dec/2006:06:09:23 -0600] "GET /feed/rss2 HTTP/1.1" 304 0 "-" "Mozilla/5.0 (X11; U; Linux i686; en-US; rv:1.2.1; Rojo 1.0; http://www.rojo.com/corporate/help/agg/; Aggregating on behalf of 1 subscriber(s) online at http://www.rojo.com/?feed-id=2478579) Gecko/20021130"
194.224.199.54 - - [13/Dec/2006:06:10:10 -0600] "GET /archives/2005/07/01/google-satellite-maps-de-chicago/trackback/ HTTP/1.1" 302 5 "http://www.foobar.com/archives/2005/07/01/google-satellite-maps-de-chicago/" "noxtrumbot/1.0 (crawler@noxtrum.com)"
195.55.33.150 - - [13/Dec/2006:06:10:30 -0600] "GET /wp-content/themes/default_es/style.css HTTP/1.1" 200 9885 "http://www.foobar.com/archives/2005/10/31/lentejas/" "Mozilla/4.0 (compatible; MSIE 6.0; Windows NT 5.0; .NET CLR 1.1.4322)"
195.55.33.150 - - [13/Dec/2006:06:10:30 -0600] "GET /archives/2005/10/31/lentejas/ HTTP/1.1" 200 17143 "http://www.google.es/search?hl=es&q=lentejas&meta=" "Mozilla/4.0 (compatible; MSIE 6.0; Windows NT 5.0; .NET CLR 1.1.4322)"
195.55.33.150 - - [13/Dec/2006:06:10:31 -0600] "GET /wp-content/themes/default_es/images/borjanet.png HTTP/1.1" 200 16169 "http://www.foobar.com/archives/2005/10/31/lentejas/" "Mozilla/4.0 (compatible; MSIE 6.0; Windows NT 5.0; .NET CLR 1.1.4322)"
195.55.33.150 - - [13/Dec/2006:06:10:31 -0600] "GET /wp-content/themes/default_es/images/kubrickbgcolor.jpg HTTP/1.1" 200 558 "http://www.foobar.com/archives/2005/10/31/lentejas/" "Mozilla/4.0 (compatible; MSIE 6.0; Windows NT 5.0; .NET CLR 1.1.4322)"
195.55.33.150 - - [13/Dec/2006:06:10:31 -0600] "GET /wp-content/themes/default_es/images/kubrickheader.png HTTP/1.1" 200 3850 "http://www.foobar.com/archives/2005/10/31/lentejas/" "Mozilla/4.0 (compatible; MSIE 6.0; Windows NT 5.0; .NET CLR 1.1.4322)"
195.55.33.150 - - [13/Dec/2006:06:10:31 -0600] "GET /wp-content/themes/default_es/images/kubrickbgwide.jpg HTTP/1.1" 200 1020 "http://www.foobar.com/archives/2005/10/31/lentejas/" "Mozilla/4.0 (compatible; MSIE 6.0; Windows NT 5.0; .NET CLR 1.1.4322)"
195.55.33.150 - - [13/Dec/2006:06:10:31 -0600] "GET /wp-content/themes/default_es/images/kubrickfooter.jpg HTTP/1.1" 200 2601 "http://www.foobar.com/archives/2005/10/31/lentejas/" "Mozilla/4.0 (compatible; MSIE 6.0; Windows NT 5.0; .NET CLR 1.1.4322)"
74.6.67.145 - - [13/Dec/2006:06:10:52 -0600] "GET /archives/2005/09/ HTTP/1.0" 200 32440 "-" "Mozilla/5.0 (compatible; Yahoo! Slurp; http://help.yahoo.com/help/us/ysearch/slurp)"
194.224.199.54 - - [13/Dec/2006:06:11:09 -0600] "GET /archives/2003/08/08/australia-da-1-sydney/feed/ HTTP/1.1" 200 516 "http://www.foobar.com/archives/2003/08/08/australia-da-1-sydney/" "noxtrumbot/1.0 (crawler@noxtrum.com)"
80.26.14.237 - - [13/Dec/2006:06:11:30 -0600] "GET /archives/2003/07/29/dzien-dobry-dziekuje-prosze-tac-tac-tac HTTP/1.1" 200 16063 "-" "Mozilla/4.0 (compatible; MSIE 6.0; Windows NT 5.1; SV1; .NET CLR 1.1.4322)"
80.26.14.237 - - [13/Dec/2006:06:11:30 -0600] "GET /wp-content/themes/default_es/style.css HTTP/1.1" 200 9885 "http://www.foobar.com/archives/2003/07/29/dzien-dobry-dziekuje-prosze-tac-tac-tac" "Mozilla/4.0 (compatible; MSIE 6.0; Windows NT 5.1; SV1; .NET CLR 1.1.4322)"
80.26.14.237 - - [13/Dec/2006:06:11:31 -0600] "GET /wp-content/themes/default_es/images/borjanet.png HTTP/1.1" 200 16169 "http://www.foobar.com/archives/2003/07/29/dzien-dobry-dziekuje-prosze-tac-tac-tac" "Mozilla/4.0 (compatible; MSIE 6.0; Windows NT 5.1; SV1; .NET CLR 1.1.4322)"
80.26.14.237 - - [13/Dec/2006:06:11:31 -0600] "GET /wp-content/themes/default_es/images/kubrickbgcolor.jpg HTTP/1.1" 200 558 "http://www.foobar.com/archives/2003/07/29/dzien-dobry-dziekuje-prosze-tac-tac-tac" "Mozilla/4.0 (compatible; MSIE 6.0; Windows NT 5.1; SV1; .NET CLR 1.1.4322)"
80.26.14.237 - - [13/Dec/2006:06:11:31 -0600] "GET /wp-content/themes/default_es/images/kubrickbgwide.jpg HTTP/1.1" 200 1020 "http://www.foobar.com/archives/2003/07/29/dzien-dobry-dziekuje-prosze-tac-tac-tac" "Mozilla/4.0 (compatible; MSIE 6.0; Windows NT 5.1; SV1; .NET CLR 1.1.4322)"
80.26.14.237 - - [13/Dec/2006:06:11:31 -0600] "GET /wp-content/themes/default_es/images/kubrickheader.png HTTP/1.1" 200 3850 "http://www.foobar.com/archives/2003/07/29/dzien-dobry-dziekuje-prosze-tac-tac-tac" "Mozilla/4.0 (compatible; MSIE 6.0; Windows NT 5.1; SV1; .NET CLR 1.1.4322)"
80.26.14.237 - - [13/Dec/2006:06:11:31 -0600] "GET /wp-content/themes/default_es/images/kubrickfooter.jpg HTTP/1.1" 200 2601 "http://www.foobar.com/archives/2003/07/29/dzien-dobry-dziekuje-prosze-tac-tac-tac" "Mozilla/4.0 (compatible; MSIE 6.0; Windows NT 5.1; SV1; .NET CLR 1.1.4322)"
195.235.227.10 - - [13/Dec/2006:06:11:34 -0600] "GET /favicon.ico HTTP/1.0" 404 - "-" "Mozilla/5.0 (Windows; U; Windows NT 5.0; es-ES; rv:1.8.0.8) Gecko/20061025 Firefox/1.5.0.8"
80.36.37.151 - - [13/Dec/2006:06:11:47 -0600] "GET /wp-content/themes/default_es/style.css HTTP/1.1" 200 9885 "http://www.foobar.com/archives/2003/12/25/la-cena-de-nochebuena/" "Mozilla/4.0 (compatible; MSIE 6.0; Windows NT 5.1)"
80.36.37.151 - - [13/Dec/2006:06:11:48 -0600] "GET /archives/2003/12/25/la-cena-de-nochebuena/ HTTP/1.1" 200 18394 "http://www.google.es/search?hl=es&q=cena+nochebuena+mundo&meta=" "Mozilla/4.0 (compatible; MSIE 6.0; Windows NT 5.1)"
80.36.37.151 - - [13/Dec/2006:06:11:48 -0600] "GET /wp-content/themes/default_es/images/borjanet.png HTTP/1.1" 200 16169 "http://www.foobar.com/archives/2003/12/25/la-cena-de-nochebuena/" "Mozilla/4.0 (compatible; MSIE 6.0; Windows NT 5.1)"
80.36.37.151 - - [13/Dec/2006:06:11:48 -0600] "GET /wp-content/themes/default_es/images/kubrickbgcolor.jpg HTTP/1.1" 200 558 "http://www.foobar.com/archives/2003/12/25/la-cena-de-nochebuena/" "Mozilla/4.0 (compatible; MSIE 6.0; Windows NT 5.1)"
80.36.37.151 - - [13/Dec/2006:06:11:49 -0600] "GET /wp-content/themes/default_es/images/kubrickbgwide.jpg HTTP/1.1" 200 1020 "http://www.foobar.com/archives/2003/12/25/la-cena-de-nochebuena/" "Mozilla/4.0 (compatible; MSIE 6.0; Windows NT 5.1)"
80.36.37.151 - - [13/Dec/2006:06:11:49 -0600] "GET /wp-content/themes/default_es/images/kubrickheader.png HTTP/1.1" 200 3850 "http://www.foobar.com/archives/2003/12/25/la-cena-de-nochebuena/" "Mozilla/4.0 (compatible; MSIE 6.0; Windows NT 5.1)"
80.36.37.151 - - [13/Dec/2006:06:11:49 -0600] "GET /wp-content/themes/default_es/images/kubrickfooter.jpg HTTP/1.1" 200 2601 "http://www.foobar.com/archives/2003/12/25/la-cena-de-nochebuena/" "Mozilla/4.0 (compatible; MSIE 6.0; Windows NT 5.1)"
195.27.215.89 - - [13/Dec/2006:06:11:49 -0600] "GET /archives/2005/04/12/hoy-en-el-correo/ HTTP/1.0" 200 19449 "-" "Seekbot/1.0 (http://www.seekbot.net/bot.html) HTTPFetcher/0.3"
83.43.193.175 - - [13/Dec/2006:06:11:50 -0600] "GET /feed/ HTTP/1.1" 200 10763 "-" "Mozilla/5.0 (X11; U; Linux i686; en-US; rv:1.8.0.8) Gecko/20061109 Mandriva/1.5.0.8-1.1mdv2007.0 (2007.0) Thunderbird/1.5.0.8"
195.235.227.10 - - [13/Dec/2006:06:11:53 -0600] "GET /favicon.ico HTTP/1.0" 404 - "-" "Mozilla/5.0 (Windows; U; Windows NT 5.0; es-ES; rv:1.8.0.8) Gecko/20061025 Firefox/1.5.0.8"
65.214.44.29 - - [13/Dec/2006:06:12:04 -0600] "GET /feed/rss2/ HTTP/1.1" 304 0 "-" "Bloglines/3.1 (http://www.bloglines.com; 3 subscribers)"
194.224.199.54 - - [13/Dec/2006:06:12:09 -0600] "GET /archives/2004/09/11/fiestuki-de-despedida/feed/ HTTP/1.1" 200 1963 "http://www.foobar.com/archives/2004/09/11/fiestuki-de-despedida/" "noxtrumbot/1.0 (crawler@noxtrum.com)"
65.214.44.29 - - [13/Dec/2006:06:12:11 -0600] "GET /feed/ HTTP/1.1" 304 0 "-" "Bloglines/3.1 (http://www.bloglines.com; 8 subscribers)"
210.173.180.164 - - [13/Dec/2006:06:12:16 -0600] "GET /archives/2004/11/22/venga-en-serio/trackback/ HTTP/1.1" 302 5 "-" "ichiro/2.0 (http://help.goo.ne.jp/door/crawler.html)"
195.235.227.10 - - [13/Dec/2006:06:12:22 -0600] "GET /favicon.ico HTTP/1.0" 404 - "-" "Mozilla/5.0 (Windows; U; Windows NT 5.0; es-ES; rv:1.8.0.8) Gecko/20061025 Firefox/1.5.0.8"
200.88.78.69 - - [13/Dec/2006:06:12:26 -0600] "GET /uploads/Family_guy_logo.png HTTP/1.1" 404 - "http://www.pspain.com/foro/showthread.php?t=47945" "Opera/9.02 (Windows NT 5.1; U; es-es)"
85.50.41.50 - - [13/Dec/2006:06:12:47 -0600] "GET /archives/2005/10/17/magdalenas/ HTTP/1.1" 200 25592 "http://www.google.es/search?hl=es&q=magdalenas&meta=" "Mozilla/4.0 (compatible; MSIE 6.0; Windows NT 5.1; SV1; .NET CLR 1.1.4322)"
85.50.41.50 - - [13/Dec/2006:06:12:48 -0600] "GET /wp-content/themes/default_es/style.css HTTP/1.1" 200 9885 "http://www.foobar.com/archives/2005/10/17/magdalenas/" "Mozilla/4.0 (compatible; MSIE 6.0; Windows NT 5.1; SV1; .NET CLR 1.1.4322)"
85.50.41.50 - - [13/Dec/2006:06:12:48 -0600] "GET /wp-content/themes/default_es/images/kubrickbgcolor.jpg HTTP/1.1" 200 558 "http://www.foobar.com/archives/2005/10/17/magdalenas/" "Mozilla/4.0 (compatible; MSIE 6.0; Windows NT 5.1; SV1; .NET CLR 1.1.4322)"
85.50.41.50 - - [13/Dec/2006:06:12:49 -0600] "GET /wp-content/themes/default_es/images/kubrickbgwide.jpg HTTP/1.1" 200 1020 "http://www.foobar.com/archives/2005/10/17/magdalenas/" "Mozilla/4.0 (compatible; MSIE 6.0; Windows NT 5.1; SV1; .NET CLR 1.1.4322)"
85.50.41.50 - - [13/Dec/2006:06:12:49 -0600] "GET /wp-content/themes/default_es/images/kubrickheader.png HTTP/1.1" 200 3850 "http://www.foobar.com/archives/2005/10/17/magdalenas/" "Mozilla/4.0 (compatible; MSIE 6.0; Windows NT 5.1; SV1; .NET CLR 1.1.4322)"
85.50.41.50 - - [13/Dec/2006:06:12:49 -0600] "GET /wp-content/themes/default_es/images/kubrickfooter.jpg HTTP/1.1" 200 2601 "http://www.foobar.com/archives/2005/10/17/magdalenas/" "Mozilla/4.0 (compatible; MSIE 6.0; Windows NT 5.1; SV1; .NET CLR 1.1.4322)"
85.50.41.50 - - [13/Dec/2006:06:12:51 -0600] "GET /wp-content/themes/default_es/images/borjanet.png HTTP/1.1" 200 16169 "http://www.foobar.com/archives/2005/10/17/magdalenas/" "Mozilla/4.0 (compatible; MSIE 6.0; Windows NT 5.1; SV1; .NET CLR 1.1.4322)"
85.50.41.50 - - [13/Dec/2006:06:12:52 -0600] "GET /favicon.ico HTTP/1.1" 404 - "-" "Mozilla/4.0 (compatible; MSIE 6.0; Windows NT 5.1; SV1; .NET CLR 1.1.4322)"
85.50.41.50 - - [13/Dec/2006:06:12:52 -0600] "GET /favicon.ico HTTP/1.1" 404 - "-" "Mozilla/4.0 (compatible; MSIE 6.0; Windows NT 5.1; SV1; .NET CLR 1.1.4322)"
88.8.139.23 - - [13/Dec/2006:06:13:09 -0600] "GET /wp-content/themes/default_es/style.css HTTP/1.1" 200 9885 "http://www.foobar.com/archives/2004/07/24/se-acercan-las-vacaciones/" "Mozilla/4.0 (compatible; MSIE 6.0; Windows NT 5.1; SV1)"
88.8.139.23 - - [13/Dec/2006:06:13:09 -0600] "GET /archives/2004/07/24/se-acercan-las-vacaciones/ HTTP/1.1" 200 28243 "http://www.google.es/search?hl=es&q=carta+de+dimisi%C3%B3n&meta=" "Mozilla/4.0 (compatible; MSIE 6.0; Windows NT 5.1; SV1)"
194.224.199.54 - - [13/Dec/2006:06:13:09 -0600] "GET /archives/2004/09/11/fiestuki-de-despedida/trackback/ HTTP/1.1" 302 5 "http://www.foobar.com/archives/2004/09/11/fiestuki-de-despedida/" "noxtrumbot/1.0 (crawler@noxtrum.com)"
88.8.139.23 - - [13/Dec/2006:06:13:09 -0600] "GET /wp-content/themes/default_es/images/borjanet.png HTTP/1.1" 200 16169 "http://www.foobar.com/archives/2004/07/24/se-acercan-las-vacaciones/" "Mozilla/4.0 (compatible; MSIE 6.0; Windows NT 5.1; SV1)"
88.8.139.23 - - [13/Dec/2006:06:13:10 -0600] "GET /wp-content/themes/default_es/images/kubrickbgcolor.jpg HTTP/1.1" 200 558 "http://www.foobar.com/archives/2004/07/24/se-acercan-las-vacaciones/" "Mozilla/4.0 (compatible; MSIE 6.0; Windows NT 5.1; SV1)"
88.8.139.23 - - [13/Dec/2006:06:13:10 -0600] "GET /wp-content/themes/default_es/images/kubrickheader.png HTTP/1.1" 200 3850 "http://www.foobar.com/archives/2004/07/24/se-acercan-las-vacaciones/" "Mozilla/4.0 (compatible; MSIE 6.0; Windows NT 5.1; SV1)"
88.8.139.23 - - [13/Dec/2006:06:13:10 -0600] "GET /wp-content/themes/default_es/images/kubrickbgwide.jpg HTTP/1.1" 200 1020 "http://www.foobar.com/archives/2004/07/24/se-acercan-las-vacaciones/" "Mozilla/4.0 (compatible; MSIE 6.0; Windows NT 5.1; SV1)"
88.8.139.23 - - [13/Dec/2006:06:13:10 -0600] "GET /wp-content/themes/default_es/images/kubrickfooter.jpg HTTP/1.1" 200 2601 "http://www.foobar.com/archives/2004/07/24/se-acercan-las-vacaciones/" "Mozilla/4.0 (compatible; MSIE 6.0; Windows NT 5.1; SV1)"
194.224.199.54 - - [13/Dec/2006:06:14:10 -0600] "GET /archives/2003/08/01/oda-a-la-alegra-o-por-qu-me-gusta-tanto-agosto/feed/ HTTP/1.1" 200 1670 "http://www.foobar.com/archives/2003/08/01/oda-a-la-alegra-o-por-qu-me-gusta-tanto-agosto/" "noxtrumbot/1.0 (crawler@noxtrum.com)"
88.3.23.57 - - [13/Dec/2006:06:14:28 -0600] "GET /wp-content/themes/default_es/style.css HTTP/1.1" 200 9885 "http://www.foobar.com/archives/2006/08/23/se-aceptan-sugerencias/" "Mozilla/4.0 (compatible; MSIE 6.0; Windows 98)"
88.3.23.57 - - [13/Dec/2006:06:14:29 -0600] "GET /archives/2006/08/23/se-aceptan-sugerencias/ HTTP/1.1" 200 24051 "http://www.google.es/search?hl=es&q=nombre+chulos+&meta=" "Mozilla/4.0 (compatible; MSIE 6.0; Windows 98)"
88.3.23.57 - - [13/Dec/2006:06:14:30 -0600] "GET /wp-content/themes/default_es/images/borjanet.png HTTP/1.1" 200 16169 "http://www.foobar.com/archives/2006/08/23/se-aceptan-sugerencias/" "Mozilla/4.0 (compatible; MSIE 6.0; Windows 98)"
88.3.23.57 - - [13/Dec/2006:06:14:33 -0600] "GET /wp-content/themes/default_es/images/kubrickbgcolor.jpg HTTP/1.1" 200 558 "http://www.foobar.com/archives/2006/08/23/se-aceptan-sugerencias/" "Mozilla/4.0 (compatible; MSIE 6.0; Windows 98)"
88.3.23.57 - - [13/Dec/2006:06:14:33 -0600] "GET /wp-content/themes/default_es/images/kubrickbgwide.jpg HTTP/1.1" 200 1020 "http://www.foobar.com/archives/2006/08/23/se-aceptan-sugerencias/" "Mozilla/4.0 (compatible; MSIE 6.0; Windows 98)"
88.3.23.57 - - [13/Dec/2006:06:14:33 -0600] "GET /wp-content/themes/default_es/images/kubrickheader.png HTTP/1.1" 200 3850 "http://www.foobar.com/archives/2006/08/23/se-aceptan-sugerencias/" "Mozilla/4.0 (compatible; MSIE 6.0; Windows 98)"
88.3.23.57 - - [13/Dec/2006:06:14:33 -0600] "GET /wp-content/themes/default_es/images/kubrickfooter.jpg HTTP/1.1" 200 2601 "http://www.foobar.com/archives/2006/08/23/se-aceptan-sugerencias/" "Mozilla/4.0 (compatible; MSIE 6.0; Windows 98)"
195.235.227.10 - - [13/Dec/2006:06:14:45 -0600] "GET /favicon.ico HTTP/1.0" 404 - "-" "Mozilla/5.0 (Windows; U; Windows NT 5.0; es-ES; rv:1.8.0.8) Gecko/20061025 Firefox/1.5.0.8"
203.196.73.146 - - [13/Dec/2006:06:14:51 -0600] "GET / HTTP/1.0" 200 40932 "-" "Mozilla/4.0 (compatible; MSIE 6.0; Windows 98)"
158.42.16.182 - - [13/Dec/2006:06:14:54 -0600] "GET /favicon.ico HTTP/1.1" 404 - "http://www.netvibes.com/" "Mozilla/5.0 (Windows; U; Windows NT 5.1; es-ES; rv:1.8.1) Gecko/20061010 Firefox/2.0"
217.12.16.54 - - [13/Dec/2006:06:15:04 -0600] "GET /wp-content/themes/default_es/style.css HTTP/1.0" 200 9885 "http://www.foobar.com/archives/2003/06/" "Mozilla/4.0 (compatible; MSIE 6.0; Windows NT 5.0; .NET CLR 1.1.4322)"
217.12.16.54 - - [13/Dec/2006:06:15:05 -0600] "GET /archives/2003/06/ HTTP/1.0" 200 30150 "http://www.google.es/search?q=mi+proyecto+fin+de+carrera+informatica&hl=gl&lr=&start=10&sa=N" "Mozilla/4.0 (compatible; MSIE 6.0; Windows NT 5.0; .NET CLR 1.1.4322)"
217.12.16.54 - - [13/Dec/2006:06:15:05 -0600] "GET /wp-content/themes/default_es/images/kubrickbgcolor.jpg HTTP/1.0" 200 558 "http://www.foobar.com/archives/2003/06/" "Mozilla/4.0 (compatible; MSIE 6.0; Windows NT 5.0; .NET CLR 1.1.4322)"
217.12.16.54 - - [13/Dec/2006:06:15:05 -0600] "GET /wp-content/themes/default_es/images/kubrickbg.jpg HTTP/1.0" 200 1047 "http://www.foobar.com/archives/2003/06/" "Mozilla/4.0 (compatible; MSIE 6.0; Windows NT 5.0; .NET CLR 1.1.4322)"
217.12.16.54 - - [13/Dec/2006:06:15:06 -0600] "GET /wp-content/themes/default_es/images/kubrickheader.png HTTP/1.0" 200 3850 "http://www.foobar.com/archives/2003/06/" "Mozilla/4.0 (compatible; MSIE 6.0; Windows NT 5.0; .NET CLR 1.1.4322)"
217.12.16.54 - - [13/Dec/2006:06:15:07 -0600] "GET /wp-content/themes/default_es/images/kubrickfooter.jpg HTTP/1.0" 200 2601 "http://www.foobar.com/archives/2003/06/" "Mozilla/4.0 (compatible; MSIE 6.0; Windows NT 5.0; .NET CLR 1.1.4322)"
217.12.16.54 - - [13/Dec/2006:06:15:08 -0600] "GET /wp-content/themes/default_es/images/borjanet.png HTTP/1.0" 200 16169 "http://www.foobar.com/archives/2003/06/" "Mozilla/4.0 (compatible; MSIE 6.0; Windows NT 5.0; .NET CLR 1.1.4322)"
194.224.199.54 - - [13/Dec/2006:06:15:09 -0600] "GET /archives/2003/08/05/maanaa-australia/feed/ HTTP/1.1" 200 513 "http://www.foobar.com/archives/2003/08/05/maanaa-australia/" "noxtrumbot/1.0 (crawler@noxtrum.com)"
194.224.199.54 - - [13/Dec/2006:06:16:12 -0600] "GET /archives/2003/08/06/el-viaje-empieza-bien/feed/ HTTP/1.1" 200 512 "http://www.foobar.com/archives/2003/08/06/el-viaje-empieza-bien/" "noxtrumbot/1.0 (crawler@noxtrum.com)"
62.81.27.241 - - [13/Dec/2006:06:16:22 -0600] "GET /feed/ HTTP/1.0" 304 0 "-" "Mozilla/5.0 (Windows; U; Windows NT 5.1; es-ES; rv:1.8.1) Gecko/20061010 Firefox/2.0"
212.168.173.12 - - [13/Dec/2006:06:17:10 -0600] "GET /feed/rss2 HTTP/1.1" 304 0 "-" "AlestiFeedBot/0.7 (http://www.alesti.org/; 1 subscriber)"
194.224.199.54 - - [13/Dec/2006:06:17:12 -0600] "GET /archives/2003/08/07/cmo-visitar-londres-en-menos-de-12-horas/feed/ HTTP/1.1" 200 1885 "http://www.foobar.com/archives/2003/08/07/cmo-visitar-londres-en-menos-de-12-horas/" "noxtrumbot/1.0 (crawler@noxtrum.com)"
81.38.8.216 - - [13/Dec/2006:06:17:24 -0600] "GET /feed/ HTTP/1.1" 304 0 "-" "Akregator/1.2.5; librss/remnants"
141.58.5.91 - - [13/Dec/2006:06:17:43 -0600] "GET /feed/ HTTP/1.1" 200 10775 "-" "RSSOwl/1.2.3 Preview Release 2006-10-30 (Windows; U; de)"
194.224.199.54 - - [13/Dec/2006:06:18:13 -0600] "GET /archives/2003/08/07/19-horas-en-avin/feed/ HTTP/1.1" 200 503 "http://www.foobar.com/archives/2003/08/07/19-horas-en-avin/" "noxtrumbot/1.0 (crawler@noxtrum.com)"
80.224.29.161 - - [13/Dec/2006:06:18:14 -0600] "GET /feed/ HTTP/1.0" 304 0 "-" "Liferea/1.0.26 (Linux; http://liferea.sf.net/)"
194.224.199.54 - - [13/Dec/2006:06:19:14 -0600] "GET /archives/2003/08/10/australia-da-3-sydney/ HTTP/1.1" 200 15469 "http://www.foobar.com/archives/2003/08/09/australia-da-2-sydney/" "noxtrumbot/1.0 (crawler@noxtrum.com)"
195.27.215.89 - - [13/Dec/2006:06:19:17 -0600] "GET /archives/2005/04/17/actualizando-a-wordpress-15/ HTTP/1.0" 200 17998 "-" "Seekbot/1.0 (http://www.seekbot.net/bot.html) HTTPFetcher/0.3"
194.224.199.54 - - [13/Dec/2006:06:20:13 -0600] "GET /archives/2003/08/09/australia-da-2-sydney/feed/ HTTP/1.1" 200 516 "http://www.foobar.com/archives/2003/08/09/australia-da-2-sydney/" "noxtrumbot/1.0 (crawler@noxtrum.com)"
213.96.115.77 - - [13/Dec/2006:06:20:59 -0600] "GET /archives/2005/07/01/uhm-sabe-a-chicago/ HTTP/1.1" 200 16878 "http://www.google.es/search?hl=es&q=Ribs+-+EEUU&meta=" "Mozilla/4.0 (compatible; MSIE 6.0; Windows 98; Win 9x 4.90)"
213.96.115.77 - - [13/Dec/2006:06:21:00 -0600] "GET /wp-content/themes/default_es/style.css HTTP/1.1" 200 9885 "http://www.foobar.com/archives/2005/07/01/uhm-sabe-a-chicago/" "Mozilla/4.0 (compatible; MSIE 6.0; Windows 98; Win 9x 4.90)"
213.96.115.77 - - [13/Dec/2006:06:21:00 -0600] "GET /wp-content/themes/default_es/images/borjanet.png HTTP/1.1" 200 16169 "http://www.foobar.com/archives/2005/07/01/uhm-sabe-a-chicago/" "Mozilla/4.0 (compatible; MSIE 6.0; Windows 98; Win 9x 4.90)"
213.96.115.77 - - [13/Dec/2006:06:21:01 -0600] "GET /wp-content/themes/default_es/images/kubrickbgwide.jpg HTTP/1.1" 200 1020 "http://www.foobar.com/archives/2005/07/01/uhm-sabe-a-chicago/" "Mozilla/4.0 (compatible; MSIE 6.0; Windows 98; Win 9x 4.90)"
213.96.115.77 - - [13/Dec/2006:06:21:01 -0600] "GET /wp-content/themes/default_es/images/kubrickbgcolor.jpg HTTP/1.1" 200 558 "http://www.foobar.com/archives/2005/07/01/uhm-sabe-a-chicago/" "Mozilla/4.0 (compatible; MSIE 6.0; Windows 98; Win 9x 4.90)"
213.96.115.77 - - [13/Dec/2006:06:21:01 -0600] "GET /wp-content/themes/default_es/images/kubrickfooter.jpg HTTP/1.1" 200 2601 "http://www.foobar.com/archives/2005/07/01/uhm-sabe-a-chicago/" "Mozilla/4.0 (compatible; MSIE 6.0; Windows 98; Win 9x 4.90)"
213.96.115.77 - - [13/Dec/2006:06:21:01 -0600] "GET /wp-content/themes/default_es/images/kubrickheader.png HTTP/1.1" 200 3850 "http://www.foobar.com/archives/2005/07/01/uhm-sabe-a-chicago/" "Mozilla/4.0 (compatible; MSIE 6.0; Windows 98; Win 9x 4.90)"
194.224.199.54 - - [13/Dec/2006:06:21:13 -0600] "GET /archives/2004/08/18/maanaa-chicago/feed/ HTTP/1.1" 200 3639 "http://www.foobar.com/archives/2004/08/18/maanaa-chicago/" "noxtrumbot/1.0 (crawler@noxtrum.com)"
212.168.173.12 - - [13/Dec/2006:06:21:45 -0600] "GET /feed/ HTTP/1.1" 304 0 "-" "AlestiFeedBot/0.7 (http://www.alesti.org/; 5 subscribers)"
130.206.100.134 - - [13/Dec/2006:06:21:45 -0600] "GET /archives/2006/12/11/pronunciacion/ HTTP/1.0" 200 15967 "http://planet.e-ghost.net/" "Mozilla/5.0 (X11; U; Linux; es)"
130.206.100.134 - - [13/Dec/2006:06:21:45 -0600] "GET /uploads/pronunciacion.png HTTP/1.0" 304 - "http://www.foobar.com/archives/2006/12/11/pronunciacion/" "Mozilla/5.0 (X11; U; Linux; es)"
130.206.100.134 - - [13/Dec/2006:06:21:53 -0600] "GET /favicon.ico HTTP/1.0" 404 - "-" "Mozilla/5.0 (X11; U; Linux; es)"
83.43.130.159 - - [13/Dec/2006:06:22:04 -0600] "GET / HTTP/1.1" 200 41046 "-" "Mozilla/5.0 (Windows; U; Windows NT 5.1; es-ES; rv:1.8.0.8) Gecko/20061025 Firefox/1.5.0.8"
83.43.130.159 - - [13/Dec/2006:06:22:04 -0600] "GET /wp-content/themes/default_es/style.css HTTP/1.1" 200 9885 "http://www.foobar.com/" "Mozilla/5.0 (Windows; U; Windows NT 5.1; es-ES; rv:1.8.0.8) Gecko/20061025 Firefox/1.5.0.8"
83.43.130.159 - - [13/Dec/2006:06:22:09 -0600] "GET /feed/ HTTP/1.1" 200 10763 "-" "Mozilla/5.0 (Windows; U; Windows NT 5.1; es-ES; rv:1.8.0.8) Gecko/20061025 Firefox/1.5.0.8"
83.43.130.159 - - [13/Dec/2006:06:22:09 -0600] "GET /feed/rss/ HTTP/1.1" 200 5888 "-" "Mozilla/5.0 (Windows; U; Windows NT 5.1; es-ES; rv:1.8.0.8) Gecko/20061025 Firefox/1.5.0.8"
83.43.130.159 - - [13/Dec/2006:06:22:10 -0600] "GET /wp-content/themes/default_es/images/borjanet.png HTTP/1.1" 200 16169 "http://www.foobar.com/" "Mozilla/5.0 (Windows; U; Windows NT 5.1; es-ES; rv:1.8.0.8) Gecko/20061025 Firefox/1.5.0.8"
83.43.130.159 - - [13/Dec/2006:06:22:10 -0600] "GET /uploads/pronunciacion.png HTTP/1.1" 200 2058 "http://www.foobar.com/" "Mozilla/5.0 (Windows; U; Windows NT 5.1; es-ES; rv:1.8.0.8) Gecko/20061025 Firefox/1.5.0.8"
83.43.130.159 - - [13/Dec/2006:06:22:11 -0600] "GET /wp-content/themes/default_es/images/kubrickbgcolor.jpg HTTP/1.1" 200 558 "http://www.foobar.com/" "Mozilla/5.0 (Windows; U; Windows NT 5.1; es-ES; rv:1.8.0.8) Gecko/20061025 Firefox/1.5.0.8"
83.43.130.159 - - [13/Dec/2006:06:22:11 -0600] "GET /feed/atom/ HTTP/1.1" 200 9637 "-" "Mozilla/5.0 (Windows; U; Windows NT 5.1; es-ES; rv:1.8.0.8) Gecko/20061025 Firefox/1.5.0.8"
83.43.130.159 - - [13/Dec/2006:06:22:11 -0600] "GET /favicon.ico HTTP/1.1" 404 - "-" "Mozilla/5.0 (Windows; U; Windows NT 5.1; es-ES; rv:1.8.0.8) Gecko/20061025 Firefox/1.5.0.8"
83.43.130.159 - - [13/Dec/2006:06:22:12 -0600] "GET /wp-content/themes/default_es/images/kubrickbg.jpg HTTP/1.1" 200 1047 "http://www.foobar.com/" "Mozilla/5.0 (Windows; U; Windows NT 5.1; es-ES; rv:1.8.0.8) Gecko/20061025 Firefox/1.5.0.8"
83.43.130.159 - - [13/Dec/2006:06:22:12 -0600] "GET /favicon.ico HTTP/1.1" 404 - "-" "Mozilla/5.0 (Windows; U; Windows NT 5.1; es-ES; rv:1.8.0.8) Gecko/20061025 Firefox/1.5.0.8"
83.43.130.159 - - [13/Dec/2006:06:22:12 -0600] "GET /wp-content/themes/default_es/images/kubrickheader.png HTTP/1.1" 200 3850 "http://www.foobar.com/" "Mozilla/5.0 (Windows; U; Windows NT 5.1; es-ES; rv:1.8.0.8) Gecko/20061025 Firefox/1.5.0.8"
83.43.130.159 - - [13/Dec/2006:06:22:12 -0600] "GET /wp-content/themes/default_es/images/kubrickfooter.jpg HTTP/1.1" 200 2601 "http://www.foobar.com/" "Mozilla/5.0 (Windows; U; Windows NT 5.1; es-ES; rv:1.8.0.8) Gecko/20061025 Firefox/1.5.0.8"
194.224.199.54 - - [13/Dec/2006:06:22:12 -0600] "GET /archives/2004/08/18/maanaa-chicago/trackback/ HTTP/1.1" 302 5 "http://www.foobar.com/archives/2004/08/18/maanaa-chicago/" "noxtrumbot/1.0 (crawler@noxtrum.com)"
58.104.123.14 - - [13/Dec/2006:06:22:24 -0600] "GET /wp-content/themes/default_es/style.css HTTP/1.1" 200 9885 "http://www.foobar.com/archives/2006/01/19/television-americana/" "Mozilla/4.0 (compatible; MSIE 6.0; Windows NT 5.1; SV1; OptusNetDSL6; .NET CLR 1.1.4322)"
58.104.123.14 - - [13/Dec/2006:06:22:24 -0600] "GET /archives/2006/01/19/television-americana/ HTTP/1.1" 200 22431 "http://images.google.com.au/imgres?imgurl=http://www.foobar.com/uploads/Harvey_Birdman2C_Attorney_at_Law_title.jpg&imgrefurl=http://www.foobar.com/archives/2006/01/19/television-americana/&h=225&w=300&sz=20&hl=en&start=23&tbnid=L9H2QkIBtF8szM:&tbnh=87&tbnw=116&prev=/images%3Fq%3Dharvey%2Bbirdman%26start%3D18%26ndsp%3D18%26svnum%3D10%26hl%3Den%26lr%3D%26sa%3DN" "Mozilla/4.0 (compatible; MSIE 6.0; Windows NT 5.1; SV1; OptusNetDSL6; .NET CLR 1.1.4322)"
58.104.123.14 - - [13/Dec/2006:06:22:25 -0600] "GET /wp-content/themes/default_es/images/borjanet.png HTTP/1.1" 200 16169 "http://www.foobar.com/archives/2006/01/19/television-americana/" "Mozilla/4.0 (compatible; MSIE 6.0; Windows NT 5.1; SV1; OptusNetDSL6; .NET CLR 1.1.4322)"
213.176.161.201 - - [13/Dec/2006:06:22:25 -0600] "GET /uploads/Family_guy_logo.png HTTP/1.1" 404 - "http://www.pspain.com/foro/showthread.php?t=47980" "Mozilla/4.0 (compatible; MSIE 6.0; Windows NT 5.1; SV1; .NET CLR 1.1.4322)"
58.104.123.14 - - [13/Dec/2006:06:22:26 -0600] "GET /uploads/Dailyshow_logo.jpg HTTP/1.1" 200 13964 "http://www.foobar.com/archives/2006/01/19/television-americana/" "Mozilla/4.0 (compatible; MSIE 6.0; Windows NT 5.1; SV1; OptusNetDSL6; .NET CLR 1.1.4322)"
58.104.123.14 - - [13/Dec/2006:06:22:26 -0600] "GET /uploads/TheWestWing.JPG HTTP/1.1" 200 7234 "http://www.foobar.com/archives/2006/01/19/television-americana/" "Mozilla/4.0 (compatible; MSIE 6.0; Windows NT 5.1; SV1; OptusNetDSL6; .NET CLR 1.1.4322)"
58.104.123.14 - - [13/Dec/2006:06:22:26 -0600] "GET /uploads/fglogo.png HTTP/1.1" 200 27895 "http://www.foobar.com/archives/2006/01/19/television-americana/" "Mozilla/4.0 (compatible; MSIE 6.0; Windows NT 5.1; SV1; OptusNetDSL6; .NET CLR 1.1.4322)"
58.104.123.14 - - [13/Dec/2006:06:22:27 -0600] "GET /uploads/Harvey_Birdman2C_Attorney_at_Law_title.jpg HTTP/1.1" 200 20129 "http://www.foobar.com/archives/2006/01/19/television-americana/" "Mozilla/4.0 (compatible; MSIE 6.0; Windows NT 5.1; SV1; OptusNetDSL6; .NET CLR 1.1.4322)"
58.104.123.14 - - [13/Dec/2006:06:22:27 -0600] "GET /uploads/whoseline.jpg HTTP/1.1" 200 13096 "http://www.foobar.com/archives/2006/01/19/television-americana/" "Mozilla/4.0 (compatible; MSIE 6.0; Windows NT 5.1; SV1; OptusNetDSL6; .NET CLR 1.1.4322)"
58.104.123.14 - - [13/Dec/2006:06:22:28 -0600] "GET /uploads/comedy.png HTTP/1.1" 200 22619 "http://www.foobar.com/archives/2006/01/19/television-americana/" "Mozilla/4.0 (compatible; MSIE 6.0; Windows NT 5.1; SV1; OptusNetDSL6; .NET CLR 1.1.4322)"
58.104.123.14 - - [13/Dec/2006:06:22:28 -0600] "GET /uploads/Birdman.jpg HTTP/1.1" 200 23838 "http://www.foobar.com/archives/2006/01/19/television-americana/" "Mozilla/4.0 (compatible; MSIE 6.0; Windows NT 5.1; SV1; OptusNetDSL6; .NET CLR 1.1.4322)"
58.104.123.14 - - [13/Dec/2006:06:22:29 -0600] "GET /wp-content/themes/default_es/images/kubrickbgcolor.jpg HTTP/1.1" 200 558 "http://www.foobar.com/archives/2006/01/19/television-americana/" "Mozilla/4.0 (compatible; MSIE 6.0; Windows NT 5.1; SV1; OptusNetDSL6; .NET CLR 1.1.4322)"
58.104.123.14 - - [13/Dec/2006:06:22:29 -0600] "GET /wp-content/themes/default_es/images/kubrickbgwide.jpg HTTP/1.1" 200 1020 "http://www.foobar.com/archives/2006/01/19/television-americana/" "Mozilla/4.0 (compatible; MSIE 6.0; Windows NT 5.1; SV1; OptusNetDSL6; .NET CLR 1.1.4322)"
150.214.142.105 - - [13/Dec/2006:06:22:29 -0600] "GET /wp-content/themes/default_es/style.css HTTP/1.1" 200 9885 "http://www.foobar.com/archives/2004/01/13/aberraciones-tipogrficas/" "Mozilla/5.0 (Windows; U; Windows NT 5.1; es-ES; rv:1.8.1) Gecko/20061010 Firefox/2.0"
58.104.123.14 - - [13/Dec/2006:06:22:29 -0600] "GET /wp-content/themes/default_es/images/kubrickheader.png HTTP/1.1" 200 3850 "http://www.foobar.com/archives/2006/01/19/television-americana/" "Mozilla/4.0 (compatible; MSIE 6.0; Windows NT 5.1; SV1; OptusNetDSL6; .NET CLR 1.1.4322)"
58.104.123.14 - - [13/Dec/2006:06:22:29 -0600] "GET /wp-content/themes/default_es/images/kubrickfooter.jpg HTTP/1.1" 200 2601 "http://www.foobar.com/archives/2006/01/19/television-americana/" "Mozilla/4.0 (compatible; MSIE 6.0; Windows NT 5.1; SV1; OptusNetDSL6; .NET CLR 1.1.4322)"
150.214.142.105 - - [13/Dec/2006:06:22:30 -0600] "GET /archives/2004/01/13/aberraciones-tipogrficas/ HTTP/1.1" 200 37632 "-" "Mozilla/5.0 (Windows; U; Windows NT 5.1; es-ES; rv:1.8.1) Gecko/20061010 Firefox/2.0"
150.214.142.105 - - [13/Dec/2006:06:22:39 -0600] "GET /favicon.ico HTTP/1.1" 404 - "-" "Mozilla/5.0 (Windows; U; Windows NT 5.1; es-ES; rv:1.8.1) Gecko/20061010 Firefox/2.0"
150.214.142.105 - - [13/Dec/2006:06:22:41 -0600] "GET /feed/rss/ HTTP/1.1" 200 5888 "-" "Mozilla/5.0 (Windows; U; Windows NT 5.1; es-ES; rv:1.8.1) Gecko/20061010 Firefox/2.0"
150.214.142.105 - - [13/Dec/2006:06:22:42 -0600] "GET /feed/ HTTP/1.1" 200 10763 "-" "Mozilla/5.0 (Windows; U; Windows NT 5.1; es-ES; rv:1.8.1) Gecko/20061010 Firefox/2.0"
150.214.142.105 - - [13/Dec/2006:06:22:43 -0600] "GET /feed/atom/ HTTP/1.1" 200 9637 "-" "Mozilla/5.0 (Windows; U; Windows NT 5.1; es-ES; rv:1.8.1) Gecko/20061010 Firefox/2.0"
81.202.208.214 - - [13/Dec/2006:06:22:50 -0600] "GET /favicon.ico HTTP/1.1" 404 - "http://www.netvibes.com/" "Mozilla/5.0 (Windows; U; Windows NT 5.1; es-ES; rv:1.8.0.8) Gecko/20061025 Firefox/1.5.0.8"
198.37.25.204 - - [13/Dec/2006:06:22:50 -0600] "GET /feed/ HTTP/1.1" 304 0 "-" "Mozilla/5.0 (Macintosh; U; PPC Mac OS X; en-us) AppleWebKit/412 (KHTML, like Gecko) Safari/412"
38.102.128.140 - - [13/Dec/2006:06:22:55 -0600] "GET /feed/ HTTP/1.1" 304 0 "-" "Mozilla/5.0 (X11; U; Linux i686; en-US; rv:1.2.1; Rojo 1.0; http://www.rojo.com/corporate/help/agg/; Aggregating on behalf of 3 subscriber(s) online at http://www.rojo.com/?feed-id=2624410) Gecko/20021130"
85.84.60.245 - - [13/Dec/2006:06:22:56 -0600] "GET /feed/atom/ HTTP/1.1" 304 0 "-" "Mozilla/5.0 (X11; U; Linux i686; es-ES; rv:1.8.1) Gecko/20060601 Firefox/2.0 (Ubuntu-edgy)"
130.206.100.134 - - [13/Dec/2006:06:22:57 -0600] "GET /favicon.ico HTTP/1.0" 404 - "-" "Mozilla/5.0 (X11; U; Linux; es)"
83.43.130.159 - - [13/Dec/2006:06:22:58 -0600] "GET /archives/2006/12/11/pronunciacion/ HTTP/1.1" 200 15966 "http://www.foobar.com/" "Mozilla/5.0 (Windows; U; Windows NT 5.1; es-ES; rv:1.8.0.8) Gecko/20061025 Firefox/1.5.0.8"
83.43.130.159 - - [13/Dec/2006:06:22:59 -0600] "GET /wp-content/themes/default_es/images/kubrickbgwide.jpg HTTP/1.1" 200 1020 "http://www.foobar.com/archives/2006/12/11/pronunciacion/" "Mozilla/5.0 (Windows; U; Windows NT 5.1; es-ES; rv:1.8.0.8) Gecko/20061025 Firefox/1.5.0.8"
38.102.128.140 - - [13/Dec/2006:06:23:00 -0600] "GET /feed/atom/ HTTP/1.1" 304 0 "-" "Mozilla/5.0 (X11; U; Linux i686; en-US; rv:1.2.1; Rojo 1.0; http://www.rojo.com/corporate/help/agg/; Aggregating on behalf of 1 subscriber(s) online at http://www.rojo.com/?feed-id=2661919) Gecko/20021130"
194.224.199.54 - - [13/Dec/2006:06:23:13 -0600] "GET /archives/2004/11/03/bienvenidos-al-circo-de-la-democracia-americana/feed/ HTTP/1.1" 200 2612 "http://www.foobar.com/archives/2004/11/03/bienvenidos-al-circo-de-la-democracia-americana/" "noxtrumbot/1.0 (crawler@noxtrum.com)"
75.34.9.255 - - [13/Dec/2006:06:23:29 -0600] "GET /feed/atom/ HTTP/1.1" 304 0 "-" "NetNewsWire/2.1.1 (Mac OS X; Lite; http://ranchero.com/netnewswire/)"
213.97.176.44 - - [13/Dec/2006:06:23:32 -0600] "GET /feed/rss2/ HTTP/1.1" 304 0 "-" "Mozilla/5.0 (Macintosh; U; PPC Mac OS X Mach-O; es-AR; rv:1.8.1) Gecko/20061010 Firefox/2.0"
69.94.134.92 - - [13/Dec/2006:06:23:40 -0600] "GET /archives/2004/01/13/aberraciones-tipogrficas/feed/ HTTP/1.1" 200 23107 "-" "Mozilla/4.0 (compatible;MSIE 5.5; Windows NT 5.0; H010818)"
