194.224.199.54 - - [13/Dec/2006:03:26:15 -0600] "GET /archives/2005/05/09/y-asi-chicos-y-chicas-es-como-nace-un-libro/feed/ HTTP/1.1" 200 11381 "http://www.foobar.com/archives/2005/05/09/y-asi-chicos-y-chicas-es-como-nace-un-libro/" "noxtrumbot/1.0 (crawler@noxtrum.com)"
194.224.199.54 - - [13/Dec/2006:03:27:14 -0600] "GET /archives/2005/05/07/si-lees-esto-estas-en-el-servidor-nuevo/feed/ HTTP/1.1" 200 549 "http://www.foobar.com/archives/2005/05/07/si-lees-esto-estas-en-el-servidor-nuevo/" "noxtrumbot/1.0 (crawler@noxtrum.com)"
201.243.190.177 - - [13/Dec/2006:03:27:22 -0600] "GET /feed/atom/ HTTP/1.1" 304 0 "-" "Mozilla/5.0 (Windows; U; Windows NT 5.1; es-ES; rv:1.8.1) Gecko/20061010 Firefox/2.0"
201.243.190.177 - - [13/Dec/2006:03:27:23 -0600] "HEAD /favicon.ico HTTP/1.1" 404 - "-" "Mozilla/5.0 (Windows; U; Windows NT 5.1; es-ES; rv:1.8.1) Gecko/20061010 Firefox/2.0"
66.249.65.135 - - [13/Dec/2006:03:27:26 -0600] "GET /archives/category/viajes/2004-chicago/page/2/ HTTP/1.1" 200 32096 "-" "Mozilla/5.0 (compatible; Googlebot/2.1; +http://www.google.com/bot.html)"
212.55.0.180 - - [13/Dec/2006:03:27:35 -0600] "GET /favicon.ico HTTP/1.1" 404 - "http://www.newsgator.com/ngs/subscriber/WebEd2.aspx?fid=511357" "Mozilla/5.0 (Windows; U; Windows NT 5.1; es-ES; rv:1.8.1) Gecko/20061010 Firefox/2.0"
85.84.138.180 - - [13/Dec/2006:03:27:53 -0600] "GET /feed/ HTTP/1.1" 304 0 "-" "Mozilla/4.0 (compatible; Google Desktop)"
80.224.29.161 - - [13/Dec/2006:03:28:12 -0600] "GET /feed/ HTTP/1.0" 304 0 "-" "Liferea/1.0.26 (Linux; http://liferea.sf.net/)"
194.224.199.54 - - [13/Dec/2006:03:28:15 -0600] "GET /archives/2005/04/09/tu-patria-te-necesita-y-esta-otra-patria-tambin/feed/ HTTP/1.1" 200 7353 "http://www.foobar.com/archives/2005/04/09/tu-patria-te-necesita-y-esta-otra-patria-tambin/" "noxtrumbot/1.0 (crawler@noxtrum.com)"
83.35.134.42 - - [13/Dec/2006:03:28:17 -0600] "GET /feed/ HTTP/1.1" 304 0 "-" "Mozilla/5.0 (Windows; U; Windows NT 5.1; ca; rv:1.8.0.8) Gecko/20061025 Firefox/1.5.0.8"
72.14.199.5 - - [13/Dec/2006:03:29:12 -0600] "GET /weblog/rdf HTTP/1.1" 304 0 "-" "Feedfetcher-Google; (+http://www.google.com/feedfetcher.html)"
194.224.199.54 - - [13/Dec/2006:03:29:14 -0600] "GET /archives/2005/04/07/de-nuevo-enclaustrado/feed/ HTTP/1.1" 200 5523 "http://www.foobar.com/archives/2005/04/07/de-nuevo-enclaustrado/" "noxtrumbot/1.0 (crawler@noxtrum.com)"
131.202.212.90 - - [13/Dec/2006:03:29:21 -0600] "GET /feed/ HTTP/1.1" 304 0 "-" "NetNewsWire/2.1.1 (Mac OS X; http://ranchero.com/netnewswire/)"
65.214.44.160 - - [13/Dec/2006:03:29:22 -0600] "GET /archives/2005/04/page/2/ HTTP/1.0" 200 28779 "-" "Mozilla/2.0 (compatible; Ask Jeeves/Teoma; +http://about.ask.com/en/docs/about/webmasters.shtml)"
193.189.143.198 - - [13/Dec/2006:03:29:40 -0600] "GET /feed/ HTTP/1.0" 200 10737 "-" "Netvibes (http://www.netvibes.com/; 11 subscribers)"
158.42.16.182 - - [13/Dec/2006:03:29:40 -0600] "GET /favicon.ico HTTP/1.1" 404 - "http://www.netvibes.com/" "Mozilla/5.0 (Windows; U; Windows NT 5.1; es-ES; rv:1.8.1) Gecko/20061010 Firefox/2.0"
195.27.215.89 - - [13/Dec/2006:03:30:12 -0600] "GET /archives/2004/12/28/ HTTP/1.0" 200 25006 "-" "Seekbot/1.0 (http://www.seekbot.net/bot.html) HTTPFetcher/0.3"
194.224.199.54 - - [13/Dec/2006:03:30:14 -0600] "GET /archives/2005/03/10/llegando-a-la-linea-de-meta/feed/ HTTP/1.1" 200 3281 "http://www.foobar.com/archives/2005/03/10/llegando-a-la-linea-de-meta/" "noxtrumbot/1.0 (crawler@noxtrum.com)"
65.214.44.29 - - [13/Dec/2006:03:30:21 -0600] "GET /weblog/rdf HTTP/1.1" 304 0 "-" "Bloglines/3.1 (http://www.bloglines.com; 27 subscribers)"
210.173.180.164 - - [13/Dec/2006:03:30:32 -0600] "GET /archives/2005/03/page/1/ HTTP/1.1" 200 32806 "-" "ichiro/2.0 (http://help.goo.ne.jp/door/crawler.html)"
65.214.44.29 - - [13/Dec/2006:03:31:03 -0600] "GET /feed/rss2/ HTTP/1.1" 304 0 "-" "Bloglines/3.1 (http://www.bloglines.com; 14 subscribers)"
194.224.199.54 - - [13/Dec/2006:03:31:15 -0600] "GET /archives/2005/03/03/ser-ingeniero-mooola/feed/ HTTP/1.1" 200 9764 "http://www.foobar.com/archives/2005/03/03/ser-ingeniero-mooola/" "noxtrumbot/1.0 (crawler@noxtrum.com)"
204.9.177.18 - - [13/Dec/2006:03:32:11 -0600] "GET /feed/atom/ HTTP/1.1" 304 0 "-" "LiveJournal.com (webmaster@livejournal.com; for http://www.livejournal.com/users/borjanet/; 1 readers)"
194.224.199.54 - - [13/Dec/2006:03:32:14 -0600] "GET /archives/2005/01/04/back-to-class/feed/ HTTP/1.1" 200 10892 "http://www.foobar.com/archives/2005/01/04/back-to-class/" "noxtrumbot/1.0 (crawler@noxtrum.com)"
85.53.107.94 - - [13/Dec/2006:03:32:22 -0600] "GET /favicon.ico HTTP/1.1" 404 - "http://www.netvibes.com/" "Mozilla/5.0 (Windows; U; Windows NT 5.1; es-ES; rv:1.8.1) Gecko/20061010 Firefox/2.0"
201.243.190.177 - - [13/Dec/2006:03:32:24 -0600] "GET /feed/atom/ HTTP/1.1" 304 0 "-" "Mozilla/5.0 (Windows; U; Windows NT 5.1; es-ES; rv:1.8.1) Gecko/20061010 Firefox/2.0"
85.53.107.94 - - [13/Dec/2006:03:32:26 -0600] "GET /favicon.ico HTTP/1.1" 404 - "http://www.netvibes.com/" "Mozilla/5.0 (Windows; U; Windows NT 5.1; es-ES; rv:1.8.1) Gecko/20061010 Firefox/2.0"
194.224.199.54 - - [13/Dec/2006:03:33:19 -0600] "GET /archives/2005/01/04/back-to-class/trackback/ HTTP/1.1" 302 5 "http://www.foobar.com/archives/2005/01/04/back-to-class/" "noxtrumbot/1.0 (crawler@noxtrum.com)"
65.214.44.29 - - [13/Dec/2006:03:33:29 -0600] "GET /feed/ HTTP/1.1" 304 0 "-" "Bloglines/3.1 (http://www.bloglines.com; 34 subscribers)"
87.102.48.193 - - [13/Dec/2006:03:33:32 -0600] "GET /uploads/Family_guy_logo.png HTTP/1.0" 404 - "http://images.google.co.uk/imgres?imgurl=http://www.foobar.com/uploads/Family_guy_logo.png&imgrefurl=http://www.foobar.com/archives/2006/01/19/television-americana/&h=189&w=300&sz=28&tbnid=qlC6Gq_pQxf_tM:&tbnh=73&tbnw=116&hl=en&prev=/images%3Fq%3Dfamily%2Bguy%2Blogo%26svnum%3D10%26hl%3Den%26lr%3D%26safe%3Dactive%26sa%3DG&frame=small" "Mozilla/4.0 (compatible; MSIE 6.0; Windows NT 5.1; SV1; .NET CLR 1.0.3705; .NET CLR 1.1.4322)"
87.102.48.193 - - [13/Dec/2006:03:33:56 -0600] "GET /wp-content/themes/default_es/style.css HTTP/1.0" 200 9885 "http://www.foobar.com/archives/2006/01/19/television-americana/" "Mozilla/4.0 (compatible; MSIE 6.0; Windows NT 5.1; SV1; .NET CLR 1.0.3705; .NET CLR 1.1.4322)"
87.102.48.193 - - [13/Dec/2006:03:33:56 -0600] "GET /archives/2006/01/19/television-americana/ HTTP/1.0" 200 22330 "http://images.google.co.uk/imgres?imgurl=http://www.foobar.com/uploads/Family_guy_logo.png&imgrefurl=http://www.foobar.com/archives/2006/01/19/television-americana/&h=189&w=300&sz=28&hl=en&start=6&tbnid=qlC6Gq_pQxf_tM:&tbnh=73&tbnw=116&prev=/images%3Fq%3Dfamily%2Bguy%2Blogo%26ndsp%3D20%26svnum%3D10%26hl%3Den%26lr%3D%26safe%3Dactive%26sa%3DN" "Mozilla/4.0 (compatible; MSIE 6.0; Windows NT 5.1; SV1; .NET CLR 1.0.3705; .NET CLR 1.1.4322)"
87.102.48.193 - - [13/Dec/2006:03:33:57 -0600] "GET /uploads/Dailyshow_logo.jpg HTTP/1.0" 200 13964 "http://www.foobar.com/archives/2006/01/19/television-americana/" "Mozilla/4.0 (compatible; MSIE 6.0; Windows NT 5.1; SV1; .NET CLR 1.0.3705; .NET CLR 1.1.4322)"
87.102.48.193 - - [13/Dec/2006:03:33:57 -0600] "GET /wp-content/themes/default_es/images/borjanet.png HTTP/1.0" 200 16169 "http://www.foobar.com/archives/2006/01/19/television-americana/" "Mozilla/4.0 (compatible; MSIE 6.0; Windows NT 5.1; SV1; .NET CLR 1.0.3705; .NET CLR 1.1.4322)"
87.102.48.193 - - [13/Dec/2006:03:33:57 -0600] "GET /uploads/TheWestWing.JPG HTTP/1.0" 200 7234 "http://www.foobar.com/archives/2006/01/19/television-americana/" "Mozilla/4.0 (compatible; MSIE 6.0; Windows NT 5.1; SV1; .NET CLR 1.0.3705; .NET CLR 1.1.4322)"
87.102.48.193 - - [13/Dec/2006:03:33:57 -0600] "GET /uploads/fglogo.png HTTP/1.0" 200 27895 "http://www.foobar.com/archives/2006/01/19/television-americana/" "Mozilla/4.0 (compatible; MSIE 6.0; Windows NT 5.1; SV1; .NET CLR 1.0.3705; .NET CLR 1.1.4322)"
87.102.48.193 - - [13/Dec/2006:03:33:57 -0600] "GET /uploads/Harvey_Birdman2C_Attorney_at_Law_title.jpg HTTP/1.0" 200 20129 "http://www.foobar.com/archives/2006/01/19/television-americana/" "Mozilla/4.0 (compatible; MSIE 6.0; Windows NT 5.1; SV1; .NET CLR 1.0.3705; .NET CLR 1.1.4322)"
87.102.48.193 - - [13/Dec/2006:03:33:57 -0600] "GET /uploads/Birdman.jpg HTTP/1.0" 200 23838 "http://www.foobar.com/archives/2006/01/19/television-americana/" "Mozilla/4.0 (compatible; MSIE 6.0; Windows NT 5.1; SV1; .NET CLR 1.0.3705; .NET CLR 1.1.4322)"
87.102.48.193 - - [13/Dec/2006:03:33:57 -0600] "GET /uploads/whoseline.jpg HTTP/1.0" 200 13096 "http://www.foobar.com/archives/2006/01/19/television-americana/" "Mozilla/4.0 (compatible; MSIE 6.0; Windows NT 5.1; SV1; .NET CLR 1.0.3705; .NET CLR 1.1.4322)"
87.102.48.193 - - [13/Dec/2006:03:33:58 -0600] "GET /uploads/comedy.png HTTP/1.0" 200 22619 "http://www.foobar.com/archives/2006/01/19/television-americana/" "Mozilla/4.0 (compatible; MSIE 6.0; Windows NT 5.1; SV1; .NET CLR 1.0.3705; .NET CLR 1.1.4322)"
87.102.48.193 - - [13/Dec/2006:03:33:58 -0600] "GET /wp-content/themes/default_es/images/kubrickbgcolor.jpg HTTP/1.0" 200 558 "http://www.foobar.com/archives/2006/01/19/television-americana/" "Mozilla/4.0 (compatible; MSIE 6.0; Windows NT 5.1; SV1; .NET CLR 1.0.3705; .NET CLR 1.1.4322)"
87.102.48.193 - - [13/Dec/2006:03:33:58 -0600] "GET /wp-content/themes/default_es/images/kubrickheader.png HTTP/1.0" 200 3850 "http://www.foobar.com/archives/2006/01/19/television-americana/" "Mozilla/4.0 (compatible; MSIE 6.0; Windows NT 5.1; SV1; .NET CLR 1.0.3705; .NET CLR 1.1.4322)"
87.102.48.193 - - [13/Dec/2006:03:33:58 -0600] "GET /wp-content/themes/default_es/images/kubrickbgwide.jpg HTTP/1.0" 200 1020 "http://www.foobar.com/archives/2006/01/19/television-americana/" "Mozilla/4.0 (compatible; MSIE 6.0; Windows NT 5.1; SV1; .NET CLR 1.0.3705; .NET CLR 1.1.4322)"
87.102.48.193 - - [13/Dec/2006:03:33:58 -0600] "GET /wp-content/themes/default_es/images/kubrickfooter.jpg HTTP/1.0" 200 2601 "http://www.foobar.com/archives/2006/01/19/television-americana/" "Mozilla/4.0 (compatible; MSIE 6.0; Windows NT 5.1; SV1; .NET CLR 1.0.3705; .NET CLR 1.1.4322)"
194.224.199.54 - - [13/Dec/2006:03:34:18 -0600] "GET /archives/2005/01/02/urte-berri-on-desde-chicago/feed/ HTTP/1.1" 200 1782 "http://www.foobar.com/archives/2005/01/02/urte-berri-on-desde-chicago/" "noxtrumbot/1.0 (crawler@noxtrum.com)"
210.173.180.164 - - [13/Dec/2006:03:34:31 -0600] "GET /archives/2005/03/10/llegando-a-la-linea-de-meta/ HTTP/1.1" 200 18248 "-" "ichiro/2.0 (http://help.goo.ne.jp/door/crawler.html)"
201.29.99.138 - - [13/Dec/2006:03:34:51 -0600] "GET /uploads/whoseline.jpg HTTP/1.1" 200 13096 "http://nowloaded.org/forum/index.php?showtopic=21145" "Mozilla/4.0 (compatible; MSIE 6.0; Windows NT 5.1; SV1; MEGAUPLOAD 1.0)"
213.200.102.244 - - [13/Dec/2006:03:35:10 -0600] "GET /archives/2003/08/07/cmo-visitar-londres-en-menos-de-12-horas/ HTTP/1.1" 200 16215 "http://www.google.es/search?hl=ca&q=que+visitar+en+londres+&btnG=Cerca+amb+Google&meta=" "Mozilla/4.0 (compatible; MSIE 6.0; Windows NT 5.1; SV1; .NET CLR 1.1.4322)"
213.200.102.244 - - [13/Dec/2006:03:35:10 -0600] "GET /wp-content/themes/default_es/style.css HTTP/1.1" 304 - "http://www.foobar.com/archives/2003/08/07/cmo-visitar-londres-en-menos-de-12-horas/" "Mozilla/4.0 (compatible; MSIE 6.0; Windows NT 5.1; SV1; .NET CLR 1.1.4322)"
213.200.102.244 - - [13/Dec/2006:03:35:11 -0600] "GET /wp-content/themes/default_es/images/borjanet.png HTTP/1.1" 304 - "http://www.foobar.com/archives/2003/08/07/cmo-visitar-londres-en-menos-de-12-horas/" "Mozilla/4.0 (compatible; MSIE 6.0; Windows NT 5.1; SV1; .NET CLR 1.1.4322)"
213.200.102.244 - - [13/Dec/2006:03:35:11 -0600] "GET /wp-content/themes/default_es/images/kubrickbgwide.jpg HTTP/1.1" 200 1020 "http://www.foobar.com/archives/2003/08/07/cmo-visitar-londres-en-menos-de-12-horas/" "Mozilla/4.0 (compatible; MSIE 6.0; Windows NT 5.1; SV1; .NET CLR 1.1.4322)"
213.200.102.244 - - [13/Dec/2006:03:35:11 -0600] "GET /wp-content/themes/default_es/images/kubrickheader.png HTTP/1.1" 304 - "http://www.foobar.com/archives/2003/08/07/cmo-visitar-londres-en-menos-de-12-horas/" "Mozilla/4.0 (compatible; MSIE 6.0; Windows NT 5.1; SV1; .NET CLR 1.1.4322)"
213.200.102.244 - - [13/Dec/2006:03:35:11 -0600] "GET /wp-content/themes/default_es/images/kubrickbgcolor.jpg HTTP/1.1" 304 - "http://www.foobar.com/archives/2003/08/07/cmo-visitar-londres-en-menos-de-12-horas/" "Mozilla/4.0 (compatible; MSIE 6.0; Windows NT 5.1; SV1; .NET CLR 1.1.4322)"
213.200.102.244 - - [13/Dec/2006:03:35:12 -0600] "GET /wp-content/themes/default_es/images/kubrickfooter.jpg HTTP/1.1" 304 - "http://www.foobar.com/archives/2003/08/07/cmo-visitar-londres-en-menos-de-12-horas/" "Mozilla/4.0 (compatible; MSIE 6.0; Windows NT 5.1; SV1; .NET CLR 1.1.4322)"
194.224.199.54 - - [13/Dec/2006:03:35:16 -0600] "GET /archives/2005/01/02/urte-berri-on-desde-chicago/trackback/ HTTP/1.1" 302 5 "http://www.foobar.com/archives/2005/01/02/urte-berri-on-desde-chicago/" "noxtrumbot/1.0 (crawler@noxtrum.com)"
83.59.78.95 - - [13/Dec/2006:03:35:23 -0600] "GET /archives/2004/09/01/chicago-da-13/ HTTP/1.1" 200 38389 "http://www.google.es/search?hl=es&q=equivalencia+entre+bup+y+eso&btnG=B%C3%BAsqueda+en+Google&meta=" "Mozilla/4.0 (compatible; MSIE 6.0; Windows NT 5.1; SV1)"
83.59.78.95 - - [13/Dec/2006:03:35:23 -0600] "GET /wp-content/themes/default_es/style.css HTTP/1.1" 200 9885 "http://www.foobar.com/archives/2004/09/01/chicago-da-13/" "Mozilla/4.0 (compatible; MSIE 6.0; Windows NT 5.1; SV1)"
83.59.78.95 - - [13/Dec/2006:03:35:23 -0600] "GET /wp-content/themes/default_es/images/kubrickbgcolor.jpg HTTP/1.1" 200 558 "http://www.foobar.com/archives/2004/09/01/chicago-da-13/" "Mozilla/4.0 (compatible; MSIE 6.0; Windows NT 5.1; SV1)"
83.59.78.95 - - [13/Dec/2006:03:35:24 -0600] "GET /wp-content/themes/default_es/images/kubrickbgwide.jpg HTTP/1.1" 200 1020 "http://www.foobar.com/archives/2004/09/01/chicago-da-13/" "Mozilla/4.0 (compatible; MSIE 6.0; Windows NT 5.1; SV1)"
83.59.78.95 - - [13/Dec/2006:03:35:24 -0600] "GET /wp-content/themes/default_es/images/borjanet.png HTTP/1.1" 200 16169 "http://www.foobar.com/archives/2004/09/01/chicago-da-13/" "Mozilla/4.0 (compatible; MSIE 6.0; Windows NT 5.1; SV1)"
83.59.78.95 - - [13/Dec/2006:03:35:24 -0600] "GET /wp-content/themes/default_es/images/kubrickheader.png HTTP/1.1" 200 3850 "http://www.foobar.com/archives/2004/09/01/chicago-da-13/" "Mozilla/4.0 (compatible; MSIE 6.0; Windows NT 5.1; SV1)"
83.59.78.95 - - [13/Dec/2006:03:35:24 -0600] "GET /wp-content/themes/default_es/images/kubrickfooter.jpg HTTP/1.1" 200 2601 "http://www.foobar.com/archives/2004/09/01/chicago-da-13/" "Mozilla/4.0 (compatible; MSIE 6.0; Windows NT 5.1; SV1)"
65.214.44.160 - - [13/Dec/2006:03:35:43 -0600] "GET /archives/2004/11/page/2/ HTTP/1.0" 200 32770 "-" "Mozilla/2.0 (compatible; Ask Jeeves/Teoma; +http://about.ask.com/en/docs/about/webmasters.shtml)"
85.84.138.180 - - [13/Dec/2006:03:35:50 -0600] "GET /feed/ HTTP/1.1" 304 0 "-" "Mozilla/4.0 (compatible; Google Desktop)"
210.173.180.164 - - [13/Dec/2006:03:35:50 -0600] "GET /archives/2005/03/03/ser-ingeniero-mooola/ HTTP/1.1" 200 21742 "-" "ichiro/2.0 (http://help.goo.ne.jp/door/crawler.html)"
194.224.199.54 - - [13/Dec/2006:03:36:18 -0600] "GET /archives/2004/09/11/fiestuki-de-despedida/ HTTP/1.1" 200 15713 "http://www.foobar.com/archives/2004/09/08/feliz-cumpleaos-borjanet/" "noxtrumbot/1.0 (crawler@noxtrum.com)"
83.43.193.175 - - [13/Dec/2006:03:36:25 -0600] "GET /feed/ HTTP/1.1" 304 0 "-" "Akregator/1.2.4; librss/remnants"
217.130.78.71 - - [13/Dec/2006:03:36:36 -0600] "GET /feed/ HTTP/1.0" 304 0 "-" "Liferea/1.0.23 (Linux; es_ES.UTF-8; http://liferea.sf.net/)"
195.27.215.89 - - [13/Dec/2006:03:37:04 -0600] "GET /archives/2005/01/04/back-to-class/ HTTP/1.0" 200 22936 "-" "Seekbot/1.0 (http://www.seekbot.net/bot.html) HTTPFetcher/0.3"
210.173.180.164 - - [13/Dec/2006:03:37:14 -0600] "GET /archives/2005/03/31/no-es-buen-tiempo-es-que-nos-vamos-a-oz/feed/ HTTP/1.1" 200 8705 "-" "ichiro/2.0 (http://help.goo.ne.jp/door/crawler.html)"
194.224.199.54 - - [13/Dec/2006:03:37:18 -0600] "GET /archives/2003/08/01/oda-a-la-alegra-o-por-qu-me-gusta-tanto-agosto/ HTTP/1.1" 200 16380 "http://www.foobar.com/archives/2004/09/08/feliz-cumpleaos-borjanet/" "noxtrumbot/1.0 (crawler@noxtrum.com)"
81.38.8.216 - - [13/Dec/2006:03:37:25 -0600] "GET /feed/ HTTP/1.1" 304 0 "-" "Akregator/1.2.5; librss/remnants"
81.202.208.214 - - [13/Dec/2006:03:37:51 -0600] "GET /favicon.ico HTTP/1.1" 404 - "http://www.netvibes.com/" "Mozilla/5.0 (Windows; U; Windows NT 5.1; es-ES; rv:1.8.0.8) Gecko/20061025 Firefox/1.5.0.8"
194.224.199.54 - - [13/Dec/2006:03:38:17 -0600] "GET /archives/2003/08/05/maanaa-australia/ HTTP/1.1" 200 13797 "http://www.foobar.com/archives/2004/09/08/feliz-cumpleaos-borjanet/" "noxtrumbot/1.0 (crawler@noxtrum.com)"
80.224.29.161 - - [13/Dec/2006:03:38:19 -0600] "GET /feed/ HTTP/1.0" 304 0 "-" "Liferea/1.0.26 (Linux; http://liferea.sf.net/)"
81.36.175.168 - - [13/Dec/2006:03:38:52 -0600] "GET /archives/2005/11/02/chocolate-a-la-taza/ HTTP/1.1" 200 18034 "http://www.google.es/search?hl=es&q=chocolate+a+la+taza&btnG=B%C3%BAsqueda+en+Google&meta=" "Mozilla/4.0 (compatible; MSIE 6.0; Windows NT 5.1)"
81.36.175.168 - - [13/Dec/2006:03:38:52 -0600] "GET /wp-content/themes/default_es/style.css HTTP/1.1" 200 9885 "http://www.foobar.com/archives/2005/11/02/chocolate-a-la-taza/" "Mozilla/4.0 (compatible; MSIE 6.0; Windows NT 5.1)"
81.36.175.168 - - [13/Dec/2006:03:38:53 -0600] "GET /wp-content/themes/default_es/images/borjanet.png HTTP/1.1" 200 16169 "http://www.foobar.com/archives/2005/11/02/chocolate-a-la-taza/" "Mozilla/4.0 (compatible; MSIE 6.0; Windows NT 5.1)"
81.36.175.168 - - [13/Dec/2006:03:38:53 -0600] "GET /wp-content/themes/default_es/images/kubrickbgcolor.jpg HTTP/1.1" 200 558 "http://www.foobar.com/archives/2005/11/02/chocolate-a-la-taza/" "Mozilla/4.0 (compatible; MSIE 6.0; Windows NT 5.1)"
81.36.175.168 - - [13/Dec/2006:03:38:53 -0600] "GET /wp-content/themes/default_es/images/kubrickbgwide.jpg HTTP/1.1" 200 1020 "http://www.foobar.com/archives/2005/11/02/chocolate-a-la-taza/" "Mozilla/4.0 (compatible; MSIE 6.0; Windows NT 5.1)"
81.36.175.168 - - [13/Dec/2006:03:38:53 -0600] "GET /wp-content/themes/default_es/images/kubrickheader.png HTTP/1.1" 200 3850 "http://www.foobar.com/archives/2005/11/02/chocolate-a-la-taza/" "Mozilla/4.0 (compatible; MSIE 6.0; Windows NT 5.1)"
81.36.175.168 - - [13/Dec/2006:03:38:53 -0600] "GET /wp-content/themes/default_es/images/kubrickfooter.jpg HTTP/1.1" 200 2601 "http://www.foobar.com/archives/2005/11/02/chocolate-a-la-taza/" "Mozilla/4.0 (compatible; MSIE 6.0; Windows NT 5.1)"
158.227.56.141 - - [13/Dec/2006:03:39:11 -0600] "GET /wp-content/themes/default_es/style.css HTTP/1.1" 200 9885 "http://www.foobar.com/archives/2004/05/10/menuda-semanita/" "Mozilla/4.0 (compatible; MSIE 6.0; Windows NT 5.0; .NET CLR 1.1.4322)"
158.227.56.141 - - [13/Dec/2006:03:39:11 -0600] "GET /archives/2004/05/10/menuda-semanita/ HTTP/1.1" 200 34641 "http://www.google.es/search?hl=es&q=universidad+deusto+gordo&meta=" "Mozilla/4.0 (compatible; MSIE 6.0; Windows NT 5.0; .NET CLR 1.1.4322)"
158.227.56.141 - - [13/Dec/2006:03:39:11 -0600] "GET /wp-content/themes/default_es/images/kubrickbgcolor.jpg HTTP/1.1" 200 558 "http://www.foobar.com/archives/2004/05/10/menuda-semanita/" "Mozilla/4.0 (compatible; MSIE 6.0; Windows NT 5.0; .NET CLR 1.1.4322)"
158.227.56.141 - - [13/Dec/2006:03:39:12 -0600] "GET /wp-content/themes/default_es/images/kubrickbgwide.jpg HTTP/1.1" 200 1020 "http://www.foobar.com/archives/2004/05/10/menuda-semanita/" "Mozilla/4.0 (compatible; MSIE 6.0; Windows NT 5.0; .NET CLR 1.1.4322)"
158.227.56.141 - - [13/Dec/2006:03:39:12 -0600] "GET /wp-content/themes/default_es/images/borjanet.png HTTP/1.1" 200 16169 "http://www.foobar.com/archives/2004/05/10/menuda-semanita/" "Mozilla/4.0 (compatible; MSIE 6.0; Windows NT 5.0; .NET CLR 1.1.4322)"
158.227.56.141 - - [13/Dec/2006:03:39:12 -0600] "GET /wp-content/themes/default_es/images/kubrickheader.png HTTP/1.1" 200 3850 "http://www.foobar.com/archives/2004/05/10/menuda-semanita/" "Mozilla/4.0 (compatible; MSIE 6.0; Windows NT 5.0; .NET CLR 1.1.4322)"
158.227.56.141 - - [13/Dec/2006:03:39:12 -0600] "GET /wp-content/themes/default_es/images/kubrickfooter.jpg HTTP/1.1" 200 2601 "http://www.foobar.com/archives/2004/05/10/menuda-semanita/" "Mozilla/4.0 (compatible; MSIE 6.0; Windows NT 5.0; .NET CLR 1.1.4322)"
194.224.199.54 - - [13/Dec/2006:03:39:17 -0600] "GET /archives/2003/08/06/el-viaje-empieza-bien/ HTTP/1.1" 200 13926 "http://www.foobar.com/archives/2004/09/08/feliz-cumpleaos-borjanet/" "noxtrumbot/1.0 (crawler@noxtrum.com)"
88.7.249.134 - - [13/Dec/2006:03:39:54 -0600] "GET /comments/feed/ HTTP/1.1" 304 0 "-" "Feedreader 3.06 (Powered by Newsbrain)"
213.97.131.216 - - [13/Dec/2006:03:40:08 -0600] "GET /feed/atom/ HTTP/1.1" 304 0 "-" "NetNewsWire/2.1.1 (Mac OS X; Lite; http://ranchero.com/netnewswire/)"
194.224.199.54 - - [13/Dec/2006:03:40:22 -0600] "GET /archives/2003/08/07/cmo-visitar-londres-en-menos-de-12-horas/ HTTP/1.1" 200 16215 "http://www.foobar.com/archives/2004/09/08/feliz-cumpleaos-borjanet/" "noxtrumbot/1.0 (crawler@noxtrum.com)"
161.116.12.130 - - [13/Dec/2006:03:40:31 -0600] "GET /feed/ HTTP/1.1" 200 10763 "-" "Mozilla/5.0 (X11; U; Linux i686; en-US; rv:1.8.0.8) Gecko/20061115 Thunderbird/1.5.0.8"
65.214.44.29 - - [13/Dec/2006:03:40:51 -0600] "GET /feed/ HTTP/1.1" 304 0 "-" "Bloglines/3.1 (http://www.bloglines.com; 8 subscribers)"
65.214.44.29 - - [13/Dec/2006:03:40:52 -0600] "GET /feed/atom/ HTTP/1.1" 304 0 "-" "Bloglines/3.1 (http://www.bloglines.com; 4 subscribers)"
80.33.122.39 - - [13/Dec/2006:03:41:04 -0600] "GET /wp-content/themes/default_es/style.css HTTP/1.1" 200 9885 "http://www.foobar.com/archives/2004/01/13/aberraciones-tipogrficas/" "Mozilla/5.0 (Windows; U; Windows NT 5.1; es-ES; rv:1.8.1) Gecko/20061010 Firefox/2.0"
80.33.122.39 - - [13/Dec/2006:03:41:05 -0600] "GET /archives/2004/01/13/aberraciones-tipogrficas/ HTTP/1.1" 200 37659 "http://www.google.es/search?q=definir+el+tama%C3%B1o+del+papel+en+latex&ie=utf-8&oe=utf-8&rls=org.mozilla:es-ES:official&client=firefox-a" "Mozilla/5.0 (Windows; U; Windows NT 5.1; es-ES; rv:1.8.1) Gecko/20061010 Firefox/2.0"
80.33.122.39 - - [13/Dec/2006:03:41:05 -0600] "GET /wp-content/themes/default_es/images/kubrickbgcolor.jpg HTTP/1.1" 200 558 "http://www.foobar.com/archives/2004/01/13/aberraciones-tipogrficas/" "Mozilla/5.0 (Windows; U; Windows NT 5.1; es-ES; rv:1.8.1) Gecko/20061010 Firefox/2.0"
80.33.122.39 - - [13/Dec/2006:03:41:05 -0600] "GET /wp-content/themes/default_es/images/borjanet.png HTTP/1.1" 200 16169 "http://www.foobar.com/archives/2004/01/13/aberraciones-tipogrficas/" "Mozilla/5.0 (Windows; U; Windows NT 5.1; es-ES; rv:1.8.1) Gecko/20061010 Firefox/2.0"
80.33.122.39 - - [13/Dec/2006:03:41:05 -0600] "GET /wp-content/themes/default_es/images/kubrickbgwide.jpg HTTP/1.1" 200 1020 "http://www.foobar.com/archives/2004/01/13/aberraciones-tipogrficas/" "Mozilla/5.0 (Windows; U; Windows NT 5.1; es-ES; rv:1.8.1) Gecko/20061010 Firefox/2.0"
80.33.122.39 - - [13/Dec/2006:03:41:05 -0600] "GET /wp-content/themes/default_es/images/kubrickheader.png HTTP/1.1" 200 3850 "http://www.foobar.com/archives/2004/01/13/aberraciones-tipogrficas/" "Mozilla/5.0 (Windows; U; Windows NT 5.1; es-ES; rv:1.8.1) Gecko/20061010 Firefox/2.0"
80.33.122.39 - - [13/Dec/2006:03:41:05 -0600] "GET /wp-content/themes/default_es/images/kubrickfooter.jpg HTTP/1.1" 200 2601 "http://www.foobar.com/archives/2004/01/13/aberraciones-tipogrficas/" "Mozilla/5.0 (Windows; U; Windows NT 5.1; es-ES; rv:1.8.1) Gecko/20061010 Firefox/2.0"
80.33.122.39 - - [13/Dec/2006:03:41:06 -0600] "GET /favicon.ico HTTP/1.1" 404 - "-" "Mozilla/5.0 (Windows; U; Windows NT 5.1; es-ES; rv:1.8.1) Gecko/20061010 Firefox/2.0"
194.224.199.54 - - [13/Dec/2006:03:41:20 -0600] "GET /archives/2003/08/07/19-horas-en-avin/ HTTP/1.1" 200 16511 "http://www.foobar.com/archives/2004/09/08/feliz-cumpleaos-borjanet/" "noxtrumbot/1.0 (crawler@noxtrum.com)"
80.33.122.39 - - [13/Dec/2006:03:41:21 -0600] "GET /favicon.ico HTTP/1.1" 404 - "-" "Mozilla/5.0 (Windows; U; Windows NT 5.1; es-ES; rv:1.8.1) Gecko/20061010 Firefox/2.0"
193.189.143.228 - - [13/Dec/2006:03:41:40 -0600] "GET /feed/atom/ HTTP/1.0" 200 9604 "-" "Netvibes (http://www.netvibes.com/; 1 subscriber)"
158.38.88.39 - - [13/Dec/2006:03:41:41 -0600] "GET /favicon.ico HTTP/1.1" 404 - "http://www.netvibes.com/" "Mozilla/5.0 (Windows; U; Windows NT 5.1; es-ES; rv:1.8.1) Gecko/20061010 Firefox/2.0"
80.33.122.39 - - [13/Dec/2006:03:42:01 -0600] "GET /favicon.ico HTTP/1.1" 404 - "-" "Mozilla/5.0 (Windows; U; Windows NT 5.1; es-ES; rv:1.8.1) Gecko/20061010 Firefox/2.0"
72.14.199.5 - - [13/Dec/2006:03:42:08 -0600] "GET /feed/rss2/ HTTP/1.1" 200 10763 "-" "Feedfetcher-Google; (+http://www.google.com/feedfetcher.html)"
194.224.199.54 - - [13/Dec/2006:03:42:22 -0600] "GET /archives/2003/08/09/australia-da-2-sydney/ HTTP/1.1" 200 18610 "http://www.foobar.com/archives/2004/09/08/feliz-cumpleaos-borjanet/" "noxtrumbot/1.0 (crawler@noxtrum.com)"
210.173.180.164 - - [13/Dec/2006:03:42:52 -0600] "GET /archives/2005/03/27/domingo-de-paella/feed/ HTTP/1.1" 200 503 "-" "ichiro/2.0 (http://help.goo.ne.jp/door/crawler.html)"
194.224.199.54 - - [13/Dec/2006:03:43:20 -0600] "GET /archives/2004/08/18/maanaa-chicago/ HTTP/1.1" 200 16243 "http://www.foobar.com/archives/2004/09/08/feliz-cumpleaos-borjanet/" "noxtrumbot/1.0 (crawler@noxtrum.com)"
212.168.173.12 - - [13/Dec/2006:03:43:23 -0600] "GET /feed/rss2 HTTP/1.1" 304 0 "-" "AlestiFeedBot/0.7 (http://www.alesti.org/; 1 subscriber)"
195.27.215.89 - - [13/Dec/2006:03:43:29 -0600] "GET /archives/2005/01/11/ HTTP/1.0" 200 24975 "-" "Seekbot/1.0 (http://www.seekbot.net/bot.html) HTTPFetcher/0.3"
74.6.74.234 - - [13/Dec/2006:03:43:36 -0600] "GET /robots.txt HTTP/1.0" 404 - "-" "Mozilla/5.0 (compatible; Yahoo! Slurp; http://help.yahoo.com/help/us/ysearch/slurp)"
74.6.72.92 - - [13/Dec/2006:03:43:37 -0600] "GET /archives/2003/03/02/con-el-proyecto-de-5-a-cuestas/feed/ HTTP/1.0" 200 2043 "-" "Mozilla/5.0 (compatible; Yahoo! Slurp; http://help.yahoo.com/help/us/ysearch/slurp)"
213.98.153.221 - - [13/Dec/2006:03:43:56 -0600] "GET / HTTP/1.0" 200 40932 "http://www.google.es/search?hl=es&q=borja+net&meta=&gbv=2" "Mozilla/4.0 (compatible; MSIE 6.0; Windows NT 5.0; .NET CLR 1.1.4322)"
213.98.153.221 - - [13/Dec/2006:03:43:56 -0600] "GET /wp-content/themes/default_es/style.css HTTP/1.0" 304 - "http://www.foobar.com/" "Mozilla/4.0 (compatible; MSIE 6.0; Windows NT 5.0; .NET CLR 1.1.4322)"
213.98.153.221 - - [13/Dec/2006:03:43:58 -0600] "GET /uploads/pronunciacion.png HTTP/1.0" 304 - "http://www.foobar.com/" "Mozilla/4.0 (compatible; MSIE 6.0; Windows NT 5.0; .NET CLR 1.1.4322)"
213.98.153.221 - - [13/Dec/2006:03:43:58 -0600] "GET /wp-content/themes/default_es/images/kubrickbgcolor.jpg HTTP/1.0" 304 - "http://www.foobar.com/" "Mozilla/4.0 (compatible; MSIE 6.0; Windows NT 5.0; .NET CLR 1.1.4322)"
213.98.153.221 - - [13/Dec/2006:03:43:58 -0600] "GET /wp-content/themes/default_es/images/borjanet.png HTTP/1.0" 304 - "http://www.foobar.com/" "Mozilla/4.0 (compatible; MSIE 6.0; Windows NT 5.0; .NET CLR 1.1.4322)"
213.98.153.221 - - [13/Dec/2006:03:43:58 -0600] "GET /wp-content/themes/default_es/images/kubrickbg.jpg HTTP/1.0" 304 - "http://www.foobar.com/" "Mozilla/4.0 (compatible; MSIE 6.0; Windows NT 5.0; .NET CLR 1.1.4322)"
213.98.153.221 - - [13/Dec/2006:03:43:58 -0600] "GET /wp-content/themes/default_es/images/kubrickheader.png HTTP/1.0" 304 - "http://www.foobar.com/" "Mozilla/4.0 (compatible; MSIE 6.0; Windows NT 5.0; .NET CLR 1.1.4322)"
213.98.153.221 - - [13/Dec/2006:03:44:00 -0600] "GET /wp-content/themes/default_es/images/kubrickfooter.jpg HTTP/1.0" 304 - "http://www.foobar.com/" "Mozilla/4.0 (compatible; MSIE 6.0; Windows NT 5.0; .NET CLR 1.1.4322)"
88.1.1.42 - - [13/Dec/2006:03:44:02 -0600] "GET /feed/ HTTP/1.1" 304 0 "-" "Mozilla/4.0 (compatible; Google Desktop)"
194.224.199.54 - - [13/Dec/2006:03:44:20 -0600] "GET /archives/2004/09/08/feliz-cumpleaos-borjanet/feed/ HTTP/1.1" 200 9432 "http://www.foobar.com/archives/2004/09/08/feliz-cumpleaos-borjanet/" "noxtrumbot/1.0 (crawler@noxtrum.com)"
88.16.61.63 - - [13/Dec/2006:03:45:13 -0600] "GET /favicon.ico HTTP/1.1" 404 - "-" "Mozilla/4.0 (compatible; MSIE 6.0; Windows NT 5.1; SV1)"
88.16.61.63 - - [13/Dec/2006:03:45:13 -0600] "GET /favicon.ico HTTP/1.1" 404 - "-" "Mozilla/4.0 (compatible; MSIE 6.0; Windows NT 5.1; SV1)"
88.16.61.63 - - [13/Dec/2006:03:45:15 -0600] "GET /wp-content/themes/default_es/style.css HTTP/1.1" 200 9885 "http://www.foobar.com/" "Mozilla/4.0 (compatible; MSIE 6.0; Windows NT 5.1; SV1)"
88.16.61.63 - - [13/Dec/2006:03:45:16 -0600] "GET / HTTP/1.1" 200 41046 "http://www.bilbao.bi/tag.php?tag=fiesta&from=20" "Mozilla/4.0 (compatible; MSIE 6.0; Windows NT 5.1; SV1)"
88.16.61.63 - - [13/Dec/2006:03:45:16 -0600] "GET /uploads/pronunciacion.png HTTP/1.1" 200 2058 "http://www.foobar.com/" "Mozilla/4.0 (compatible; MSIE 6.0; Windows NT 5.1; SV1)"
88.16.61.63 - - [13/Dec/2006:03:45:17 -0600] "GET /wp-content/themes/default_es/images/borjanet.png HTTP/1.1" 200 16169 "http://www.foobar.com/" "Mozilla/4.0 (compatible; MSIE 6.0; Windows NT 5.1; SV1)"
88.16.61.63 - - [13/Dec/2006:03:45:17 -0600] "GET /wp-content/themes/default_es/images/kubrickbgcolor.jpg HTTP/1.1" 200 558 "http://www.foobar.com/" "Mozilla/4.0 (compatible; MSIE 6.0; Windows NT 5.1; SV1)"
88.16.61.63 - - [13/Dec/2006:03:45:17 -0600] "GET /wp-content/themes/default_es/images/kubrickbg.jpg HTTP/1.1" 200 1047 "http://www.foobar.com/" "Mozilla/4.0 (compatible; MSIE 6.0; Windows NT 5.1; SV1)"
88.16.61.63 - - [13/Dec/2006:03:45:17 -0600] "GET /wp-content/themes/default_es/images/kubrickheader.png HTTP/1.1" 200 3850 "http://www.foobar.com/" "Mozilla/4.0 (compatible; MSIE 6.0; Windows NT 5.1; SV1)"
88.16.61.63 - - [13/Dec/2006:03:45:17 -0600] "GET /wp-content/themes/default_es/images/kubrickfooter.jpg HTTP/1.1" 200 2601 "http://www.foobar.com/" "Mozilla/4.0 (compatible; MSIE 6.0; Windows NT 5.1; SV1)"
88.16.61.63 - - [13/Dec/2006:03:45:18 -0600] "GET /favicon.ico HTTP/1.1" 404 - "-" "Mozilla/4.0 (compatible; MSIE 6.0; Windows NT 5.1; SV1)"
88.16.61.63 - - [13/Dec/2006:03:45:18 -0600] "GET /favicon.ico HTTP/1.1" 404 - "-" "Mozilla/4.0 (compatible; MSIE 6.0; Windows NT 5.1; SV1)"
194.224.199.54 - - [13/Dec/2006:03:45:20 -0600] "GET /archives/2004/09/08/feliz-cumpleaos-borjanet/trackback/ HTTP/1.1" 302 5 "http://www.foobar.com/archives/2004/09/08/feliz-cumpleaos-borjanet/" "noxtrumbot/1.0 (crawler@noxtrum.com)"
194.224.199.54 - - [13/Dec/2006:03:46:23 -0600] "GET /archives/2004/12/14/primer-artculo-desde-mi-nuevo-ordenador/feed/ HTTP/1.1" 200 1148 "http://www.foobar.com/archives/2004/12/14/primer-artculo-desde-mi-nuevo-ordenador/" "noxtrumbot/1.0 (crawler@noxtrum.com)"
210.173.180.164 - - [13/Dec/2006:03:46:27 -0600] "GET /archives/2005/03/17/dude-i-dont-have-to-outrun-the-bear/feed/ HTTP/1.1" 200 1756 "-" "ichiro/2.0 (http://help.goo.ne.jp/door/crawler.html)"
80.33.122.39 - - [13/Dec/2006:03:46:39 -0600] "GET /favicon.ico HTTP/1.1" 404 - "-" "Mozilla/5.0 (Windows; U; Windows NT 5.1; es-ES; rv:1.8.1) Gecko/20061010 Firefox/2.0"
193.144.84.188 - - [13/Dec/2006:03:47:05 -0600] "GET /feed/ HTTP/1.1" 200 10763 "-" "Mozilla/5.0 (X11; U; Linux i686; en-US; rv:1.7.10) Gecko/20060927 Firefox/1.0.4 (Debian package 1.0.4-2sarge12)"
88.16.61.63 - - [13/Dec/2006:03:47:10 -0600] "GET /archives/category/articulos-abc/ HTTP/1.1" 200 26949 "http://www.foobar.com/" "Mozilla/4.0 (compatible; MSIE 6.0; Windows NT 5.1; SV1)"
88.16.61.63 - - [13/Dec/2006:03:47:11 -0600] "GET /favicon.ico HTTP/1.1" 404 - "-" "Mozilla/4.0 (compatible; MSIE 6.0; Windows NT 5.1; SV1)"
88.16.61.63 - - [13/Dec/2006:03:47:11 -0600] "GET /favicon.ico HTTP/1.1" 404 - "-" "Mozilla/4.0 (compatible; MSIE 6.0; Windows NT 5.1; SV1)"
194.224.199.54 - - [13/Dec/2006:03:47:20 -0600] "GET /archives/2004/12/14/primer-artculo-desde-mi-nuevo-ordenador/trackback/ HTTP/1.1" 302 5 "http://www.foobar.com/archives/2004/12/14/primer-artculo-desde-mi-nuevo-ordenador/" "noxtrumbot/1.0 (crawler@noxtrum.com)"
193.82.99.200 - - [13/Dec/2006:03:47:48 -0600] "GET /uploads/Family_guy_logo.png HTTP/1.0" 404 - "http://profile.myspace.com/index.cfm?fuseaction=user.viewprofile&friendid=61839135" "Mozilla/4.0 (compatible; MSIE 6.0; Windows NT 5.1; .NET CLR 1.0.3705; .NET CLR 1.1.4322)"
204.15.20.159 - - [13/Dec/2006:03:48:02 -0600] "GET /feed/ HTTP/1.1" 304 0 "-" "FacebookFeedParser/1.0 (UniversalFeedParser/4.1;) +http://facebook.com/"
80.224.29.161 - - [13/Dec/2006:03:48:14 -0600] "GET /feed/ HTTP/1.0" 304 0 "-" "Liferea/1.0.26 (Linux; http://liferea.sf.net/)"
212.142.143.97 - - [13/Dec/2006:03:48:19 -0600] "GET /archives/2004/12/18/tortilla-de-patata/ HTTP/1.1" 200 20259 "http://www.google.es/search?hl=es&q=Tortilla+de+patatas&meta=" "Mozilla/4.0 (compatible; MSIE 6.0; Windows NT 5.1; SV1)"
212.142.143.97 - - [13/Dec/2006:03:48:20 -0600] "GET /wp-content/themes/default_es/images/borjanet.png HTTP/1.1" 200 16169 "http://www.foobar.com/archives/2004/12/18/tortilla-de-patata/" "Mozilla/4.0 (compatible; MSIE 6.0; Windows NT 5.1; SV1)"
212.142.143.97 - - [13/Dec/2006:03:48:20 -0600] "GET /wp-content/themes/default_es/style.css HTTP/1.1" 200 9885 "http://www.foobar.com/archives/2004/12/18/tortilla-de-patata/" "Mozilla/4.0 (compatible; MSIE 6.0; Windows NT 5.1; SV1)"
212.142.143.97 - - [13/Dec/2006:03:48:21 -0600] "GET /wp-content/themes/default_es/images/kubrickbgcolor.jpg HTTP/1.1" 200 558 "http://www.foobar.com/archives/2004/12/18/tortilla-de-patata/" "Mozilla/4.0 (compatible; MSIE 6.0; Windows NT 5.1; SV1)"
212.142.143.97 - - [13/Dec/2006:03:48:21 -0600] "GET /wp-content/themes/default_es/images/kubrickbgwide.jpg HTTP/1.1" 200 1020 "http://www.foobar.com/archives/2004/12/18/tortilla-de-patata/" "Mozilla/4.0 (compatible; MSIE 6.0; Windows NT 5.1; SV1)"
212.142.143.97 - - [13/Dec/2006:03:48:21 -0600] "GET /wp-content/themes/default_es/images/kubrickfooter.jpg HTTP/1.1" 200 2601 "http://www.foobar.com/archives/2004/12/18/tortilla-de-patata/" "Mozilla/4.0 (compatible; MSIE 6.0; Windows NT 5.1; SV1)"
212.142.143.97 - - [13/Dec/2006:03:48:21 -0600] "GET /wp-content/themes/default_es/images/kubrickheader.png HTTP/1.1" 200 3850 "http://www.foobar.com/archives/2004/12/18/tortilla-de-patata/" "Mozilla/4.0 (compatible; MSIE 6.0; Windows NT 5.1; SV1)"
194.224.199.54 - - [13/Dec/2006:03:48:21 -0600] "GET /archives/2004/12/11/la-ley-de-murphy-vs-la-ley-de-wheaton/feed/ HTTP/1.1" 200 8217 "http://www.foobar.com/archives/2004/12/11/la-ley-de-murphy-vs-la-ley-de-wheaton/" "noxtrumbot/1.0 (crawler@noxtrum.com)"
88.16.61.63 - - [13/Dec/2006:03:48:26 -0600] "GET /favicon.ico HTTP/1.1" 404 - "-" "Mozilla/4.0 (compatible; MSIE 6.0; Windows NT 5.1; SV1)"
88.16.61.63 - - [13/Dec/2006:03:48:26 -0600] "GET /favicon.ico HTTP/1.1" 404 - "-" "Mozilla/4.0 (compatible; MSIE 6.0; Windows NT 5.1; SV1)"
83.38.48.100 - - [13/Dec/2006:03:48:28 -0600] "GET /wp-content/themes/default_es/style.css HTTP/1.1" 200 9885 "http://www.foobar.com/archives/2003/12/25/la-cena-de-nochebuena/" "Mozilla/4.0 (compatible; MSIE 6.0; Windows NT 5.1; SV1)"
83.38.48.100 - - [13/Dec/2006:03:48:28 -0600] "GET /archives/2003/12/25/la-cena-de-nochebuena/ HTTP/1.1" 200 18279 "http://www.google.es/search?q=menus+de+noche+buena&hl=es&lr=lang_es&start=40&sa=N" "Mozilla/4.0 (compatible; MSIE 6.0; Windows NT 5.1; SV1)"
83.38.48.100 - - [13/Dec/2006:03:48:30 -0600] "GET /wp-content/themes/default_es/images/kubrickbgcolor.jpg HTTP/1.1" 200 558 "http://www.foobar.com/archives/2003/12/25/la-cena-de-nochebuena/" "Mozilla/4.0 (compatible; MSIE 6.0; Windows NT 5.1; SV1)"
83.38.48.100 - - [13/Dec/2006:03:48:30 -0600] "GET /wp-content/themes/default_es/images/borjanet.png HTTP/1.1" 200 16169 "http://www.foobar.com/archives/2003/12/25/la-cena-de-nochebuena/" "Mozilla/4.0 (compatible; MSIE 6.0; Windows NT 5.1; SV1)"
83.38.48.100 - - [13/Dec/2006:03:48:30 -0600] "GET /wp-content/themes/default_es/images/kubrickbgwide.jpg HTTP/1.1" 200 1020 "http://www.foobar.com/archives/2003/12/25/la-cena-de-nochebuena/" "Mozilla/4.0 (compatible; MSIE 6.0; Windows NT 5.1; SV1)"
83.38.48.100 - - [13/Dec/2006:03:48:31 -0600] "GET /wp-content/themes/default_es/images/kubrickheader.png HTTP/1.1" 200 3850 "http://www.foobar.com/archives/2003/12/25/la-cena-de-nochebuena/" "Mozilla/4.0 (compatible; MSIE 6.0; Windows NT 5.1; SV1)"
83.38.48.100 - - [13/Dec/2006:03:48:31 -0600] "GET /wp-content/themes/default_es/images/kubrickfooter.jpg HTTP/1.1" 200 2601 "http://www.foobar.com/archives/2003/12/25/la-cena-de-nochebuena/" "Mozilla/4.0 (compatible; MSIE 6.0; Windows NT 5.1; SV1)"
88.16.61.63 - - [13/Dec/2006:03:48:34 -0600] "GET /archives/2006/11/28/gigantes-en-la-era-del-silicio/ HTTP/1.1" 200 17229 "http://www.foobar.com/archives/category/articulos-abc/" "Mozilla/4.0 (compatible; MSIE 6.0; Windows NT 5.1; SV1)"
88.16.61.63 - - [13/Dec/2006:03:48:34 -0600] "GET /wp-content/themes/default_es/images/kubrickbgwide.jpg HTTP/1.1" 200 1020 "http://www.foobar.com/archives/2006/11/28/gigantes-en-la-era-del-silicio/" "Mozilla/4.0 (compatible; MSIE 6.0; Windows NT 5.1; SV1)"
88.16.61.63 - - [13/Dec/2006:03:48:34 -0600] "GET /favicon.ico HTTP/1.1" 404 - "-" "Mozilla/4.0 (compatible; MSIE 6.0; Windows NT 5.1; SV1)"
88.16.61.63 - - [13/Dec/2006:03:48:35 -0600] "GET /favicon.ico HTTP/1.1" 404 - "-" "Mozilla/4.0 (compatible; MSIE 6.0; Windows NT 5.1; SV1)"
212.168.173.12 - - [13/Dec/2006:03:48:35 -0600] "GET /feed/ HTTP/1.1" 304 0 "-" "AlestiFeedBot/0.7 (http://www.alesti.org/; 5 subscribers)"
210.173.180.164 - - [13/Dec/2006:03:48:42 -0600] "GET /archives/2005/03/16/problemas-abiertos-o-hay-que-ver-los-cerebrines-que-estudian-aqu/feed/ HTTP/1.1" 200 6929 "-" "ichiro/2.0 (http://help.goo.ne.jp/door/crawler.html)"
72.14.199.5 - - [13/Dec/2006:03:49:11 -0600] "GET /feed/atom/ HTTP/1.1" 304 0 "-" "Feedfetcher-Google; (+http://www.google.com/feedfetcher.html)"
80.38.194.62 - - [13/Dec/2006:03:49:17 -0600] "GET /archives/2005/10/17/magdalenas/ HTTP/1.1" 200 25618 "http://www.google.es/search?hl=es&q=magdalenas&meta=" "Mozilla/4.0 (compatible; MSIE 6.0; Windows NT 5.1; SV1)"
80.38.194.62 - - [13/Dec/2006:03:49:17 -0600] "GET /wp-content/themes/default_es/style.css HTTP/1.1" 200 9885 "http://www.foobar.com/archives/2005/10/17/magdalenas/" "Mozilla/4.0 (compatible; MSIE 6.0; Windows NT 5.1; SV1)"
80.38.194.62 - - [13/Dec/2006:03:49:18 -0600] "GET /favicon.ico HTTP/1.1" 404 - "-" "Mozilla/4.0 (compatible; MSIE 6.0; Windows NT 5.1; SV1)"
80.38.194.62 - - [13/Dec/2006:03:49:18 -0600] "GET /wp-content/themes/default_es/images/kubrickbgcolor.jpg HTTP/1.1" 200 558 "http://www.foobar.com/archives/2005/10/17/magdalenas/" "Mozilla/4.0 (compatible; MSIE 6.0; Windows NT 5.1; SV1)"
80.38.194.62 - - [13/Dec/2006:03:49:18 -0600] "GET /wp-content/themes/default_es/images/borjanet.png HTTP/1.1" 200 16169 "http://www.foobar.com/archives/2005/10/17/magdalenas/" "Mozilla/4.0 (compatible; MSIE 6.0; Windows NT 5.1; SV1)"
80.38.194.62 - - [13/Dec/2006:03:49:18 -0600] "GET /wp-content/themes/default_es/images/kubrickbgwide.jpg HTTP/1.1" 200 1020 "http://www.foobar.com/archives/2005/10/17/magdalenas/" "Mozilla/4.0 (compatible; MSIE 6.0; Windows NT 5.1; SV1)"
80.38.194.62 - - [13/Dec/2006:03:49:19 -0600] "GET /wp-content/themes/default_es/images/kubrickheader.png HTTP/1.1" 200 3850 "http://www.foobar.com/archives/2005/10/17/magdalenas/" "Mozilla/4.0 (compatible; MSIE 6.0; Windows NT 5.1; SV1)"
80.38.194.62 - - [13/Dec/2006:03:49:19 -0600] "GET /wp-content/themes/default_es/images/kubrickfooter.jpg HTTP/1.1" 200 2601 "http://www.foobar.com/archives/2005/10/17/magdalenas/" "Mozilla/4.0 (compatible; MSIE 6.0; Windows NT 5.1; SV1)"
194.224.199.54 - - [13/Dec/2006:03:49:22 -0600] "GET /archives/2004/12/11/la-ley-de-murphy-vs-la-ley-de-wheaton/trackback/ HTTP/1.1" 302 5 "http://www.foobar.com/archives/2004/12/11/la-ley-de-murphy-vs-la-ley-de-wheaton/" "noxtrumbot/1.0 (crawler@noxtrum.com)"
195.27.215.89 - - [13/Dec/2006:03:49:37 -0600] "GET /archives/2005/01/11/y-ahora-repostera/ HTTP/1.0" 200 21460 "-" "Seekbot/1.0 (http://www.seekbot.net/bot.html) HTTPFetcher/0.3"
158.42.16.182 - - [13/Dec/2006:03:50:18 -0600] "GET /favicon.ico HTTP/1.1" 404 - "http://www.netvibes.com/" "Mozilla/5.0 (Windows; U; Windows NT 5.1; es-ES; rv:1.8.1) Gecko/20061010 Firefox/2.0"
194.224.199.54 - - [13/Dec/2006:03:50:21 -0600] "GET /archives/2004/12/07/maldito-seas-murphy/feed/ HTTP/1.1" 200 6498 "http://www.foobar.com/archives/2004/12/07/maldito-seas-murphy/" "noxtrumbot/1.0 (crawler@noxtrum.com)"
72.78.52.39 - - [13/Dec/2006:03:50:49 -0600] "GET /uploads/Family_guy_logo.png HTTP/1.1" 404 - "-" "Mozilla/4.0 (compatible; MSIE 7.0; Windows NT 5.1; .NET CLR 1.1.4322)"
84.122.88.137 - - [13/Dec/2006:03:51:11 -0600] "GET /favicon.ico HTTP/1.1" 404 - "-" "Mozilla/5.0 (compatible; Konqueror/3.5; Linux) KHTML/3.5.2 (like Gecko) Kubuntu 6.06 Dapper"
84.122.88.137 - - [13/Dec/2006:03:51:11 -0600] "GET /favicon.ico HTTP/1.1" 404 - "-" "Mozilla/5.0 (compatible; Konqueror/3.5; Linux) KHTML/3.5.2 (like Gecko) Kubuntu 6.06 Dapper"
194.224.199.54 - - [13/Dec/2006:03:51:22 -0600] "GET /archives/2004/12/07/maldito-seas-murphy/trackback/ HTTP/1.1" 302 5 "http://www.foobar.com/archives/2004/12/07/maldito-seas-murphy/" "noxtrumbot/1.0 (crawler@noxtrum.com)"
210.173.180.164 - - [13/Dec/2006:03:51:22 -0600] "GET /archives/2005/03/15/mi-kernel-y-2/feed/ HTTP/1.1" 200 1842 "-" "ichiro/2.0 (http://help.goo.ne.jp/door/crawler.html)"
84.122.88.137 - - [13/Dec/2006:03:51:32 -0600] "GET /feed/ HTTP/1.1" 304 0 "-" "Akregator/1.2.2; librss/remnants"
87.102.48.193 - - [13/Dec/2006:03:51:36 -0600] "GET /archives/2006/01/19/television-americana/ HTTP/1.0" 200 14130 "http://images.google.co.uk/imgres?imgurl=http://www.foobar.com/uploads/Family_guy_logo.png&imgrefurl=http://www.foobar.com/archives/2006/01/19/television-americana/&h=189&w=300&sz=28&hl=en&start=6&tbnid=qlC6Gq_pQxf_tM:&tbnh=73&tbnw=116&prev=/images%3Fq%3Dfamily%2Bguy%2Blogo%26svnum%3D10%26hl%3Den%26lr%3D%26safe%3Dactive%26sa%3DG" "Mozilla/4.0 (compatible; MSIE 6.0; Windows NT 5.1; SV1; .NET CLR 1.0.3705; .NET CLR 1.1.4322)"
88.16.61.63 - - [13/Dec/2006:03:51:43 -0600] "GET /favicon.ico HTTP/1.1" 404 - "-" "Mozilla/4.0 (compatible; MSIE 6.0; Windows NT 5.1; SV1)"
88.16.61.63 - - [13/Dec/2006:03:51:43 -0600] "GET /favicon.ico HTTP/1.1" 404 - "-" "Mozilla/4.0 (compatible; MSIE 6.0; Windows NT 5.1; SV1)"
83.43.193.175 - - [13/Dec/2006:03:51:44 -0600] "GET /feed/ HTTP/1.1" 200 10763 "-" "Mozilla/5.0 (X11; U; Linux i686; en-US; rv:1.8.0.8) Gecko/20061109 Mandriva/1.5.0.8-1.1mdv2007.0 (2007.0) Thunderbird/1.5.0.8"
80.33.122.39 - - [13/Dec/2006:03:52:09 -0600] "GET /favicon.ico HTTP/1.1" 404 - "-" "Mozilla/5.0 (Windows; U; Windows NT 5.1; es-ES; rv:1.8.1) Gecko/20061010 Firefox/2.0"
88.16.61.63 - - [13/Dec/2006:03:52:15 -0600] "GET /favicon.ico HTTP/1.1" 404 - "-" "Mozilla/4.0 (compatible; MSIE 6.0; Windows NT 5.1; SV1)"
88.16.61.63 - - [13/Dec/2006:03:52:15 -0600] "GET /favicon.ico HTTP/1.1" 404 - "-" "Mozilla/4.0 (compatible; MSIE 6.0; Windows NT 5.1; SV1)"
194.224.199.54 - - [13/Dec/2006:03:52:21 -0600] "GET /archives/2004/12/02/en-casa-del-herrero/feed/ HTTP/1.1" 200 4877 "http://www.foobar.com/archives/2004/12/02/en-casa-del-herrero/" "noxtrumbot/1.0 (crawler@noxtrum.com)"
88.16.61.63 - - [13/Dec/2006:03:52:25 -0600] "GET / HTTP/1.1" 200 41046 "http://www.foobar.com/archives/2006/11/28/gigantes-en-la-era-del-silicio/" "Mozilla/4.0 (compatible; MSIE 6.0; Windows NT 5.1; SV1)"
88.16.61.63 - - [13/Dec/2006:03:52:25 -0600] "GET /favicon.ico HTTP/1.1" 404 - "-" "Mozilla/4.0 (compatible; MSIE 6.0; Windows NT 5.1; SV1)"
88.16.61.63 - - [13/Dec/2006:03:52:26 -0600] "GET /favicon.ico HTTP/1.1" 404 - "-" "Mozilla/4.0 (compatible; MSIE 6.0; Windows NT 5.1; SV1)"
87.102.48.193 - - [13/Dec/2006:03:52:47 -0600] "GET /archives/2006/01/19/television-americana/ HTTP/1.0" 200 14130 "http://images.google.co.uk/imgres?imgurl=http://www.foobar.com/uploads/Family_guy_logo.png&imgrefurl=http://www.foobar.com/archives/2006/01/19/television-americana/&h=189&w=300&sz=28&hl=en&start=6&tbnid=qlC6Gq_pQxf_tM:&tbnh=73&tbnw=116&prev=/images%3Fq%3Dfamily%2Bguy%2Blogo%26svnum%3D10%26hl%3Den%26lr%3D%26safe%3Dactive%26sa%3DG" "Mozilla/4.0 (compatible; MSIE 6.0; Windows NT 5.1; SV1; .NET CLR 1.0.3705; .NET CLR 1.1.4322)"
88.16.61.63 - - [13/Dec/2006:03:52:51 -0600] "GET /archives/category/articulos-abc/ HTTP/1.1" 200 26949 "http://www.foobar.com/" "Mozilla/4.0 (compatible; MSIE 6.0; Windows NT 5.1; SV1)"
198.37.25.204 - - [13/Dec/2006:03:52:51 -0600] "GET /feed/ HTTP/1.1" 304 0 "-" "Mozilla/5.0 (Macintosh; U; PPC Mac OS X; en-us) AppleWebKit/412 (KHTML, like Gecko) Safari/412"
88.16.61.63 - - [13/Dec/2006:03:52:51 -0600] "GET /favicon.ico HTTP/1.1" 404 - "-" "Mozilla/4.0 (compatible; MSIE 6.0; Windows NT 5.1; SV1)"
88.16.61.63 - - [13/Dec/2006:03:52:52 -0600] "GET /favicon.ico HTTP/1.1" 404 - "-" "Mozilla/4.0 (compatible; MSIE 6.0; Windows NT 5.1; SV1)"
88.16.61.63 - - [13/Dec/2006:03:53:11 -0600] "GET /archives/2006/10/29/abc-pagina-84/ HTTP/1.1" 200 16759 "http://www.foobar.com/archives/category/articulos-abc/" "Mozilla/4.0 (compatible; MSIE 6.0; Windows NT 5.1; SV1)"
88.16.61.63 - - [13/Dec/2006:03:53:11 -0600] "GET /favicon.ico HTTP/1.1" 404 - "-" "Mozilla/4.0 (compatible; MSIE 6.0; Windows NT 5.1; SV1)"
88.16.61.63 - - [13/Dec/2006:03:53:12 -0600] "GET /favicon.ico HTTP/1.1" 404 - "-" "Mozilla/4.0 (compatible; MSIE 6.0; Windows NT 5.1; SV1)"
87.235.153.249 - - [13/Dec/2006:03:53:12 -0600] "GET /feed/ HTTP/1.1" 304 0 "-" "Mozilla/5.0 (compatible; Google Desktop)"
81.38.8.216 - - [13/Dec/2006:03:53:28 -0600] "GET /feed/ HTTP/1.1" 304 0 "-" "Akregator/1.2.5; librss/remnants"
194.224.199.54 - - [13/Dec/2006:03:53:34 -0600] "GET /archives/2004/12/02/en-casa-del-herrero/trackback/ HTTP/1.1" 302 5 "http://www.foobar.com/archives/2004/12/02/en-casa-del-herrero/" "noxtrumbot/1.0 (crawler@noxtrum.com)"
210.173.180.164 - - [13/Dec/2006:03:53:42 -0600] "GET /archives/2005/02/28/los-oscar-aurten-gaupasarik-gabe/feed/ HTTP/1.1" 200 13820 "-" "ichiro/2.0 (http://help.goo.ne.jp/door/crawler.html)"
80.33.122.39 - - [13/Dec/2006:03:54:00 -0600] "GET /favicon.ico HTTP/1.1" 404 - "-" "Mozilla/5.0 (Windows; U; Windows NT 5.1; es-ES; rv:1.8.1) Gecko/20061010 Firefox/2.0"
194.224.199.54 - - [13/Dec/2006:03:54:33 -0600] "GET /archives/2004/12/01/borjanet-segn-markov/feed/ HTTP/1.1" 200 11370 "http://www.foobar.com/archives/2004/12/01/borjanet-segn-markov/" "noxtrumbot/1.0 (crawler@noxtrum.com)"
74.6.85.170 - - [13/Dec/2006:03:55:19 -0600] "GET /robots.txt HTTP/1.0" 404 - "-" "Mozilla/5.0 (compatible; Yahoo! Slurp; http://help.yahoo.com/help/us/ysearch/slurp)"
74.6.85.230 - - [13/Dec/2006:03:55:22 -0600] "GET /archives/category/grid/page/2/ HTTP/1.0" 200 33187 "-" "Mozilla/5.0 (compatible; Yahoo! Slurp; http://help.yahoo.com/help/us/ysearch/slurp)"
62.43.198.198 - - [13/Dec/2006:03:55:24 -0600] "GET /feed/ HTTP/1.1" 200 10763 "-" "Mozilla/5.0 (Sage)"
194.224.199.54 - - [13/Dec/2006:03:55:32 -0600] "GET /archives/2004/12/01/borjanet-segn-markov/trackback/ HTTP/1.1" 302 5 "http://www.foobar.com/archives/2004/12/01/borjanet-segn-markov/" "noxtrumbot/1.0 (crawler@noxtrum.com)"
83.58.251.144 - - [13/Dec/2006:03:55:54 -0600] "GET /favicon.ico HTTP/1.1" 404 - "-" "NewzCrawler/1.7 (compatible; MSIE 6.00; Newz Crawler 1.7; http://www.newzcrawler.com/ )"
83.58.251.144 - - [13/Dec/2006:03:55:55 -0600] "GET /weblog/rdf HTTP/1.1" 304 0 "-" "NewzCrawler/1.7 (compatible; MSIE 6.00; Newz Crawler 1.7; http://www.newzcrawler.com/ )"
195.27.215.89 - - [13/Dec/2006:03:56:19 -0600] "GET /archives/2005/01/17/ HTTP/1.0" 200 26831 "-" "Seekbot/1.0 (http://www.seekbot.net/bot.html) HTTPFetcher/0.3"
81.202.208.214 - - [13/Dec/2006:03:56:23 -0600] "GET /favicon.ico HTTP/1.1" 404 - "http://www.netvibes.com/" "Mozilla/5.0 (Windows; U; Windows NT 5.1; es-ES; rv:1.8.0.8) Gecko/20061025 Firefox/1.5.0.8"
80.33.122.39 - - [13/Dec/2006:03:56:29 -0600] "GET /favicon.ico HTTP/1.1" 404 - "-" "Mozilla/5.0 (Windows; U; Windows NT 5.1; es-ES; rv:1.8.1) Gecko/20061010 Firefox/2.0"
194.224.199.54 - - [13/Dec/2006:03:56:34 -0600] "GET /archives/2004/11/03/bienvenidos-al-circo-de-la-democracia-americana/ HTTP/1.1" 200 15941 "http://www.foobar.com/archives/2004/11/page/3/" "noxtrumbot/1.0 (crawler@noxtrum.com)"
82.146.53.9 - - [13/Dec/2006:03:57:08 -0600] "GET /archives/2004/09/18/ltimo-post-desde-bilbao/feed/ HTTP/1.1" 200 2150 "-" "-"
194.224.199.54 - - [13/Dec/2006:03:57:33 -0600] "GET /archives/2004/11/03/a-la-cama-sin-saber-quien-ha-ganado/ HTTP/1.1" 200 15483 "http://www.foobar.com/archives/2004/11/page/3/" "noxtrumbot/1.0 (crawler@noxtrum.com)"
83.43.193.175 - - [13/Dec/2006:03:57:42 -0600] "GET /feed/atom/ HTTP/1.1" 304 0 "-" "Mozilla/5.0 (X11; U; Linux i686; es-ES; rv:1.8.0.8) Gecko/20060802 Mandriva/1.5.0.8-1.1mdv2007.0 (2007.0) Firefox/1.5.0.8"
74.6.86.144 - - [13/Dec/2006:03:57:48 -0600] "GET /archives/2006/07/20/parecidos-mas-que-razonables/ HTTP/1.0" 200 19954 "-" "Mozilla/5.0 (compatible; Yahoo! Slurp; http://help.yahoo.com/help/us/ysearch/slurp)"
139.149.1.203 - - [13/Dec/2006:03:57:54 -0600] "GET /feed/ HTTP/1.1" 200 10763 "-" "Mozilla/5.0 (Windows; U; Windows NT 5.1; en-US; rv:1.8.0.6) Gecko/20060728 Firefox/1.5.0.6"
80.224.29.161 - - [13/Dec/2006:03:58:13 -0600] "GET /feed/ HTTP/1.0" 304 0 "-" "Liferea/1.0.26 (Linux; http://liferea.sf.net/)"
194.224.199.54 - - [13/Dec/2006:03:58:33 -0600] "GET /archives/2004/11/02/democracia-de-cartn-piedra/ HTTP/1.1" 200 39769 "http://www.foobar.com/archives/2004/11/page/3/" "noxtrumbot/1.0 (crawler@noxtrum.com)"
81.37.253.236 - - [13/Dec/2006:03:58:44 -0600] "GET /feed/ HTTP/1.1" 200 10775 "-" "Feedreader 3.04 (Powered by Newsbrain)"
210.173.180.164 - - [13/Dec/2006:03:59:00 -0600] "GET /index_unroot.php HTTP/1.1" 404 - "-" "ichiro/2.0 (http://help.goo.ne.jp/door/crawler.html)"
