83.58.251.144 - - [13/Dec/2006:08:03:02 -0600] "GET /archives/2006/11/28/gigantes-en-la-era-del-silicio/feed/ HTTP/1.1" 304 0 "-" "NewzCrawler/1.7 (compatible; MSIE 6.00; Newz Crawler 1.7; http://www.newzcrawler.com/ )"
83.58.251.144 - - [13/Dec/2006:08:03:04 -0600] "GET /archives/2006/12/01/nieve-ahora-si/feed/ HTTP/1.1" 304 0 "-" "NewzCrawler/1.7 (compatible; MSIE 6.00; Newz Crawler 1.7; http://www.newzcrawler.com/ )"
83.58.251.144 - - [13/Dec/2006:08:03:06 -0600] "GET /archives/2006/12/11/pronunciacion/feed/ HTTP/1.1" 304 0 "-" "NewzCrawler/1.7 (compatible; MSIE 6.00; Newz Crawler 1.7; http://www.newzcrawler.com/ )"
210.173.180.164 - - [13/Dec/2006:08:03:26 -0600] "GET /archives/2004/07/28/cambios-cambios-cambios/feed/ HTTP/1.1" 200 15333 "-" "ichiro/2.0 (http://help.goo.ne.jp/door/crawler.html)"
65.214.44.29 - - [13/Dec/2006:08:03:55 -0600] "GET /feed/ HTTP/1.1" 304 0 "-" "Bloglines/3.1 (http://www.bloglines.com; 34 subscribers)"
200.139.165.146 - - [13/Dec/2006:08:04:04 -0600] "GET /uploads/whoseline.jpg HTTP/1.1" 200 13096 "http://www.nowloaded.org/forum/index.php?showtopic=22951" "Mozilla/5.0 (Windows; U; Windows NT 5.1; pt-BR; rv:1.8.0.8) Gecko/20061025 Firefox/1.5.0.8"
210.173.180.164 - - [13/Dec/2006:08:04:44 -0600] "GET /archives/2004/07/28/cambios-cambios-cambios/trackback/ HTTP/1.1" 302 5 "-" "ichiro/2.0 (http://help.goo.ne.jp/door/crawler.html)"
62.57.176.96 - - [13/Dec/2006:08:05:06 -0600] "GET /feed/ HTTP/1.1" 200 10763 "-" "Mozilla/5.0 (Windows; U; Windows NT 5.1; es-ES; rv:1.8.0.8) Gecko/20061025 Thunderbird/1.5.0.8"
82.158.147.238 - - [13/Dec/2006:08:05:21 -0600] "GET /feed/atom/ HTTP/1.1" 304 0 "-" "Mozilla/5.0 (Windows; U; Windows NT 5.2; es-ES; rv:1.8.1) Gecko/20061010 Firefox/2.0"
60.191.80.30 - - [13/Dec/2006:08:05:28 -0600] "GET /archives/category/general/page/2/ HTTP/1.1" 200 31634 "-" "OutfoxBot/0.5 (for internet experiments; http://; outfoxbot@gmail.com)"
60.191.80.30 - - [13/Dec/2006:08:05:32 -0600] "GET /archives/2004/10/29/primer-examensuperado/ HTTP/1.1" 200 16596 "-" "OutfoxBot/0.5 (for internet experiments; http://; outfoxbot@gmail.com)"
81.202.208.214 - - [13/Dec/2006:08:05:57 -0600] "GET /favicon.ico HTTP/1.1" 404 - "http://www.netvibes.com/" "Mozilla/5.0 (Windows; U; Windows NT 5.1; es-ES; rv:1.8.0.8) Gecko/20061025 Firefox/1.5.0.8"
210.173.180.164 - - [13/Dec/2006:08:06:27 -0600] "GET /archives/2004/07/02/ya-tengo-visado/ HTTP/1.1" 200 18761 "-" "ichiro/2.0 (http://help.goo.ne.jp/door/crawler.html)"
74.6.74.234 - - [13/Dec/2006:08:06:37 -0600] "GET /robots.txt HTTP/1.0" 404 - "-" "Mozilla/5.0 (compatible; Yahoo! Slurp; http://help.yahoo.com/help/us/ysearch/slurp)"
74.6.68.229 - - [13/Dec/2006:08:06:39 -0600] "GET /archives/2003/02/16/guerra-contra-irak-no-en-mi-nombre HTTP/1.0" 200 37493 "-" "Mozilla/5.0 (compatible; Yahoo! Slurp; http://help.yahoo.com/help/us/ysearch/slurp)"
130.206.100.134 - - [13/Dec/2006:08:06:42 -0600] "GET /feed/atom/ HTTP/1.0" 304 0 "-" "Vienna/2.1.0.2108"
74.6.85.215 - - [13/Dec/2006:08:06:53 -0600] "GET /archives/category/doctorado/page/2/ HTTP/1.0" 200 32325 "-" "Mozilla/5.0 (compatible; Yahoo! Slurp; http://help.yahoo.com/help/us/ysearch/slurp)"
201.0.43.13 - - [13/Dec/2006:08:07:09 -0600] "GET /uploads/whoseline.jpg HTTP/1.1" 200 13096 "http://nowloaded.org/forum/index.php?showtopic=20739" "Mozilla/4.0 (compatible; MSIE 7.0; Windows NT 5.1; .NET CLR 2.0.50727; .NET CLR 1.1.4322)"
83.213.159.166 - - [13/Dec/2006:08:07:21 -0600] "GET /feed/ HTTP/1.1" 304 0 "-" "Mozilla/5.0 (Sage)"
201.0.43.13 - - [13/Dec/2006:08:07:28 -0600] "GET /uploads/whoseline.jpg HTTP/1.1" 304 - "http://nowloaded.org/forum/index.php?showtopic=20739&st=0&p=224004" "Mozilla/4.0 (compatible; MSIE 7.0; Windows NT 5.1; .NET CLR 2.0.50727; .NET CLR 1.1.4322)"
83.32.53.25 - - [13/Dec/2006:08:07:29 -0600] "GET /favicon.ico HTTP/1.0" 404 - "http://www.netvibes.com/" "Mozilla/5.0 (Windows; U; Windows NT 5.1; es-ES; rv:1.8.0.8) Gecko/20061025 Firefox/1.5.0.8"
195.27.215.89 - - [13/Dec/2006:08:07:47 -0600] "GET /archives/2005/06/page/1/ HTTP/1.0" 200 32143 "-" "Seekbot/1.0 (http://www.seekbot.net/bot.html) HTTPFetcher/0.3"
80.224.29.161 - - [13/Dec/2006:08:08:21 -0600] "GET /feed/ HTTP/1.0" 304 0 "-" "Liferea/1.0.26 (Linux; http://liferea.sf.net/)"
82.137.247.131 - - [13/Dec/2006:08:08:59 -0600] "POST /wp-comments-post.php HTTP/1.1" 404 - "-" "Mozilla/4.0 (compatible; MSIE 6.0; Windows NT 5.1; SV1; Maxthon)"
88.191.39.213 - - [13/Dec/2006:08:08:59 -0600] "POST /wp-comments-post.php HTTP/1.1" 404 - "-" "Mozilla/4.0 (compatible; MSIE 6.0; Windows NT 5.1; SV1; Maxthon)"
81.94.227.194 - - [13/Dec/2006:08:09:00 -0600] "POST /wp-comments-post.php HTTP/1.0" 404 - "-" "Mozilla/4.0 (compatible; MSIE 6.0; Windows NT 5.1; SV1; Maxthon)"
218.28.152.132 - - [13/Dec/2006:08:09:04 -0600] "POST /wp-comments-post.php HTTP/1.0" 404 - "-" "Mozilla/4.0 (compatible; MSIE 6.0; Windows NT 5.1; SV1; Maxthon)"
80.58.205.43 - - [13/Dec/2006:08:09:04 -0600] "POST http://www.foobar.com:80/wp-comments-post.php HTTP/1.0" 404 - "-" "Mozilla/4.0 (compatible; MSIE 6.0; Windows NT 5.1; SV1; Maxthon)"
66.11.50.71 - - [13/Dec/2006:08:09:04 -0600] "POST /wp-comments-post.php HTTP/1.0" 404 - "-" "Mozilla/4.0 (compatible; MSIE 6.0; Windows NT 5.1; SV1; Maxthon)"
82.137.247.131 - - [13/Dec/2006:08:09:06 -0600] "POST /wp-comments-post.php HTTP/1.1" 404 - "-" "Mozilla/4.0 (compatible; MSIE 6.0; Windows NT 5.1; SV1; Maxthon)"
125.22.45.112 - - [13/Dec/2006:08:09:10 -0600] "POST /wp-comments-post.php HTTP/1.0" 404 - "-" "Mozilla/4.0 (compatible; MSIE 6.0; Windows NT 5.1; SV1; Maxthon)"
125.22.45.112 - - [13/Dec/2006:08:09:13 -0600] "POST /wp-comments-post.php HTTP/1.0" 404 - "-" "Mozilla/4.0 (compatible; MSIE 6.0; Windows NT 5.1; SV1; Maxthon)"
80.227.0.153 - - [13/Dec/2006:08:09:17 -0600] "POST /wp-comments-post.php HTTP/1.1" 404 - "-" "Mozilla/4.0 (compatible; MSIE 6.0; Windows NT 5.1; SV1; Maxthon)"
62.150.35.230 - - [13/Dec/2006:08:09:18 -0600] "POST /wp-comments-post.php HTTP/1.1" 404 - "-" "Mozilla/4.0 (compatible; MSIE 6.0; Windows NT 5.1; SV1; Maxthon)"
140.121.135.124 - - [13/Dec/2006:08:09:21 -0600] "POST /wp-comments-post.php HTTP/1.0" 404 - "-" "Mozilla/4.0 (compatible; MSIE 6.0; Windows NT 5.1; SV1; Maxthon)"
81.94.227.194 - - [13/Dec/2006:08:09:21 -0600] "POST /wp-comments-post.php HTTP/1.0" 404 - "-" "Mozilla/4.0 (compatible; MSIE 6.0; Windows NT 5.1; SV1; Maxthon)"
81.38.8.216 - - [13/Dec/2006:08:09:23 -0600] "GET /feed/ HTTP/1.1" 304 0 "-" "Akregator/1.2.5; librss/remnants"
203.160.1.43 - - [13/Dec/2006:08:09:24 -0600] "POST /wp-comments-post.php HTTP/1.0" 404 - "-" "Mozilla/4.0 (compatible; MSIE 6.0; Windows NT 5.1; SV1; Maxthon)"
80.58.205.43 - - [13/Dec/2006:08:09:26 -0600] "POST http://www.foobar.com:80/wp-comments-post.php HTTP/1.0" 404 - "-" "Mozilla/4.0 (compatible; MSIE 6.0; Windows NT 5.1; SV1; Maxthon)"
80.231.145.1 - - [13/Dec/2006:08:09:26 -0600] "POST /wp-comments-post.php HTTP/1.0" 404 - "-" "Mozilla/4.0 (compatible; MSIE 6.0; Windows NT 5.1; SV1; Maxthon)"
66.11.50.71 - - [13/Dec/2006:08:09:26 -0600] "POST /wp-comments-post.php HTTP/1.0" 404 - "-" "Mozilla/4.0 (compatible; MSIE 6.0; Windows NT 5.1; SV1; Maxthon)"
62.150.35.230 - - [13/Dec/2006:08:09:27 -0600] "POST /wp-comments-post.php HTTP/1.1" 404 - "-" "Mozilla/4.0 (compatible; MSIE 6.0; Windows NT 5.1; SV1; Maxthon)"
81.94.227.194 - - [13/Dec/2006:08:09:31 -0600] "POST /wp-comments-post.php HTTP/1.0" 404 - "-" "Mozilla/4.0 (compatible; MSIE 6.0; Windows NT 5.1; SV1; Maxthon)"
88.191.39.213 - - [13/Dec/2006:08:09:33 -0600] "POST /wp-comments-post.php HTTP/1.1" 404 - "-" "Mozilla/4.0 (compatible; MSIE 6.0; Windows NT 5.1; SV1; Maxthon)"
125.22.45.112 - - [13/Dec/2006:08:09:35 -0600] "POST /wp-comments-post.php HTTP/1.0" 404 - "-" "Mozilla/4.0 (compatible; MSIE 6.0; Windows NT 5.1; SV1; Maxthon)"
72.14.199.5 - - [13/Dec/2006:08:09:35 -0600] "GET /feed/atom HTTP/1.1" 304 0 "-" "Feedfetcher-Google; (+http://www.google.com/feedfetcher.html)"
82.137.247.131 - - [13/Dec/2006:08:09:36 -0600] "POST /wp-comments-post.php HTTP/1.1" 404 - "-" "Mozilla/4.0 (compatible; MSIE 6.0; Windows NT 5.1; SV1; Maxthon)"
140.121.135.124 - - [13/Dec/2006:08:09:37 -0600] "POST /wp-comments-post.php HTTP/1.0" 404 - "-" "Mozilla/4.0 (compatible; MSIE 6.0; Windows NT 5.1; SV1; Maxthon)"
203.160.1.43 - - [13/Dec/2006:08:09:38 -0600] "POST /wp-comments-post.php HTTP/1.0" 404 - "-" "Mozilla/4.0 (compatible; MSIE 6.0; Windows NT 5.1; SV1; Maxthon)"
203.160.1.43 - - [13/Dec/2006:08:09:40 -0600] "POST /wp-comments-post.php HTTP/1.0" 404 - "-" "Mozilla/4.0 (compatible; MSIE 6.0; Windows NT 5.1; SV1; Maxthon)"
62.150.35.230 - - [13/Dec/2006:08:09:40 -0600] "POST /wp-comments-post.php HTTP/1.1" 404 - "-" "Mozilla/4.0 (compatible; MSIE 6.0; Windows NT 5.1; SV1; Maxthon)"
80.227.0.153 - - [13/Dec/2006:08:09:40 -0600] "POST /wp-comments-post.php HTTP/1.1" 404 - "-" "Mozilla/4.0 (compatible; MSIE 6.0; Windows NT 5.1; SV1; Maxthon)"
80.227.0.153 - - [13/Dec/2006:08:09:45 -0600] "POST /wp-comments-post.php HTTP/1.1" 404 - "-" "Mozilla/4.0 (compatible; MSIE 6.0; Windows NT 5.1; SV1; Maxthon)"
80.227.0.153 - - [13/Dec/2006:08:09:45 -0600] "POST /wp-comments-post.php HTTP/1.1" 404 - "-" "Mozilla/4.0 (compatible; MSIE 6.0; Windows NT 5.1; SV1; Maxthon)"
66.11.50.72 - - [13/Dec/2006:08:09:49 -0600] "POST /wp-comments-post.php HTTP/1.0" 404 - "-" "Mozilla/4.0 (compatible; MSIE 6.0; Windows NT 5.1; SV1; Maxthon)"
125.22.45.112 - - [13/Dec/2006:08:09:50 -0600] "POST /wp-comments-post.php HTTP/1.0" 404 - "-" "Mozilla/4.0 (compatible; MSIE 6.0; Windows NT 5.1; SV1; Maxthon)"
62.183.50.164 - - [13/Dec/2006:08:09:50 -0600] "POST /wp-comments-post.php HTTP/1.0" 404 - "-" "Mozilla/4.0 (compatible; MSIE 6.0; Windows NT 5.1; SV1; Maxthon)"
62.183.50.164 - - [13/Dec/2006:08:09:50 -0600] "POST /wp-comments-post.php HTTP/1.0" 404 - "-" "Mozilla/4.0 (compatible; MSIE 6.0; Windows NT 5.1; SV1; Maxthon)"
190.7.64.80 - - [13/Dec/2006:08:09:51 -0600] "POST /wp-comments-post.php HTTP/1.1" 404 - "-" "Mozilla/4.0 (compatible; MSIE 6.0; Windows NT 5.1; SV1; Maxthon)"
62.183.50.164 - - [13/Dec/2006:08:09:51 -0600] "POST /wp-comments-post.php HTTP/1.0" 404 - "-" "Mozilla/4.0 (compatible; MSIE 6.0; Windows NT 5.1; SV1; Maxthon)"
62.183.50.164 - - [13/Dec/2006:08:09:51 -0600] "POST /wp-comments-post.php HTTP/1.0" 404 - "-" "Mozilla/4.0 (compatible; MSIE 6.0; Windows NT 5.1; SV1; Maxthon)"
203.160.1.43 - - [13/Dec/2006:08:09:51 -0600] "POST /wp-comments-post.php HTTP/1.0" 404 - "-" "Mozilla/4.0 (compatible; MSIE 6.0; Windows NT 5.1; SV1; Maxthon)"
218.28.152.132 - - [13/Dec/2006:08:09:52 -0600] "POST /wp-comments-post.php HTTP/1.0" 404 - "-" "Mozilla/4.0 (compatible; MSIE 6.0; Windows NT 5.1; SV1; Maxthon)"
81.94.227.194 - - [13/Dec/2006:08:09:53 -0600] "POST /wp-comments-post.php HTTP/1.0" 404 - "-" "Mozilla/4.0 (compatible; MSIE 6.0; Windows NT 5.1; SV1; Maxthon)"
62.150.35.230 - - [13/Dec/2006:08:09:54 -0600] "POST /wp-comments-post.php HTTP/1.1" 404 - "-" "Mozilla/4.0 (compatible; MSIE 6.0; Windows NT 5.1; SV1; Maxthon)"
203.160.1.43 - - [13/Dec/2006:08:09:56 -0600] "POST /wp-comments-post.php HTTP/1.0" 404 - "-" "Mozilla/4.0 (compatible; MSIE 6.0; Windows NT 5.1; SV1; Maxthon)"
80.227.0.153 - - [13/Dec/2006:08:09:58 -0600] "POST /wp-comments-post.php HTTP/1.1" 404 - "-" "Mozilla/4.0 (compatible; MSIE 6.0; Windows NT 5.1; SV1; Maxthon)"
81.94.227.194 - - [13/Dec/2006:08:10:00 -0600] "POST /wp-comments-post.php HTTP/1.0" 404 - "-" "Mozilla/4.0 (compatible; MSIE 6.0; Windows NT 5.1; SV1; Maxthon)"
62.150.35.230 - - [13/Dec/2006:08:10:00 -0600] "POST /wp-comments-post.php HTTP/1.1" 404 - "-" "Mozilla/4.0 (compatible; MSIE 6.0; Windows NT 5.1; SV1; Maxthon)"
80.58.205.43 - - [13/Dec/2006:08:10:04 -0600] "POST http://www.foobar.com:80/wp-comments-post.php HTTP/1.0" 404 - "-" "Mozilla/4.0 (compatible; MSIE 6.0; Windows NT 5.1; SV1; Maxthon)"
125.22.45.112 - - [13/Dec/2006:08:10:04 -0600] "POST /wp-comments-post.php HTTP/1.0" 404 - "-" "Mozilla/4.0 (compatible; MSIE 6.0; Windows NT 5.1; SV1; Maxthon)"
72.32.59.213 - - [13/Dec/2006:08:10:04 -0600] "POST /wp-comments-post.php HTTP/1.1" 404 - "-" "Mozilla/4.0 (compatible; MSIE 6.0; Windows NT 5.1; SV1; Maxthon)"
62.183.50.164 - - [13/Dec/2006:08:10:05 -0600] "POST /wp-comments-post.php HTTP/1.0" 404 - "-" "Mozilla/4.0 (compatible; MSIE 6.0; Windows NT 5.1; SV1; Maxthon)"
62.150.35.230 - - [13/Dec/2006:08:10:09 -0600] "POST /wp-comments-post.php HTTP/1.1" 404 - "-" "Mozilla/4.0 (compatible; MSIE 6.0; Windows NT 5.1; SV1; Maxthon)"
80.58.205.43 - - [13/Dec/2006:08:10:11 -0600] "POST http://www.foobar.com:80/wp-comments-post.php HTTP/1.0" 404 - "-" "Mozilla/4.0 (compatible; MSIE 6.0; Windows NT 5.1; SV1; Maxthon)"
125.22.45.112 - - [13/Dec/2006:08:10:12 -0600] "POST /wp-comments-post.php HTTP/1.0" 404 - "-" "Mozilla/4.0 (compatible; MSIE 6.0; Windows NT 5.1; SV1; Maxthon)"
88.191.39.213 - - [13/Dec/2006:08:10:14 -0600] "POST /wp-comments-post.php HTTP/1.1" 404 - "-" "Mozilla/4.0 (compatible; MSIE 6.0; Windows NT 5.1; SV1; Maxthon)"
81.94.227.194 - - [13/Dec/2006:08:10:15 -0600] "POST /wp-comments-post.php HTTP/1.0" 404 - "-" "Mozilla/4.0 (compatible; MSIE 6.0; Windows NT 5.1; SV1; Maxthon)"
62.150.35.230 - - [13/Dec/2006:08:10:16 -0600] "POST /wp-comments-post.php HTTP/1.1" 404 - "-" "Mozilla/4.0 (compatible; MSIE 6.0; Windows NT 5.1; SV1; Maxthon)"
88.191.39.213 - - [13/Dec/2006:08:10:18 -0600] "POST /wp-comments-post.php HTTP/1.1" 404 - "-" "Mozilla/4.0 (compatible; MSIE 6.0; Windows NT 5.1; SV1; Maxthon)"
80.58.205.43 - - [13/Dec/2006:08:10:20 -0600] "POST http://www.foobar.com:80/wp-comments-post.php HTTP/1.0" 404 - "-" "Mozilla/4.0 (compatible; MSIE 6.0; Windows NT 5.1; SV1; Maxthon)"
88.191.39.214 - - [13/Dec/2006:08:10:20 -0600] "POST /wp-comments-post.php HTTP/1.1" 404 - "-" "Mozilla/4.0 (compatible; MSIE 6.0; Windows NT 5.1; SV1; Maxthon)"
82.137.247.131 - - [13/Dec/2006:08:10:22 -0600] "POST /wp-comments-post.php HTTP/1.1" 404 - "-" "Mozilla/4.0 (compatible; MSIE 6.0; Windows NT 5.1; SV1; Maxthon)"
218.28.152.132 - - [13/Dec/2006:08:10:22 -0600] "POST /wp-comments-post.php HTTP/1.0" 404 - "-" "Mozilla/4.0 (compatible; MSIE 6.0; Windows NT 5.1; SV1; Maxthon)"
62.150.35.230 - - [13/Dec/2006:08:10:23 -0600] "POST /wp-comments-post.php HTTP/1.1" 404 - "-" "Mozilla/4.0 (compatible; MSIE 6.0; Windows NT 5.1; SV1; Maxthon)"
88.191.39.213 - - [13/Dec/2006:08:10:26 -0600] "POST /wp-comments-post.php HTTP/1.1" 404 - "-" "Mozilla/4.0 (compatible; MSIE 6.0; Windows NT 5.1; SV1; Maxthon)"
125.22.45.112 - - [13/Dec/2006:08:10:27 -0600] "POST /wp-comments-post.php HTTP/1.0" 404 - "-" "Mozilla/4.0 (compatible; MSIE 6.0; Windows NT 5.1; SV1; Maxthon)"
60.191.80.30 - - [13/Dec/2006:08:10:28 -0600] "GET /archives/2004/01/29/back-from-frisco/ HTTP/1.1" 200 22882 "-" "OutfoxBot/0.5 (for internet experiments; http://; outfoxbot@gmail.com)"
140.121.135.124 - - [13/Dec/2006:08:10:28 -0600] "POST /wp-comments-post.php HTTP/1.0" 404 - "-" "Mozilla/4.0 (compatible; MSIE 6.0; Windows NT 5.1; SV1; Maxthon)"
80.227.0.153 - - [13/Dec/2006:08:10:30 -0600] "POST /wp-comments-post.php HTTP/1.1" 404 - "-" "Mozilla/4.0 (compatible; MSIE 6.0; Windows NT 5.1; SV1; Maxthon)"
88.191.39.214 - - [13/Dec/2006:08:10:35 -0600] "POST /wp-comments-post.php HTTP/1.1" 404 - "-" "Mozilla/4.0 (compatible; MSIE 6.0; Windows NT 5.1; SV1; Maxthon)"
62.183.50.164 - - [13/Dec/2006:08:10:39 -0600] "POST /wp-comments-post.php HTTP/1.0" 404 - "-" "Mozilla/4.0 (compatible; MSIE 6.0; Windows NT 5.1; SV1; Maxthon)"
88.191.39.213 - - [13/Dec/2006:08:10:40 -0600] "POST /wp-comments-post.php HTTP/1.1" 404 - "-" "Mozilla/4.0 (compatible; MSIE 6.0; Windows NT 5.1; SV1; Maxthon)"
80.58.205.43 - - [13/Dec/2006:08:10:42 -0600] "POST http://www.foobar.com:80/wp-comments-post.php HTTP/1.0" 404 - "-" "Mozilla/4.0 (compatible; MSIE 6.0; Windows NT 5.1; SV1; Maxthon)"
218.28.152.132 - - [13/Dec/2006:08:10:45 -0600] "POST /wp-comments-post.php HTTP/1.0" 404 - "-" "Mozilla/4.0 (compatible; MSIE 6.0; Windows NT 5.1; SV1; Maxthon)"
62.150.35.230 - - [13/Dec/2006:08:10:49 -0600] "POST /wp-comments-post.php HTTP/1.1" 404 - "-" "Mozilla/4.0 (compatible; MSIE 6.0; Windows NT 5.1; SV1; Maxthon)"
80.58.205.43 - - [13/Dec/2006:08:10:50 -0600] "POST http://www.foobar.com:80/wp-comments-post.php HTTP/1.0" 404 - "-" "Mozilla/4.0 (compatible; MSIE 6.0; Windows NT 5.1; SV1; Maxthon)"
125.22.45.112 - - [13/Dec/2006:08:10:51 -0600] "POST /wp-comments-post.php HTTP/1.0" 404 - "-" "Mozilla/4.0 (compatible; MSIE 6.0; Windows NT 5.1; SV1; Maxthon)"
81.94.227.194 - - [13/Dec/2006:08:10:52 -0600] "POST /wp-comments-post.php HTTP/1.0" 404 - "-" "Mozilla/4.0 (compatible; MSIE 6.0; Windows NT 5.1; SV1; Maxthon)"
62.150.35.230 - - [13/Dec/2006:08:10:55 -0600] "POST /wp-comments-post.php HTTP/1.1" 404 - "-" "Mozilla/4.0 (compatible; MSIE 6.0; Windows NT 5.1; SV1; Maxthon)"
217.130.78.71 - - [13/Dec/2006:08:10:58 -0600] "GET /feed/ HTTP/1.0" 304 0 "-" "Liferea/1.0.23 (Linux; es_ES.UTF-8; http://liferea.sf.net/)"
218.28.152.132 - - [13/Dec/2006:08:11:01 -0600] "POST /wp-comments-post.php HTTP/1.0" 404 - "-" "Mozilla/4.0 (compatible; MSIE 6.0; Windows NT 5.1; SV1; Maxthon)"
140.121.135.124 - - [13/Dec/2006:08:11:01 -0600] "POST /wp-comments-post.php HTTP/1.0" 404 - "-" "Mozilla/4.0 (compatible; MSIE 6.0; Windows NT 5.1; SV1; Maxthon)"
210.173.180.164 - - [13/Dec/2006:08:11:02 -0600] "GET /weblog/1073421448/index_html HTTP/1.1" 404 - "-" "ichiro/2.0 (http://help.goo.ne.jp/door/crawler.html)"
72.32.59.213 - - [13/Dec/2006:08:11:02 -0600] "POST /wp-comments-post.php HTTP/1.1" 404 - "-" "Mozilla/4.0 (compatible; MSIE 6.0; Windows NT 5.1; SV1; Maxthon)"
88.191.39.213 - - [13/Dec/2006:08:11:04 -0600] "POST /wp-comments-post.php HTTP/1.1" 404 - "-" "Mozilla/4.0 (compatible; MSIE 6.0; Windows NT 5.1; SV1; Maxthon)"
190.7.64.80 - - [13/Dec/2006:08:11:04 -0600] "POST /wp-comments-post.php HTTP/1.1" 404 - "-" "Mozilla/4.0 (compatible; MSIE 6.0; Windows NT 5.1; SV1; Maxthon)"
62.183.50.164 - - [13/Dec/2006:08:11:05 -0600] "POST /wp-comments-post.php HTTP/1.0" 404 - "-" "Mozilla/4.0 (compatible; MSIE 6.0; Windows NT 5.1; SV1; Maxthon)"
62.150.35.230 - - [13/Dec/2006:08:11:09 -0600] "POST /wp-comments-post.php HTTP/1.1" 404 - "-" "Mozilla/4.0 (compatible; MSIE 6.0; Windows NT 5.1; SV1; Maxthon)"
82.137.247.131 - - [13/Dec/2006:08:11:15 -0600] "POST /wp-comments-post.php HTTP/1.1" 404 - "-" "Mozilla/4.0 (compatible; MSIE 6.0; Windows NT 5.1; SV1; Maxthon)"
140.121.135.124 - - [13/Dec/2006:08:11:15 -0600] "POST /wp-comments-post.php HTTP/1.0" 404 - "-" "Mozilla/4.0 (compatible; MSIE 6.0; Windows NT 5.1; SV1; Maxthon)"
203.160.1.43 - - [13/Dec/2006:08:11:26 -0600] "POST /wp-comments-post.php HTTP/1.0" 404 - "-" "Mozilla/4.0 (compatible; MSIE 6.0; Windows NT 5.1; SV1; Maxthon)"
125.22.45.112 - - [13/Dec/2006:08:11:28 -0600] "POST /wp-comments-post.php HTTP/1.0" 404 - "-" "Mozilla/4.0 (compatible; MSIE 6.0; Windows NT 5.1; SV1; Maxthon)"
195.235.227.10 - - [13/Dec/2006:08:11:28 -0600] "GET / HTTP/1.0" 200 7888 "-" "Mozilla/5.0 (Windows; U; Windows NT 5.1; es-ES; rv:1.8.1) Gecko/20061010 Firefox/2.0"
195.235.227.10 - - [13/Dec/2006:08:11:29 -0600] "GET /wp-content/themes/default_es/style.css HTTP/1.0" 200 9885 "http://www.foobar.com/" "Mozilla/5.0 (Windows; U; Windows NT 5.1; es-ES; rv:1.8.1) Gecko/20061010 Firefox/2.0"
195.235.227.10 - - [13/Dec/2006:08:11:29 -0600] "GET / HTTP/1.0" 200 40932 "http://borjanet.com/" "Mozilla/5.0 (Windows; U; Windows NT 5.1; es-ES; rv:1.8.1) Gecko/20061010 Firefox/2.0"
195.235.227.10 - - [13/Dec/2006:08:11:30 -0600] "GET /wp-content/themes/default_es/images/kubrickbgcolor.jpg HTTP/1.0" 200 558 "http://www.foobar.com/" "Mozilla/5.0 (Windows; U; Windows NT 5.1; es-ES; rv:1.8.1) Gecko/20061010 Firefox/2.0"
195.235.227.10 - - [13/Dec/2006:08:11:30 -0600] "GET /uploads/pronunciacion.png HTTP/1.0" 200 2058 "http://www.foobar.com/" "Mozilla/5.0 (Windows; U; Windows NT 5.1; es-ES; rv:1.8.1) Gecko/20061010 Firefox/2.0"
195.235.227.10 - - [13/Dec/2006:08:11:30 -0600] "GET /wp-content/themes/default_es/images/kubrickbg.jpg HTTP/1.0" 200 1047 "http://www.foobar.com/" "Mozilla/5.0 (Windows; U; Windows NT 5.1; es-ES; rv:1.8.1) Gecko/20061010 Firefox/2.0"
195.235.227.10 - - [13/Dec/2006:08:11:30 -0600] "GET /wp-content/themes/default_es/images/borjanet.png HTTP/1.0" 200 16169 "http://www.foobar.com/" "Mozilla/5.0 (Windows; U; Windows NT 5.1; es-ES; rv:1.8.1) Gecko/20061010 Firefox/2.0"
195.235.227.10 - - [13/Dec/2006:08:11:30 -0600] "GET /wp-content/themes/default_es/images/kubrickheader.png HTTP/1.0" 200 3850 "http://www.foobar.com/" "Mozilla/5.0 (Windows; U; Windows NT 5.1; es-ES; rv:1.8.1) Gecko/20061010 Firefox/2.0"
195.235.227.10 - - [13/Dec/2006:08:11:31 -0600] "GET /wp-content/themes/default_es/images/kubrickfooter.jpg HTTP/1.0" 200 2601 "http://www.foobar.com/" "Mozilla/5.0 (Windows; U; Windows NT 5.1; es-ES; rv:1.8.1) Gecko/20061010 Firefox/2.0"
195.235.227.10 - - [13/Dec/2006:08:11:31 -0600] "GET /favicon.ico HTTP/1.0" 404 - "-" "Mozilla/5.0 (Windows; U; Windows NT 5.1; es-ES; rv:1.8.1) Gecko/20061010 Firefox/2.0"
80.227.0.153 - - [13/Dec/2006:08:11:34 -0600] "POST /wp-comments-post.php HTTP/1.1" 404 - "-" "Mozilla/4.0 (compatible; MSIE 6.0; Windows NT 5.1; SV1; Maxthon)"
82.137.247.131 - - [13/Dec/2006:08:11:37 -0600] "POST /wp-comments-post.php HTTP/1.1" 404 - "-" "Mozilla/4.0 (compatible; MSIE 6.0; Windows NT 5.1; SV1; Maxthon)"
80.25.75.50 - - [13/Dec/2006:08:12:14 -0600] "GET /archives/2003/08/24/australia-da-17-byron-bay/ HTTP/1.1" 200 15567 "http://www.google.es/search?hl=es&q=byron+bay&meta=lr%3Dlang_es" "Mozilla/4.0 (compatible; MSIE 6.0; Windows NT 5.1; SV1)"
80.25.75.50 - - [13/Dec/2006:08:12:14 -0600] "GET /wp-content/themes/default_es/style.css HTTP/1.1" 304 - "http://www.foobar.com/archives/2003/08/24/australia-da-17-byron-bay/" "Mozilla/4.0 (compatible; MSIE 6.0; Windows NT 5.1; SV1)"
80.25.75.50 - - [13/Dec/2006:08:12:15 -0600] "GET /wp-content/themes/default_es/images/borjanet.png HTTP/1.1" 304 - "http://www.foobar.com/archives/2003/08/24/australia-da-17-byron-bay/" "Mozilla/4.0 (compatible; MSIE 6.0; Windows NT 5.1; SV1)"
80.25.75.50 - - [13/Dec/2006:08:12:15 -0600] "GET /wp-content/themes/default_es/images/kubrickbgcolor.jpg HTTP/1.1" 304 - "http://www.foobar.com/archives/2003/08/24/australia-da-17-byron-bay/" "Mozilla/4.0 (compatible; MSIE 6.0; Windows NT 5.1; SV1)"
80.25.75.50 - - [13/Dec/2006:08:12:15 -0600] "GET /wp-content/themes/default_es/images/kubrickbgwide.jpg HTTP/1.1" 304 - "http://www.foobar.com/archives/2003/08/24/australia-da-17-byron-bay/" "Mozilla/4.0 (compatible; MSIE 6.0; Windows NT 5.1; SV1)"
80.25.75.50 - - [13/Dec/2006:08:12:16 -0600] "GET /wp-content/themes/default_es/images/kubrickheader.png HTTP/1.1" 304 - "http://www.foobar.com/archives/2003/08/24/australia-da-17-byron-bay/" "Mozilla/4.0 (compatible; MSIE 6.0; Windows NT 5.1; SV1)"
80.25.75.50 - - [13/Dec/2006:08:12:16 -0600] "GET /wp-content/themes/default_es/images/kubrickfooter.jpg HTTP/1.1" 304 - "http://www.foobar.com/archives/2003/08/24/australia-da-17-byron-bay/" "Mozilla/4.0 (compatible; MSIE 6.0; Windows NT 5.1; SV1)"
210.173.180.164 - - [13/Dec/2006:08:12:23 -0600] "GET /archives/2004/06/29/la-creciente-blogosfera-deustense/feed/ HTTP/1.1" 200 11311 "-" "ichiro/2.0 (http://help.goo.ne.jp/door/crawler.html)"
88.3.125.33 - - [13/Dec/2006:08:12:30 -0600] "GET /archives/2003/03/19/la-quiniela-de-los-oscars/ HTTP/1.1" 200 17008 "-" "Mozilla/4.0 (compatible; MSIE 6.0; Windows NT 5.1; SV1; .NET CLR 1.1.4322)"
84.122.63.204 - - [13/Dec/2006:08:13:08 -0600] "GET /uploads/Family_guy_logo.png HTTP/1.1" 404 - "http://paratirar.blogspot.com/" "Mozilla/5.0 (Windows; U; Windows NT 5.1; es-ES; rv:1.8.1) Gecko/20061010 Firefox/2.0"
38.102.128.140 - - [13/Dec/2006:08:13:50 -0600] "GET /feed/rss2 HTTP/1.1" 304 0 "-" "Mozilla/5.0 (X11; U; Linux i686; en-US; rv:1.2.1; Rojo 1.0; http://www.rojo.com/corporate/help/agg/; Aggregating on behalf of 1 subscriber(s) online at http://www.rojo.com/?feed-id=2478579) Gecko/20021130"
72.14.199.5 - - [13/Dec/2006:08:14:00 -0600] "GET /feed/rss2 HTTP/1.1" 304 0 "-" "Feedfetcher-Google; (+http://www.google.com/feedfetcher.html)"
203.130.240.243 - - [13/Dec/2006:08:14:07 -0600] "POST /wp-comments-post.php HTTP/1.0" 200 - "-" "Mozilla/4.0 (compatible; MSIE 6.0; Windows NT 5.1; SV1; Maxthon)"
64.181.43.7 - - [13/Dec/2006:08:14:09 -0600] "POST /wp-comments-post.php HTTP/1.1" 200 - "-" "Mozilla/4.0 (compatible; MSIE 6.0; Windows NT 5.1; SV1; Maxthon)"
64.181.43.7 - - [13/Dec/2006:08:14:14 -0600] "POST /wp-comments-post.php HTTP/1.1" 200 - "-" "Mozilla/4.0 (compatible; MSIE 6.0; Windows NT 5.1; SV1; Maxthon)"
64.181.43.7 - - [13/Dec/2006:08:14:15 -0600] "POST /wp-comments-post.php HTTP/1.1" 200 - "-" "Mozilla/4.0 (compatible; MSIE 6.0; Windows NT 5.1; SV1; Maxthon)"
195.27.215.89 - - [13/Dec/2006:08:14:15 -0600] "GET /archives/2005/06/page/2/ HTTP/1.0" 200 30512 "-" "Seekbot/1.0 (http://www.seekbot.net/bot.html) HTTPFetcher/0.3"
148.233.159.24 - - [13/Dec/2006:08:14:20 -0600] "POST /wp-comments-post.php HTTP/1.1" 200 - "-" "Mozilla/4.0 (compatible; MSIE 6.0; Windows NT 5.1; SV1; Maxthon)"
200.96.192.149 - - [13/Dec/2006:08:14:21 -0600] "POST /wp-comments-post.php HTTP/1.0" 200 - "-" "Mozilla/4.0 (compatible; MSIE 6.0; Windows NT 5.1; SV1; Maxthon)"
203.130.240.243 - - [13/Dec/2006:08:14:25 -0600] "POST /wp-comments-post.php HTTP/1.0" 200 - "-" "Mozilla/4.0 (compatible; MSIE 6.0; Windows NT 5.1; SV1; Maxthon)"
161.53.9.39 - - [13/Dec/2006:08:14:27 -0600] "POST /wp-comments-post.php HTTP/1.0" 200 - "-" "Mozilla/4.0 (compatible; MSIE 6.0; Windows NT 5.1; SV1; Maxthon)"
210.173.180.164 - - [13/Dec/2006:08:14:27 -0600] "GET /archives/2004/06/25/ya-tengo-piso-en-chicago/feed/ HTTP/1.1" 200 4575 "-" "ichiro/2.0 (http://help.goo.ne.jp/door/crawler.html)"
80.25.75.50 - - [13/Dec/2006:08:14:27 -0600] "GET /archives/2003/08/24/australia-da-17-byron-bay/ HTTP/1.1" 200 15563 "http://www.google.es/search?hl=es&q=byron+bay&meta=lr%3Dlang_es" "Mozilla/4.0 (compatible; MSIE 6.0; Windows NT 5.1; SV1)"
82.137.247.131 - - [13/Dec/2006:08:14:28 -0600] "POST /wp-comments-post.php HTTP/1.1" 200 - "-" "Mozilla/4.0 (compatible; MSIE 6.0; Windows NT 5.1; SV1; Maxthon)"
148.233.159.24 - - [13/Dec/2006:08:14:31 -0600] "POST /wp-comments-post.php HTTP/1.1" 200 - "-" "Mozilla/4.0 (compatible; MSIE 6.0; Windows NT 5.1; SV1; Maxthon)"
161.53.9.39 - - [13/Dec/2006:08:14:31 -0600] "POST /wp-comments-post.php HTTP/1.0" 200 - "-" "Mozilla/4.0 (compatible; MSIE 6.0; Windows NT 5.1; SV1; Maxthon)"
200.167.230.39 - - [13/Dec/2006:08:14:33 -0600] "POST /wp-comments-post.php HTTP/1.0" 200 - "-" "Mozilla/4.0 (compatible; MSIE 6.0; Windows NT 5.1; SV1; Maxthon)"
200.167.230.39 - - [13/Dec/2006:08:14:33 -0600] "POST /wp-comments-post.php HTTP/1.0" 200 - "-" "Mozilla/4.0 (compatible; MSIE 6.0; Windows NT 5.1; SV1; Maxthon)"
200.167.230.39 - - [13/Dec/2006:08:14:34 -0600] "POST /wp-comments-post.php HTTP/1.0" 200 - "-" "Mozilla/4.0 (compatible; MSIE 6.0; Windows NT 5.1; SV1; Maxthon)"
148.233.159.24 - - [13/Dec/2006:08:14:36 -0600] "POST /wp-comments-post.php HTTP/1.1" 200 - "-" "Mozilla/4.0 (compatible; MSIE 6.0; Windows NT 5.1; SV1; Maxthon)"
64.181.43.7 - - [13/Dec/2006:08:14:37 -0600] "POST /wp-comments-post.php HTTP/1.1" 200 - "-" "Mozilla/4.0 (compatible; MSIE 6.0; Windows NT 5.1; SV1; Maxthon)"
203.130.240.243 - - [13/Dec/2006:08:14:38 -0600] "POST /wp-comments-post.php HTTP/1.0" 200 - "-" "Mozilla/4.0 (compatible; MSIE 6.0; Windows NT 5.1; SV1; Maxthon)"
82.137.247.131 - - [13/Dec/2006:08:14:43 -0600] "POST /wp-comments-post.php HTTP/1.1" 200 - "-" "Mozilla/4.0 (compatible; MSIE 6.0; Windows NT 5.1; SV1; Maxthon)"
148.233.159.24 - - [13/Dec/2006:08:14:43 -0600] "POST /wp-comments-post.php HTTP/1.1" 200 - "-" "Mozilla/4.0 (compatible; MSIE 6.0; Windows NT 5.1; SV1; Maxthon)"
217.153.32.42 - - [13/Dec/2006:08:14:44 -0600] "POST /wp-comments-post.php HTTP/1.0" 200 - "-" "Mozilla/4.0 (compatible; MSIE 6.0; Windows NT 5.1; SV1; Maxthon)"
200.167.230.39 - - [13/Dec/2006:08:14:44 -0600] "POST /wp-comments-post.php HTTP/1.0" 200 - "-" "Mozilla/4.0 (compatible; MSIE 6.0; Windows NT 5.1; SV1; Maxthon)"
200.215.32.10 - - [13/Dec/2006:08:14:47 -0600] "POST /wp-comments-post.php HTTP/1.0" 200 - "-" "Mozilla/4.0 (compatible; MSIE 6.0; Windows NT 5.1; SV1; Maxthon)"
203.162.89.61 - - [13/Dec/2006:08:14:48 -0600] "POST /wp-comments-post.php HTTP/1.0" 200 - "-" "Mozilla/4.0 (compatible; MSIE 6.0; Windows NT 5.1; SV1; Maxthon)"
65.214.44.29 - - [13/Dec/2006:08:14:50 -0600] "GET /feed/ HTTP/1.1" 304 0 "-" "Bloglines/3.1 (http://www.bloglines.com; 8 subscribers)"
82.137.247.131 - - [13/Dec/2006:08:14:50 -0600] "POST /wp-comments-post.php HTTP/1.1" 200 - "-" "Mozilla/4.0 (compatible; MSIE 6.0; Windows NT 5.1; SV1; Maxthon)"
65.214.44.29 - - [13/Dec/2006:08:14:52 -0600] "GET /feed/atom/ HTTP/1.1" 304 0 "-" "Bloglines/3.1 (http://www.bloglines.com; 4 subscribers)"
161.53.9.39 - - [13/Dec/2006:08:14:54 -0600] "POST /wp-comments-post.php HTTP/1.0" 200 - "-" "Mozilla/4.0 (compatible; MSIE 6.0; Windows NT 5.1; SV1; Maxthon)"
217.153.32.42 - - [13/Dec/2006:08:14:55 -0600] "POST /wp-comments-post.php HTTP/1.0" 200 - "-" "Mozilla/4.0 (compatible; MSIE 6.0; Windows NT 5.1; SV1; Maxthon)"
82.137.247.131 - - [13/Dec/2006:08:14:59 -0600] "POST /wp-comments-post.php HTTP/1.1" 200 - "-" "Mozilla/4.0 (compatible; MSIE 6.0; Windows NT 5.1; SV1; Maxthon)"
203.130.240.243 - - [13/Dec/2006:08:15:00 -0600] "POST /wp-comments-post.php HTTP/1.0" 200 - "-" "Mozilla/4.0 (compatible; MSIE 6.0; Windows NT 5.1; SV1; Maxthon)"
161.53.9.39 - - [13/Dec/2006:08:15:01 -0600] "POST /wp-comments-post.php HTTP/1.0" 200 - "-" "Mozilla/4.0 (compatible; MSIE 6.0; Windows NT 5.1; SV1; Maxthon)"
200.167.230.39 - - [13/Dec/2006:08:15:02 -0600] "POST /wp-comments-post.php HTTP/1.0" 200 - "-" "Mozilla/4.0 (compatible; MSIE 6.0; Windows NT 5.1; SV1; Maxthon)"
161.53.9.39 - - [13/Dec/2006:08:15:05 -0600] "POST /wp-comments-post.php HTTP/1.0" 200 - "-" "Mozilla/4.0 (compatible; MSIE 6.0; Windows NT 5.1; SV1; Maxthon)"
64.181.43.7 - - [13/Dec/2006:08:15:06 -0600] "POST /wp-comments-post.php HTTP/1.1" 200 - "-" "Mozilla/4.0 (compatible; MSIE 6.0; Windows NT 5.1; SV1; Maxthon)"
200.96.192.149 - - [13/Dec/2006:08:15:07 -0600] "POST /wp-comments-post.php HTTP/1.0" 200 - "-" "Mozilla/4.0 (compatible; MSIE 6.0; Windows NT 5.1; SV1; Maxthon)"
82.137.247.131 - - [13/Dec/2006:08:15:08 -0600] "POST /wp-comments-post.php HTTP/1.1" 200 - "-" "Mozilla/4.0 (compatible; MSIE 6.0; Windows NT 5.1; SV1; Maxthon)"
89.171.82.36 - - [13/Dec/2006:08:15:09 -0600] "POST /wp-comments-post.php HTTP/1.0" 200 - "-" "Mozilla/4.0 (compatible; MSIE 6.0; Windows NT 5.1; SV1; Maxthon)"
82.137.247.131 - - [13/Dec/2006:08:15:13 -0600] "POST /wp-comments-post.php HTTP/1.1" 200 - "-" "Mozilla/4.0 (compatible; MSIE 6.0; Windows NT 5.1; SV1; Maxthon)"
203.130.240.243 - - [13/Dec/2006:08:15:19 -0600] "POST /wp-comments-post.php HTTP/1.0" 200 - "-" "Mozilla/4.0 (compatible; MSIE 6.0; Windows NT 5.1; SV1; Maxthon)"
161.53.9.39 - - [13/Dec/2006:08:15:22 -0600] "POST /wp-comments-post.php HTTP/1.0" 200 - "-" "Mozilla/4.0 (compatible; MSIE 6.0; Windows NT 5.1; SV1; Maxthon)"
217.153.32.42 - - [13/Dec/2006:08:15:24 -0600] "POST /wp-comments-post.php HTTP/1.0" 200 - "-" "Mozilla/4.0 (compatible; MSIE 6.0; Windows NT 5.1; SV1; Maxthon)"
200.96.192.149 - - [13/Dec/2006:08:15:24 -0600] "POST /wp-comments-post.php HTTP/1.0" 200 - "-" "Mozilla/4.0 (compatible; MSIE 6.0; Windows NT 5.1; SV1; Maxthon)"
148.233.159.24 - - [13/Dec/2006:08:15:25 -0600] "POST /wp-comments-post.php HTTP/1.1" 200 - "-" "Mozilla/4.0 (compatible; MSIE 6.0; Windows NT 5.1; SV1; Maxthon)"
200.215.32.10 - - [13/Dec/2006:08:15:26 -0600] "POST /wp-comments-post.php HTTP/1.0" 200 - "-" "Mozilla/4.0 (compatible; MSIE 6.0; Windows NT 5.1; SV1; Maxthon)"
200.96.192.149 - - [13/Dec/2006:08:15:31 -0600] "POST /wp-comments-post.php HTTP/1.0" 200 - "-" "Mozilla/4.0 (compatible; MSIE 6.0; Windows NT 5.1; SV1; Maxthon)"
200.167.230.39 - - [13/Dec/2006:08:15:37 -0600] "POST /wp-comments-post.php HTTP/1.0" 200 - "-" "Mozilla/4.0 (compatible; MSIE 6.0; Windows NT 5.1; SV1; Maxthon)"
82.137.247.131 - - [13/Dec/2006:08:15:39 -0600] "POST /wp-comments-post.php HTTP/1.1" 200 - "-" "Mozilla/4.0 (compatible; MSIE 6.0; Windows NT 5.1; SV1; Maxthon)"
217.153.32.42 - - [13/Dec/2006:08:15:46 -0600] "POST /wp-comments-post.php HTTP/1.0" 200 - "-" "Mozilla/4.0 (compatible; MSIE 6.0; Windows NT 5.1; SV1; Maxthon)"
210.173.180.164 - - [13/Dec/2006:08:15:46 -0600] "GET /archives/2004/06/20/mr-keynote-speaker/ HTTP/1.1" 200 24112 "-" "ichiro/2.0 (http://help.goo.ne.jp/door/crawler.html)"
200.215.32.10 - - [13/Dec/2006:08:15:48 -0600] "POST /wp-comments-post.php HTTP/1.0" 200 - "-" "Mozilla/4.0 (compatible; MSIE 6.0; Windows NT 5.1; SV1; Maxthon)"
161.53.9.39 - - [13/Dec/2006:08:15:53 -0600] "POST /wp-comments-post.php HTTP/1.0" 200 - "-" "Mozilla/4.0 (compatible; MSIE 6.0; Windows NT 5.1; SV1; Maxthon)"
203.130.240.243 - - [13/Dec/2006:08:15:55 -0600] "POST /wp-comments-post.php HTTP/1.0" 200 - "-" "Mozilla/4.0 (compatible; MSIE 6.0; Windows NT 5.1; SV1; Maxthon)"
64.181.43.7 - - [13/Dec/2006:08:16:01 -0600] "POST /wp-comments-post.php HTTP/1.1" 200 - "-" "Mozilla/4.0 (compatible; MSIE 6.0; Windows NT 5.1; SV1; Maxthon)"
64.181.43.7 - - [13/Dec/2006:08:16:04 -0600] "POST /wp-comments-post.php HTTP/1.1" 200 - "-" "Mozilla/4.0 (compatible; MSIE 6.0; Windows NT 5.1; SV1; Maxthon)"
200.215.32.10 - - [13/Dec/2006:08:16:07 -0600] "POST /wp-comments-post.php HTTP/1.0" 200 - "-" "Mozilla/4.0 (compatible; MSIE 6.0; Windows NT 5.1; SV1; Maxthon)"
82.137.247.131 - - [13/Dec/2006:08:16:08 -0600] "POST /wp-comments-post.php HTTP/1.1" 200 - "-" "Mozilla/4.0 (compatible; MSIE 6.0; Windows NT 5.1; SV1; Maxthon)"
200.167.230.39 - - [13/Dec/2006:08:16:13 -0600] "POST /wp-comments-post.php HTTP/1.0" 200 - "-" "Mozilla/4.0 (compatible; MSIE 6.0; Windows NT 5.1; SV1; Maxthon)"
64.181.43.7 - - [13/Dec/2006:08:16:16 -0600] "POST /wp-comments-post.php HTTP/1.1" 200 - "-" "Mozilla/4.0 (compatible; MSIE 6.0; Windows NT 5.1; SV1; Maxthon)"
200.96.192.149 - - [13/Dec/2006:08:16:18 -0600] "POST /wp-comments-post.php HTTP/1.0" 200 - "-" "Mozilla/4.0 (compatible; MSIE 6.0; Windows NT 5.1; SV1; Maxthon)"
217.153.32.42 - - [13/Dec/2006:08:16:23 -0600] "POST /wp-comments-post.php HTTP/1.0" 200 - "-" "Mozilla/4.0 (compatible; MSIE 6.0; Windows NT 5.1; SV1; Maxthon)"
81.7.87.242 - - [13/Dec/2006:08:16:23 -0600] "POST /wp-comments-post.php HTTP/1.0" 200 - "-" "Mozilla/4.0 (compatible; MSIE 6.0; Windows NT 5.1; SV1; Maxthon)"
62.81.27.241 - - [13/Dec/2006:08:16:55 -0600] "GET /feed/ HTTP/1.0" 304 0 "-" "Mozilla/5.0 (Windows; U; Windows NT 5.1; es-ES; rv:1.8.1) Gecko/20061010 Firefox/2.0"
64.181.43.7 - - [13/Dec/2006:08:17:02 -0600] "POST /wp-comments-post.php HTTP/1.1" 200 - "-" "Mozilla/4.0 (compatible; MSIE 6.0; Windows NT 5.1; SV1; Maxthon)"
210.173.180.164 - - [13/Dec/2006:08:17:07 -0600] "GET /archives/2004/06/22/adios-a-los-hierros/feed/ HTTP/1.1" 200 12706 "-" "ichiro/2.0 (http://help.goo.ne.jp/door/crawler.html)"
84.121.245.29 - - [13/Dec/2006:08:17:38 -0600] "GET /uploads/Family_guy_logo.png HTTP/1.1" 404 - "http://zonaforo.meristation.com/foros/viewtopic.php?t=657392" "Mozilla/5.0 (Windows; U; Windows NT 5.1; es-ES; rv:1.8.1) Gecko/20061010 Firefox/2.0"
80.224.29.161 - - [13/Dec/2006:08:18:13 -0600] "GET /feed/ HTTP/1.0" 304 0 "-" "Liferea/1.0.26 (Linux; http://liferea.sf.net/)"
210.173.180.164 - - [13/Dec/2006:08:18:23 -0600] "GET /weblog/1063815896/index_html HTTP/1.1" 404 - "-" "ichiro/2.0 (http://help.goo.ne.jp/door/crawler.html)"
81.37.220.68 - - [13/Dec/2006:08:18:26 -0600] "GET /feed HTTP/1.0" 304 0 "-" "Liferea/1.0.23 (Linux; es_ES.UTF-8; http://liferea.sf.net/)"
201.228.121.110 - - [13/Dec/2006:08:18:38 -0600] "GET /favicon.ico HTTP/1.1" 404 - "-" "Mozilla/5.0 (Windows; U; Windows NT 5.1; es-AR; rv:1.8.0.8) Gecko/20061025 Firefox/1.5.0.8"
74.6.69.42 - - [13/Dec/2006:08:19:05 -0600] "GET /archives/2004/09/13/fotos-con-lectores-de-borjanet/feed HTTP/1.0" 200 7851 "-" "Mozilla/5.0 (compatible; Yahoo! Slurp; http://help.yahoo.com/help/us/ysearch/slurp)"
210.173.180.164 - - [13/Dec/2006:08:19:40 -0600] "GET /weblog/1079724030/index_html HTTP/1.1" 404 - "-" "ichiro/2.0 (http://help.goo.ne.jp/door/crawler.html)"
201.228.121.110 - - [13/Dec/2006:08:20:31 -0600] "GET /favicon.ico HTTP/1.1" 404 - "-" "Mozilla/5.0 (Windows; U; Windows NT 5.1; es-AR; rv:1.8.0.8) Gecko/20061025 Firefox/1.5.0.8"
85.85.12.22 - - [13/Dec/2006:08:21:08 -0600] "GET /feed/ HTTP/1.1" 200 10763 "-" "Mozilla/5.0 (X11; U; Linux i686; es-ES; rv:1.7.13) Gecko/20060411 Firefox/1.0.8 SUSE/1.0.8-0.2"
72.14.199.5 - - [13/Dec/2006:08:21:08 -0600] "GET /archives/2006/04/10/hay-que-ser-muy-friki/feed/ HTTP/1.1" 200 10724 "-" "Feedfetcher-Google; (+http://www.google.com/feedfetcher.html)"
195.27.215.89 - - [13/Dec/2006:08:21:09 -0600] "GET /archives/2005/07/01/google-satellite-maps-de-chicago/ HTTP/1.0" 200 16177 "-" "Seekbot/1.0 (http://www.seekbot.net/bot.html) HTTPFetcher/0.3"
81.35.111.142 - - [13/Dec/2006:08:21:23 -0600] "GET /feed/ HTTP/1.1" 304 0 "-" "Mozilla/5.0 (X11; U; Linux i686; en-US; rv:1.8.0.5) Gecko/20060731 Ubuntu/dapper-security Firefox/1.5.0.5"
210.173.180.164 - - [13/Dec/2006:08:21:46 -0600] "GET /weblog/1051648285/index_html HTTP/1.1" 404 - "-" "ichiro/2.0 (http://help.goo.ne.jp/door/crawler.html)"
58.22.131.13 - - [13/Dec/2006:08:22:50 -0600] "GET /archives/2005/07/06/jetlag-sux-p HTTP/1.1" 200 19767 "-" "Mozilla/4.0 (compatible; MSIE 5.0; Windows NT)"
198.37.25.204 - - [13/Dec/2006:08:22:52 -0600] "GET /feed/ HTTP/1.1" 304 0 "-" "Mozilla/5.0 (Macintosh; U; PPC Mac OS X; en-us) AppleWebKit/412 (KHTML, like Gecko) Safari/412"
58.22.131.13 - - [13/Dec/2006:08:23:01 -0600] "GET / HTTP/1.1" 200 41047 "-" "Mozilla/4.0 (compatible; MSIE 5.0; Windows NT)"
80.25.75.50 - - [13/Dec/2006:08:23:02 -0600] "GET /archives/category/viajes/2003-australia/page/2/ HTTP/1.1" 200 32544 "http://www.google.es/search?q=byron+bay&hl=es&lr=lang_es&start=10&sa=N" "Mozilla/4.0 (compatible; MSIE 6.0; Windows NT 5.1; SV1)"
80.25.75.50 - - [13/Dec/2006:08:23:02 -0600] "GET /wp-content/themes/default_es/images/kubrickbg.jpg HTTP/1.1" 200 1047 "http://www.foobar.com/archives/category/viajes/2003-australia/page/2/" "Mozilla/4.0 (compatible; MSIE 6.0; Windows NT 5.1; SV1)"
75.34.9.255 - - [13/Dec/2006:08:23:29 -0600] "GET /feed/atom/ HTTP/1.1" 304 0 "-" "NetNewsWire/2.1.1 (Mac OS X; Lite; http://ranchero.com/netnewswire/)"
75.34.9.255 - - [13/Dec/2006:08:23:38 -0600] "GET /feed/atom/ HTTP/1.1" 304 0 "-" "NetNewsWire/2.1.1 (Mac OS X; Lite; http://ranchero.com/netnewswire/)"
210.173.180.164 - - [13/Dec/2006:08:23:38 -0600] "GET /weblog/1049916203/index_html HTTP/1.1" 404 - "-" "ichiro/2.0 (http://help.goo.ne.jp/door/crawler.html)"
72.14.199.5 - - [13/Dec/2006:08:23:59 -0600] "GET /feed/ HTTP/1.1" 304 0 "-" "Feedfetcher-Google; (+http://www.google.com/feedfetcher.html)"
68.94.9.8 - - [13/Dec/2006:08:24:11 -0600] "GET /uploads/Family_guy_logo.png HTTP/1.1" 404 - "http://profile.myspace.com/index.cfm?fuseaction=user.viewprofile&friendid=7634449" "Mozilla/4.0 (compatible; MSIE 7.0; Windows NT 5.1; YPC 3.2.0; FunWebProducts; .NET CLR 1.0.3705; IEMB3; IEMB3; yplus 5.1.02b)"
80.25.75.50 - - [13/Dec/2006:08:24:15 -0600] "GET /archives/category/viajes/2003-australia/page/1/ HTTP/1.1" 200 32043 "http://www.foobar.com/archives/category/viajes/2003-australia/page/2/" "Mozilla/4.0 (compatible; MSIE 6.0; Windows NT 5.1; SV1)"
213.97.176.44 - - [13/Dec/2006:08:24:17 -0600] "GET /feed/rss2/ HTTP/1.1" 304 0 "-" "Mozilla/5.0 (Macintosh; U; PPC Mac OS X Mach-O; es-AR; rv:1.8.1) Gecko/20061010 Firefox/2.0"
80.25.75.50 - - [13/Dec/2006:08:24:27 -0600] "GET /archives/2003/08/30/fotos-de-australia/ HTTP/1.1" 200 14540 "http://www.foobar.com/archives/category/viajes/2003-australia/page/1/" "Mozilla/4.0 (compatible; MSIE 6.0; Windows NT 5.1; SV1)"
65.125.73.4 - - [13/Dec/2006:08:24:33 -0600] "GET /uploads/Family_guy_logo.png HTTP/1.0" 404 - "http://images.google.fr/imgres?imgurl=http://www.foobar.com/uploads/Family_guy_logo.png&imgrefurl=http://www.foobar.com/archives/2006/01/19/television-americana/&h=189&w=300&sz=28&tbnid=qlC6Gq_pQxf_tM:&tbnh=73&tbnw=116&hl=fr&prev=/images%3Fq%3DFAMILY%2BGUY%26start%3D140%26ndsp%3D20%26svnum%3D10%26hl%3Dfr%26lr%3D%26sa%3DN&frame=small" "Mozilla/4.0 (compatible; MSIE 6.0; Windows NT 5.1; SV1)"
65.125.73.4 - - [13/Dec/2006:08:24:35 -0600] "GET /archives/2006/01/19/television-americana/ HTTP/1.0" 200 22405 "http://images.google.fr/imgres?imgurl=http://www.foobar.com/uploads/Family_guy_logo.png&imgrefurl=http://www.foobar.com/archives/2006/01/19/television-americana/&h=189&w=300&sz=28&hl=fr&start=142&tbnid=qlC6Gq_pQxf_tM:&tbnh=73&tbnw=116&prev=/images%3Fq%3DFAMILY%2BGUY%26start%3D140%26ndsp%3D20%26svnum%3D10%26hl%3Dfr%26lr%3D%26sa%3DN" "Mozilla/4.0 (compatible; MSIE 6.0; Windows NT 5.1; SV1)"
213.97.131.216 - - [13/Dec/2006:08:24:49 -0600] "GET /feed/atom/ HTTP/1.1" 304 0 "-" "NetNewsWire/2.1.1 (Mac OS X; Lite; http://ranchero.com/netnewswire/)"
64.12.117.11 - - [13/Dec/2006:08:24:50 -0600] "HEAD /uploads/whoseline.jpg HTTP/1.1" 200 0 "-" "Mozilla/4.0 (compatible; MSIE 6.0; AOL 9.0; Windows NT 5.1; SV1)"
60.191.80.30 - - [13/Dec/2006:08:25:07 -0600] "GET /archives/2005/08/24/que-noche-mas-friki/ HTTP/1.1" 200 16569 "-" "OutfoxBot/0.5 (for internet experiments; http://; outfoxbot@gmail.com)"
81.38.8.216 - - [13/Dec/2006:08:25:24 -0600] "GET /feed/ HTTP/1.1" 304 0 "-" "Akregator/1.2.5; librss/remnants"
62.57.176.96 - - [13/Dec/2006:08:25:32 -0600] "GET /feed/ HTTP/1.1" 200 10763 "-" "Mozilla/5.0 (Windows; U; Windows NT 5.1; es-ES; rv:1.8.0.8) Gecko/20061025 Thunderbird/1.5.0.8"
80.39.99.91 - - [13/Dec/2006:08:26:30 -0600] "GET /wp-content/themes/default_es/style.css HTTP/1.1" 200 9885 "http://www.foobar.com/archives/2005/10/17/magdalenas/" "Mozilla/4.0 (compatible; MSIE 6.0; Windows NT 5.1; SV1)"
80.39.99.91 - - [13/Dec/2006:08:26:32 -0600] "GET /wp-content/themes/default_es/images/borjanet.png HTTP/1.1" 200 16169 "http://www.foobar.com/archives/2005/10/17/magdalenas/" "Mozilla/4.0 (compatible; MSIE 6.0; Windows NT 5.1; SV1)"
80.39.99.91 - - [13/Dec/2006:08:26:32 -0600] "GET /wp-content/themes/default_es/images/kubrickbgcolor.jpg HTTP/1.1" 200 558 "http://www.foobar.com/archives/2005/10/17/magdalenas/" "Mozilla/4.0 (compatible; MSIE 6.0; Windows NT 5.1; SV1)"
80.39.99.91 - - [13/Dec/2006:08:26:32 -0600] "GET /wp-content/themes/default_es/images/kubrickbgwide.jpg HTTP/1.1" 200 1020 "http://www.foobar.com/archives/2005/10/17/magdalenas/" "Mozilla/4.0 (compatible; MSIE 6.0; Windows NT 5.1; SV1)"
80.39.99.91 - - [13/Dec/2006:08:26:32 -0600] "GET /archives/2005/10/17/magdalenas/ HTTP/1.1" 200 25636 "http://www.google.es/search?hl=es&q=MAGDALENAS+RECETAS&meta=" "Mozilla/4.0 (compatible; MSIE 6.0; Windows NT 5.1; SV1)"
80.39.99.91 - - [13/Dec/2006:08:26:33 -0600] "GET /wp-content/themes/default_es/images/kubrickheader.png HTTP/1.1" 200 3850 "http://www.foobar.com/archives/2005/10/17/magdalenas/" "Mozilla/4.0 (compatible; MSIE 6.0; Windows NT 5.1; SV1)"
80.39.99.91 - - [13/Dec/2006:08:26:33 -0600] "GET /wp-content/themes/default_es/images/kubrickfooter.jpg HTTP/1.1" 200 2601 "http://www.foobar.com/archives/2005/10/17/magdalenas/" "Mozilla/4.0 (compatible; MSIE 6.0; Windows NT 5.1; SV1)"
81.202.208.214 - - [13/Dec/2006:08:26:34 -0600] "GET /favicon.ico HTTP/1.1" 404 - "http://www.netvibes.com/" "Mozilla/5.0 (Windows; U; Windows NT 5.1; es-ES; rv:1.8.0.8) Gecko/20061025 Firefox/1.5.0.8"
80.58.205.56 - - [13/Dec/2006:08:26:42 -0600] "GET /uploads/Family_guy_logo.png HTTP/1.1" 404 - "http://paratirar.blogspot.com/" "Mozilla/5.0 (Windows; U; Windows NT 5.1; es-ES; rv:1.8.1) Gecko/20061010 Firefox/2.0"
210.173.180.164 - - [13/Dec/2006:08:26:42 -0600] "GET /archives/2004/05/10/menuda-semanita/feed/ HTTP/1.1" 200 8911 "-" "ichiro/2.0 (http://help.goo.ne.jp/door/crawler.html)"
83.165.119.80 - - [13/Dec/2006:08:27:12 -0600] "GET /wp-content/themes/default_es/style.css HTTP/1.1" 200 9885 "http://www.foobar.com/archives/2004/09/27/chili-con-carne/" "Mozilla/4.0 (compatible; MSIE 6.0; Windows NT 5.1; SV1)"
83.165.119.80 - - [13/Dec/2006:08:27:12 -0600] "GET /archives/2004/09/27/chili-con-carne/ HTTP/1.1" 200 22226 "http://www.google.es/search?hl=es&q=chili+con+carne&meta=" "Mozilla/4.0 (compatible; MSIE 6.0; Windows NT 5.1; SV1)"
83.165.119.80 - - [13/Dec/2006:08:27:12 -0600] "GET /favicon.ico HTTP/1.1" 404 - "-" "Mozilla/4.0 (compatible; MSIE 6.0; Windows NT 5.1; SV1)"
83.165.119.80 - - [13/Dec/2006:08:27:12 -0600] "GET /wp-content/themes/default_es/images/kubrickbgcolor.jpg HTTP/1.1" 200 558 "http://www.foobar.com/archives/2004/09/27/chili-con-carne/" "Mozilla/4.0 (compatible; MSIE 6.0; Windows NT 5.1; SV1)"
83.165.119.80 - - [13/Dec/2006:08:27:13 -0600] "GET /wp-content/themes/default_es/images/kubrickbgwide.jpg HTTP/1.1" 200 1020 "http://www.foobar.com/archives/2004/09/27/chili-con-carne/" "Mozilla/4.0 (compatible; MSIE 6.0; Windows NT 5.1; SV1)"
83.165.119.80 - - [13/Dec/2006:08:27:13 -0600] "GET /wp-content/themes/default_es/images/borjanet.png HTTP/1.1" 200 16169 "http://www.foobar.com/archives/2004/09/27/chili-con-carne/" "Mozilla/4.0 (compatible; MSIE 6.0; Windows NT 5.1; SV1)"
83.165.119.80 - - [13/Dec/2006:08:27:13 -0600] "GET /wp-content/themes/default_es/images/kubrickheader.png HTTP/1.1" 200 3850 "http://www.foobar.com/archives/2004/09/27/chili-con-carne/" "Mozilla/4.0 (compatible; MSIE 6.0; Windows NT 5.1; SV1)"
83.165.119.80 - - [13/Dec/2006:08:27:13 -0600] "GET /wp-content/themes/default_es/images/kubrickfooter.jpg HTTP/1.1" 200 2601 "http://www.foobar.com/archives/2004/09/27/chili-con-carne/" "Mozilla/4.0 (compatible; MSIE 6.0; Windows NT 5.1; SV1)"
38.102.128.140 - - [13/Dec/2006:08:27:27 -0600] "GET /feed/ HTTP/1.1" 304 0 "-" "Mozilla/5.0 (X11; U; Linux i686; en-US; rv:1.2.1; Rojo 1.0; http://www.rojo.com/corporate/help/agg/; Aggregating on behalf of 3 subscriber(s) online at http://www.rojo.com/?feed-id=2624410) Gecko/20021130"
80.39.99.91 - - [13/Dec/2006:08:27:34 -0600] "GET /wp-content/themes/default_es/style.css HTTP/1.1" 304 - "-" "Mozilla/4.0 (compatible; MSIE 6.0; Windows NT 5.1; SV1)"
80.39.99.91 - - [13/Dec/2006:08:27:34 -0600] "GET /wp-content/themes/default_es/images/borjanet.png HTTP/1.1" 304 - "-" "Mozilla/4.0 (compatible; MSIE 6.0; Windows NT 5.1; SV1)"
161.116.41.61 - - [13/Dec/2006:08:27:36 -0600] "GET /wp-content/themes/default_es/style.css HTTP/1.1" 200 9885 "http://www.foobar.com/archives/category/citas/" "Mozilla/5.0 (Windows; U; Windows NT 5.0; es-ES; rv:1.8.1) Gecko/20061010 Firefox/2.0"
38.102.128.140 - - [13/Dec/2006:08:27:37 -0600] "GET /feed/atom/ HTTP/1.1" 304 0 "-" "Mozilla/5.0 (X11; U; Linux i686; en-US; rv:1.2.1; Rojo 1.0; http://www.rojo.com/corporate/help/agg/; Aggregating on behalf of 1 subscriber(s) online at http://www.rojo.com/?feed-id=2661919) Gecko/20021130"
161.116.41.61 - - [13/Dec/2006:08:27:37 -0600] "GET /wp-content/themes/default_es/images/kubrickbgcolor.jpg HTTP/1.1" 200 558 "http://www.foobar.com/archives/category/citas/" "Mozilla/5.0 (Windows; U; Windows NT 5.0; es-ES; rv:1.8.1) Gecko/20061010 Firefox/2.0"
161.116.41.61 - - [13/Dec/2006:08:27:37 -0600] "GET /wp-content/themes/default_es/images/kubrickbg.jpg HTTP/1.1" 200 1047 "http://www.foobar.com/archives/category/citas/" "Mozilla/5.0 (Windows; U; Windows NT 5.0; es-ES; rv:1.8.1) Gecko/20061010 Firefox/2.0"
161.116.41.61 - - [13/Dec/2006:08:27:38 -0600] "GET /wp-content/themes/default_es/images/borjanet.png HTTP/1.1" 200 16169 "http://www.foobar.com/archives/category/citas/" "Mozilla/5.0 (Windows; U; Windows NT 5.0; es-ES; rv:1.8.1) Gecko/20061010 Firefox/2.0"
161.116.41.61 - - [13/Dec/2006:08:27:38 -0600] "GET /archives/category/citas/ HTTP/1.1" 200 31185 "http://www.google.es/search?q=citas+%2Binformatica&hl=es&lr=&client=firefox-a&rls=org.mozilla:es-ES:official&hs=WOp&start=10&sa=N" "Mozilla/5.0 (Windows; U; Windows NT 5.0; es-ES; rv:1.8.1) Gecko/20061010 Firefox/2.0"
80.39.99.91 - - [13/Dec/2006:08:27:38 -0600] "GET /wp-content/themes/default_es/style.css HTTP/1.1" 304 - "-" "Mozilla/4.0 (compatible; MSIE 6.0; Windows NT 5.1; SV1)"
161.116.41.61 - - [13/Dec/2006:08:27:38 -0600] "GET /wp-content/themes/default_es/images/kubrickheader.png HTTP/1.1" 200 3850 "http://www.foobar.com/archives/category/citas/" "Mozilla/5.0 (Windows; U; Windows NT 5.0; es-ES; rv:1.8.1) Gecko/20061010 Firefox/2.0"
161.116.41.61 - - [13/Dec/2006:08:27:38 -0600] "GET /wp-content/themes/default_es/images/kubrickfooter.jpg HTTP/1.1" 200 2601 "http://www.foobar.com/archives/category/citas/" "Mozilla/5.0 (Windows; U; Windows NT 5.0; es-ES; rv:1.8.1) Gecko/20061010 Firefox/2.0"
161.116.41.61 - - [13/Dec/2006:08:27:39 -0600] "GET /favicon.ico HTTP/1.1" 404 - "-" "Mozilla/5.0 (Windows; U; Windows NT 5.0; es-ES; rv:1.8.1) Gecko/20061010 Firefox/2.0"
161.116.41.61 - - [13/Dec/2006:08:27:39 -0600] "GET /favicon.ico HTTP/1.1" 404 - "-" "Mozilla/5.0 (Windows; U; Windows NT 5.0; es-ES; rv:1.8.1) Gecko/20061010 Firefox/2.0"
81.202.227.62 - - [13/Dec/2006:08:28:01 -0600] "GET /feed HTTP/1.1" 200 10763 "-" "Mozilla/5.0 (Sage)"
161.116.41.61 - - [13/Dec/2006:08:28:05 -0600] "GET /favicon.ico HTTP/1.1" 404 - "-" "Mozilla/5.0 (Windows; U; Windows NT 5.0; es-ES; rv:1.8.1) Gecko/20061010 Firefox/2.0"
80.224.29.161 - - [13/Dec/2006:08:28:16 -0600] "GET /feed/ HTTP/1.0" 304 0 "-" "Liferea/1.0.26 (Linux; http://liferea.sf.net/)"
80.58.205.44 - - [13/Dec/2006:08:28:38 -0600] "GET /feed/atom/ HTTP/1.1" 304 0 "-" "Mozilla/5.0 (Windows; U; Windows NT 5.1; ca; rv:1.8.1) Gecko/20061010 Firefox/2.0"
161.116.41.61 - - [13/Dec/2006:08:28:40 -0600] "GET /archives/category/citas/ HTTP/1.1" 200 31185 "http://www.foobar.com/archives/category/citas/" "Mozilla/5.0 (Windows; U; Windows NT 5.0; es-ES; rv:1.8.1) Gecko/20061010 Firefox/2.0"
