62.14.207.217 - - [13/Dec/2006:06:52:51 -0600] "GET /wp-content/themes/default_es/images/kubrickfooter.jpg HTTP/1.1" 200 2601 "http://www.foobar.com/archives/2005/10/17/magdalenas/" "Mozilla/4.0 (compatible; MSIE 6.0; Windows NT 5.1; .NET CLR 1.1.4322)"
198.37.25.204 - - [13/Dec/2006:06:52:51 -0600] "GET /feed/ HTTP/1.1" 304 0 "-" "Mozilla/5.0 (Macintosh; U; PPC Mac OS X; en-us) AppleWebKit/412 (KHTML, like Gecko) Safari/412"
74.6.85.170 - - [13/Dec/2006:06:52:53 -0600] "GET /robots.txt HTTP/1.0" 404 - "-" "Mozilla/5.0 (compatible; Yahoo! Slurp; http://help.yahoo.com/help/us/ysearch/slurp)"
74.6.86.17 - - [13/Dec/2006:06:52:56 -0600] "GET /archives/2005/07/page/2/ HTTP/1.0" 200 31750 "-" "Mozilla/5.0 (compatible; Yahoo! Slurp; http://help.yahoo.com/help/us/ysearch/slurp)"
210.173.180.164 - - [13/Dec/2006:06:53:17 -0600] "GET /archives/2004/10/25/wiki-wiki/trackback/ HTTP/1.1" 302 5 "-" "ichiro/2.0 (http://help.goo.ne.jp/door/crawler.html)"
194.224.199.54 - - [13/Dec/2006:06:53:20 -0600] "GET /archives/category/doctorado/page/5/ HTTP/1.1" 200 33041 "http://www.foobar.com/archives/category/doctorado/page/4/" "noxtrumbot/1.0 (crawler@noxtrum.com)"
84.77.37.225 - - [13/Dec/2006:06:53:27 -0600] "GET /wp-content/themes/default_es/style.css HTTP/1.1" 200 9885 "http://www.foobar.com/archives/2005/10/31/lentejas/" "Mozilla/5.0 (Windows; U; Windows NT 5.1; es-ES; rv:1.8.0.8) Gecko/20061025 Firefox/1.5.0.8"
84.77.37.225 - - [13/Dec/2006:06:53:27 -0600] "GET /archives/2005/10/31/lentejas/ HTTP/1.1" 200 17097 "http://www.google.es/search?num=30&hl=es&safe=off&client=firefox-a&rls=org.mozilla%3Aes-ES%3Aofficial_s&hs=sa8&q=lentejas+receta+sencilla+patata&btnG=B%C3%BAsqueda&meta=" "Mozilla/5.0 (Windows; U; Windows NT 5.1; es-ES; rv:1.8.0.8) Gecko/20061025 Firefox/1.5.0.8"
84.77.37.225 - - [13/Dec/2006:06:53:31 -0600] "GET /feed/ HTTP/1.1" 200 10763 "-" "Mozilla/5.0 (Windows; U; Windows NT 5.1; es-ES; rv:1.8.0.8) Gecko/20061025 Firefox/1.5.0.8"
84.77.37.225 - - [13/Dec/2006:06:53:31 -0600] "GET /feed/rss/ HTTP/1.1" 200 5888 "-" "Mozilla/5.0 (Windows; U; Windows NT 5.1; es-ES; rv:1.8.0.8) Gecko/20061025 Firefox/1.5.0.8"
84.77.37.225 - - [13/Dec/2006:06:53:32 -0600] "GET /wp-content/themes/default_es/images/borjanet.png HTTP/1.1" 200 16169 "http://www.foobar.com/archives/2005/10/31/lentejas/" "Mozilla/5.0 (Windows; U; Windows NT 5.1; es-ES; rv:1.8.0.8) Gecko/20061025 Firefox/1.5.0.8"
84.77.37.225 - - [13/Dec/2006:06:53:33 -0600] "GET /wp-content/themes/default_es/images/kubrickbgcolor.jpg HTTP/1.1" 200 558 "http://www.foobar.com/archives/2005/10/31/lentejas/" "Mozilla/5.0 (Windows; U; Windows NT 5.1; es-ES; rv:1.8.0.8) Gecko/20061025 Firefox/1.5.0.8"
84.77.37.225 - - [13/Dec/2006:06:53:33 -0600] "GET /favicon.ico HTTP/1.1" 404 - "-" "Mozilla/5.0 (Windows; U; Windows NT 5.1; es-ES; rv:1.8.0.8) Gecko/20061025 Firefox/1.5.0.8"
84.77.37.225 - - [13/Dec/2006:06:53:33 -0600] "GET /wp-content/themes/default_es/images/kubrickbgwide.jpg HTTP/1.1" 200 1020 "http://www.foobar.com/archives/2005/10/31/lentejas/" "Mozilla/5.0 (Windows; U; Windows NT 5.1; es-ES; rv:1.8.0.8) Gecko/20061025 Firefox/1.5.0.8"
84.77.37.225 - - [13/Dec/2006:06:53:34 -0600] "GET /feed/atom/ HTTP/1.1" 200 9637 "-" "Mozilla/5.0 (Windows; U; Windows NT 5.1; es-ES; rv:1.8.0.8) Gecko/20061025 Firefox/1.5.0.8"
84.77.37.225 - - [13/Dec/2006:06:53:34 -0600] "GET /wp-content/themes/default_es/images/kubrickheader.png HTTP/1.1" 200 3850 "http://www.foobar.com/archives/2005/10/31/lentejas/" "Mozilla/5.0 (Windows; U; Windows NT 5.1; es-ES; rv:1.8.0.8) Gecko/20061025 Firefox/1.5.0.8"
84.77.37.225 - - [13/Dec/2006:06:53:34 -0600] "GET /wp-content/themes/default_es/images/kubrickfooter.jpg HTTP/1.1" 200 2601 "http://www.foobar.com/archives/2005/10/31/lentejas/" "Mozilla/5.0 (Windows; U; Windows NT 5.1; es-ES; rv:1.8.0.8) Gecko/20061025 Firefox/1.5.0.8"
84.77.37.225 - - [13/Dec/2006:06:53:35 -0600] "GET /favicon.ico HTTP/1.1" 404 - "-" "Mozilla/5.0 (Windows; U; Windows NT 5.1; es-ES; rv:1.8.0.8) Gecko/20061025 Firefox/1.5.0.8"
81.37.220.68 - - [13/Dec/2006:06:53:48 -0600] "GET /feed HTTP/1.0" 304 0 "-" "Liferea/1.0.23 (Linux; es_ES.UTF-8; http://liferea.sf.net/)"
75.4.44.132 - - [13/Dec/2006:06:54:08 -0600] "GET /uploads/Family_guy_logo.png HTTP/1.1" 404 - "http://profile.myspace.com/index.cfm?fuseaction=user.viewprofile&friendid=104564888" "Mozilla/4.0 (compatible; MSIE 7.0; Windows NT 5.1; .NET CLR 1.0.3705)"
194.224.199.54 - - [13/Dec/2006:06:54:19 -0600] "GET /archives/category/general/page/5/ HTTP/1.1" 200 32224 "http://www.foobar.com/archives/category/general/page/4/" "noxtrumbot/1.0 (crawler@noxtrum.com)"
88.19.198.102 - - [13/Dec/2006:06:54:23 -0600] "GET /archives/2005/11/04/happy-birthday-to-me-2/ HTTP/1.1" 200 24084 "http://www.foobar.com/archives/2005/11/02/chocolate-a-la-taza/" "Mozilla/4.0 (compatible; MSIE 7.0; Windows NT 5.1; .NET CLR 1.1.4322)"
38.102.128.140 - - [13/Dec/2006:06:54:30 -0600] "GET /feed/atom HTTP/1.1" 304 0 "-" "Mozilla/5.0 (X11; U; Linux i686; en-US; rv:1.2.1; Rojo 1.0; http://www.rojo.com/corporate/help/agg/; Aggregating on behalf of 3 subscriber(s) online at http://www.rojo.com/?feed-id=331714) Gecko/20021130"
194.224.199.54 - - [13/Dec/2006:06:55:21 -0600] "GET /archives/category/informatica/page/5/ HTTP/1.1" 200 30702 "http://www.foobar.com/archives/category/informatica/page/4/" "noxtrumbot/1.0 (crawler@noxtrum.com)"
72.30.177.222 - - [13/Dec/2006:06:55:21 -0600] "GET /archives/2006/08/11/busy-busy-busy/ HTTP/1.0" 200 16076 "-" "Mozilla/5.0 (compatible; Yahoo! Slurp; http://help.yahoo.com/help/us/ysearch/slurp)"
83.32.53.25 - - [13/Dec/2006:06:56:14 -0600] "GET /favicon.ico HTTP/1.0" 404 - "-" "Mozilla/5.0 (Windows; U; Windows NT 5.1; es-ES; rv:1.8.0.8) Gecko/20061025 Firefox/1.5.0.8"
194.224.199.54 - - [13/Dec/2006:06:56:20 -0600] "GET /archives/category/viajes/page/5/ HTTP/1.1" 200 32110 "http://www.foobar.com/archives/category/viajes/page/4/" "noxtrumbot/1.0 (crawler@noxtrum.com)"
201.251.91.58 - - [13/Dec/2006:06:56:20 -0600] "GET /favicon.ico HTTP/1.1" 404 - "-" "Mozilla/4.0 (compatible; MSIE 6.0; Windows NT 5.1; SV1)"
201.251.91.58 - - [13/Dec/2006:06:56:22 -0600] "GET /wp-content/themes/default_es/style.css HTTP/1.1" 200 9885 "http://www.foobar.com/archives/2005/10/17/magdalenas/" "Mozilla/4.0 (compatible; MSIE 6.0; Windows NT 5.1; SV1)"
201.251.91.58 - - [13/Dec/2006:06:56:23 -0600] "GET /archives/2005/10/17/magdalenas/ HTTP/1.1" 200 25714 "http://www.google.com.ar/search?hl=es&q=receta+%2B+magdalenas&meta=" "Mozilla/4.0 (compatible; MSIE 6.0; Windows NT 5.1; SV1)"
201.251.91.58 - - [13/Dec/2006:06:56:24 -0600] "GET /wp-content/themes/default_es/images/kubrickbgcolor.jpg HTTP/1.1" 200 558 "http://www.foobar.com/archives/2005/10/17/magdalenas/" "Mozilla/4.0 (compatible; MSIE 6.0; Windows NT 5.1; SV1)"
201.251.91.58 - - [13/Dec/2006:06:56:25 -0600] "GET /wp-content/themes/default_es/images/borjanet.png HTTP/1.1" 200 16169 "http://www.foobar.com/archives/2005/10/17/magdalenas/" "Mozilla/4.0 (compatible; MSIE 6.0; Windows NT 5.1; SV1)"
201.251.91.58 - - [13/Dec/2006:06:56:25 -0600] "GET /wp-content/themes/default_es/images/kubrickbgwide.jpg HTTP/1.1" 200 1020 "http://www.foobar.com/archives/2005/10/17/magdalenas/" "Mozilla/4.0 (compatible; MSIE 6.0; Windows NT 5.1; SV1)"
201.251.91.58 - - [13/Dec/2006:06:56:26 -0600] "GET /wp-content/themes/default_es/images/kubrickheader.png HTTP/1.1" 200 3850 "http://www.foobar.com/archives/2005/10/17/magdalenas/" "Mozilla/4.0 (compatible; MSIE 6.0; Windows NT 5.1; SV1)"
201.251.91.58 - - [13/Dec/2006:06:56:26 -0600] "GET /wp-content/themes/default_es/images/kubrickfooter.jpg HTTP/1.1" 200 2601 "http://www.foobar.com/archives/2005/10/17/magdalenas/" "Mozilla/4.0 (compatible; MSIE 6.0; Windows NT 5.1; SV1)"
201.251.91.58 - - [13/Dec/2006:06:56:27 -0600] "GET /favicon.ico HTTP/1.1" 404 - "-" "Mozilla/4.0 (compatible; MSIE 6.0; Windows NT 5.1; SV1)"
201.251.91.58 - - [13/Dec/2006:06:56:27 -0600] "GET /favicon.ico HTTP/1.1" 404 - "-" "Mozilla/4.0 (compatible; MSIE 6.0; Windows NT 5.1; SV1)"
83.36.231.181 - - [13/Dec/2006:06:56:41 -0600] "GET /archives/2006/02/04/mi-nuevo-juguete/feed/ HTTP/1.1" 200 18594 "http://www.google.es/search?q=capsulas+de++caf%C3%A9&hl=es&lr=&rls=GGLJ,GGLJ:2006-39,GGLJ:es&start=10&sa=N" "Mozilla/4.0 (compatible; MSIE 6.0; Windows NT 5.1; {05C8532D-B6C5-59D4-1297-9BAFB7A9B819}; .NET CLR 1.0.3705; .NET CLR 2.0.50727)"
83.35.140.145 - - [13/Dec/2006:06:57:07 -0600] "GET /archives/2006/01/19/television-americana/ HTTP/1.0" 200 22405 "http://images.google.es/imgres?imgurl=http://www.foobar.com/uploads/Family_guy_logo.png&imgrefurl=http://www.foobar.com/archives/2006/01/19/television-americana/&h=189&w=300&sz=28&hl=es&start=16&tbnid=qlC6Gq_pQxf_tM:&tbnh=73&tbnw=116&prev=/images%3Fq%3Dpadre%2Bde%2Bfamilia%26svnum%3D10%26hl%3Des%26lr%3D%26sa%3DN" "Mozilla/4.0 (compatible; MSIE 6.0; Windows NT 5.1; SV1)"
83.35.140.145 - - [13/Dec/2006:06:57:08 -0600] "GET /uploads/Dailyshow_logo.jpg HTTP/1.0" 200 13964 "http://www.foobar.com/archives/2006/01/19/television-americana/" "Mozilla/4.0 (compatible; MSIE 6.0; Windows NT 5.1; SV1)"
83.35.140.145 - - [13/Dec/2006:06:57:09 -0600] "GET /wp-content/themes/default_es/style.css HTTP/1.0" 200 9885 "http://www.foobar.com/archives/2006/01/19/television-americana/" "Mozilla/4.0 (compatible; MSIE 6.0; Windows NT 5.1; SV1)"
83.35.140.145 - - [13/Dec/2006:06:57:09 -0600] "GET /wp-content/themes/default_es/images/borjanet.png HTTP/1.0" 200 16169 "http://www.foobar.com/archives/2006/01/19/television-americana/" "Mozilla/4.0 (compatible; MSIE 6.0; Windows NT 5.1; SV1)"
83.35.140.145 - - [13/Dec/2006:06:57:11 -0600] "GET /uploads/Harvey_Birdman2C_Attorney_at_Law_title.jpg HTTP/1.0" 200 20129 "http://www.foobar.com/archives/2006/01/19/television-americana/" "Mozilla/4.0 (compatible; MSIE 6.0; Windows NT 5.1; SV1)"
83.35.140.145 - - [13/Dec/2006:06:57:12 -0600] "GET /uploads/Birdman.jpg HTTP/1.0" 200 23838 "http://www.foobar.com/archives/2006/01/19/television-americana/" "Mozilla/4.0 (compatible; MSIE 6.0; Windows NT 5.1; SV1)"
83.35.140.145 - - [13/Dec/2006:06:57:12 -0600] "GET /uploads/whoseline.jpg HTTP/1.0" 200 13096 "http://www.foobar.com/archives/2006/01/19/television-americana/" "Mozilla/4.0 (compatible; MSIE 6.0; Windows NT 5.1; SV1)"
83.35.140.145 - - [13/Dec/2006:06:57:13 -0600] "GET /uploads/comedy.png HTTP/1.0" 200 22619 "http://www.foobar.com/archives/2006/01/19/television-americana/" "Mozilla/4.0 (compatible; MSIE 6.0; Windows NT 5.1; SV1)"
83.35.140.145 - - [13/Dec/2006:06:57:13 -0600] "GET /uploads/TheWestWing.JPG HTTP/1.0" 200 7234 "http://www.foobar.com/archives/2006/01/19/television-americana/" "Mozilla/4.0 (compatible; MSIE 6.0; Windows NT 5.1; SV1)"
83.35.140.145 - - [13/Dec/2006:06:57:14 -0600] "GET /uploads/fglogo.png HTTP/1.0" 200 19915 "http://www.foobar.com/archives/2006/01/19/television-americana/" "Mozilla/4.0 (compatible; MSIE 6.0; Windows NT 5.1; SV1)"
84.77.9.143 - - [13/Dec/2006:06:57:16 -0600] "GET /archives/2006/01/26/citas/ HTTP/1.1" 200 19073 "http://www.google.es/search?hl=es&rls=GGGL%2CGGGL%3A2006-36%2CGGGL%3Aes&q=citas+nixon&btnG=B%C3%BAsqueda&meta=" "Mozilla/5.0 (Windows; U; Windows NT 5.1; es-ES; rv:1.8.0.8) Gecko/20061025 Firefox/1.5.0.8"
84.77.9.143 - - [13/Dec/2006:06:57:16 -0600] "GET /wp-content/themes/default_es/style.css HTTP/1.1" 200 9885 "http://www.foobar.com/archives/2006/01/26/citas/" "Mozilla/5.0 (Windows; U; Windows NT 5.1; es-ES; rv:1.8.0.8) Gecko/20061025 Firefox/1.5.0.8"
194.224.199.54 - - [13/Dec/2006:06:57:20 -0600] "GET /archives/2003/08/10/australia-da-3-sydney/feed/ HTTP/1.1" 200 516 "http://www.foobar.com/archives/2003/08/10/australia-da-3-sydney/" "noxtrumbot/1.0 (crawler@noxtrum.com)"
84.77.9.143 - - [13/Dec/2006:06:57:24 -0600] "GET /feed/ HTTP/1.1" 200 10763 "-" "Mozilla/5.0 (Windows; U; Windows NT 5.1; es-ES; rv:1.8.0.8) Gecko/20061025 Firefox/1.5.0.8"
84.77.9.143 - - [13/Dec/2006:06:57:24 -0600] "GET /feed/rss/ HTTP/1.1" 200 5888 "-" "Mozilla/5.0 (Windows; U; Windows NT 5.1; es-ES; rv:1.8.0.8) Gecko/20061025 Firefox/1.5.0.8"
84.77.9.143 - - [13/Dec/2006:06:57:25 -0600] "GET /wp-content/themes/default_es/images/borjanet.png HTTP/1.1" 200 16169 "http://www.foobar.com/archives/2006/01/26/citas/" "Mozilla/5.0 (Windows; U; Windows NT 5.1; es-ES; rv:1.8.0.8) Gecko/20061025 Firefox/1.5.0.8"
84.77.9.143 - - [13/Dec/2006:06:57:26 -0600] "GET /wp-content/themes/default_es/images/kubrickbgcolor.jpg HTTP/1.1" 200 558 "http://www.foobar.com/archives/2006/01/26/citas/" "Mozilla/5.0 (Windows; U; Windows NT 5.1; es-ES; rv:1.8.0.8) Gecko/20061025 Firefox/1.5.0.8"
84.77.9.143 - - [13/Dec/2006:06:57:26 -0600] "GET /favicon.ico HTTP/1.1" 404 - "-" "Mozilla/5.0 (Windows; U; Windows NT 5.1; es-ES; rv:1.8.0.8) Gecko/20061025 Firefox/1.5.0.8"
84.77.9.143 - - [13/Dec/2006:06:57:27 -0600] "GET /feed/atom/ HTTP/1.1" 200 9637 "-" "Mozilla/5.0 (Windows; U; Windows NT 5.1; es-ES; rv:1.8.0.8) Gecko/20061025 Firefox/1.5.0.8"
84.77.9.143 - - [13/Dec/2006:06:57:27 -0600] "GET /wp-content/themes/default_es/images/kubrickbgwide.jpg HTTP/1.1" 200 1020 "http://www.foobar.com/archives/2006/01/26/citas/" "Mozilla/5.0 (Windows; U; Windows NT 5.1; es-ES; rv:1.8.0.8) Gecko/20061025 Firefox/1.5.0.8"
84.77.9.143 - - [13/Dec/2006:06:57:27 -0600] "GET /wp-content/themes/default_es/images/kubrickheader.png HTTP/1.1" 200 3850 "http://www.foobar.com/archives/2006/01/26/citas/" "Mozilla/5.0 (Windows; U; Windows NT 5.1; es-ES; rv:1.8.0.8) Gecko/20061025 Firefox/1.5.0.8"
84.77.9.143 - - [13/Dec/2006:06:57:27 -0600] "GET /wp-content/themes/default_es/images/kubrickfooter.jpg HTTP/1.1" 200 2601 "http://www.foobar.com/archives/2006/01/26/citas/" "Mozilla/5.0 (Windows; U; Windows NT 5.1; es-ES; rv:1.8.0.8) Gecko/20061025 Firefox/1.5.0.8"
83.35.140.145 - - [13/Dec/2006:06:57:32 -0600] "GET /archives/2006/01/19/television-americana/ HTTP/1.0" 200 22443 "http://images.google.es/imgres?imgurl=http://www.foobar.com/uploads/Family_guy_logo.png&imgrefurl=http://www.foobar.com/archives/2006/01/19/television-americana/&h=189&w=300&sz=28&hl=es&start=16&tbnid=qlC6Gq_pQxf_tM:&tbnh=73&tbnw=116&prev=/images%3Fq%3Dpadre%2Bde%2Bfamilia%26svnum%3D10%26hl%3Des%26lr%3D%26sa%3DN" "Mozilla/4.0 (compatible; MSIE 6.0; Windows NT 5.1; SV1)"
83.35.140.145 - - [13/Dec/2006:06:57:33 -0600] "GET /wp-content/themes/default_es/images/kubrickbgcolor.jpg HTTP/1.0" 200 558 "http://www.foobar.com/archives/2006/01/19/television-americana/" "Mozilla/4.0 (compatible; MSIE 6.0; Windows NT 5.1; SV1)"
83.35.140.145 - - [13/Dec/2006:06:57:33 -0600] "GET /uploads/TheWestWing.JPG HTTP/1.0" 200 7234 "http://www.foobar.com/archives/2006/01/19/television-americana/" "Mozilla/4.0 (compatible; MSIE 6.0; Windows NT 5.1; SV1)"
83.35.140.145 - - [13/Dec/2006:06:57:33 -0600] "GET /wp-content/themes/default_es/images/kubrickbgwide.jpg HTTP/1.0" 200 1020 "http://www.foobar.com/archives/2006/01/19/television-americana/" "Mozilla/4.0 (compatible; MSIE 6.0; Windows NT 5.1; SV1)"
83.35.140.145 - - [13/Dec/2006:06:57:33 -0600] "GET /wp-content/themes/default_es/images/kubrickheader.png HTTP/1.0" 200 3850 "http://www.foobar.com/archives/2006/01/19/television-americana/" "Mozilla/4.0 (compatible; MSIE 6.0; Windows NT 5.1; SV1)"
83.35.140.145 - - [13/Dec/2006:06:57:35 -0600] "GET /uploads/Birdman.jpg HTTP/1.0" 206 5375 "http://www.foobar.com/archives/2006/01/19/television-americana/" "Mozilla/4.0 (compatible; MSIE 6.0; Windows NT 5.1; SV1)"
83.35.140.145 - - [13/Dec/2006:06:57:34 -0600] "GET /uploads/fglogo.png HTTP/1.0" 206 25404 "http://www.foobar.com/archives/2006/01/19/television-americana/" "Mozilla/4.0 (compatible; MSIE 6.0; Windows NT 5.1; SV1)"
83.35.140.145 - - [13/Dec/2006:06:57:35 -0600] "GET /wp-content/themes/default_es/images/kubrickfooter.jpg HTTP/1.0" 200 2601 "http://www.foobar.com/archives/2006/01/19/television-americana/" "Mozilla/4.0 (compatible; MSIE 6.0; Windows NT 5.1; SV1)"
83.35.140.145 - - [13/Dec/2006:06:57:35 -0600] "GET /uploads/comedy.png HTTP/1.0" 200 22619 "http://www.foobar.com/archives/2006/01/19/television-americana/" "Mozilla/4.0 (compatible; MSIE 6.0; Windows NT 5.1; SV1)"
83.35.140.145 - - [13/Dec/2006:06:57:35 -0600] "GET /uploads/Family_guy_logo.png HTTP/1.0" 404 - "http://images.google.es/imgres?imgurl=http://www.foobar.com/uploads/Family_guy_logo.png&imgrefurl=http://www.foobar.com/archives/2006/01/19/television-americana/&h=189&w=300&sz=28&tbnid=qlC6Gq_pQxf_tM:&tbnh=73&tbnw=116&hl=es&prev=/images%3Fq%3Dpadre%2Bde%2Bfamilia%26svnum%3D10%26hl%3Des%26lr%3D%26sa%3DN&frame=small" "Mozilla/4.0 (compatible; MSIE 6.0; Windows NT 5.1; SV1)"
83.35.140.145 - - [13/Dec/2006:06:57:36 -0600] "GET /favicon.ico HTTP/1.1" 404 - "-" "-"
83.35.140.145 - - [13/Dec/2006:06:57:38 -0600] "GET /uploads/Birdman.jpg HTTP/1.0" 200 14107 "http://www.foobar.com/archives/2006/01/19/television-americana/" "Mozilla/4.0 (compatible; MSIE 6.0; Windows NT 5.1; SV1)"
83.35.140.145 - - [13/Dec/2006:06:57:39 -0600] "GET /uploads/comedy.png HTTP/1.0" 206 14055 "http://www.foobar.com/archives/2006/01/19/television-americana/" "Mozilla/4.0 (compatible; MSIE 6.0; Windows NT 5.1; SV1)"
75.4.44.132 - - [13/Dec/2006:06:58:03 -0600] "GET /uploads/Family_guy_logo.png HTTP/1.1" 404 - "http://profile.myspace.com/index.cfm?fuseaction=user.viewprofile&friendid=104564888" "Mozilla/4.0 (compatible; MSIE 7.0; Windows NT 5.1; .NET CLR 1.0.3705)"
194.224.199.54 - - [13/Dec/2006:06:58:19 -0600] "GET /archives/2003/08/page/6/ HTTP/1.1" 200 28779 "http://www.foobar.com/archives/2003/08/page/5/" "noxtrumbot/1.0 (crawler@noxtrum.com)"
80.224.29.161 - - [13/Dec/2006:06:58:25 -0600] "GET /feed/ HTTP/1.0" 304 0 "-" "Liferea/1.0.26 (Linux; http://liferea.sf.net/)"
139.149.1.203 - - [13/Dec/2006:06:58:35 -0600] "GET /feed/ HTTP/1.1" 200 10763 "-" "Mozilla/5.0 (Windows; U; Windows NT 5.1; en-US; rv:1.8.0.6) Gecko/20060728 Firefox/1.5.0.6"
84.120.152.188 - - [13/Dec/2006:06:58:50 -0600] "GET /favicon.ico HTTP/1.1" 404 - "-" "Mozilla/5.0 (compatible; Konqueror/3.5; Linux) KHTML/3.5.5 (like Gecko) (Debian)"
84.120.152.188 - - [13/Dec/2006:06:58:50 -0600] "GET /favicon.ico HTTP/1.1" 404 - "-" "Mozilla/5.0 (compatible; Konqueror/3.5; Linux) KHTML/3.5.5 (like Gecko) (Debian)"
84.120.152.188 - - [13/Dec/2006:06:58:58 -0600] "GET /feed/ HTTP/1.1" 304 0 "-" "Akregator/1.2.5; librss/remnants"
83.42.67.177 - - [13/Dec/2006:06:59:08 -0600] "GET /uploads/Family_guy_logo.png HTTP/1.1" 404 - "http://www.pspain.com/foro/showthread.php?t=47980&highlight=final+fantasy+versus" "Mozilla/4.0 (compatible; MSIE 6.0; Windows NT 5.1; SV1; .NET CLR 1.1.4322; .NET CLR 2.0.50727)"
194.224.199.54 - - [13/Dec/2006:06:59:19 -0600] "GET /archives/2003/08/14/australia-da-7-sydney/feed/ HTTP/1.1" 200 1417 "http://www.foobar.com/archives/2003/08/14/australia-da-7-sydney/" "noxtrumbot/1.0 (crawler@noxtrum.com)"
74.6.70.245 - - [13/Dec/2006:06:59:19 -0600] "GET /archives/2004/11/30/estructuras-matemticas-con-sentido-del-humor HTTP/1.0" 200 32647 "-" "Mozilla/5.0 (compatible; Yahoo! Slurp; http://help.yahoo.com/help/us/ysearch/slurp)"
131.202.212.90 - - [13/Dec/2006:06:59:24 -0600] "GET /feed/ HTTP/1.1" 304 0 "-" "NetNewsWire/2.1.1 (Mac OS X; http://ranchero.com/netnewswire/)"
201.251.91.58 - - [13/Dec/2006:06:59:28 -0600] "GET /wp-content/themes/default_es/style.css HTTP/1.1" 304 - "http://www.foobar.com/archives/2005/10/17/magdalenas/" "Mozilla/4.0 (compatible; MSIE 6.0; Windows NT 5.1; SV1)"
201.251.91.58 - - [13/Dec/2006:06:59:28 -0600] "GET /archives/2005/10/17/magdalenas/ HTTP/1.1" 200 25720 "http://www.google.com.ar/search?hl=es&q=receta+%2B+magdalenas&meta=" "Mozilla/4.0 (compatible; MSIE 6.0; Windows NT 5.1; SV1)"
201.251.91.58 - - [13/Dec/2006:06:59:29 -0600] "GET /wp-content/themes/default_es/images/borjanet.png HTTP/1.1" 304 - "http://www.foobar.com/archives/2005/10/17/magdalenas/" "Mozilla/4.0 (compatible; MSIE 6.0; Windows NT 5.1; SV1)"
201.251.91.58 - - [13/Dec/2006:06:59:29 -0600] "GET /wp-content/themes/default_es/images/kubrickbgcolor.jpg HTTP/1.1" 304 - "http://www.foobar.com/archives/2005/10/17/magdalenas/" "Mozilla/4.0 (compatible; MSIE 6.0; Windows NT 5.1; SV1)"
201.251.91.58 - - [13/Dec/2006:06:59:29 -0600] "GET /wp-content/themes/default_es/images/kubrickbgwide.jpg HTTP/1.1" 304 - "http://www.foobar.com/archives/2005/10/17/magdalenas/" "Mozilla/4.0 (compatible; MSIE 6.0; Windows NT 5.1; SV1)"
201.251.91.58 - - [13/Dec/2006:06:59:29 -0600] "GET /wp-content/themes/default_es/images/kubrickheader.png HTTP/1.1" 304 - "http://www.foobar.com/archives/2005/10/17/magdalenas/" "Mozilla/4.0 (compatible; MSIE 6.0; Windows NT 5.1; SV1)"
201.251.91.58 - - [13/Dec/2006:06:59:30 -0600] "GET /wp-content/themes/default_es/images/kubrickfooter.jpg HTTP/1.1" 304 - "http://www.foobar.com/archives/2005/10/17/magdalenas/" "Mozilla/4.0 (compatible; MSIE 6.0; Windows NT 5.1; SV1)"
74.6.85.198 - - [13/Dec/2006:06:59:45 -0600] "GET /archives/2002/10/04/esas-dichosas-clulas-madre/ HTTP/1.0" 200 14707 "-" "Mozilla/5.0 (compatible; Yahoo! Slurp; http://help.yahoo.com/help/us/ysearch/slurp)"
195.27.215.89 - - [13/Dec/2006:06:59:46 -0600] "GET /archives/2005/05/19/julio-y-septiembre-bilbao/ HTTP/1.0" 200 20818 "-" "Seekbot/1.0 (http://www.seekbot.net/bot.html) HTTPFetcher/0.3"
66.246.252.117 - - [13/Dec/2006:06:59:50 -0600] "GET /archives/2004/03/19/the-big-news/feed/ HTTP/1.1" 200 10706 "-" "Mozilla/5.0 (Windows; U; Windows NT 5.1; ru; rv:1.8.1) Gecko/20061010 Firefox/2.0"
201.251.91.58 - - [13/Dec/2006:06:59:55 -0600] "GET /wp-content/themes/default_es/images/kubrickheader.png HTTP/1.1" 304 - "http://www.foobar.com/archives/2005/10/17/magdalenas/" "Mozilla/4.0 (compatible; MSIE 6.0; Windows NT 5.1; SV1)"
201.251.91.58 - - [13/Dec/2006:06:59:55 -0600] "GET /wp-content/themes/default_es/images/kubrickfooter.jpg HTTP/1.1" 304 - "http://www.foobar.com/archives/2005/10/17/magdalenas/" "Mozilla/4.0 (compatible; MSIE 6.0; Windows NT 5.1; SV1)"
201.251.91.58 - - [13/Dec/2006:06:59:55 -0600] "GET /favicon.ico HTTP/1.1" 404 - "-" "Mozilla/4.0 (compatible; MSIE 6.0; Windows NT 5.1; SV1)"
201.251.91.58 - - [13/Dec/2006:06:59:56 -0600] "GET /favicon.ico HTTP/1.1" 404 - "-" "Mozilla/4.0 (compatible; MSIE 6.0; Windows NT 5.1; SV1)"
194.224.199.54 - - [13/Dec/2006:07:00:19 -0600] "GET /archives/2003/08/13/australia-da-6-sydney/feed/ HTTP/1.1" 200 516 "http://www.foobar.com/archives/2003/08/13/australia-da-6-sydney/" "noxtrumbot/1.0 (crawler@noxtrum.com)"
130.206.100.134 - - [13/Dec/2006:07:00:20 -0600] "GET /feed/ HTTP/1.0" 304 0 "-" "Planet e-ghost +http://planet.e-ghost.net/ Planet/1.0~pre1 +http://www.planetplanet.org UniversalFeedParser/3.3 +http://feedparser.org/"
65.214.44.29 - - [13/Dec/2006:07:01:03 -0600] "GET /feed/rss2/ HTTP/1.1" 304 0 "-" "Bloglines/3.1 (http://www.bloglines.com; 14 subscribers)"
85.84.60.245 - - [13/Dec/2006:07:01:15 -0600] "GET /feed/atom/ HTTP/1.1" 304 0 "-" "Mozilla/5.0 (X11; U; Linux i686; es-ES; rv:1.8.1) Gecko/20060601 Firefox/2.0 (Ubuntu-edgy)"
194.224.199.54 - - [13/Dec/2006:07:01:19 -0600] "GET /archives/2003/08/12/australia-da-5-sydney/feed/ HTTP/1.1" 200 516 "http://www.foobar.com/archives/2003/08/12/australia-da-5-sydney/" "noxtrumbot/1.0 (crawler@noxtrum.com)"
65.214.44.29 - - [13/Dec/2006:07:01:30 -0600] "GET /feed/atom/ HTTP/1.1" 304 0 "-" "Bloglines/3.1 (http://www.bloglines.com; 6 subscribers)"
83.58.251.144 - - [13/Dec/2006:07:01:44 -0600] "GET /favicon.ico HTTP/1.1" 404 - "-" "NewzCrawler/1.7 (compatible; MSIE 6.00; Newz Crawler 1.7; http://www.newzcrawler.com/ )"
83.58.251.144 - - [13/Dec/2006:07:01:46 -0600] "GET /weblog/rdf HTTP/1.1" 304 0 "-" "NewzCrawler/1.7 (compatible; MSIE 6.00; Newz Crawler 1.7; http://www.newzcrawler.com/ )"
83.58.251.144 - - [13/Dec/2006:07:01:48 -0600] "GET /archives/2006/05/12/nostalgia-2/feed/ HTTP/1.1" 304 0 "-" "NewzCrawler/1.7 (compatible; MSIE 6.00; Newz Crawler 1.7; http://www.newzcrawler.com/ )"
83.58.251.144 - - [13/Dec/2006:07:01:50 -0600] "GET /archives/2006/11/14/advanced-wookie-laboratories/feed/ HTTP/1.1" 304 0 "-" "NewzCrawler/1.7 (compatible; MSIE 6.00; Newz Crawler 1.7; http://www.newzcrawler.com/ )"
83.58.251.144 - - [13/Dec/2006:07:01:52 -0600] "GET /archives/2006/11/18/acento-inclasificable/feed/ HTTP/1.1" 304 0 "-" "NewzCrawler/1.7 (compatible; MSIE 6.00; Newz Crawler 1.7; http://www.newzcrawler.com/ )"
88.22.155.18 - - [13/Dec/2006:07:01:54 -0600] "GET /wp-content/themes/default_es/style.css HTTP/1.1" 200 9885 "http://www.foobar.com/archives/2006/02/14/asi-que-quieres-estudiar-en-eeuu/" "Mozilla/4.0 (compatible; MSIE 6.0; Windows NT 5.1; SV1; .NET CLR 1.1.4322)"
83.58.251.144 - - [13/Dec/2006:07:01:55 -0600] "GET /archives/2006/11/26/%c2%bfpor-que-escribes-un-blog/feed/ HTTP/1.1" 304 0 "-" "NewzCrawler/1.7 (compatible; MSIE 6.00; Newz Crawler 1.7; http://www.newzcrawler.com/ )"
88.22.155.18 - - [13/Dec/2006:07:01:55 -0600] "GET /archives/2006/02/14/asi-que-quieres-estudiar-en-eeuu/ HTTP/1.1" 200 33960 "http://www.google.es/search?hl=es&q=estudiar+selectividad+sin+pagar+barcelona&meta=" "Mozilla/4.0 (compatible; MSIE 6.0; Windows NT 5.1; SV1; .NET CLR 1.1.4322)"
88.22.155.18 - - [13/Dec/2006:07:01:56 -0600] "GET /wp-content/themes/default_es/images/kubrickbgcolor.jpg HTTP/1.1" 200 558 "http://www.foobar.com/archives/2006/02/14/asi-que-quieres-estudiar-en-eeuu/" "Mozilla/4.0 (compatible; MSIE 6.0; Windows NT 5.1; SV1; .NET CLR 1.1.4322)"
88.22.155.18 - - [13/Dec/2006:07:01:56 -0600] "GET /wp-content/themes/default_es/images/borjanet.png HTTP/1.1" 200 16169 "http://www.foobar.com/archives/2006/02/14/asi-que-quieres-estudiar-en-eeuu/" "Mozilla/4.0 (compatible; MSIE 6.0; Windows NT 5.1; SV1; .NET CLR 1.1.4322)"
88.22.155.18 - - [13/Dec/2006:07:01:56 -0600] "GET /wp-content/themes/default_es/images/kubrickbgwide.jpg HTTP/1.1" 200 1020 "http://www.foobar.com/archives/2006/02/14/asi-que-quieres-estudiar-en-eeuu/" "Mozilla/4.0 (compatible; MSIE 6.0; Windows NT 5.1; SV1; .NET CLR 1.1.4322)"
88.22.155.18 - - [13/Dec/2006:07:01:56 -0600] "GET /wp-content/themes/default_es/images/kubrickheader.png HTTP/1.1" 200 3850 "http://www.foobar.com/archives/2006/02/14/asi-que-quieres-estudiar-en-eeuu/" "Mozilla/4.0 (compatible; MSIE 6.0; Windows NT 5.1; SV1; .NET CLR 1.1.4322)"
88.22.155.18 - - [13/Dec/2006:07:01:57 -0600] "GET /wp-content/themes/default_es/images/kubrickfooter.jpg HTTP/1.1" 200 2601 "http://www.foobar.com/archives/2006/02/14/asi-que-quieres-estudiar-en-eeuu/" "Mozilla/4.0 (compatible; MSIE 6.0; Windows NT 5.1; SV1; .NET CLR 1.1.4322)"
83.58.251.144 - - [13/Dec/2006:07:01:57 -0600] "GET /archives/2006/11/26/%c2%bfpor-que-lees-mi-blog/feed/ HTTP/1.1" 304 0 "-" "NewzCrawler/1.7 (compatible; MSIE 6.00; Newz Crawler 1.7; http://www.newzcrawler.com/ )"
83.58.251.144 - - [13/Dec/2006:07:01:59 -0600] "GET /archives/2006/11/28/gigantes-en-la-era-del-silicio/feed/ HTTP/1.1" 304 0 "-" "NewzCrawler/1.7 (compatible; MSIE 6.00; Newz Crawler 1.7; http://www.newzcrawler.com/ )"
83.58.251.144 - - [13/Dec/2006:07:02:02 -0600] "GET /archives/2006/12/01/nieve-ahora-si/feed/ HTTP/1.1" 304 0 "-" "NewzCrawler/1.7 (compatible; MSIE 6.00; Newz Crawler 1.7; http://www.newzcrawler.com/ )"
83.58.251.144 - - [13/Dec/2006:07:02:04 -0600] "GET /archives/2006/12/11/pronunciacion/feed/ HTTP/1.1" 304 0 "-" "NewzCrawler/1.7 (compatible; MSIE 6.00; Newz Crawler 1.7; http://www.newzcrawler.com/ )"
194.224.199.54 - - [13/Dec/2006:07:02:19 -0600] "GET /archives/2003/08/11/australia-da-4-sydney/feed/ HTTP/1.1" 200 516 "http://www.foobar.com/archives/2003/08/11/australia-da-4-sydney/" "noxtrumbot/1.0 (crawler@noxtrum.com)"
85.60.78.167 - - [13/Dec/2006:07:02:22 -0600] "GET /wp-content/themes/default_es/style.css HTTP/1.1" 200 9885 "http://www.foobar.com/archives/2004/09/04/chicago-da-16/" "Mozilla/5.0 (Windows; U; Windows NT 5.1; es-ES; rv:1.8.0.8) Gecko/20061025 Firefox/1.5.0.8"
85.60.78.167 - - [13/Dec/2006:07:02:22 -0600] "GET /archives/2004/09/04/chicago-da-16/ HTTP/1.1" 200 27906 "-" "Mozilla/5.0 (Windows; U; Windows NT 5.1; es-ES; rv:1.8.0.8) Gecko/20061025 Firefox/1.5.0.8"
85.60.78.167 - - [13/Dec/2006:07:02:23 -0600] "GET /wp-content/themes/default_es/images/kubrickbgcolor.jpg HTTP/1.1" 200 558 "http://www.foobar.com/archives/2004/09/04/chicago-da-16/" "Mozilla/5.0 (Windows; U; Windows NT 5.1; es-ES; rv:1.8.0.8) Gecko/20061025 Firefox/1.5.0.8"
85.60.78.167 - - [13/Dec/2006:07:02:23 -0600] "GET /wp-content/themes/default_es/images/borjanet.png HTTP/1.1" 200 16169 "http://www.foobar.com/archives/2004/09/04/chicago-da-16/" "Mozilla/5.0 (Windows; U; Windows NT 5.1; es-ES; rv:1.8.0.8) Gecko/20061025 Firefox/1.5.0.8"
85.60.78.167 - - [13/Dec/2006:07:02:23 -0600] "GET /wp-content/themes/default_es/images/kubrickbgwide.jpg HTTP/1.1" 200 1020 "http://www.foobar.com/archives/2004/09/04/chicago-da-16/" "Mozilla/5.0 (Windows; U; Windows NT 5.1; es-ES; rv:1.8.0.8) Gecko/20061025 Firefox/1.5.0.8"
85.60.78.167 - - [13/Dec/2006:07:02:24 -0600] "GET /favicon.ico HTTP/1.1" 404 - "-" "Mozilla/5.0 (Windows; U; Windows NT 5.1; es-ES; rv:1.8.0.8) Gecko/20061025 Firefox/1.5.0.8"
85.60.78.167 - - [13/Dec/2006:07:02:24 -0600] "GET /wp-content/themes/default_es/images/kubrickheader.png HTTP/1.1" 200 3850 "http://www.foobar.com/archives/2004/09/04/chicago-da-16/" "Mozilla/5.0 (Windows; U; Windows NT 5.1; es-ES; rv:1.8.0.8) Gecko/20061025 Firefox/1.5.0.8"
85.60.78.167 - - [13/Dec/2006:07:02:24 -0600] "GET /wp-content/themes/default_es/images/kubrickfooter.jpg HTTP/1.1" 200 2601 "http://www.foobar.com/archives/2004/09/04/chicago-da-16/" "Mozilla/5.0 (Windows; U; Windows NT 5.1; es-ES; rv:1.8.0.8) Gecko/20061025 Firefox/1.5.0.8"
130.206.100.134 - - [13/Dec/2006:07:02:56 -0600] "GET /feed/atom/ HTTP/1.0" 304 0 "-" "AppleSyndication/54"
194.224.199.54 - - [13/Dec/2006:07:03:21 -0600] "GET /page/6/ HTTP/1.1" 200 45304 "http://www.foobar.com/page/5/" "noxtrumbot/1.0 (crawler@noxtrum.com)"
146.155.8.145 - - [13/Dec/2006:07:03:24 -0600] "GET /wp-content/themes/default_es/style.css HTTP/1.1" 200 9885 "http://www.foobar.com/archives/2004/05/18/sobre-los-derechos-de-autor/" "Mozilla/4.0 (compatible; MSIE 6.0; Windows NT 5.1; SV1; InfoPath.1; .NET CLR 1.1.4322)"
146.155.8.145 - - [13/Dec/2006:07:03:25 -0600] "GET /archives/2004/05/18/sobre-los-derechos-de-autor/ HTTP/1.1" 200 51714 "http://www.google.cl/search?hl=es&q=hipervinculo+a+un+archivo+blog&btnG=B%C3%BAsqueda&meta=" "Mozilla/4.0 (compatible; MSIE 6.0; Windows NT 5.1; SV1; InfoPath.1; .NET CLR 1.1.4322)"
146.155.8.145 - - [13/Dec/2006:07:03:25 -0600] "GET /wp-content/themes/default_es/images/borjanet.png HTTP/1.1" 200 16169 "http://www.foobar.com/archives/2004/05/18/sobre-los-derechos-de-autor/" "Mozilla/4.0 (compatible; MSIE 6.0; Windows NT 5.1; SV1; InfoPath.1; .NET CLR 1.1.4322)"
146.155.8.145 - - [13/Dec/2006:07:03:25 -0600] "GET /wp-content/themes/default_es/images/kubrickbgcolor.jpg HTTP/1.1" 200 558 "http://www.foobar.com/archives/2004/05/18/sobre-los-derechos-de-autor/" "Mozilla/4.0 (compatible; MSIE 6.0; Windows NT 5.1; SV1; InfoPath.1; .NET CLR 1.1.4322)"
146.155.8.145 - - [13/Dec/2006:07:03:26 -0600] "GET /wp-content/themes/default_es/images/kubrickbgwide.jpg HTTP/1.1" 200 1020 "http://www.foobar.com/archives/2004/05/18/sobre-los-derechos-de-autor/" "Mozilla/4.0 (compatible; MSIE 6.0; Windows NT 5.1; SV1; InfoPath.1; .NET CLR 1.1.4322)"
146.155.8.145 - - [13/Dec/2006:07:03:26 -0600] "GET /wp-content/themes/default_es/images/kubrickheader.png HTTP/1.1" 200 3850 "http://www.foobar.com/archives/2004/05/18/sobre-los-derechos-de-autor/" "Mozilla/4.0 (compatible; MSIE 6.0; Windows NT 5.1; SV1; InfoPath.1; .NET CLR 1.1.4322)"
146.155.8.145 - - [13/Dec/2006:07:03:26 -0600] "GET /wp-content/themes/default_es/images/kubrickfooter.jpg HTTP/1.1" 200 2601 "http://www.foobar.com/archives/2004/05/18/sobre-los-derechos-de-autor/" "Mozilla/4.0 (compatible; MSIE 6.0; Windows NT 5.1; SV1; InfoPath.1; .NET CLR 1.1.4322)"
81.202.208.214 - - [13/Dec/2006:07:04:05 -0600] "GET /favicon.ico HTTP/1.1" 404 - "http://www.netvibes.com/" "Mozilla/5.0 (Windows; U; Windows NT 5.1; es-ES; rv:1.8.0.8) Gecko/20061025 Firefox/1.5.0.8"
74.6.72.40 - - [13/Dec/2006:07:04:11 -0600] "GET /archives/2006/04/19/meme-aleatorio-musical/ HTTP/1.0" 200 15523 "-" "Mozilla/5.0 (compatible; Yahoo! Slurp; http://help.yahoo.com/help/us/ysearch/slurp)"
194.224.199.54 - - [13/Dec/2006:07:04:21 -0600] "GET /archives/category/life-in-chicago/page/6/ HTTP/1.1" 200 33277 "http://www.foobar.com/archives/category/life-in-chicago/page/5/" "noxtrumbot/1.0 (crawler@noxtrum.com)"
194.224.199.54 - - [13/Dec/2006:07:05:21 -0600] "GET /archives/category/viajes/2003-australia/page/6/ HTTP/1.1" 200 27074 "http://www.foobar.com/archives/category/viajes/2003-australia/page/5/" "noxtrumbot/1.0 (crawler@noxtrum.com)"
81.38.8.216 - - [13/Dec/2006:07:05:24 -0600] "GET /feed/ HTTP/1.1" 304 0 "-" "Akregator/1.2.5; librss/remnants"
38.102.128.140 - - [13/Dec/2006:07:05:31 -0600] "GET /feed HTTP/1.1" 304 0 "-" "Mozilla/5.0 (X11; U; Linux i686; en-US; rv:1.2.1; Rojo 1.0; http://www.rojo.com/corporate/help/agg/; Aggregating on behalf of 6 subscriber(s) online at http://www.rojo.com/?feed-id=2396053) Gecko/20021130"
60.191.80.30 - - [13/Dec/2006:07:05:48 -0600] "GET /archives/2004/07/page/2/ HTTP/1.1" 200 28718 "-" "OutfoxBot/0.5 (for internet experiments; http://; outfoxbot@gmail.com)"
60.191.80.30 - - [13/Dec/2006:07:06:00 -0600] "GET /archives/2004/09/page/2/ HTTP/1.1" 200 32105 "-" "OutfoxBot/0.5 (for internet experiments; http://; outfoxbot@gmail.com)"
217.127.179.43 - - [13/Dec/2006:07:06:12 -0600] "GET /wp-content/themes/default_es/style.css HTTP/1.1" 200 9885 "http://www.foobar.com/" "Mozilla/5.0 (X11; U; Linux i686; en-US; rv:1.8.0.1) Gecko/20060226 Debian/1.5.dfsg+1.5.0.1-3 Firefox/1.5.0.1"
217.127.179.43 - - [13/Dec/2006:07:06:13 -0600] "GET / HTTP/1.1" 200 41046 "http://www.bilbao.bi/punto/854/rastro/mercadillos/" "Mozilla/5.0 (X11; U; Linux i686; en-US; rv:1.8.0.1) Gecko/20060226 Debian/1.5.dfsg+1.5.0.1-3 Firefox/1.5.0.1"
217.127.179.43 - - [13/Dec/2006:07:06:14 -0600] "GET /wp-content/themes/default_es/images/kubrickbgcolor.jpg HTTP/1.1" 200 558 "http://www.foobar.com/" "Mozilla/5.0 (X11; U; Linux i686; en-US; rv:1.8.0.1) Gecko/20060226 Debian/1.5.dfsg+1.5.0.1-3 Firefox/1.5.0.1"
217.127.179.43 - - [13/Dec/2006:07:06:14 -0600] "GET /wp-content/themes/default_es/images/borjanet.png HTTP/1.1" 200 16169 "http://www.foobar.com/" "Mozilla/5.0 (X11; U; Linux i686; en-US; rv:1.8.0.1) Gecko/20060226 Debian/1.5.dfsg+1.5.0.1-3 Firefox/1.5.0.1"
217.127.179.43 - - [13/Dec/2006:07:06:14 -0600] "GET /uploads/pronunciacion.png HTTP/1.1" 200 2058 "http://www.foobar.com/" "Mozilla/5.0 (X11; U; Linux i686; en-US; rv:1.8.0.1) Gecko/20060226 Debian/1.5.dfsg+1.5.0.1-3 Firefox/1.5.0.1"
217.127.179.43 - - [13/Dec/2006:07:06:14 -0600] "GET /wp-content/themes/default_es/images/kubrickbg.jpg HTTP/1.1" 200 1047 "http://www.foobar.com/" "Mozilla/5.0 (X11; U; Linux i686; en-US; rv:1.8.0.1) Gecko/20060226 Debian/1.5.dfsg+1.5.0.1-3 Firefox/1.5.0.1"
217.127.179.43 - - [13/Dec/2006:07:06:14 -0600] "GET /wp-content/themes/default_es/images/kubrickheader.png HTTP/1.1" 200 3850 "http://www.foobar.com/" "Mozilla/5.0 (X11; U; Linux i686; en-US; rv:1.8.0.1) Gecko/20060226 Debian/1.5.dfsg+1.5.0.1-3 Firefox/1.5.0.1"
217.127.179.43 - - [13/Dec/2006:07:06:15 -0600] "GET /wp-content/themes/default_es/images/kubrickfooter.jpg HTTP/1.1" 200 2601 "http://www.foobar.com/" "Mozilla/5.0 (X11; U; Linux i686; en-US; rv:1.8.0.1) Gecko/20060226 Debian/1.5.dfsg+1.5.0.1-3 Firefox/1.5.0.1"
217.127.179.43 - - [13/Dec/2006:07:06:16 -0600] "GET /favicon.ico HTTP/1.1" 404 - "-" "Mozilla/5.0 (X11; U; Linux i686; en-US; rv:1.8.0.1) Gecko/20060226 Debian/1.5.dfsg+1.5.0.1-3 Firefox/1.5.0.1"
194.224.199.54 - - [13/Dec/2006:07:06:22 -0600] "GET /archives/category/doctorado/page/6/ HTTP/1.1" 200 32544 "http://www.foobar.com/archives/category/doctorado/page/5/" "noxtrumbot/1.0 (crawler@noxtrum.com)"
130.206.100.134 - - [13/Dec/2006:07:06:39 -0600] "GET /feed/atom/ HTTP/1.0" 304 0 "-" "Vienna/2.1.0.2108"
195.27.215.89 - - [13/Dec/2006:07:07:22 -0600] "GET /archives/2005/05/25/no-esta-mal-pero-tampoco-esta-bien-pero-uhm/ HTTP/1.0" 200 34874 "-" "Seekbot/1.0 (http://www.seekbot.net/bot.html) HTTPFetcher/0.3"
194.224.199.54 - - [13/Dec/2006:07:07:24 -0600] "GET /archives/category/general/page/6/ HTTP/1.1" 200 32524 "http://www.foobar.com/archives/category/general/page/5/" "noxtrumbot/1.0 (crawler@noxtrum.com)"
217.127.179.43 - - [13/Dec/2006:07:07:46 -0600] "GET /archives/category/life-in-chicago/ HTTP/1.1" 200 32017 "http://www.foobar.com/" "Mozilla/5.0 (X11; U; Linux i686; en-US; rv:1.8.0.1) Gecko/20060226 Debian/1.5.dfsg+1.5.0.1-3 Firefox/1.5.0.1"
83.197.85.246 - - [13/Dec/2006:07:07:47 -0600] "GET /wp-content/themes/default_es/style.css HTTP/1.1" 200 9885 "http://www.foobar.com/archives/2005/10/31/lentejas/" "Mozilla/4.0 (compatible; MSIE 6.0; Windows NT 5.1; SV1; .NET CLR 1.1.4322)"
83.197.85.246 - - [13/Dec/2006:07:07:47 -0600] "GET /archives/2005/10/31/lentejas/ HTTP/1.1" 200 17112 "http://www.google.es/search?hl=es&q=lentejas&meta=" "Mozilla/4.0 (compatible; MSIE 6.0; Windows NT 5.1; SV1; .NET CLR 1.1.4322)"
83.197.85.246 - - [13/Dec/2006:07:07:48 -0600] "GET /wp-content/themes/default_es/images/kubrickbgcolor.jpg HTTP/1.1" 200 558 "http://www.foobar.com/archives/2005/10/31/lentejas/" "Mozilla/4.0 (compatible; MSIE 6.0; Windows NT 5.1; SV1; .NET CLR 1.1.4322)"
83.197.85.246 - - [13/Dec/2006:07:07:48 -0600] "GET /wp-content/themes/default_es/images/borjanet.png HTTP/1.1" 200 16169 "http://www.foobar.com/archives/2005/10/31/lentejas/" "Mozilla/4.0 (compatible; MSIE 6.0; Windows NT 5.1; SV1; .NET CLR 1.1.4322)"
83.197.85.246 - - [13/Dec/2006:07:07:49 -0600] "GET /wp-content/themes/default_es/images/kubrickbgwide.jpg HTTP/1.1" 200 1020 "http://www.foobar.com/archives/2005/10/31/lentejas/" "Mozilla/4.0 (compatible; MSIE 6.0; Windows NT 5.1; SV1; .NET CLR 1.1.4322)"
83.197.85.246 - - [13/Dec/2006:07:07:49 -0600] "GET /wp-content/themes/default_es/images/kubrickheader.png HTTP/1.1" 200 3850 "http://www.foobar.com/archives/2005/10/31/lentejas/" "Mozilla/4.0 (compatible; MSIE 6.0; Windows NT 5.1; SV1; .NET CLR 1.1.4322)"
83.197.85.246 - - [13/Dec/2006:07:07:49 -0600] "GET /wp-content/themes/default_es/images/kubrickfooter.jpg HTTP/1.1" 200 2601 "http://www.foobar.com/archives/2005/10/31/lentejas/" "Mozilla/4.0 (compatible; MSIE 6.0; Windows NT 5.1; SV1; .NET CLR 1.1.4322)"
80.224.29.161 - - [13/Dec/2006:07:08:21 -0600] "GET /feed/ HTTP/1.0" 304 0 "-" "Liferea/1.0.26 (Linux; http://liferea.sf.net/)"
194.224.199.54 - - [13/Dec/2006:07:08:23 -0600] "GET /archives/category/viajes/page/6/ HTTP/1.1" 200 32548 "http://www.foobar.com/archives/category/viajes/page/5/" "noxtrumbot/1.0 (crawler@noxtrum.com)"
217.130.78.71 - - [13/Dec/2006:07:08:34 -0600] "GET /feed/ HTTP/1.0" 304 0 "-" "Liferea/1.0.23 (Linux; es_ES.UTF-8; http://liferea.sf.net/)"
65.57.104.88 - - [13/Dec/2006:07:08:36 -0600] "GET /feed/rss2/ HTTP/1.1" 200 10775 "-" "Blogdigger/2.0 (http://www.blogdigger.com/; contact@blogdigger.com)"
72.30.252.140 - - [13/Dec/2006:07:08:47 -0600] "GET /archives/2006/03/19/%C2%A1ya-ta/feed/ HTTP/1.0" 200 3086 "-" "Mozilla/5.0 (compatible; Yahoo! Slurp; http://help.yahoo.com/help/us/ysearch/slurp)"
194.224.199.54 - - [13/Dec/2006:07:09:22 -0600] "GET /page/7/ HTTP/1.1" 200 49023 "http://www.foobar.com/page/6/" "noxtrumbot/1.0 (crawler@noxtrum.com)"
80.58.236.15 - - [13/Dec/2006:07:10:20 -0600] "GET /uploads/pronunciacion.png HTTP/1.1" 304 - "http://www.foobar.com/" "Mozilla/5.0 (Windows; U; Windows NT 5.1; es-ES; rv:1.8.0.8) Gecko/20061025 Firefox/1.5.0.8"
80.58.236.15 - - [13/Dec/2006:07:10:23 -0600] "GET / HTTP/1.1" 200 41046 "-" "Mozilla/5.0 (Windows; U; Windows NT 5.1; es-ES; rv:1.8.0.8) Gecko/20061025 Firefox/1.5.0.8"
194.224.199.54 - - [13/Dec/2006:07:10:23 -0600] "GET /archives/category/life-in-chicago/page/7/ HTTP/1.1" 200 32932 "http://www.foobar.com/archives/category/life-in-chicago/page/6/" "noxtrumbot/1.0 (crawler@noxtrum.com)"
141.58.5.91 - - [13/Dec/2006:07:10:28 -0600] "GET /wp-content/themes/default_es/style.css HTTP/1.1" 304 - "http://www.foobar.com/archives/2006/12/11/pronunciacion/" "Mozilla/4.0 (compatible; MSIE 6.0; Windows NT 5.1; SV1)"
141.58.5.91 - - [13/Dec/2006:07:10:28 -0600] "GET /archives/2006/12/11/pronunciacion/ HTTP/1.1" 200 16039 "-" "Mozilla/4.0 (compatible; MSIE 6.0; Windows NT 5.1; SV1)"
141.58.5.91 - - [13/Dec/2006:07:10:28 -0600] "GET /wp-content/themes/default_es/images/borjanet.png HTTP/1.1" 304 - "http://www.foobar.com/archives/2006/12/11/pronunciacion/" "Mozilla/4.0 (compatible; MSIE 6.0; Windows NT 5.1; SV1)"
141.58.5.91 - - [13/Dec/2006:07:10:29 -0600] "GET /uploads/pronunciacion.png HTTP/1.1" 200 2058 "http://www.foobar.com/archives/2006/12/11/pronunciacion/" "Mozilla/4.0 (compatible; MSIE 6.0; Windows NT 5.1; SV1)"
141.58.5.91 - - [13/Dec/2006:07:10:29 -0600] "GET /wp-content/themes/default_es/images/kubrickbgcolor.jpg HTTP/1.1" 304 - "http://www.foobar.com/archives/2006/12/11/pronunciacion/" "Mozilla/4.0 (compatible; MSIE 6.0; Windows NT 5.1; SV1)"
141.58.5.91 - - [13/Dec/2006:07:10:29 -0600] "GET /wp-content/themes/default_es/images/kubrickbgwide.jpg HTTP/1.1" 304 - "http://www.foobar.com/archives/2006/12/11/pronunciacion/" "Mozilla/4.0 (compatible; MSIE 6.0; Windows NT 5.1; SV1)"
141.58.5.91 - - [13/Dec/2006:07:10:29 -0600] "GET /wp-content/themes/default_es/images/kubrickheader.png HTTP/1.1" 304 - "http://www.foobar.com/archives/2006/12/11/pronunciacion/" "Mozilla/4.0 (compatible; MSIE 6.0; Windows NT 5.1; SV1)"
141.58.5.91 - - [13/Dec/2006:07:10:29 -0600] "GET /wp-content/themes/default_es/images/kubrickfooter.jpg HTTP/1.1" 304 - "http://www.foobar.com/archives/2006/12/11/pronunciacion/" "Mozilla/4.0 (compatible; MSIE 6.0; Windows NT 5.1; SV1)"
194.224.199.54 - - [13/Dec/2006:07:11:21 -0600] "GET /archives/category/doctorado/page/7/ HTTP/1.1" 200 32912 "http://www.foobar.com/archives/category/doctorado/page/6/" "noxtrumbot/1.0 (crawler@noxtrum.com)"
201.8.241.138 - - [13/Dec/2006:07:11:22 -0600] "GET /uploads/whoseline.jpg HTTP/1.1" 200 13096 "http://nowloaded.org/forum/index.php?showtopic=4595&hl=ps2+online" "Mozilla/4.0 (compatible; MSIE 6.0; Windows NT 5.1; MEGAUPLOAD 1.0)"
201.25.244.238 - - [13/Dec/2006:07:11:33 -0600] "GET /uploads/whoseline.jpg HTTP/1.1" 200 13096 "http://nowloaded.org/forum/index.php?showtopic=22951" "Mozilla/4.0 (compatible; MSIE 6.0; Windows NT 5.1; SV1; .NET CLR 2.0.50727; FDM)"
141.58.5.91 - - [13/Dec/2006:07:12:02 -0600] "GET /wp-content/themes/default_es/style.css HTTP/1.1" 304 - "http://www.foobar.com/archives/2006/12/01/nieve-ahora-si/" "Mozilla/4.0 (compatible; MSIE 6.0; Windows NT 5.1; SV1)"
141.58.5.91 - - [13/Dec/2006:07:12:02 -0600] "GET /archives/2006/12/01/nieve-ahora-si/ HTTP/1.1" 200 15807 "-" "Mozilla/4.0 (compatible; MSIE 6.0; Windows NT 5.1; SV1)"
141.58.5.91 - - [13/Dec/2006:07:12:02 -0600] "GET /wp-content/themes/default_es/images/borjanet.png HTTP/1.1" 304 - "http://www.foobar.com/archives/2006/12/01/nieve-ahora-si/" "Mozilla/4.0 (compatible; MSIE 6.0; Windows NT 5.1; SV1)"
141.58.5.91 - - [13/Dec/2006:07:12:02 -0600] "GET /wp-content/themes/default_es/images/kubrickbgcolor.jpg HTTP/1.1" 304 - "http://www.foobar.com/archives/2006/12/01/nieve-ahora-si/" "Mozilla/4.0 (compatible; MSIE 6.0; Windows NT 5.1; SV1)"
141.58.5.91 - - [13/Dec/2006:07:12:02 -0600] "GET /wp-content/themes/default_es/images/kubrickbgwide.jpg HTTP/1.1" 304 - "http://www.foobar.com/archives/2006/12/01/nieve-ahora-si/" "Mozilla/4.0 (compatible; MSIE 6.0; Windows NT 5.1; SV1)"
141.58.5.91 - - [13/Dec/2006:07:12:02 -0600] "GET /wp-content/themes/default_es/images/kubrickheader.png HTTP/1.1" 304 - "http://www.foobar.com/archives/2006/12/01/nieve-ahora-si/" "Mozilla/4.0 (compatible; MSIE 6.0; Windows NT 5.1; SV1)"
141.58.5.91 - - [13/Dec/2006:07:12:02 -0600] "GET /wp-content/themes/default_es/images/kubrickfooter.jpg HTTP/1.1" 304 - "http://www.foobar.com/archives/2006/12/01/nieve-ahora-si/" "Mozilla/4.0 (compatible; MSIE 6.0; Windows NT 5.1; SV1)"
194.224.199.54 - - [13/Dec/2006:07:12:23 -0600] "GET /archives/category/general/page/7/ HTTP/1.1" 200 32741 "http://www.foobar.com/archives/category/general/page/6/" "noxtrumbot/1.0 (crawler@noxtrum.com)"
200.107.77.3 - - [13/Dec/2006:07:12:54 -0600] "GET /wp-content/themes/default_es/style.css HTTP/1.1" 200 9885 "http://www.foobar.com/archives/2004/08/28/chicago-da-9/" "Mozilla/5.0 (Macintosh; U; PPC Mac OS X; es) AppleWebKit/418.9 (KHTML, like Gecko) Safari/419.3"
200.107.77.3 - - [13/Dec/2006:07:12:55 -0600] "GET /archives/2004/08/28/chicago-da-9/ HTTP/1.1" 200 26763 "http://www.google.cl/search?hl=es&q=sillones+tim+barton&btnG=B%C3%BAsqueda+en+Google&meta=" "Mozilla/5.0 (Macintosh; U; PPC Mac OS X; es) AppleWebKit/418.9 (KHTML, like Gecko) Safari/419.3"
200.107.77.3 - - [13/Dec/2006:07:12:55 -0600] "GET /favicon.ico HTTP/1.1" 404 - "-" "Mozilla/5.0 (Macintosh; U; PPC Mac OS X; es) AppleWebKit/418.9 (KHTML, like Gecko) Safari/419.3"
200.107.77.3 - - [13/Dec/2006:07:12:55 -0600] "GET /wp-content/themes/default_es/images/borjanet.png HTTP/1.1" 200 16169 "http://www.foobar.com/archives/2004/08/28/chicago-da-9/" "Mozilla/5.0 (Macintosh; U; PPC Mac OS X; es) AppleWebKit/418.9 (KHTML, like Gecko) Safari/419.3"
200.107.77.3 - - [13/Dec/2006:07:12:56 -0600] "GET /wp-content/themes/default_es/images/kubrickbgcolor.jpg HTTP/1.1" 200 558 "http://www.foobar.com/archives/2004/08/28/chicago-da-9/" "Mozilla/5.0 (Macintosh; U; PPC Mac OS X; es) AppleWebKit/418.9 (KHTML, like Gecko) Safari/419.3"
200.107.77.3 - - [13/Dec/2006:07:12:56 -0600] "GET /wp-content/themes/default_es/images/kubrickbgwide.jpg HTTP/1.1" 200 1020 "http://www.foobar.com/archives/2004/08/28/chicago-da-9/" "Mozilla/5.0 (Macintosh; U; PPC Mac OS X; es) AppleWebKit/418.9 (KHTML, like Gecko) Safari/419.3"
200.107.77.3 - - [13/Dec/2006:07:12:56 -0600] "GET /wp-content/themes/default_es/images/kubrickheader.png HTTP/1.1" 200 3850 "http://www.foobar.com/archives/2004/08/28/chicago-da-9/" "Mozilla/5.0 (Macintosh; U; PPC Mac OS X; es) AppleWebKit/418.9 (KHTML, like Gecko) Safari/419.3"
200.107.77.3 - - [13/Dec/2006:07:12:56 -0600] "GET /wp-content/themes/default_es/images/kubrickfooter.jpg HTTP/1.1" 200 2601 "http://www.foobar.com/archives/2004/08/28/chicago-da-9/" "Mozilla/5.0 (Macintosh; U; PPC Mac OS X; es) AppleWebKit/418.9 (KHTML, like Gecko) Safari/419.3"
213.97.131.216 - - [13/Dec/2006:07:13:01 -0600] "GET /feed/atom/ HTTP/1.1" 304 0 "-" "NetNewsWire/2.1.1 (Mac OS X; Lite; http://ranchero.com/netnewswire/)"
194.224.199.54 - - [13/Dec/2006:07:13:22 -0600] "GET /archives/category/viajes/page/7/ HTTP/1.1" 200 33054 "http://www.foobar.com/archives/category/viajes/page/6/" "noxtrumbot/1.0 (crawler@noxtrum.com)"
74.6.67.219 - - [13/Dec/2006:07:14:03 -0600] "GET /archives/category/deusto/page/2/ HTTP/1.0" 200 25411 "-" "Mozilla/5.0 (compatible; Yahoo! Slurp; http://help.yahoo.com/help/us/ysearch/slurp)"
194.224.199.54 - - [13/Dec/2006:07:14:22 -0600] "GET /page/8/ HTTP/1.1" 200 50079 "http://www.foobar.com/page/7/" "noxtrumbot/1.0 (crawler@noxtrum.com)"
88.7.249.134 - - [13/Dec/2006:07:14:55 -0600] "GET /comments/feed/ HTTP/1.1" 304 0 "-" "Feedreader 3.06 (Powered by Newsbrain)"
195.27.215.89 - - [13/Dec/2006:07:15:16 -0600] "GET /archives/2005/05/27/%C2%BFque-tengo-que-renunciar-a-que/ HTTP/1.0" 200 25003 "-" "Seekbot/1.0 (http://www.seekbot.net/bot.html) HTTPFetcher/0.3"
194.224.199.54 - - [13/Dec/2006:07:15:21 -0600] "GET /archives/category/life-in-chicago/page/8/ HTTP/1.1" 200 33160 "http://www.foobar.com/archives/category/life-in-chicago/page/7/" "noxtrumbot/1.0 (crawler@noxtrum.com)"
201.19.63.109 - - [13/Dec/2006:07:15:42 -0600] "GET /uploads/whoseline.jpg HTTP/1.1" 200 13096 "http://nowloaded.org/forum/index.php?showtopic=22951" "Mozilla/5.0 (Windows; U; Windows NT 5.1; pt-BR; rv:1.8.1) Gecko/20061010 Firefox/2.0"
200.68.43.186 - - [13/Dec/2006:07:16:18 -0600] "GET /uploads/Family_guy_logo.png HTTP/1.0" 404 - "http://images.google.cl/imgres?imgurl=http://www.foobar.com/uploads/Family_guy_logo.png&imgrefurl=http://www.foobar.com/archives/2006/01/19/television-americana/&h=189&w=300&sz=28&tbnid=qlC6Gq_pQxf_tM:&tbnh=73&tbnw=116&hl=es&prev=/images%3Fq%3DCASA%2BPADRE%2BDE%2BFAMILIA%26svnum%3D10%26hl%3Des%26lr%3D&frame=small" "Mozilla/4.0 (compatible; MSIE 6.0; Windows NT 5.1; SV1; .NET CLR 1.1.4322)"
200.68.43.186 - - [13/Dec/2006:07:16:19 -0600] "GET /archives/2006/01/19/television-americana/ HTTP/1.0" 200 16146 "http://images.google.cl/imgres?imgurl=http://www.foobar.com/uploads/Family_guy_logo.png&imgrefurl=http://www.foobar.com/archives/2006/01/19/television-americana/&h=189&w=300&sz=28&hl=es&start=1&tbnid=qlC6Gq_pQxf_tM:&tbnh=73&tbnw=116&prev=/images%3Fq%3DCASA%2BPADRE%2BDE%2BFAMILIA%26svnum%3D10%26hl%3Des%26lr%3D" "Mozilla/4.0 (compatible; MSIE 6.0; Windows NT 5.1; SV1; .NET CLR 1.1.4322)"
200.68.43.186 - - [13/Dec/2006:07:16:23 -0600] "GET /archives/2006/01/19/television-americana/ HTTP/1.0" 200 16146 "http://images.google.cl/imgres?imgurl=http://www.foobar.com/uploads/Family_guy_logo.png&imgrefurl=http://www.foobar.com/archives/2006/01/19/television-americana/&h=189&w=300&sz=28&hl=es&start=1&tbnid=qlC6Gq_pQxf_tM:&tbnh=73&tbnw=116&prev=/images%3Fq%3DCASA%2BPADRE%2BDE%2BFAMILIA%26svnum%3D10%26hl%3Des%26lr%3D" "Mozilla/4.0 (compatible; MSIE 6.0; Windows NT 5.1; SV1; .NET CLR 1.1.4322)"
194.224.199.54 - - [13/Dec/2006:07:16:24 -0600] "GET /archives/category/doctorado/page/8/ HTTP/1.1" 200 26903 "http://www.foobar.com/archives/category/doctorado/page/7/" "noxtrumbot/1.0 (crawler@noxtrum.com)"
62.81.27.241 - - [13/Dec/2006:07:16:38 -0600] "GET /feed/ HTTP/1.0" 304 0 "-" "Mozilla/5.0 (Windows; U; Windows NT 5.1; es-ES; rv:1.8.1) Gecko/20061010 Firefox/2.0"
164.77.127.202 - - [13/Dec/2006:07:16:58 -0600] "GET /wp-content/themes/default_es/style.css HTTP/1.1" 200 9885 "http://www.foobar.com/archives/2006/01/19/television-americana/" "Mozilla/4.0 (compatible; MSIE 6.0; Windows NT 5.1; SV1; .NET CLR 2.0.50727)"
