83.55.20.4 - - [13/Dec/2006:02:55:16 -0600] "GET /feed/ HTTP/1.1" 200 10763 "-" "Mozilla/5.0 (Windows; U; Windows NT 5.1; es-ES; rv:1.8.0.8) Gecko/20061025 Firefox/1.5.0.8"
83.58.251.144 - - [13/Dec/2006:02:55:17 -0600] "GET /archives/2006/12/11/pronunciacion/feed/ HTTP/1.1" 304 0 "-" "NewzCrawler/1.7 (compatible; MSIE 6.00; Newz Crawler 1.7; http://www.newzcrawler.com/ )"
83.55.20.4 - - [13/Dec/2006:02:55:17 -0600] "GET /feed/atom/ HTTP/1.1" 200 9637 "-" "Mozilla/5.0 (Windows; U; Windows NT 5.1; es-ES; rv:1.8.0.8) Gecko/20061025 Firefox/1.5.0.8"
83.55.20.4 - - [13/Dec/2006:02:55:17 -0600] "GET /feed/rss/ HTTP/1.1" 200 5888 "-" "Mozilla/5.0 (Windows; U; Windows NT 5.1; es-ES; rv:1.8.0.8) Gecko/20061025 Firefox/1.5.0.8"
83.55.20.4 - - [13/Dec/2006:02:55:18 -0600] "GET /wp-content/themes/default_es/images/kubrickbg.jpg HTTP/1.1" 200 1047 "http://www.foobar.com/" "Mozilla/5.0 (Windows; U; Windows NT 5.1; es-ES; rv:1.8.0.8) Gecko/20061025 Firefox/1.5.0.8"
83.55.20.4 - - [13/Dec/2006:02:55:18 -0600] "GET /wp-content/themes/default_es/images/kubrickfooter.jpg HTTP/1.1" 200 2601 "http://www.foobar.com/" "Mozilla/5.0 (Windows; U; Windows NT 5.1; es-ES; rv:1.8.0.8) Gecko/20061025 Firefox/1.5.0.8"
83.55.20.4 - - [13/Dec/2006:02:55:23 -0600] "GET /favicon.ico HTTP/1.1" 404 - "-" "Mozilla/5.0 (Windows; U; Windows NT 5.1; es-ES; rv:1.8.0.8) Gecko/20061025 Firefox/1.5.0.8"
83.55.20.4 - - [13/Dec/2006:02:55:18 -0600] "GET /wp-content/themes/default_es/images/kubrickheader.png HTTP/1.1" 200 3850 "http://www.foobar.com/" "Mozilla/5.0 (Windows; U; Windows NT 5.1; es-ES; rv:1.8.0.8) Gecko/20061025 Firefox/1.5.0.8"
83.55.20.4 - - [13/Dec/2006:02:55:24 -0600] "GET /favicon.ico HTTP/1.1" 404 - "-" "Mozilla/5.0 (Windows; U; Windows NT 5.1; es-ES; rv:1.8.0.8) Gecko/20061025 Firefox/1.5.0.8"
194.224.199.54 - - [13/Dec/2006:02:55:48 -0600] "GET /archives/2005/09/10/dia-6-amsterdam/feed/ HTTP/1.1" 200 1690 "http://www.foobar.com/archives/2005/09/10/dia-6-amsterdam/" "noxtrumbot/1.0 (crawler@noxtrum.com)"
81.202.208.214 - - [13/Dec/2006:02:56:33 -0600] "GET /favicon.ico HTTP/1.1" 404 - "http://www.netvibes.com/" "Mozilla/5.0 (Windows; U; Windows NT 5.1; es-ES; rv:1.8.0.8) Gecko/20061025 Firefox/1.5.0.8"
210.173.180.164 - - [13/Dec/2006:02:56:41 -0600] "GET /archives/2005/05/31/meme-literario/feed/ HTTP/1.1" 200 10655 "-" "ichiro/2.0 (http://help.goo.ne.jp/door/crawler.html)"
194.224.199.54 - - [13/Dec/2006:02:56:47 -0600] "GET /archives/2005/09/10/dia-6-amsterdam/trackback/ HTTP/1.1" 302 5 "http://www.foobar.com/archives/2005/09/10/dia-6-amsterdam/" "noxtrumbot/1.0 (crawler@noxtrum.com)"
38.102.128.140 - - [13/Dec/2006:02:57:00 -0600] "GET /feed HTTP/1.1" 304 0 "-" "Mozilla/5.0 (X11; U; Linux i686; en-US; rv:1.2.1; Rojo 1.0; http://www.rojo.com/corporate/help/agg/; Aggregating on behalf of 6 subscriber(s) online at http://www.rojo.com/?feed-id=2396053) Gecko/20021130"
83.43.193.175 - - [13/Dec/2006:02:57:26 -0600] "GET /feed/atom/ HTTP/1.1" 200 9637 "-" "Mozilla/5.0 (X11; U; Linux i686; es-ES; rv:1.8.0.8) Gecko/20060802 Mandriva/1.5.0.8-1.1mdv2007.0 (2007.0) Firefox/1.5.0.8"
65.214.44.160 - - [13/Dec/2006:02:57:39 -0600] "GET /archives/category/informatica/ HTTP/1.0" 200 32417 "-" "Mozilla/2.0 (compatible; Ask Jeeves/Teoma; +http://about.ask.com/en/docs/about/webmasters.shtml)"
194.224.199.54 - - [13/Dec/2006:02:57:49 -0600] "GET /archives/2005/09/09/dia-5-londres/feed/ HTTP/1.1" 200 498 "http://www.foobar.com/archives/2005/09/09/dia-5-londres/" "noxtrumbot/1.0 (crawler@noxtrum.com)"
80.224.29.161 - - [13/Dec/2006:02:58:13 -0600] "GET /feed/ HTTP/1.0" 304 0 "-" "Liferea/1.0.26 (Linux; http://liferea.sf.net/)"
210.173.180.164 - - [13/Dec/2006:02:58:31 -0600] "GET /archives/2005/05/27/%C2%BFque-tengo-que-renunciar-a-que/feed/ HTTP/1.1" 200 4229 "-" "ichiro/2.0 (http://help.goo.ne.jp/door/crawler.html)"
81.40.248.159 - - [13/Dec/2006:02:58:33 -0600] "GET /archives/2005/11/02/chocolate-a-la-taza/ HTTP/1.1" 200 18073 "-" "Mozilla/4.0 (compatible; MSIE 6.0; Windows NT 5.1; SV1)"
81.40.248.159 - - [13/Dec/2006:02:58:33 -0600] "GET /wp-content/themes/default_es/style.css HTTP/1.1" 200 9885 "http://www.foobar.com/archives/2005/11/02/chocolate-a-la-taza/" "Mozilla/4.0 (compatible; MSIE 6.0; Windows NT 5.1; SV1)"
81.40.248.159 - - [13/Dec/2006:02:58:35 -0600] "GET /wp-content/themes/default_es/images/borjanet.png HTTP/1.1" 200 16169 "http://www.foobar.com/archives/2005/11/02/chocolate-a-la-taza/" "Mozilla/4.0 (compatible; MSIE 6.0; Windows NT 5.1; SV1)"
81.40.248.159 - - [13/Dec/2006:02:58:37 -0600] "GET /wp-content/themes/default_es/images/kubrickbgcolor.jpg HTTP/1.1" 200 558 "http://www.foobar.com/archives/2005/11/02/chocolate-a-la-taza/" "Mozilla/4.0 (compatible; MSIE 6.0; Windows NT 5.1; SV1)"
81.40.248.159 - - [13/Dec/2006:02:58:38 -0600] "GET /wp-content/themes/default_es/images/kubrickbgwide.jpg HTTP/1.1" 200 1020 "http://www.foobar.com/archives/2005/11/02/chocolate-a-la-taza/" "Mozilla/4.0 (compatible; MSIE 6.0; Windows NT 5.1; SV1)"
81.40.248.159 - - [13/Dec/2006:02:58:38 -0600] "GET /wp-content/themes/default_es/images/kubrickheader.png HTTP/1.1" 200 3850 "http://www.foobar.com/archives/2005/11/02/chocolate-a-la-taza/" "Mozilla/4.0 (compatible; MSIE 6.0; Windows NT 5.1; SV1)"
81.40.248.159 - - [13/Dec/2006:02:58:39 -0600] "GET /wp-content/themes/default_es/images/kubrickfooter.jpg HTTP/1.1" 200 2601 "http://www.foobar.com/archives/2005/11/02/chocolate-a-la-taza/" "Mozilla/4.0 (compatible; MSIE 6.0; Windows NT 5.1; SV1)"
81.40.248.159 - - [13/Dec/2006:02:58:41 -0600] "GET /favicon.ico HTTP/1.1" 404 - "-" "Mozilla/5.0 (compatible; Google Desktop)"
194.224.199.54 - - [13/Dec/2006:02:58:49 -0600] "GET /archives/2005/09/09/dia-5-londres/trackback/ HTTP/1.1" 302 5 "http://www.foobar.com/archives/2005/09/09/dia-5-londres/" "noxtrumbot/1.0 (crawler@noxtrum.com)"
131.202.212.90 - - [13/Dec/2006:02:59:22 -0600] "GET /feed/ HTTP/1.1" 304 0 "-" "NetNewsWire/2.1.1 (Mac OS X; http://ranchero.com/netnewswire/)"
195.27.215.89 - - [13/Dec/2006:02:59:24 -0600] "GET /archives/2004/12/11/ HTTP/1.0" 200 25165 "-" "Seekbot/1.0 (http://www.seekbot.net/bot.html) HTTPFetcher/0.3"
193.47.80.46 - - [13/Dec/2006:02:59:35 -0600] "GET /archives/category/life-in-chicago/page/4/ HTTP/1.1" 200 32230 "-" "Exabot/3.0"
194.224.199.54 - - [13/Dec/2006:02:59:55 -0600] "GET /archives/2004/09/19/de-nuevo-en-chicago/feed/ HTTP/1.1" 200 5619 "http://www.foobar.com/archives/2004/09/19/de-nuevo-en-chicago/" "noxtrumbot/1.0 (crawler@noxtrum.com)"
194.224.199.54 - - [13/Dec/2006:03:00:54 -0600] "GET /archives/2004/09/19/de-nuevo-en-chicago/trackback/ HTTP/1.1" 302 5 "http://www.foobar.com/archives/2004/09/19/de-nuevo-en-chicago/" "noxtrumbot/1.0 (crawler@noxtrum.com)"
80.32.11.185 - - [13/Dec/2006:03:00:57 -0600] "GET /uploads/Family_guy_logo.png HTTP/1.0" 404 - "-" "Mozilla/2.0 (compatible; MS FrontPage 4.0)"
65.214.44.29 - - [13/Dec/2006:03:01:06 -0600] "GET /feed/rss2/ HTTP/1.1" 304 0 "-" "Bloglines/3.1 (http://www.bloglines.com; 14 subscribers)"
65.214.44.29 - - [13/Dec/2006:03:01:32 -0600] "GET /feed/atom/ HTTP/1.1" 304 0 "-" "Bloglines/3.1 (http://www.bloglines.com; 6 subscribers)"
194.224.199.54 - - [13/Dec/2006:03:01:55 -0600] "GET /archives/2005/09/04/dia-1-londres/feed/ HTTP/1.1" 200 1591 "http://www.foobar.com/archives/2005/09/04/dia-1-londres/" "noxtrumbot/1.0 (crawler@noxtrum.com)"
83.175.204.149 - - [13/Dec/2006:03:02:18 -0600] "GET /archives/2005/06/26/meme-de-frases/feed/ HTTP/1.1" 200 8504 "-" "RSSOwl/1.2.3 Preview Release 2006-10-30 (Windows; U; es)"
210.173.180.164 - - [13/Dec/2006:03:02:19 -0600] "GET /archives/2005/05/26/meme-musical/feed/ HTTP/1.1" 200 1682 "-" "ichiro/2.0 (http://help.goo.ne.jp/door/crawler.html)"
194.224.199.54 - - [13/Dec/2006:03:02:54 -0600] "GET /archives/2005/09/04/dia-1-londres/trackback/ HTTP/1.1" 302 5 "http://www.foobar.com/archives/2005/09/04/dia-1-londres/" "noxtrumbot/1.0 (crawler@noxtrum.com)"
213.162.200.20 - - [13/Dec/2006:03:03:14 -0600] "GET /archives/2006/01/19/television-americana/ HTTP/1.1" 200 22370 "http://images.google.com.ar/imgres?imgurl=http://www.foobar.com/uploads/Family_guy_logo.png&imgrefurl=http://www.foobar.com/archives/2006/01/19/television-americana/&h=189&w=300&sz=28&hl=es&start=16&tbnid=qlC6Gq_pQxf_tM:&tbnh=73&tbnw=116&prev=/images%3Fq%3Dpadre%2Bde%2Bfamilia%26svnum%3D10%26hl%3Des%26lr%3D%26client%3Dfirefox-a%26rls%3Dorg.mozilla:es-AR:official%26hs%3DQMk%26sa%3DX" "Mozilla/5.0 (Windows; U; Windows NT 5.1; es-AR; rv:1.7.12) Gecko/20050919 Firefox/1.0.7"
213.162.200.20 - - [13/Dec/2006:03:03:15 -0600] "GET /uploads/Dailyshow_logo.jpg HTTP/1.1" 200 13964 "http://www.foobar.com/archives/2006/01/19/television-americana/" "Mozilla/5.0 (Windows; U; Windows NT 5.1; es-AR; rv:1.7.12) Gecko/20050919 Firefox/1.0.7"
213.162.200.20 - - [13/Dec/2006:03:03:16 -0600] "GET /uploads/fglogo.png HTTP/1.1" 200 27895 "http://www.foobar.com/archives/2006/01/19/television-americana/" "Mozilla/5.0 (Windows; U; Windows NT 5.1; es-AR; rv:1.7.12) Gecko/20050919 Firefox/1.0.7"
213.162.200.20 - - [13/Dec/2006:03:03:16 -0600] "GET /uploads/TheWestWing.JPG HTTP/1.1" 200 7234 "http://www.foobar.com/archives/2006/01/19/television-americana/" "Mozilla/5.0 (Windows; U; Windows NT 5.1; es-AR; rv:1.7.12) Gecko/20050919 Firefox/1.0.7"
213.162.200.20 - - [13/Dec/2006:03:03:17 -0600] "GET /uploads/Harvey_Birdman2C_Attorney_at_Law_title.jpg HTTP/1.1" 200 20129 "http://www.foobar.com/archives/2006/01/19/television-americana/" "Mozilla/5.0 (Windows; U; Windows NT 5.1; es-AR; rv:1.7.12) Gecko/20050919 Firefox/1.0.7"
213.162.200.20 - - [13/Dec/2006:03:03:17 -0600] "GET /uploads/Birdman.jpg HTTP/1.1" 200 23838 "http://www.foobar.com/archives/2006/01/19/television-americana/" "Mozilla/5.0 (Windows; U; Windows NT 5.1; es-AR; rv:1.7.12) Gecko/20050919 Firefox/1.0.7"
213.162.200.20 - - [13/Dec/2006:03:03:17 -0600] "GET /uploads/whoseline.jpg HTTP/1.1" 200 13096 "http://www.foobar.com/archives/2006/01/19/television-americana/" "Mozilla/5.0 (Windows; U; Windows NT 5.1; es-AR; rv:1.7.12) Gecko/20050919 Firefox/1.0.7"
213.162.200.20 - - [13/Dec/2006:03:03:18 -0600] "GET /uploads/comedy.png HTTP/1.1" 200 22619 "http://www.foobar.com/archives/2006/01/19/television-americana/" "Mozilla/5.0 (Windows; U; Windows NT 5.1; es-AR; rv:1.7.12) Gecko/20050919 Firefox/1.0.7"
65.214.44.29 - - [13/Dec/2006:03:03:28 -0600] "GET /feed/ HTTP/1.1" 304 0 "-" "Bloglines/3.1 (http://www.bloglines.com; 34 subscribers)"
194.224.199.54 - - [13/Dec/2006:03:03:56 -0600] "GET /archives/2005/06/17/manuscrito-entregado/feed/ HTTP/1.1" 200 3127 "http://www.foobar.com/archives/2005/06/17/manuscrito-entregado/" "noxtrumbot/1.0 (crawler@noxtrum.com)"
65.214.44.160 - - [13/Dec/2006:03:04:01 -0600] "GET /archives/category/viajes/ HTTP/1.0" 200 31734 "-" "Mozilla/2.0 (compatible; Ask Jeeves/Teoma; +http://about.ask.com/en/docs/about/webmasters.shtml)"
155.54.204.46 - - [13/Dec/2006:03:04:30 -0600] "GET /feed HTTP/1.1" 200 10763 "-" "Mozilla/5.0 (X11; U; Linux i686; en-US; rv:1.8.0.8) Gecko/20061115 Thunderbird/1.5.0.8"
210.173.180.164 - - [13/Dec/2006:03:04:42 -0600] "GET /archives/2005/05/25/no-esta-mal-pero-tampoco-esta-bien-pero-uhm/feed/ HTTP/1.1" 200 22259 "-" "ichiro/2.0 (http://help.goo.ne.jp/door/crawler.html)"
194.224.199.54 - - [13/Dec/2006:03:05:04 -0600] "GET /archives/2004/08/20/chicago-dia-1/ HTTP/1.1" 200 15291 "http://www.foobar.com/archives/2004/08/21/chicago-dia-2/" "noxtrumbot/1.0 (crawler@noxtrum.com)"
195.27.215.89 - - [13/Dec/2006:03:05:24 -0600] "GET /archives/2004/12/14/ HTTP/1.0" 200 26832 "-" "Seekbot/1.0 (http://www.seekbot.net/bot.html) HTTPFetcher/0.3"
83.43.193.175 - - [13/Dec/2006:03:05:25 -0600] "GET /favicon.ico HTTP/1.1" 404 - "-" "Mozilla/5.0 (compatible; Konqueror/3.5; Linux 2.6.17-5mdv; X11; i686; es, en_US) KHTML/3.5.4 (like Gecko)"
83.43.193.175 - - [13/Dec/2006:03:05:25 -0600] "GET /favicon.ico HTTP/1.1" 404 - "-" "Mozilla/5.0 (compatible; Konqueror/3.5; Linux 2.6.17-5mdv; X11; i686; es, en_US) KHTML/3.5.4 (like Gecko)"
81.38.8.216 - - [13/Dec/2006:03:05:25 -0600] "GET /feed/ HTTP/1.1" 304 0 "-" "Akregator/1.2.5; librss/remnants"
83.43.193.175 - - [13/Dec/2006:03:05:37 -0600] "GET /feed/ HTTP/1.1" 304 0 "-" "Akregator/1.2.4; librss/remnants"
88.11.201.92 - - [13/Dec/2006:03:05:53 -0600] "GET /wp-content/themes/default_es/style.css HTTP/1.1" 200 9885 "http://www.foobar.com/archives/2004/06/26/impresionante-cena-de-licenciatura/" "Mozilla/4.0 (compatible; MSIE 6.0; Windows NT 5.1; SV1; .NET CLR 1.0.3705; .NET CLR 1.1.4322; Media Center PC 4.0)"
88.11.201.92 - - [13/Dec/2006:03:05:53 -0600] "GET /archives/2004/06/26/impresionante-cena-de-licenciatura/ HTTP/1.1" 200 25355 "-" "Mozilla/4.0 (compatible; MSIE 6.0; Windows NT 5.1; SV1; .NET CLR 1.0.3705; .NET CLR 1.1.4322; Media Center PC 4.0)"
88.11.201.92 - - [13/Dec/2006:03:05:53 -0600] "GET /wp-content/themes/default_es/images/borjanet.png HTTP/1.1" 200 16169 "http://www.foobar.com/archives/2004/06/26/impresionante-cena-de-licenciatura/" "Mozilla/4.0 (compatible; MSIE 6.0; Windows NT 5.1; SV1; .NET CLR 1.0.3705; .NET CLR 1.1.4322; Media Center PC 4.0)"
88.11.201.92 - - [13/Dec/2006:03:05:54 -0600] "GET /wp-content/themes/default_es/images/kubrickbgcolor.jpg HTTP/1.1" 200 558 "http://www.foobar.com/archives/2004/06/26/impresionante-cena-de-licenciatura/" "Mozilla/4.0 (compatible; MSIE 6.0; Windows NT 5.1; SV1; .NET CLR 1.0.3705; .NET CLR 1.1.4322; Media Center PC 4.0)"
88.11.201.92 - - [13/Dec/2006:03:05:54 -0600] "GET /wp-content/themes/default_es/images/kubrickbgwide.jpg HTTP/1.1" 200 1020 "http://www.foobar.com/archives/2004/06/26/impresionante-cena-de-licenciatura/" "Mozilla/4.0 (compatible; MSIE 6.0; Windows NT 5.1; SV1; .NET CLR 1.0.3705; .NET CLR 1.1.4322; Media Center PC 4.0)"
88.11.201.92 - - [13/Dec/2006:03:05:54 -0600] "GET /wp-content/themes/default_es/images/kubrickheader.png HTTP/1.1" 200 3850 "http://www.foobar.com/archives/2004/06/26/impresionante-cena-de-licenciatura/" "Mozilla/4.0 (compatible; MSIE 6.0; Windows NT 5.1; SV1; .NET CLR 1.0.3705; .NET CLR 1.1.4322; Media Center PC 4.0)"
88.11.201.92 - - [13/Dec/2006:03:05:54 -0600] "GET /wp-content/themes/default_es/images/kubrickfooter.jpg HTTP/1.1" 200 2601 "http://www.foobar.com/archives/2004/06/26/impresionante-cena-de-licenciatura/" "Mozilla/4.0 (compatible; MSIE 6.0; Windows NT 5.1; SV1; .NET CLR 1.0.3705; .NET CLR 1.1.4322; Media Center PC 4.0)"
194.224.199.54 - - [13/Dec/2006:03:06:01 -0600] "GET /archives/2004/08/21/chicago-dia-2/feed/ HTTP/1.1" 200 7345 "http://www.foobar.com/archives/2004/08/21/chicago-dia-2/" "noxtrumbot/1.0 (crawler@noxtrum.com)"
217.130.78.71 - - [13/Dec/2006:03:06:35 -0600] "GET /feed/ HTTP/1.0" 304 0 "-" "Liferea/1.0.23 (Linux; es_ES.UTF-8; http://liferea.sf.net/)"
213.229.188.136 - - [13/Dec/2006:03:06:48 -0600] "GET /wp-content/themes/default_es/style.css HTTP/1.1" 200 9885 "http://www.foobar.com/" "Mozilla/5.0 (Windows; U; Windows NT 5.1; es-ES; rv:1.8.1) Gecko/20061010 Firefox/2.0"
213.229.188.136 - - [13/Dec/2006:03:06:50 -0600] "GET / HTTP/1.1" 200 41046 "-" "Mozilla/5.0 (Windows; U; Windows NT 5.1; es-ES; rv:1.8.1) Gecko/20061010 Firefox/2.0"
213.229.188.136 - - [13/Dec/2006:03:06:54 -0600] "GET /feed/ HTTP/1.1" 200 10763 "-" "Mozilla/5.0 (Windows; U; Windows NT 5.1; es-ES; rv:1.8.1) Gecko/20061010 Firefox/2.0"
213.229.188.136 - - [13/Dec/2006:03:06:55 -0600] "GET /feed/rss/ HTTP/1.1" 200 5888 "-" "Mozilla/5.0 (Windows; U; Windows NT 5.1; es-ES; rv:1.8.1) Gecko/20061010 Firefox/2.0"
213.229.188.136 - - [13/Dec/2006:03:06:57 -0600] "GET /wp-content/themes/default_es/images/borjanet.png HTTP/1.1" 200 16169 "http://www.foobar.com/" "Mozilla/5.0 (Windows; U; Windows NT 5.1; es-ES; rv:1.8.1) Gecko/20061010 Firefox/2.0"
213.229.188.136 - - [13/Dec/2006:03:06:57 -0600] "GET /uploads/pronunciacion.png HTTP/1.1" 200 2058 "http://www.foobar.com/" "Mozilla/5.0 (Windows; U; Windows NT 5.1; es-ES; rv:1.8.1) Gecko/20061010 Firefox/2.0"
213.229.188.136 - - [13/Dec/2006:03:06:57 -0600] "GET /wp-content/themes/default_es/images/kubrickbgcolor.jpg HTTP/1.1" 200 558 "http://www.foobar.com/" "Mozilla/5.0 (Windows; U; Windows NT 5.1; es-ES; rv:1.8.1) Gecko/20061010 Firefox/2.0"
213.229.188.136 - - [13/Dec/2006:03:06:57 -0600] "GET /favicon.ico HTTP/1.1" 404 - "-" "Mozilla/5.0 (Windows; U; Windows NT 5.1; es-ES; rv:1.8.1) Gecko/20061010 Firefox/2.0"
213.229.188.136 - - [13/Dec/2006:03:06:58 -0600] "GET /feed/atom/ HTTP/1.1" 200 9637 "-" "Mozilla/5.0 (Windows; U; Windows NT 5.1; es-ES; rv:1.8.1) Gecko/20061010 Firefox/2.0"
213.229.188.136 - - [13/Dec/2006:03:06:58 -0600] "GET /wp-content/themes/default_es/images/kubrickbg.jpg HTTP/1.1" 200 1047 "http://www.foobar.com/" "Mozilla/5.0 (Windows; U; Windows NT 5.1; es-ES; rv:1.8.1) Gecko/20061010 Firefox/2.0"
213.229.188.136 - - [13/Dec/2006:03:06:58 -0600] "GET /wp-content/themes/default_es/images/kubrickheader.png HTTP/1.1" 200 3850 "http://www.foobar.com/" "Mozilla/5.0 (Windows; U; Windows NT 5.1; es-ES; rv:1.8.1) Gecko/20061010 Firefox/2.0"
213.229.188.136 - - [13/Dec/2006:03:06:58 -0600] "GET /wp-content/themes/default_es/images/kubrickfooter.jpg HTTP/1.1" 200 2601 "http://www.foobar.com/" "Mozilla/5.0 (Windows; U; Windows NT 5.1; es-ES; rv:1.8.1) Gecko/20061010 Firefox/2.0"
210.173.180.164 - - [13/Dec/2006:03:06:58 -0600] "GET /archives/2005/05/20/je-je-je-pero-que-chispa-tienes-tio/feed/ HTTP/1.1" 200 12192 "-" "ichiro/2.0 (http://help.goo.ne.jp/door/crawler.html)"
194.224.199.54 - - [13/Dec/2006:03:07:01 -0600] "GET /archives/2004/08/21/chicago-dia-2/trackback/ HTTP/1.1" 302 5 "http://www.foobar.com/archives/2004/08/21/chicago-dia-2/" "noxtrumbot/1.0 (crawler@noxtrum.com)"
212.55.0.180 - - [13/Dec/2006:03:07:34 -0600] "GET /favicon.ico HTTP/1.1" 404 - "http://www.newsgator.com/ngs/subscriber/WebEd2.aspx?fid=829359" "Mozilla/5.0 (Windows; U; Windows NT 5.1; es-ES; rv:1.8.1) Gecko/20061010 Firefox/2.0"
72.14.195.66 - - [13/Dec/2006:03:07:51 -0600] "GET /uploads/hw01_20051005.pdf HTTP/1.1" 200 83401 "http://www.google.com/search?hl=en&lr=&client=firefox-a&rls=org.mozilla%3Aen-US%3Aofficial&hs=AdP&q=NL+PSPACE+proof&btnG=Search" "Mozilla/5.0 (Windows; U; Windows NT 5.1; en-US; rv:1.8.0.8) Gecko/20061025 Firefox/1.5.0.8"
66.68.187.239 - - [13/Dec/2006:03:07:58 -0600] "GET /uploads/hw01_20051005.pdf HTTP/1.1" 206 34453 "-" "Mozilla/5.0 (Windows; U; Windows NT 5.1; en-US; rv:1.8.0.8) Gecko/20061025 Firefox/1.5.0.8"
72.14.195.66 - - [13/Dec/2006:03:07:58 -0600] "GET /favicon.ico HTTP/1.1" 404 - "-" "Mozilla/5.0 (Windows; U; Windows NT 5.1; en-US; rv:1.8.0.8) Gecko/20061025 Firefox/1.5.0.8"
194.224.199.54 - - [13/Dec/2006:03:08:06 -0600] "GET /archives/2005/07/01/google-satellite-maps-de-chicago/ HTTP/1.1" 200 16294 "http://www.foobar.com/archives/2005/07/page/3/" "noxtrumbot/1.0 (crawler@noxtrum.com)"
213.96.156.8 - - [13/Dec/2006:03:08:07 -0600] "GET /wp-content/themes/default_es/style.css HTTP/1.1" 200 9885 "http://www.foobar.com/archives/2003/12/25/la-cena-de-nochebuena/" "Mozilla/4.0 (compatible; MSIE 6.0; Windows 98; PC ACTUAL (VNU Business Publications Espa\xf1a))"
213.96.156.8 - - [13/Dec/2006:03:08:07 -0600] "GET /archives/2003/12/25/la-cena-de-nochebuena/ HTTP/1.1" 200 18266 "http://buscador2.terra.es/default.aspx?ca=s&source=Search&query=MENU+CENA+DE+NOCHEBUENA" "Mozilla/4.0 (compatible; MSIE 6.0; Windows 98; PC ACTUAL (VNU Business Publications Espa\xf1a))"
213.96.156.8 - - [13/Dec/2006:03:08:07 -0600] "GET /wp-content/themes/default_es/images/kubrickbgcolor.jpg HTTP/1.1" 200 558 "http://www.foobar.com/archives/2003/12/25/la-cena-de-nochebuena/" "Mozilla/4.0 (compatible; MSIE 6.0; Windows 98; PC ACTUAL (VNU Business Publications Espa\xf1a))"
213.96.156.8 - - [13/Dec/2006:03:08:07 -0600] "GET /wp-content/themes/default_es/images/kubrickbgwide.jpg HTTP/1.1" 200 1020 "http://www.foobar.com/archives/2003/12/25/la-cena-de-nochebuena/" "Mozilla/4.0 (compatible; MSIE 6.0; Windows 98; PC ACTUAL (VNU Business Publications Espa\xf1a))"
213.96.156.8 - - [13/Dec/2006:03:08:07 -0600] "GET /wp-content/themes/default_es/images/borjanet.png HTTP/1.1" 200 16169 "http://www.foobar.com/archives/2003/12/25/la-cena-de-nochebuena/" "Mozilla/4.0 (compatible; MSIE 6.0; Windows 98; PC ACTUAL (VNU Business Publications Espa\xf1a))"
213.96.156.8 - - [13/Dec/2006:03:08:08 -0600] "GET /wp-content/themes/default_es/images/kubrickheader.png HTTP/1.1" 200 3850 "http://www.foobar.com/archives/2003/12/25/la-cena-de-nochebuena/" "Mozilla/4.0 (compatible; MSIE 6.0; Windows 98; PC ACTUAL (VNU Business Publications Espa\xf1a))"
213.96.156.8 - - [13/Dec/2006:03:08:08 -0600] "GET /wp-content/themes/default_es/images/kubrickfooter.jpg HTTP/1.1" 200 2601 "http://www.foobar.com/archives/2003/12/25/la-cena-de-nochebuena/" "Mozilla/4.0 (compatible; MSIE 6.0; Windows 98; PC ACTUAL (VNU Business Publications Espa\xf1a))"
74.6.85.170 - - [13/Dec/2006:03:08:12 -0600] "GET /robots.txt HTTP/1.0" 404 - "-" "Mozilla/5.0 (compatible; Yahoo! Slurp; http://help.yahoo.com/help/us/ysearch/slurp)"
74.6.86.232 - - [13/Dec/2006:03:08:15 -0600] "GET /archives/2004/07/page/2/ HTTP/1.0" 200 28625 "-" "Mozilla/5.0 (compatible; Yahoo! Slurp; http://help.yahoo.com/help/us/ysearch/slurp)"
80.224.29.161 - - [13/Dec/2006:03:08:16 -0600] "GET /feed/ HTTP/1.0" 304 0 "-" "Liferea/1.0.26 (Linux; http://liferea.sf.net/)"
158.38.88.39 - - [13/Dec/2006:03:08:35 -0600] "GET /favicon.ico HTTP/1.1" 404 - "http://www.netvibes.com/" "Mozilla/5.0 (Windows; U; Windows NT 5.1; es-ES; rv:1.8.1) Gecko/20061010 Firefox/2.0"
210.173.180.164 - - [13/Dec/2006:03:08:39 -0600] "GET /archives/2005/04/page/1/ HTTP/1.1" 200 32270 "-" "ichiro/2.0 (http://help.goo.ne.jp/door/crawler.html)"
158.38.88.39 - - [13/Dec/2006:03:08:42 -0600] "GET /favicon.ico HTTP/1.1" 404 - "http://www.netvibes.com/" "Mozilla/5.0 (Windows; U; Windows NT 5.1; es-ES; rv:1.8.1) Gecko/20061010 Firefox/2.0"
213.229.188.136 - - [13/Dec/2006:03:08:45 -0600] "GET /favicon.ico HTTP/1.1" 404 - "-" "Mozilla/5.0 (Windows; U; Windows NT 5.1; es-ES; rv:1.8.1) Gecko/20061010 Firefox/2.0"
193.145.150.209 - - [13/Dec/2006:03:08:55 -0600] "GET /uploads/Family_guy_logo.png HTTP/1.1" 404 - "http://www.projectw.org/viewtopic.php?t=341152" "Mozilla/5.0 (Windows; U; Windows NT 5.1; es-ES; rv:1.8.0.4) Gecko/20060508 Firefox/1.5.0.4"
158.42.16.182 - - [13/Dec/2006:03:08:58 -0600] "GET /favicon.ico HTTP/1.1" 404 - "http://www.netvibes.com/" "Mozilla/5.0 (Windows; U; Windows NT 5.1; es-ES; rv:1.8.1) Gecko/20061010 Firefox/2.0"
194.224.199.54 - - [13/Dec/2006:03:09:04 -0600] "GET /archives/2005/07/07/7-j/feed/ HTTP/1.1" 200 1802 "http://www.foobar.com/archives/2005/07/07/7-j/" "noxtrumbot/1.0 (crawler@noxtrum.com)"
72.14.195.66 - - [13/Dec/2006:03:09:19 -0600] "GET /favicon.ico HTTP/1.1" 404 - "-" "Mozilla/5.0 (Windows; U; Windows NT 5.1; en-US; rv:1.8.0.8) Gecko/20061025 Firefox/1.5.0.8"
158.38.88.39 - - [13/Dec/2006:03:09:41 -0600] "GET /favicon.ico HTTP/1.1" 404 - "http://www.netvibes.com/" "Mozilla/5.0 (Windows; U; Windows NT 5.1; es-ES; rv:1.8.1) Gecko/20061010 Firefox/2.0"
194.224.199.54 - - [13/Dec/2006:03:10:04 -0600] "GET /archives/2005/07/07/7-j/trackback/ HTTP/1.1" 302 5 "http://www.foobar.com/archives/2005/07/07/7-j/" "noxtrumbot/1.0 (crawler@noxtrum.com)"
65.214.44.160 - - [13/Dec/2006:03:10:19 -0600] "GET /weblog/1073990749/index_html HTTP/1.0" 404 - "-" "Mozilla/2.0 (compatible; Ask Jeeves/Teoma; +http://about.ask.com/en/docs/about/webmasters.shtml)"
210.173.180.164 - - [13/Dec/2006:03:10:40 -0600] "GET /archives/2005/04/09/tu-patria-te-necesita-y-esta-otra-patria-tambin/ HTTP/1.1" 200 20134 "-" "ichiro/2.0 (http://help.goo.ne.jp/door/crawler.html)"
194.224.199.54 - - [13/Dec/2006:03:11:05 -0600] "GET /archives/2005/07/06/jetlag-sux-p/feed/ HTTP/1.1" 200 495 "http://www.foobar.com/archives/2005/07/06/jetlag-sux-p/" "noxtrumbot/1.0 (crawler@noxtrum.com)"
195.27.215.89 - - [13/Dec/2006:03:11:19 -0600] "GET /archives/2004/12/14/primer-artculo-desde-mi-nuevo-ordenador/ HTTP/1.0" 200 18041 "-" "Seekbot/1.0 (http://www.seekbot.net/bot.html) HTTPFetcher/0.3"
81.35.143.163 - - [13/Dec/2006:03:11:48 -0600] "GET /archives/2005/10/31/lentejas/ HTTP/1.1" 200 17059 "http://www.google.es/search?hl=es&q=COMO+HACER+LAS+LENTEJAS&meta=" "Mozilla/4.0 (compatible; MSIE 6.0; Windows NT 5.1; SV1; .NET CLR 1.1.4322)"
81.35.143.163 - - [13/Dec/2006:03:11:48 -0600] "GET /wp-content/themes/default_es/style.css HTTP/1.1" 200 9885 "http://www.foobar.com/archives/2005/10/31/lentejas/" "Mozilla/4.0 (compatible; MSIE 6.0; Windows NT 5.1; SV1; .NET CLR 1.1.4322)"
81.35.143.163 - - [13/Dec/2006:03:11:49 -0600] "GET /wp-content/themes/default_es/images/borjanet.png HTTP/1.1" 200 16169 "http://www.foobar.com/archives/2005/10/31/lentejas/" "Mozilla/4.0 (compatible; MSIE 6.0; Windows NT 5.1; SV1; .NET CLR 1.1.4322)"
81.35.143.163 - - [13/Dec/2006:03:11:49 -0600] "GET /wp-content/themes/default_es/images/kubrickbgcolor.jpg HTTP/1.1" 200 558 "http://www.foobar.com/archives/2005/10/31/lentejas/" "Mozilla/4.0 (compatible; MSIE 6.0; Windows NT 5.1; SV1; .NET CLR 1.1.4322)"
81.35.143.163 - - [13/Dec/2006:03:11:50 -0600] "GET /wp-content/themes/default_es/images/kubrickbgwide.jpg HTTP/1.1" 200 1020 "http://www.foobar.com/archives/2005/10/31/lentejas/" "Mozilla/4.0 (compatible; MSIE 6.0; Windows NT 5.1; SV1; .NET CLR 1.1.4322)"
81.35.143.163 - - [13/Dec/2006:03:11:50 -0600] "GET /wp-content/themes/default_es/images/kubrickheader.png HTTP/1.1" 200 3850 "http://www.foobar.com/archives/2005/10/31/lentejas/" "Mozilla/4.0 (compatible; MSIE 6.0; Windows NT 5.1; SV1; .NET CLR 1.1.4322)"
81.35.143.163 - - [13/Dec/2006:03:11:50 -0600] "GET /wp-content/themes/default_es/images/kubrickfooter.jpg HTTP/1.1" 200 2601 "http://www.foobar.com/archives/2005/10/31/lentejas/" "Mozilla/4.0 (compatible; MSIE 6.0; Windows NT 5.1; SV1; .NET CLR 1.1.4322)"
85.53.107.94 - - [13/Dec/2006:03:11:50 -0600] "GET /favicon.ico HTTP/1.1" 404 - "http://www.netvibes.com/" "Mozilla/5.0 (Windows; U; Windows NT 5.1; es-ES; rv:1.8.1) Gecko/20061010 Firefox/2.0"
65.214.44.29 - - [13/Dec/2006:03:12:04 -0600] "GET /feed/ HTTP/1.1" 304 0 "-" "Bloglines/3.1 (http://www.bloglines.com; 8 subscribers)"
194.224.199.54 - - [13/Dec/2006:03:12:11 -0600] "GET /archives/2005/07/06/jetlag-sux-p/trackback/ HTTP/1.1" 302 5 "http://www.foobar.com/archives/2005/07/06/jetlag-sux-p/" "noxtrumbot/1.0 (crawler@noxtrum.com)"
158.38.88.39 - - [13/Dec/2006:03:12:18 -0600] "GET /favicon.ico HTTP/1.1" 404 - "http://www.netvibes.com/" "Mozilla/5.0 (Windows; U; Windows NT 5.1; es-ES; rv:1.8.1) Gecko/20061010 Firefox/2.0"
210.173.180.164 - - [13/Dec/2006:03:12:25 -0600] "GET /archives/2005/04/07/de-nuevo-enclaustrado/ HTTP/1.1" 200 17082 "-" "ichiro/2.0 (http://help.goo.ne.jp/door/crawler.html)"
158.38.88.39 - - [13/Dec/2006:03:12:35 -0600] "GET /favicon.ico HTTP/1.1" 404 - "http://www.netvibes.com/" "Mozilla/5.0 (Windows; U; Windows NT 5.1; es-ES; rv:1.8.1) Gecko/20061010 Firefox/2.0"
74.6.86.108 - - [13/Dec/2006:03:12:42 -0600] "GET /archives/2003/09/page/2/ HTTP/1.0" 200 30292 "-" "Mozilla/5.0 (compatible; Yahoo! Slurp; http://help.yahoo.com/help/us/ysearch/slurp)"
195.212.29.67 - - [13/Dec/2006:03:13:03 -0600] "GET /feed/atom/ HTTP/1.1" 304 0 "-" "Mozilla/5.0 (Windows; U; Windows NT 5.1; en-US; rv:1.8.0.8) Gecko/20061025 (CK-IBM) Firefox/1.5.0.8"
194.224.199.54 - - [13/Dec/2006:03:13:11 -0600] "GET /archives/2005/07/04/paseando-por-los-madriles-para-combatir-el-cambio-de-horario/feed/ HTTP/1.1" 200 591 "http://www.foobar.com/archives/2005/07/04/paseando-por-los-madriles-para-combatir-el-cambio-de-horario/" "noxtrumbot/1.0 (crawler@noxtrum.com)"
80.34.1.239 - - [13/Dec/2006:03:13:26 -0600] "GET /uploads/Family_guy_logo.png HTTP/1.1" 404 - "http://zonaforo.meristation.com/foros/viewtopic.php?t=657392" "Mozilla/5.0 (Windows; U; Windows NT 5.1; es-ES; rv:1.8.1) Gecko/20061010 Firefox/2.0"
74.6.74.234 - - [13/Dec/2006:03:13:46 -0600] "GET /robots.txt HTTP/1.0" 404 - "-" "Mozilla/5.0 (compatible; Yahoo! Slurp; http://help.yahoo.com/help/us/ysearch/slurp)"
74.6.73.91 - - [13/Dec/2006:03:13:49 -0600] "GET /archives/2005/06/page/1/ HTTP/1.0" 200 32143 "-" "Mozilla/5.0 (compatible; Yahoo! Slurp; http://help.yahoo.com/help/us/ysearch/slurp)"
194.224.199.54 - - [13/Dec/2006:03:14:10 -0600] "GET /archives/2005/07/04/paseando-por-los-madriles-para-combatir-el-cambio-de-horario/trackback/ HTTP/1.1" 302 5 "http://www.foobar.com/archives/2005/07/04/paseando-por-los-madriles-para-combatir-el-cambio-de-horario/" "noxtrumbot/1.0 (crawler@noxtrum.com)"
212.55.0.180 - - [13/Dec/2006:03:14:24 -0600] "GET /favicon.ico HTTP/1.1" 404 - "http://www.newsgator.com/ngs/subscriber/WebEd2.aspx?fid=829359" "Mozilla/5.0 (Windows; U; Windows NT 5.1; es-ES; rv:1.8.1) Gecko/20061010 Firefox/2.0"
210.173.180.164 - - [13/Dec/2006:03:14:25 -0600] "GET /archives/2005/04/30/migrando-al-nuevo-servidor/feed/ HTTP/1.1" 200 2121 "-" "ichiro/2.0 (http://help.goo.ne.jp/door/crawler.html)"
84.232.43.137 - - [13/Dec/2006:03:14:29 -0600] "GET /archives/2005/10/17/magdalenas/ HTTP/1.1" 200 25612 "http://www.google.es/search?hl=es&lr=lang_es&sa=X&oi=spell&resnum=0&ct=result&cd=1&q=receta+de+las+madalenas&spell=1" "Mozilla/4.0 (compatible; MSIE 6.0; Windows NT 5.1; SV1; Every Toolbar; .NET CLR 1.1.4322)"
84.232.43.137 - - [13/Dec/2006:03:14:29 -0600] "GET /wp-content/themes/default_es/style.css HTTP/1.1" 200 9885 "http://www.foobar.com/archives/2005/10/17/magdalenas/" "Mozilla/4.0 (compatible; MSIE 6.0; Windows NT 5.1; SV1; Every Toolbar; .NET CLR 1.1.4322)"
84.232.43.137 - - [13/Dec/2006:03:14:29 -0600] "GET /wp-content/themes/default_es/images/borjanet.png HTTP/1.1" 200 16169 "http://www.foobar.com/archives/2005/10/17/magdalenas/" "Mozilla/4.0 (compatible; MSIE 6.0; Windows NT 5.1; SV1; Every Toolbar; .NET CLR 1.1.4322)"
84.232.43.137 - - [13/Dec/2006:03:14:30 -0600] "GET /wp-content/themes/default_es/images/kubrickbgwide.jpg HTTP/1.1" 200 1020 "http://www.foobar.com/archives/2005/10/17/magdalenas/" "Mozilla/4.0 (compatible; MSIE 6.0; Windows NT 5.1; SV1; Every Toolbar; .NET CLR 1.1.4322)"
84.232.43.137 - - [13/Dec/2006:03:14:30 -0600] "GET /wp-content/themes/default_es/images/kubrickbgcolor.jpg HTTP/1.1" 200 558 "http://www.foobar.com/archives/2005/10/17/magdalenas/" "Mozilla/4.0 (compatible; MSIE 6.0; Windows NT 5.1; SV1; Every Toolbar; .NET CLR 1.1.4322)"
84.232.43.137 - - [13/Dec/2006:03:14:31 -0600] "GET /wp-content/themes/default_es/images/kubrickheader.png HTTP/1.1" 200 3850 "http://www.foobar.com/archives/2005/10/17/magdalenas/" "Mozilla/4.0 (compatible; MSIE 6.0; Windows NT 5.1; SV1; Every Toolbar; .NET CLR 1.1.4322)"
84.232.43.137 - - [13/Dec/2006:03:14:31 -0600] "GET /wp-content/themes/default_es/images/kubrickfooter.jpg HTTP/1.1" 200 2601 "http://www.foobar.com/archives/2005/10/17/magdalenas/" "Mozilla/4.0 (compatible; MSIE 6.0; Windows NT 5.1; SV1; Every Toolbar; .NET CLR 1.1.4322)"
194.224.199.54 - - [13/Dec/2006:03:15:10 -0600] "GET /archives/2005/07/04/en-los-madriles/feed/ HTTP/1.1" 200 2158 "http://www.foobar.com/archives/2005/07/04/en-los-madriles/" "noxtrumbot/1.0 (crawler@noxtrum.com)"
212.55.0.180 - - [13/Dec/2006:03:15:27 -0600] "GET /favicon.ico HTTP/1.1" 404 - "http://www.newsgator.com/ngs/subscriber/WebEd2.aspx?fid=829359" "Mozilla/5.0 (Windows; U; Windows NT 5.1; es-ES; rv:1.8.1) Gecko/20061010 Firefox/2.0"
62.81.27.241 - - [13/Dec/2006:03:15:50 -0600] "GET /feed/ HTTP/1.0" 304 0 "-" "Mozilla/5.0 (Windows; U; Windows NT 5.1; es-ES; rv:1.8.1) Gecko/20061010 Firefox/2.0"
194.224.199.54 - - [13/Dec/2006:03:16:10 -0600] "GET /archives/2005/07/04/en-los-madriles/trackback/ HTTP/1.1" 302 5 "http://www.foobar.com/archives/2005/07/04/en-los-madriles/" "noxtrumbot/1.0 (crawler@noxtrum.com)"
210.173.180.164 - - [13/Dec/2006:03:16:10 -0600] "GET /archives/2005/04/20/buscando-nuevo-servidor/feed/ HTTP/1.1" 200 6752 "-" "ichiro/2.0 (http://help.goo.ne.jp/door/crawler.html)"
65.214.44.160 - - [13/Dec/2006:03:16:40 -0600] "GET /archives/2006/04/12/cita-c/ HTTP/1.0" 200 14722 "-" "Mozilla/2.0 (compatible; Ask Jeeves/Teoma; +http://about.ask.com/en/docs/about/webmasters.shtml)"
194.224.199.54 - - [13/Dec/2006:03:17:11 -0600] "GET /archives/2005/07/03/ready-to-go/feed/ HTTP/1.1" 200 491 "http://www.foobar.com/archives/2005/07/03/ready-to-go/" "noxtrumbot/1.0 (crawler@noxtrum.com)"
81.202.208.214 - - [13/Dec/2006:03:17:13 -0600] "GET /favicon.ico HTTP/1.1" 404 - "http://www.netvibes.com/" "Mozilla/5.0 (Windows; U; Windows NT 5.1; es-ES; rv:1.8.0.8) Gecko/20061025 Firefox/1.5.0.8"
195.27.215.89 - - [13/Dec/2006:03:17:21 -0600] "GET /archives/2004/12/18/ HTTP/1.0" 200 25002 "-" "Seekbot/1.0 (http://www.seekbot.net/bot.html) HTTPFetcher/0.3"
81.36.19.30 - - [13/Dec/2006:03:17:31 -0600] "GET /wp-content/themes/default_es/style.css HTTP/1.1" 200 9885 "http://www.foobar.com/archives/2004/02/08/la-teta-de-la-discordia/" "Mozilla/4.0 (compatible; MSIE 6.0; Windows NT 5.1; SV1; .NET CLR 1.1.4322)"
81.36.19.30 - - [13/Dec/2006:03:17:32 -0600] "GET /archives/2004/02/08/la-teta-de-la-discordia/ HTTP/1.1" 200 35133 "http://www.google.es/search?q=mucha+teta&hl=es&lr=&start=20&sa=N" "Mozilla/4.0 (compatible; MSIE 6.0; Windows NT 5.1; SV1; .NET CLR 1.1.4322)"
81.36.19.30 - - [13/Dec/2006:03:17:32 -0600] "GET /wp-content/themes/default_es/images/borjanet.png HTTP/1.1" 200 16169 "http://www.foobar.com/archives/2004/02/08/la-teta-de-la-discordia/" "Mozilla/4.0 (compatible; MSIE 6.0; Windows NT 5.1; SV1; .NET CLR 1.1.4322)"
81.36.19.30 - - [13/Dec/2006:03:17:32 -0600] "GET /weblog/files/janet_superbowl.jpg HTTP/1.1" 404 - "http://www.foobar.com/archives/2004/02/08/la-teta-de-la-discordia/" "Mozilla/4.0 (compatible; MSIE 6.0; Windows NT 5.1; SV1; .NET CLR 1.1.4322)"
81.36.19.30 - - [13/Dec/2006:03:17:32 -0600] "GET /wp-content/themes/default_es/images/kubrickbgwide.jpg HTTP/1.1" 200 1020 "http://www.foobar.com/archives/2004/02/08/la-teta-de-la-discordia/" "Mozilla/4.0 (compatible; MSIE 6.0; Windows NT 5.1; SV1; .NET CLR 1.1.4322)"
81.36.19.30 - - [13/Dec/2006:03:17:32 -0600] "GET /wp-content/themes/default_es/images/kubrickbgcolor.jpg HTTP/1.1" 200 558 "http://www.foobar.com/archives/2004/02/08/la-teta-de-la-discordia/" "Mozilla/4.0 (compatible; MSIE 6.0; Windows NT 5.1; SV1; .NET CLR 1.1.4322)"
81.36.19.30 - - [13/Dec/2006:03:17:32 -0600] "GET /wp-content/themes/default_es/images/kubrickheader.png HTTP/1.1" 200 3850 "http://www.foobar.com/archives/2004/02/08/la-teta-de-la-discordia/" "Mozilla/4.0 (compatible; MSIE 6.0; Windows NT 5.1; SV1; .NET CLR 1.1.4322)"
81.36.19.30 - - [13/Dec/2006:03:17:33 -0600] "GET /wp-content/themes/default_es/images/kubrickfooter.jpg HTTP/1.1" 200 2601 "http://www.foobar.com/archives/2004/02/08/la-teta-de-la-discordia/" "Mozilla/4.0 (compatible; MSIE 6.0; Windows NT 5.1; SV1; .NET CLR 1.1.4322)"
141.58.5.91 - - [13/Dec/2006:03:17:40 -0600] "GET /feed/ HTTP/1.1" 200 10775 "-" "RSSOwl/1.2.3 Preview Release 2006-10-30 (Windows; U; de)"
72.30.252.88 - - [13/Dec/2006:03:17:42 -0600] "GET /archives/2005/09/05/dia-2-londres/feed/ HTTP/1.0" 200 486 "-" "Mozilla/5.0 (compatible; Yahoo! Slurp; http://help.yahoo.com/help/us/ysearch/slurp)"
74.6.86.46 - - [13/Dec/2006:03:17:50 -0600] "GET /archives/2004/12/25/nochebuena-en-chicago/ HTTP/1.0" 200 22446 "-" "Mozilla/5.0 (compatible; Yahoo! Slurp; http://help.yahoo.com/help/us/ysearch/slurp)"
80.33.0.185 - - [13/Dec/2006:03:17:53 -0600] "GET /archives/2004/10/05/lista-de-cumpleaos-ah-y-ya-han-llegado-todas-mis-cosas-de-espaa/ HTTP/1.1" 200 16835 "http://www.google.es/search?hl=es&q=lista+de+regalos+de+cumplea%C3%B1os&meta=" "Mozilla/4.0 (compatible; MSIE 6.0; Windows NT 5.1; SV1; .NET CLR 1.1.4322)"
80.33.0.185 - - [13/Dec/2006:03:17:53 -0600] "GET /wp-content/themes/default_es/style.css HTTP/1.1" 200 9885 "http://www.foobar.com/archives/2004/10/05/lista-de-cumpleaos-ah-y-ya-han-llegado-todas-mis-cosas-de-espaa/" "Mozilla/4.0 (compatible; MSIE 6.0; Windows NT 5.1; SV1; .NET CLR 1.1.4322)"
80.33.0.185 - - [13/Dec/2006:03:17:54 -0600] "GET /wp-content/themes/default_es/images/borjanet.png HTTP/1.1" 200 16169 "http://www.foobar.com/archives/2004/10/05/lista-de-cumpleaos-ah-y-ya-han-llegado-todas-mis-cosas-de-espaa/" "Mozilla/4.0 (compatible; MSIE 6.0; Windows NT 5.1; SV1; .NET CLR 1.1.4322)"
80.33.0.185 - - [13/Dec/2006:03:17:54 -0600] "GET /wp-content/themes/default_es/images/kubrickbgcolor.jpg HTTP/1.1" 200 558 "http://www.foobar.com/archives/2004/10/05/lista-de-cumpleaos-ah-y-ya-han-llegado-todas-mis-cosas-de-espaa/" "Mozilla/4.0 (compatible; MSIE 6.0; Windows NT 5.1; SV1; .NET CLR 1.1.4322)"
80.33.0.185 - - [13/Dec/2006:03:17:54 -0600] "GET /wp-content/themes/default_es/images/kubrickbgwide.jpg HTTP/1.1" 200 1020 "http://www.foobar.com/archives/2004/10/05/lista-de-cumpleaos-ah-y-ya-han-llegado-todas-mis-cosas-de-espaa/" "Mozilla/4.0 (compatible; MSIE 6.0; Windows NT 5.1; SV1; .NET CLR 1.1.4322)"
80.33.0.185 - - [13/Dec/2006:03:17:54 -0600] "GET /wp-content/themes/default_es/images/kubrickheader.png HTTP/1.1" 200 3850 "http://www.foobar.com/archives/2004/10/05/lista-de-cumpleaos-ah-y-ya-han-llegado-todas-mis-cosas-de-espaa/" "Mozilla/4.0 (compatible; MSIE 6.0; Windows NT 5.1; SV1; .NET CLR 1.1.4322)"
80.33.0.185 - - [13/Dec/2006:03:17:55 -0600] "GET /wp-content/themes/default_es/images/kubrickfooter.jpg HTTP/1.1" 200 2601 "http://www.foobar.com/archives/2004/10/05/lista-de-cumpleaos-ah-y-ya-han-llegado-todas-mis-cosas-de-espaa/" "Mozilla/4.0 (compatible; MSIE 6.0; Windows NT 5.1; SV1; .NET CLR 1.1.4322)"
194.224.199.54 - - [13/Dec/2006:03:18:12 -0600] "GET /archives/2005/07/03/ready-to-go/trackback/ HTTP/1.1" 302 5 "http://www.foobar.com/archives/2005/07/03/ready-to-go/" "noxtrumbot/1.0 (crawler@noxtrum.com)"
80.224.29.161 - - [13/Dec/2006:03:18:16 -0600] "GET /feed/ HTTP/1.0" 304 0 "-" "Liferea/1.0.26 (Linux; http://liferea.sf.net/)"
193.205.222.22 - - [13/Dec/2006:03:18:40 -0600] "GET /feed/ HTTP/1.0" 304 0 "-" "Liferea/1.0.20 (Linux; es_ES.ISO-8859-15; http://liferea.sf.net/)"
194.224.199.54 - - [13/Dec/2006:03:19:11 -0600] "GET /archives/2005/06/24/borja-en-south-park/feed/ HTTP/1.1" 200 3036 "http://www.foobar.com/archives/2005/06/24/borja-en-south-park/" "noxtrumbot/1.0 (crawler@noxtrum.com)"
194.224.199.54 - - [13/Dec/2006:03:20:10 -0600] "GET /archives/2005/06/10/se-acerca-la-entrega/feed/ HTTP/1.1" 200 6246 "http://www.foobar.com/archives/2005/06/10/se-acerca-la-entrega/" "noxtrumbot/1.0 (crawler@noxtrum.com)"
210.173.180.164 - - [13/Dec/2006:03:20:40 -0600] "GET /archives/2005/04/17/actualizando-a-wordpress-15/feed/ HTTP/1.1" 200 7175 "-" "ichiro/2.0 (http://help.goo.ne.jp/door/crawler.html)"
194.224.199.54 - - [13/Dec/2006:03:21:12 -0600] "GET /archives/2005/06/09/las-pequenas-diferencias/feed/ HTTP/1.1" 200 14484 "http://www.foobar.com/archives/2005/06/09/las-pequenas-diferencias/" "noxtrumbot/1.0 (crawler@noxtrum.com)"
81.38.8.216 - - [13/Dec/2006:03:21:25 -0600] "GET /feed/ HTTP/1.1" 304 0 "-" "Akregator/1.2.5; librss/remnants"
217.22.96.65 - - [13/Dec/2006:03:21:55 -0600] "GET / HTTP/1.1" 200 41046 "-" "Mozilla/4.0 (compatible; MSIE 6.0; Windows NT 5.1; SV1; .NET CLR 1.0.3705; .NET CLR 1.1.4322; InfoPath.1; .NET CLR 2.0.50727)"
217.22.96.65 - - [13/Dec/2006:03:21:56 -0600] "GET /wp-content/themes/default_es/style.css HTTP/1.1" 304 - "http://www.foobar.com" "Mozilla/4.0 (compatible; MSIE 6.0; Windows NT 5.1; SV1; .NET CLR 1.0.3705; .NET CLR 1.1.4322; InfoPath.1; .NET CLR 2.0.50727)"
217.22.96.65 - - [13/Dec/2006:03:21:56 -0600] "GET /uploads/pronunciacion.png HTTP/1.1" 304 - "http://www.foobar.com" "Mozilla/4.0 (compatible; MSIE 6.0; Windows NT 5.1; SV1; .NET CLR 1.0.3705; .NET CLR 1.1.4322; InfoPath.1; .NET CLR 2.0.50727)"
217.22.96.65 - - [13/Dec/2006:03:21:56 -0600] "GET /wp-content/themes/default_es/images/kubrickbgcolor.jpg HTTP/1.1" 304 - "http://www.foobar.com" "Mozilla/4.0 (compatible; MSIE 6.0; Windows NT 5.1; SV1; .NET CLR 1.0.3705; .NET CLR 1.1.4322; InfoPath.1; .NET CLR 2.0.50727)"
217.22.96.65 - - [13/Dec/2006:03:21:56 -0600] "GET /wp-content/themes/default_es/images/borjanet.png HTTP/1.1" 304 - "http://www.foobar.com" "Mozilla/4.0 (compatible; MSIE 6.0; Windows NT 5.1; SV1; .NET CLR 1.0.3705; .NET CLR 1.1.4322; InfoPath.1; .NET CLR 2.0.50727)"
80.59.33.98 - - [13/Dec/2006:03:21:57 -0600] "GET /favicon.ico HTTP/1.1" 404 - "-" "Mozilla/5.0 (Windows; U; Windows NT 5.1; en-US; rv:1.8.0.8) Gecko/20061109 Firefox/1.5.0.8 Flock/0.7.8"
217.22.96.65 - - [13/Dec/2006:03:21:57 -0600] "GET /wp-content/themes/default_es/images/kubrickbg.jpg HTTP/1.1" 304 - "http://www.foobar.com" "Mozilla/4.0 (compatible; MSIE 6.0; Windows NT 5.1; SV1; .NET CLR 1.0.3705; .NET CLR 1.1.4322; InfoPath.1; .NET CLR 2.0.50727)"
217.22.96.65 - - [13/Dec/2006:03:21:57 -0600] "GET /wp-content/themes/default_es/images/kubrickheader.png HTTP/1.1" 304 - "http://www.foobar.com" "Mozilla/4.0 (compatible; MSIE 6.0; Windows NT 5.1; SV1; .NET CLR 1.0.3705; .NET CLR 1.1.4322; InfoPath.1; .NET CLR 2.0.50727)"
210.173.180.164 - - [13/Dec/2006:03:21:58 -0600] "GET /archives/2005/04/15/alguien-quiere-visitar-chicago/feed/ HTTP/1.1" 200 16430 "-" "ichiro/2.0 (http://help.goo.ne.jp/door/crawler.html)"
217.22.96.65 - - [13/Dec/2006:03:21:59 -0600] "GET /wp-content/themes/default_es/images/kubrickfooter.jpg HTTP/1.1" 304 - "http://www.foobar.com" "Mozilla/4.0 (compatible; MSIE 6.0; Windows NT 5.1; SV1; .NET CLR 1.0.3705; .NET CLR 1.1.4322; InfoPath.1; .NET CLR 2.0.50727)"
194.224.199.54 - - [13/Dec/2006:03:22:13 -0600] "GET /archives/2005/07/01/uhm-sabe-a-chicago/feed/ HTTP/1.1" 200 1596 "http://www.foobar.com/archives/2005/07/01/uhm-sabe-a-chicago/" "noxtrumbot/1.0 (crawler@noxtrum.com)"
198.37.25.204 - - [13/Dec/2006:03:22:50 -0600] "GET /feed/ HTTP/1.1" 304 0 "-" "Mozilla/5.0 (Macintosh; U; PPC Mac OS X; en-us) AppleWebKit/412 (KHTML, like Gecko) Safari/412"
65.214.44.160 - - [13/Dec/2006:03:22:58 -0600] "GET /archives/2006/02/09/cita-2/ HTTP/1.0" 200 14872 "-" "Mozilla/2.0 (compatible; Ask Jeeves/Teoma; +http://about.ask.com/en/docs/about/webmasters.shtml)"
194.224.199.54 - - [13/Dec/2006:03:23:16 -0600] "GET /archives/2005/07/01/uhm-sabe-a-chicago/trackback/ HTTP/1.1" 302 5 "http://www.foobar.com/archives/2005/07/01/uhm-sabe-a-chicago/" "noxtrumbot/1.0 (crawler@noxtrum.com)"
210.173.180.164 - - [13/Dec/2006:03:23:17 -0600] "GET /archives/2005/04/12/hoy-en-el-correo/feed/ HTTP/1.1" 200 2030 "-" "ichiro/2.0 (http://help.goo.ne.jp/door/crawler.html)"
195.27.215.89 - - [13/Dec/2006:03:23:28 -0600] "GET /archives/2004/12/25/nochebuena-en-chicago/ HTTP/1.0" 200 22452 "-" "Seekbot/1.0 (http://www.seekbot.net/bot.html) HTTPFetcher/0.3"
200.36.110.164 - - [13/Dec/2006:03:23:42 -0600] "GET / HTTP/1.1" 200 41046 "-" "Mozilla/5.0 (Windows; U; Windows NT 5.1; es-ES; rv:1.8.1) Gecko/20061010 Firefox/2.0"
72.14.195.66 - - [13/Dec/2006:03:23:52 -0600] "GET /favicon.ico HTTP/1.1" 404 - "-" "Mozilla/5.0 (Windows; U; Windows NT 5.1; en-US; rv:1.8.0.8) Gecko/20061025 Firefox/1.5.0.8"
218.189.215.179 - - [13/Dec/2006:03:24:00 -0600] "GET /archives/2006/04/19/meme-aleatorio-musical-y-2/ HTTP/1.0" 200 16961 "http://www.foobar.com/archives/2006/04/19/meme-aleatorio-musical-y-2/" "User-Agent: Mozilla/4.0 (compatible; MSIE 6.0; Windows NT 5.1)"
72.14.199.5 - - [13/Dec/2006:03:24:04 -0600] "GET /feed/ HTTP/1.1" 304 0 "-" "Feedfetcher-Google; (+http://www.google.com/feedfetcher.html)"
218.189.215.179 - - [13/Dec/2006:03:24:13 -0600] "POST /wp-comments-post.php HTTP/1.0" 200 78 "http://www.foobar.com/archives/2006/04/19/meme-aleatorio-musical-y-2/" "User-Agent: Mozilla/4.0 (compatible; MSIE 6.0; Windows NT 5.1)"
194.224.199.54 - - [13/Dec/2006:03:24:14 -0600] "GET /archives/2005/05/14/el-primer-paso-la-propuesta/feed/ HTTP/1.1" 200 9498 "http://www.foobar.com/archives/2005/05/14/el-primer-paso-la-propuesta/" "noxtrumbot/1.0 (crawler@noxtrum.com)"
194.224.199.54 - - [13/Dec/2006:03:25:14 -0600] "GET /archives/2003/08/08/australia-da-1-sydney/ HTTP/1.1" 200 14790 "http://www.foobar.com/archives/2005/05/09/y-asi-chicos-y-chicas-es-como-nace-un-libro/" "noxtrumbot/1.0 (crawler@noxtrum.com)"
83.58.251.144 - - [13/Dec/2006:03:25:35 -0600] "GET /favicon.ico HTTP/1.1" 404 - "-" "NewzCrawler/1.7 (compatible; MSIE 6.00; Newz Crawler 1.7; http://www.newzcrawler.com/ )"
83.58.251.144 - - [13/Dec/2006:03:25:36 -0600] "GET /weblog/rdf HTTP/1.1" 304 0 "-" "NewzCrawler/1.7 (compatible; MSIE 6.00; Newz Crawler 1.7; http://www.newzcrawler.com/ )"
83.58.251.144 - - [13/Dec/2006:03:25:38 -0600] "GET /archives/2006/05/12/nostalgia-2/feed/ HTTP/1.1" 304 0 "-" "NewzCrawler/1.7 (compatible; MSIE 6.00; Newz Crawler 1.7; http://www.newzcrawler.com/ )"
83.58.251.144 - - [13/Dec/2006:03:25:39 -0600] "GET /archives/2006/11/14/advanced-wookie-laboratories/feed/ HTTP/1.1" 304 0 "-" "NewzCrawler/1.7 (compatible; MSIE 6.00; Newz Crawler 1.7; http://www.newzcrawler.com/ )"
83.58.251.144 - - [13/Dec/2006:03:25:40 -0600] "GET /archives/2006/11/18/acento-inclasificable/feed/ HTTP/1.1" 304 0 "-" "NewzCrawler/1.7 (compatible; MSIE 6.00; Newz Crawler 1.7; http://www.newzcrawler.com/ )"
83.58.251.144 - - [13/Dec/2006:03:25:43 -0600] "GET /archives/2006/11/26/%c2%bfpor-que-escribes-un-blog/feed/ HTTP/1.1" 304 0 "-" "NewzCrawler/1.7 (compatible; MSIE 6.00; Newz Crawler 1.7; http://www.newzcrawler.com/ )"
83.58.251.144 - - [13/Dec/2006:03:25:44 -0600] "GET /archives/2006/11/26/%c2%bfpor-que-lees-mi-blog/feed/ HTTP/1.1" 304 0 "-" "NewzCrawler/1.7 (compatible; MSIE 6.00; Newz Crawler 1.7; http://www.newzcrawler.com/ )"
83.58.251.144 - - [13/Dec/2006:03:25:46 -0600] "GET /archives/2006/11/28/gigantes-en-la-era-del-silicio/feed/ HTTP/1.1" 304 0 "-" "NewzCrawler/1.7 (compatible; MSIE 6.00; Newz Crawler 1.7; http://www.newzcrawler.com/ )"
83.58.251.144 - - [13/Dec/2006:03:25:48 -0600] "GET /archives/2006/12/01/nieve-ahora-si/feed/ HTTP/1.1" 304 0 "-" "NewzCrawler/1.7 (compatible; MSIE 6.00; Newz Crawler 1.7; http://www.newzcrawler.com/ )"
83.58.251.144 - - [13/Dec/2006:03:25:50 -0600] "GET /archives/2006/12/11/pronunciacion/feed/ HTTP/1.1" 304 0 "-" "NewzCrawler/1.7 (compatible; MSIE 6.00; Newz Crawler 1.7; http://www.newzcrawler.com/ )"
195.235.11.90 - - [13/Dec/2006:03:26:05 -0600] "GET /wp-content/themes/default_es/style.css HTTP/1.1" 200 9885 "http://www.foobar.com/" "Mozilla/5.0 (Windows; U; Windows NT 5.1; es-ES; rv:1.8.1) Gecko/20061010 Firefox/2.0"
195.235.11.90 - - [13/Dec/2006:03:26:06 -0600] "GET /wp-content/themes/default_es/images/kubrickbgcolor.jpg HTTP/1.1" 200 558 "http://www.foobar.com/" "Mozilla/5.0 (Windows; U; Windows NT 5.1; es-ES; rv:1.8.1) Gecko/20061010 Firefox/2.0"
195.235.11.90 - - [13/Dec/2006:03:26:06 -0600] "GET / HTTP/1.1" 200 41046 "-" "Mozilla/5.0 (Windows; U; Windows NT 5.1; es-ES; rv:1.8.1) Gecko/20061010 Firefox/2.0"
195.235.11.90 - - [13/Dec/2006:03:26:06 -0600] "GET /uploads/pronunciacion.png HTTP/1.1" 200 2058 "http://www.foobar.com/" "Mozilla/5.0 (Windows; U; Windows NT 5.1; es-ES; rv:1.8.1) Gecko/20061010 Firefox/2.0"
195.235.11.90 - - [13/Dec/2006:03:26:06 -0600] "GET /wp-content/themes/default_es/images/borjanet.png HTTP/1.1" 200 16169 "http://www.foobar.com/" "Mozilla/5.0 (Windows; U; Windows NT 5.1; es-ES; rv:1.8.1) Gecko/20061010 Firefox/2.0"
83.60.241.124 - - [13/Dec/2006:03:26:06 -0600] "GET /wp-content/themes/default_es/style.css HTTP/1.1" 200 9885 "http://www.foobar.com/archives/2005/08/31/borja-mikes-eurotrip-2005/" "Mozilla/4.0 (compatible; MSIE 6.0; Windows NT 5.1; SV1)"
195.235.11.90 - - [13/Dec/2006:03:26:07 -0600] "GET /wp-content/themes/default_es/images/kubrickbg.jpg HTTP/1.1" 200 1047 "http://www.foobar.com/" "Mozilla/5.0 (Windows; U; Windows NT 5.1; es-ES; rv:1.8.1) Gecko/20061010 Firefox/2.0"
195.235.11.90 - - [13/Dec/2006:03:26:07 -0600] "GET /wp-content/themes/default_es/images/kubrickheader.png HTTP/1.1" 200 3850 "http://www.foobar.com/" "Mozilla/5.0 (Windows; U; Windows NT 5.1; es-ES; rv:1.8.1) Gecko/20061010 Firefox/2.0"
195.235.11.90 - - [13/Dec/2006:03:26:07 -0600] "GET /wp-content/themes/default_es/images/kubrickfooter.jpg HTTP/1.1" 200 2601 "http://www.foobar.com/" "Mozilla/5.0 (Windows; U; Windows NT 5.1; es-ES; rv:1.8.1) Gecko/20061010 Firefox/2.0"
83.60.241.124 - - [13/Dec/2006:03:26:07 -0600] "GET /archives/2005/08/31/borja-mikes-eurotrip-2005/ HTTP/1.1" 200 23363 "http://www.google.es/search?hl=es&q=DURACION+VUELO+BILBAO+BARCELONA&btnG=B%C3%BAsqueda&meta=" "Mozilla/4.0 (compatible; MSIE 6.0; Windows NT 5.1; SV1)"
195.235.11.90 - - [13/Dec/2006:03:26:08 -0600] "GET /favicon.ico HTTP/1.1" 404 - "-" "Mozilla/5.0 (Windows; U; Windows NT 5.1; es-ES; rv:1.8.1) Gecko/20061010 Firefox/2.0"
83.60.241.124 - - [13/Dec/2006:03:26:09 -0600] "GET /wp-content/themes/default_es/images/kubrickbgcolor.jpg HTTP/1.1" 200 558 "http://www.foobar.com/archives/2005/08/31/borja-mikes-eurotrip-2005/" "Mozilla/4.0 (compatible; MSIE 6.0; Windows NT 5.1; SV1)"
83.60.241.124 - - [13/Dec/2006:03:26:10 -0600] "GET /wp-content/themes/default_es/images/borjanet.png HTTP/1.1" 200 16169 "http://www.foobar.com/archives/2005/08/31/borja-mikes-eurotrip-2005/" "Mozilla/4.0 (compatible; MSIE 6.0; Windows NT 5.1; SV1)"
83.60.241.124 - - [13/Dec/2006:03:26:10 -0600] "GET /wp-content/themes/default_es/images/kubrickbgwide.jpg HTTP/1.1" 200 1020 "http://www.foobar.com/archives/2005/08/31/borja-mikes-eurotrip-2005/" "Mozilla/4.0 (compatible; MSIE 6.0; Windows NT 5.1; SV1)"
83.60.241.124 - - [13/Dec/2006:03:26:11 -0600] "GET /wp-content/themes/default_es/images/kubrickheader.png HTTP/1.1" 200 3850 "http://www.foobar.com/archives/2005/08/31/borja-mikes-eurotrip-2005/" "Mozilla/4.0 (compatible; MSIE 6.0; Windows NT 5.1; SV1)"
83.60.241.124 - - [13/Dec/2006:03:26:11 -0600] "GET /wp-content/themes/default_es/images/kubrickfooter.jpg HTTP/1.1" 200 2601 "http://www.foobar.com/archives/2005/08/31/borja-mikes-eurotrip-2005/" "Mozilla/4.0 (compatible; MSIE 6.0; Windows NT 5.1; SV1)"
