200.36.110.164 - - [13/Dec/2006:02:15:49 -0600] "GET /wp-content/themes/default_es/images/borjanet.png HTTP/1.1" 200 16169 "http://www.foobar.com/" "Mozilla/5.0 (Windows; U; Windows NT 5.1; es-ES; rv:1.8.1) Gecko/20061010 Firefox/2.0"
200.36.110.164 - - [13/Dec/2006:02:15:49 -0600] "GET /uploads/pronunciacion.png HTTP/1.1" 200 2058 "http://www.foobar.com/" "Mozilla/5.0 (Windows; U; Windows NT 5.1; es-ES; rv:1.8.1) Gecko/20061010 Firefox/2.0"
200.36.110.164 - - [13/Dec/2006:02:15:49 -0600] "GET /wp-content/themes/default_es/images/kubrickbg.jpg HTTP/1.1" 200 1047 "http://www.foobar.com/" "Mozilla/5.0 (Windows; U; Windows NT 5.1; es-ES; rv:1.8.1) Gecko/20061010 Firefox/2.0"
210.173.180.164 - - [13/Dec/2006:02:15:50 -0600] "GET /archives/2005/06/24/borja-en-south-park/ HTTP/1.1" 200 15442 "-" "ichiro/2.0 (http://help.goo.ne.jp/door/crawler.html)"
200.36.110.164 - - [13/Dec/2006:02:15:50 -0600] "GET /wp-content/themes/default_es/images/kubrickheader.png HTTP/1.1" 200 3850 "http://www.foobar.com/" "Mozilla/5.0 (Windows; U; Windows NT 5.1; es-ES; rv:1.8.1) Gecko/20061010 Firefox/2.0"
194.140.65.241 - - [13/Dec/2006:02:15:51 -0600] "GET /archives/2005/10/17/magdalenas/ HTTP/1.0" 200 25614 "http://www.google.es/search?hl=es&q=magdalenas&meta=" "Mozilla/4.0 (compatible; MSIE 6.0; Windows NT 5.1; .NET CLR 1.1.4322)"
200.36.110.164 - - [13/Dec/2006:02:15:51 -0600] "GET /wp-content/themes/default_es/images/kubrickfooter.jpg HTTP/1.1" 200 2601 "http://www.foobar.com/" "Mozilla/5.0 (Windows; U; Windows NT 5.1; es-ES; rv:1.8.1) Gecko/20061010 Firefox/2.0"
200.36.110.164 - - [13/Dec/2006:02:15:55 -0600] "GET /favicon.ico HTTP/1.1" 404 - "-" "Mozilla/5.0 (Windows; U; Windows NT 5.1; es-ES; rv:1.8.1) Gecko/20061010 Firefox/2.0"
200.36.110.164 - - [13/Dec/2006:02:15:55 -0600] "GET /favicon.ico HTTP/1.1" 404 - "-" "Mozilla/5.0 (Windows; U; Windows NT 5.1; es-ES; rv:1.8.1) Gecko/20061010 Firefox/2.0"
200.36.110.164 - - [13/Dec/2006:02:15:58 -0600] "GET /favicon.ico HTTP/1.1" 404 - "-" "Mozilla/5.0 (Windows; U; Windows NT 5.1; es-ES; rv:1.8.1) Gecko/20061010 Firefox/2.0"
212.73.34.53 - - [13/Dec/2006:02:16:02 -0600] "GET /feed/ HTTP/1.1" 304 0 "-" "Bitevni kocka pitypacka"
66.249.65.135 - - [13/Dec/2006:02:16:22 -0600] "GET /archives/2005/08/page/2/ HTTP/1.1" 200 27027 "-" "Mozilla/5.0 (compatible; Googlebot/2.1; +http://www.google.com/bot.html)"
194.224.199.54 - - [13/Dec/2006:02:16:37 -0600] "GET /archives/2006/04/10/hay-que-ser-muy-friki/trackback/ HTTP/1.1" 302 5 "http://www.foobar.com/archives/2006/04/10/hay-que-ser-muy-friki/" "noxtrumbot/1.0 (crawler@noxtrum.com)"
200.88.46.58 - - [13/Dec/2006:02:17:25 -0600] "GET /archives/2006/04/19/meme-aleatorio-musical-y-2/ HTTP/1.1" 200 17133 "http://www.foobar.com/archives/2006/04/19/meme-aleatorio-musical-y-2/" "User-Agent: Mozilla/4.0 (compatible; MSIE 6.0; Windows NT 5.1)"
81.38.8.216 - - [13/Dec/2006:02:17:25 -0600] "GET /feed/ HTTP/1.1" 304 0 "-" "Akregator/1.2.5; librss/remnants"
194.224.199.54 - - [13/Dec/2006:02:17:38 -0600] "GET /archives/2006/04/03/prospies/feed/ HTTP/1.1" 200 1340 "http://www.foobar.com/archives/2006/04/03/prospies/" "noxtrumbot/1.0 (crawler@noxtrum.com)"
195.27.215.89 - - [13/Dec/2006:02:17:45 -0600] "GET /archives/2004/11/22/ HTTP/1.0" 200 25118 "-" "Seekbot/1.0 (http://www.seekbot.net/bot.html) HTTPFetcher/0.3"
74.6.85.140 - - [13/Dec/2006:02:17:59 -0600] "GET /archives/2006/05/03/interviu/ HTTP/1.0" 200 15523 "-" "Mozilla/5.0 (compatible; Yahoo! Slurp; http://help.yahoo.com/help/us/ysearch/slurp)"
80.224.29.161 - - [13/Dec/2006:02:18:13 -0600] "GET /feed/ HTTP/1.0" 304 0 "-" "Liferea/1.0.26 (Linux; http://liferea.sf.net/)"
194.224.199.54 - - [13/Dec/2006:02:18:38 -0600] "GET /archives/2006/04/03/prospies/trackback/ HTTP/1.1" 302 5 "http://www.foobar.com/archives/2006/04/03/prospies/" "noxtrumbot/1.0 (crawler@noxtrum.com)"
65.214.44.160 - - [13/Dec/2006:02:19:29 -0600] "GET /archives/category/general/ HTTP/1.0" 200 31656 "-" "Mozilla/2.0 (compatible; Ask Jeeves/Teoma; +http://about.ask.com/en/docs/about/webmasters.shtml)"
194.224.199.54 - - [13/Dec/2006:02:19:38 -0600] "GET /archives/2006/01/16/paella-party/feed/ HTTP/1.1" 200 7286 "http://www.foobar.com/archives/2006/01/16/paella-party/" "noxtrumbot/1.0 (crawler@noxtrum.com)"
81.37.71.35 - - [13/Dec/2006:02:19:55 -0600] "GET /favicon.ico HTTP/1.1" 404 - "-" "Mozilla/5.0 (compatible; Konqueror/3.5; es) KHTML/3.5.1 (like Gecko)"
81.37.71.35 - - [13/Dec/2006:02:19:55 -0600] "GET /favicon.ico HTTP/1.1" 404 - "-" "Mozilla/5.0 (compatible; Konqueror/3.5; es) KHTML/3.5.1 (like Gecko)"
210.173.180.164 - - [13/Dec/2006:02:20:05 -0600] "GET /archives/2005/06/10/se-acerca-la-entrega/ HTTP/1.1" 200 18777 "-" "ichiro/2.0 (http://help.goo.ne.jp/door/crawler.html)"
81.37.71.35 - - [13/Dec/2006:02:20:30 -0600] "GET /feed/ HTTP/1.1" 304 0 "-" "Akregator/1.2.2; librss/remnants"
194.224.199.54 - - [13/Dec/2006:02:20:38 -0600] "GET /archives/2006/01/16/paella-party/trackback/ HTTP/1.1" 302 5 "http://www.foobar.com/archives/2006/01/16/paella-party/" "noxtrumbot/1.0 (crawler@noxtrum.com)"
72.14.199.5 - - [13/Dec/2006:02:21:04 -0600] "GET /archives/2006/04/10/hay-que-ser-muy-friki/feed/ HTTP/1.1" 304 0 "-" "Feedfetcher-Google; (+http://www.google.com/feedfetcher.html)"
75.31.18.166 - - [13/Dec/2006:02:21:23 -0600] "GET /wp-content/themes/default_es/style.css HTTP/1.1" 200 9885 "http://www.foobar.com/archives/2005/12/31/buffalo-hot-wings/" "Mozilla/4.0 (compatible; MSIE 6.0; America Online Browser 1.6-embedded; rev1.6; Windows NT 5.1; SV1; YPC 3.2.0; FunWebProducts; .NET CLR 1.0.3705; Media Center PC 3.1; .NET CLR 1.1.4322)"
75.31.18.166 - - [13/Dec/2006:02:21:24 -0600] "GET /wp-content/themes/default_es/images/kubrickbgcolor.jpg HTTP/1.1" 200 558 "http://www.foobar.com/archives/2005/12/31/buffalo-hot-wings/" "Mozilla/4.0 (compatible; MSIE 6.0; America Online Browser 1.6-embedded; rev1.6; Windows NT 5.1; SV1; YPC 3.2.0; FunWebProducts; .NET CLR 1.0.3705; Media Center PC 3.1; .NET CLR 1.1.4322)"
75.31.18.166 - - [13/Dec/2006:02:21:24 -0600] "GET /wp-content/themes/default_es/images/borjanet.png HTTP/1.1" 200 16169 "http://www.foobar.com/archives/2005/12/31/buffalo-hot-wings/" "Mozilla/4.0 (compatible; MSIE 6.0; America Online Browser 1.6-embedded; rev1.6; Windows NT 5.1; SV1; YPC 3.2.0; FunWebProducts; .NET CLR 1.0.3705; Media Center PC 3.1; .NET CLR 1.1.4322)"
75.31.18.166 - - [13/Dec/2006:02:21:24 -0600] "GET /wp-content/themes/default_es/images/kubrickbgwide.jpg HTTP/1.1" 200 1020 "http://www.foobar.com/archives/2005/12/31/buffalo-hot-wings/" "Mozilla/4.0 (compatible; MSIE 6.0; America Online Browser 1.6-embedded; rev1.6; Windows NT 5.1; SV1; YPC 3.2.0; FunWebProducts; .NET CLR 1.0.3705; Media Center PC 3.1; .NET CLR 1.1.4322)"
75.31.18.166 - - [13/Dec/2006:02:21:24 -0600] "GET /wp-content/themes/default_es/images/kubrickheader.png HTTP/1.1" 200 3850 "http://www.foobar.com/archives/2005/12/31/buffalo-hot-wings/" "Mozilla/4.0 (compatible; MSIE 6.0; America Online Browser 1.6-embedded; rev1.6; Windows NT 5.1; SV1; YPC 3.2.0; FunWebProducts; .NET CLR 1.0.3705; Media Center PC 3.1; .NET CLR 1.1.4322)"
75.31.18.166 - - [13/Dec/2006:02:21:25 -0600] "GET /archives/2005/12/31/buffalo-hot-wings/ HTTP/1.1" 200 19969 "-" "Mozilla/4.0 (compatible; MSIE 6.0; America Online Browser 1.6-embedded; rev1.6; Windows NT 5.1; SV1; YPC 3.2.0; FunWebProducts; .NET CLR 1.0.3705; Media Center PC 3.1; .NET CLR 1.1.4322)"
75.31.18.166 - - [13/Dec/2006:02:21:26 -0600] "GET /wp-content/themes/default_es/images/kubrickfooter.jpg HTTP/1.1" 200 2601 "http://www.foobar.com/archives/2005/12/31/buffalo-hot-wings/" "Mozilla/4.0 (compatible; MSIE 6.0; America Online Browser 1.6-embedded; rev1.6; Windows NT 5.1; SV1; YPC 3.2.0; FunWebProducts; .NET CLR 1.0.3705; Media Center PC 3.1; .NET CLR 1.1.4322)"
75.31.18.166 - - [13/Dec/2006:02:21:26 -0600] "GET /favicon.ico HTTP/1.1" 404 - "-" "ee://aol/http"
75.31.18.166 - - [13/Dec/2006:02:21:27 -0600] "GET /favicon.ico HTTP/1.1" 404 - "-" "ee://aol/http"
194.224.199.54 - - [13/Dec/2006:02:21:38 -0600] "GET /archives/2006/03/12/ante-todo-que-el-plato-sea-mas-grande-que-la-sarten/feed/ HTTP/1.1" 200 6328 "http://www.foobar.com/archives/2006/03/12/ante-todo-que-el-plato-sea-mas-grande-que-la-sarten/" "noxtrumbot/1.0 (crawler@noxtrum.com)"
210.173.180.164 - - [13/Dec/2006:02:22:21 -0600] "GET /archives/2005/06/09/las-pequenas-diferencias/ HTTP/1.1" 200 35676 "-" "ichiro/2.0 (http://help.goo.ne.jp/door/crawler.html)"
212.142.138.85 - - [13/Dec/2006:02:22:25 -0600] "GET /feed/ HTTP/1.0" 304 0 "-" "Mozilla/4.0 (compatible; RSS Popper)"
194.224.199.54 - - [13/Dec/2006:02:22:38 -0600] "GET /archives/2006/03/12/ante-todo-que-el-plato-sea-mas-grande-que-la-sarten/trackback/ HTTP/1.1" 302 5 "http://www.foobar.com/archives/2006/03/12/ante-todo-que-el-plato-sea-mas-grande-que-la-sarten/" "noxtrumbot/1.0 (crawler@noxtrum.com)"
198.37.25.204 - - [13/Dec/2006:02:22:51 -0600] "GET /feed/ HTTP/1.1" 304 0 "-" "Mozilla/5.0 (Macintosh; U; PPC Mac OS X; en-us) AppleWebKit/412 (KHTML, like Gecko) Safari/412"
74.6.85.134 - - [13/Dec/2006:02:22:51 -0600] "GET /archives/2004/01/page/2/ HTTP/1.0" 200 30287 "-" "Mozilla/5.0 (compatible; Yahoo! Slurp; http://help.yahoo.com/help/us/ysearch/slurp)"
75.34.9.255 - - [13/Dec/2006:02:23:30 -0600] "GET /feed/atom/ HTTP/1.1" 304 0 "-" "NetNewsWire/2.1.1 (Mac OS X; Lite; http://ranchero.com/netnewswire/)"
194.224.199.54 - - [13/Dec/2006:02:23:39 -0600] "GET /archives/2006/02/08/otro-nuevo-juguete-mas/feed/ HTTP/1.1" 200 8291 "http://www.foobar.com/archives/2006/02/08/otro-nuevo-juguete-mas/" "noxtrumbot/1.0 (crawler@noxtrum.com)"
72.14.199.5 - - [13/Dec/2006:02:24:00 -0600] "GET /feed/ HTTP/1.1" 304 0 "-" "Feedfetcher-Google; (+http://www.google.com/feedfetcher.html)"
83.58.251.144 - - [13/Dec/2006:02:24:13 -0600] "GET /favicon.ico HTTP/1.1" 404 - "-" "NewzCrawler/1.7 (compatible; MSIE 6.00; Newz Crawler 1.7; http://www.newzcrawler.com/ )"
83.58.251.144 - - [13/Dec/2006:02:24:15 -0600] "GET /weblog/rdf HTTP/1.1" 304 0 "-" "NewzCrawler/1.7 (compatible; MSIE 6.00; Newz Crawler 1.7; http://www.newzcrawler.com/ )"
83.58.251.144 - - [13/Dec/2006:02:24:17 -0600] "GET /archives/2006/05/12/nostalgia-2/feed/ HTTP/1.1" 304 0 "-" "NewzCrawler/1.7 (compatible; MSIE 6.00; Newz Crawler 1.7; http://www.newzcrawler.com/ )"
195.27.215.89 - - [13/Dec/2006:02:24:20 -0600] "GET /archives/2004/11/24/ HTTP/1.0" 200 24891 "-" "Seekbot/1.0 (http://www.seekbot.net/bot.html) HTTPFetcher/0.3"
83.58.251.144 - - [13/Dec/2006:02:24:20 -0600] "GET /archives/2006/11/14/advanced-wookie-laboratories/feed/ HTTP/1.1" 304 0 "-" "NewzCrawler/1.7 (compatible; MSIE 6.00; Newz Crawler 1.7; http://www.newzcrawler.com/ )"
83.58.251.144 - - [13/Dec/2006:02:24:22 -0600] "GET /archives/2006/11/18/acento-inclasificable/feed/ HTTP/1.1" 304 0 "-" "NewzCrawler/1.7 (compatible; MSIE 6.00; Newz Crawler 1.7; http://www.newzcrawler.com/ )"
83.58.251.144 - - [13/Dec/2006:02:24:25 -0600] "GET /archives/2006/11/26/%c2%bfpor-que-escribes-un-blog/feed/ HTTP/1.1" 304 0 "-" "NewzCrawler/1.7 (compatible; MSIE 6.00; Newz Crawler 1.7; http://www.newzcrawler.com/ )"
83.58.251.144 - - [13/Dec/2006:02:24:27 -0600] "GET /archives/2006/11/26/%c2%bfpor-que-lees-mi-blog/feed/ HTTP/1.1" 304 0 "-" "NewzCrawler/1.7 (compatible; MSIE 6.00; Newz Crawler 1.7; http://www.newzcrawler.com/ )"
83.58.251.144 - - [13/Dec/2006:02:24:29 -0600] "GET /archives/2006/11/28/gigantes-en-la-era-del-silicio/feed/ HTTP/1.1" 304 0 "-" "NewzCrawler/1.7 (compatible; MSIE 6.00; Newz Crawler 1.7; http://www.newzcrawler.com/ )"
83.58.251.144 - - [13/Dec/2006:02:24:31 -0600] "GET /archives/2006/12/01/nieve-ahora-si/feed/ HTTP/1.1" 304 0 "-" "NewzCrawler/1.7 (compatible; MSIE 6.00; Newz Crawler 1.7; http://www.newzcrawler.com/ )"
200.36.110.164 - - [13/Dec/2006:02:24:32 -0600] "GET /favicon.ico HTTP/1.1" 404 - "http://43.gmodules.com/ig/ifr?url=http://www.geocities.com/cosorio353/delicious.xml&nocache=0&up_username=jorgep&up_display=101&up_sort=1&up_filter=&lang=es&country=mx&.lang=es&.country=mx&synd=ig&mid=43&parent=http://www.google.com.mx" "Mozilla/5.0 (Windows; U; Windows NT 5.1; es-ES; rv:1.8.1) Gecko/20061010 Firefox/2.0"
83.58.251.144 - - [13/Dec/2006:02:24:34 -0600] "GET /archives/2006/12/11/pronunciacion/feed/ HTTP/1.1" 304 0 "-" "NewzCrawler/1.7 (compatible; MSIE 6.00; Newz Crawler 1.7; http://www.newzcrawler.com/ )"
194.224.199.54 - - [13/Dec/2006:02:24:38 -0600] "GET /archives/2006/02/08/otro-nuevo-juguete-mas/trackback/ HTTP/1.1" 302 5 "http://www.foobar.com/archives/2006/02/08/otro-nuevo-juguete-mas/" "noxtrumbot/1.0 (crawler@noxtrum.com)"
213.172.54.210 - - [13/Dec/2006:02:24:59 -0600] "GET /feed/ HTTP/1.1" 304 0 "-" "Feedreader 3.07 (Powered by Newsbrain)"
194.224.199.54 - - [13/Dec/2006:02:25:39 -0600] "GET /archives/2006/02/04/mi-nuevo-juguete/feed/ HTTP/1.1" 200 18593 "http://www.foobar.com/archives/2006/02/04/mi-nuevo-juguete/" "noxtrumbot/1.0 (crawler@noxtrum.com)"
65.214.44.160 - - [13/Dec/2006:02:25:49 -0600] "GET /archives/category/doctorado/ HTTP/1.0" 200 32373 "-" "Mozilla/2.0 (compatible; Ask Jeeves/Teoma; +http://about.ask.com/en/docs/about/webmasters.shtml)"
195.212.29.75 - - [13/Dec/2006:02:26:17 -0600] "GET /feed/atom/ HTTP/1.1" 304 0 "-" "Mozilla/5.0 (Windows; U; Windows NT 5.1; en-US; rv:1.8.0.8) Gecko/20061025 (CK-IBM) Firefox/1.5.0.8"
212.168.173.12 - - [13/Dec/2006:02:26:21 -0600] "GET /feed/rss2 HTTP/1.1" 304 0 "-" "AlestiFeedBot/0.7 (http://www.alesti.org/; 1 subscriber)"
194.224.199.54 - - [13/Dec/2006:02:26:38 -0600] "GET /archives/2006/02/04/mi-nuevo-juguete/trackback/ HTTP/1.1" 302 5 "http://www.foobar.com/archives/2006/02/04/mi-nuevo-juguete/" "noxtrumbot/1.0 (crawler@noxtrum.com)"
210.173.180.164 - - [13/Dec/2006:02:27:18 -0600] "GET /archives/2005/07/01/uhm-sabe-a-chicago/ HTTP/1.1" 200 16934 "-" "ichiro/2.0 (http://help.goo.ne.jp/door/crawler.html)"
194.224.199.54 - - [13/Dec/2006:02:27:39 -0600] "GET /archives/2004/09/01/chicago-da-13/feed/ HTTP/1.1" 200 10662 "http://www.foobar.com/archives/2004/09/01/chicago-da-13/" "noxtrumbot/1.0 (crawler@noxtrum.com)"
158.42.16.182 - - [13/Dec/2006:02:27:41 -0600] "GET /favicon.ico HTTP/1.1" 404 - "http://www.netvibes.com/" "Mozilla/5.0 (Windows; U; Windows NT 5.1; es-ES; rv:1.8.1) Gecko/20061010 Firefox/2.0"
83.35.134.42 - - [13/Dec/2006:02:28:02 -0600] "GET /feed/ HTTP/1.1" 304 0 "-" "Mozilla/5.0 (Windows; U; Windows NT 5.1; ca; rv:1.8.0.8) Gecko/20061025 Firefox/1.5.0.8"
204.9.177.18 - - [13/Dec/2006:02:28:08 -0600] "GET /feed/atom/ HTTP/1.1" 304 0 "-" "LiveJournal.com (webmaster@livejournal.com; for http://www.livejournal.com/users/borjanet/; 1 readers)"
74.6.74.234 - - [13/Dec/2006:02:28:11 -0600] "GET /robots.txt HTTP/1.0" 404 - "-" "Mozilla/5.0 (compatible; Yahoo! Slurp; http://help.yahoo.com/help/us/ysearch/slurp)"
74.6.73.222 - - [13/Dec/2006:02:28:13 -0600] "GET /archives/2005/01/17/i-saw-something-nasty-in-the-woodshed/feed/ HTTP/1.0" 200 546 "-" "Mozilla/5.0 (compatible; Yahoo! Slurp; http://help.yahoo.com/help/us/ysearch/slurp)"
80.224.29.161 - - [13/Dec/2006:02:28:17 -0600] "GET /feed/ HTTP/1.0" 304 0 "-" "Liferea/1.0.26 (Linux; http://liferea.sf.net/)"
194.224.199.54 - - [13/Dec/2006:02:28:38 -0600] "GET /archives/2004/09/01/chicago-da-13/trackback/ HTTP/1.1" 302 5 "http://www.foobar.com/archives/2004/09/01/chicago-da-13/" "noxtrumbot/1.0 (crawler@noxtrum.com)"
217.126.43.134 - - [13/Dec/2006:02:29:09 -0600] "GET /wp-content/themes/default_es/style.css HTTP/1.1" 200 9885 "http://www.foobar.com/archives/category/recetas/" "Mozilla/4.0 (compatible; MSIE 6.0; Windows NT 5.1; SV1; .NET CLR 1.1.4322; InfoPath.1)"
217.126.43.134 - - [13/Dec/2006:02:29:11 -0600] "GET /wp-content/themes/default_es/images/borjanet.png HTTP/1.1" 200 16169 "http://www.foobar.com/archives/category/recetas/" "Mozilla/4.0 (compatible; MSIE 6.0; Windows NT 5.1; SV1; .NET CLR 1.1.4322; InfoPath.1)"
217.126.43.134 - - [13/Dec/2006:02:29:11 -0600] "GET /wp-content/themes/default_es/images/kubrickbgcolor.jpg HTTP/1.1" 200 558 "http://www.foobar.com/archives/category/recetas/" "Mozilla/4.0 (compatible; MSIE 6.0; Windows NT 5.1; SV1; .NET CLR 1.1.4322; InfoPath.1)"
217.126.43.134 - - [13/Dec/2006:02:29:11 -0600] "GET /archives/category/recetas/ HTTP/1.1" 200 31978 "http://www.google.es/search?q=recetas+con+loroco&hl=es&lr=&start=10&sa=N" "Mozilla/4.0 (compatible; MSIE 6.0; Windows NT 5.1; SV1; .NET CLR 1.1.4322; InfoPath.1)"
217.126.43.134 - - [13/Dec/2006:02:29:11 -0600] "GET /wp-content/themes/default_es/images/kubrickbg.jpg HTTP/1.1" 200 1047 "http://www.foobar.com/archives/category/recetas/" "Mozilla/4.0 (compatible; MSIE 6.0; Windows NT 5.1; SV1; .NET CLR 1.1.4322; InfoPath.1)"
72.14.199.5 - - [13/Dec/2006:02:29:12 -0600] "GET /weblog/rdf HTTP/1.1" 304 0 "-" "Feedfetcher-Google; (+http://www.google.com/feedfetcher.html)"
217.126.43.134 - - [13/Dec/2006:02:29:12 -0600] "GET /wp-content/themes/default_es/images/kubrickheader.png HTTP/1.1" 200 3850 "http://www.foobar.com/archives/category/recetas/" "Mozilla/4.0 (compatible; MSIE 6.0; Windows NT 5.1; SV1; .NET CLR 1.1.4322; InfoPath.1)"
217.126.43.134 - - [13/Dec/2006:02:29:12 -0600] "GET /wp-content/themes/default_es/images/kubrickfooter.jpg HTTP/1.1" 200 2601 "http://www.foobar.com/archives/category/recetas/" "Mozilla/4.0 (compatible; MSIE 6.0; Windows NT 5.1; SV1; .NET CLR 1.1.4322; InfoPath.1)"
131.202.212.90 - - [13/Dec/2006:02:29:23 -0600] "GET /feed/ HTTP/1.1" 304 0 "-" "NetNewsWire/2.1.1 (Mac OS X; http://ranchero.com/netnewswire/)"
194.224.199.54 - - [13/Dec/2006:02:29:39 -0600] "GET /archives/2006/01/14/meme-avataresco-y-fondopantallesco/feed/ HTTP/1.1" 200 2882 "http://www.foobar.com/archives/2006/01/14/meme-avataresco-y-fondopantallesco/" "noxtrumbot/1.0 (crawler@noxtrum.com)"
195.27.215.89 - - [13/Dec/2006:02:29:48 -0600] "GET /archives/2004/11/25/nieve/ HTTP/1.0" 200 17161 "-" "Seekbot/1.0 (http://www.seekbot.net/bot.html) HTTPFetcher/0.3"
69.61.255.225 - - [13/Dec/2006:02:29:57 -0600] "GET /uploads/Family_guy_logo.png HTTP/1.1" 404 - "-" "Mozilla/4.0 (compatible; MSIE 6.0; Windows NT 5.1; SV1; .NET CLR 1.0.3705; .NET CLR 1.1.4322; Media Center PC 3.1)"
65.214.44.29 - - [13/Dec/2006:02:30:19 -0600] "GET /weblog/rdf HTTP/1.1" 304 0 "-" "Bloglines/3.1 (http://www.bloglines.com; 27 subscribers)"
83.54.60.125 - - [13/Dec/2006:02:30:25 -0600] "GET /archives/2005/10/31/lentejas/ HTTP/1.1" 200 17178 "http://www.google.es/search?hl=es&q=lentejas&meta=" "Mozilla/4.0 (compatible; MSIE 6.0; Windows NT 5.1)"
83.54.60.125 - - [13/Dec/2006:02:30:26 -0600] "GET /wp-content/themes/default_es/style.css HTTP/1.1" 200 9885 "http://www.foobar.com/archives/2005/10/31/lentejas/" "Mozilla/4.0 (compatible; MSIE 6.0; Windows NT 5.1)"
83.54.60.125 - - [13/Dec/2006:02:30:29 -0600] "GET /wp-content/themes/default_es/images/borjanet.png HTTP/1.1" 200 16169 "http://www.foobar.com/archives/2005/10/31/lentejas/" "Mozilla/4.0 (compatible; MSIE 6.0; Windows NT 5.1)"
83.54.60.125 - - [13/Dec/2006:02:30:29 -0600] "GET /wp-content/themes/default_es/images/kubrickbgcolor.jpg HTTP/1.1" 200 558 "http://www.foobar.com/archives/2005/10/31/lentejas/" "Mozilla/4.0 (compatible; MSIE 6.0; Windows NT 5.1)"
83.54.60.125 - - [13/Dec/2006:02:30:30 -0600] "GET /wp-content/themes/default_es/images/kubrickbgwide.jpg HTTP/1.1" 200 1020 "http://www.foobar.com/archives/2005/10/31/lentejas/" "Mozilla/4.0 (compatible; MSIE 6.0; Windows NT 5.1)"
83.54.60.125 - - [13/Dec/2006:02:30:30 -0600] "GET /wp-content/themes/default_es/images/kubrickheader.png HTTP/1.1" 200 3850 "http://www.foobar.com/archives/2005/10/31/lentejas/" "Mozilla/4.0 (compatible; MSIE 6.0; Windows NT 5.1)"
83.54.60.125 - - [13/Dec/2006:02:30:31 -0600] "GET /wp-content/themes/default_es/images/kubrickfooter.jpg HTTP/1.1" 200 2601 "http://www.foobar.com/archives/2005/10/31/lentejas/" "Mozilla/4.0 (compatible; MSIE 6.0; Windows NT 5.1)"
194.224.199.54 - - [13/Dec/2006:02:30:39 -0600] "GET /archives/2006/01/14/meme-avataresco-y-fondopantallesco/trackback/ HTTP/1.1" 302 5 "http://www.foobar.com/archives/2006/01/14/meme-avataresco-y-fondopantallesco/" "noxtrumbot/1.0 (crawler@noxtrum.com)"
65.214.44.29 - - [13/Dec/2006:02:30:56 -0600] "GET /feed/rss2/ HTTP/1.1" 304 0 "-" "Bloglines/3.1 (http://www.bloglines.com; 14 subscribers)"
210.173.180.164 - - [13/Dec/2006:02:31:12 -0600] "GET /archives/2005/06/30/dentro-de-nada-en-madrid-y-luego-bilbao/feed/ HTTP/1.1" 200 548 "-" "ichiro/2.0 (http://help.goo.ne.jp/door/crawler.html)"
217.11.112.147 - - [13/Dec/2006:02:31:16 -0600] "GET /uploads/Family_guy_logo.png HTTP/1.1" 404 - "-" "Mozilla/4.0 (compatible; MSIE 6.0; Windows NT 5.1; SV1; .NET CLR 1.1.4322)"
217.11.112.147 - - [13/Dec/2006:02:31:21 -0600] "GET /archives/2006/01/19/television-americana/ HTTP/1.1" 200 22387 "-" "Mozilla/4.0 (compatible; MSIE 6.0; Windows NT 5.1; SV1; .NET CLR 1.1.4322)"
217.11.112.147 - - [13/Dec/2006:02:31:22 -0600] "GET /wp-content/themes/default_es/style.css HTTP/1.1" 304 - "http://www.foobar.com/archives/2006/01/19/television-americana/" "Mozilla/4.0 (compatible; MSIE 6.0; Windows NT 5.1; SV1; .NET CLR 1.1.4322)"
217.11.112.147 - - [13/Dec/2006:02:31:22 -0600] "GET /wp-content/themes/default_es/images/borjanet.png HTTP/1.1" 304 - "http://www.foobar.com/archives/2006/01/19/television-americana/" "Mozilla/4.0 (compatible; MSIE 6.0; Windows NT 5.1; SV1; .NET CLR 1.1.4322)"
217.11.112.147 - - [13/Dec/2006:02:31:22 -0600] "GET /uploads/Dailyshow_logo.jpg HTTP/1.1" 304 - "http://www.foobar.com/archives/2006/01/19/television-americana/" "Mozilla/4.0 (compatible; MSIE 6.0; Windows NT 5.1; SV1; .NET CLR 1.1.4322)"
217.11.112.147 - - [13/Dec/2006:02:31:22 -0600] "GET /wp-content/themes/default_es/images/kubrickbgcolor.jpg HTTP/1.1" 304 - "http://www.foobar.com/archives/2006/01/19/television-americana/" "Mozilla/4.0 (compatible; MSIE 6.0; Windows NT 5.1; SV1; .NET CLR 1.1.4322)"
217.11.112.147 - - [13/Dec/2006:02:31:22 -0600] "GET /wp-content/themes/default_es/images/kubrickbgwide.jpg HTTP/1.1" 304 - "http://www.foobar.com/archives/2006/01/19/television-americana/" "Mozilla/4.0 (compatible; MSIE 6.0; Windows NT 5.1; SV1; .NET CLR 1.1.4322)"
217.11.112.147 - - [13/Dec/2006:02:31:22 -0600] "GET /uploads/fglogo.png HTTP/1.1" 304 - "http://www.foobar.com/archives/2006/01/19/television-americana/" "Mozilla/4.0 (compatible; MSIE 6.0; Windows NT 5.1; SV1; .NET CLR 1.1.4322)"
217.11.112.147 - - [13/Dec/2006:02:31:22 -0600] "GET /wp-content/themes/default_es/images/kubrickheader.png HTTP/1.1" 304 - "http://www.foobar.com/archives/2006/01/19/television-americana/" "Mozilla/4.0 (compatible; MSIE 6.0; Windows NT 5.1; SV1; .NET CLR 1.1.4322)"
65.214.44.29 - - [13/Dec/2006:02:31:22 -0600] "GET /feed/atom/ HTTP/1.1" 304 0 "-" "Bloglines/3.1 (http://www.bloglines.com; 6 subscribers)"
217.11.112.147 - - [13/Dec/2006:02:31:23 -0600] "GET /uploads/TheWestWing.JPG HTTP/1.1" 304 - "http://www.foobar.com/archives/2006/01/19/television-americana/" "Mozilla/4.0 (compatible; MSIE 6.0; Windows NT 5.1; SV1; .NET CLR 1.1.4322)"
217.11.112.147 - - [13/Dec/2006:02:31:23 -0600] "GET /uploads/Harvey_Birdman2C_Attorney_at_Law_title.jpg HTTP/1.1" 304 - "http://www.foobar.com/archives/2006/01/19/television-americana/" "Mozilla/4.0 (compatible; MSIE 6.0; Windows NT 5.1; SV1; .NET CLR 1.1.4322)"
217.11.112.147 - - [13/Dec/2006:02:31:24 -0600] "GET /uploads/whoseline.jpg HTTP/1.1" 304 - "http://www.foobar.com/archives/2006/01/19/television-americana/" "Mozilla/4.0 (compatible; MSIE 6.0; Windows NT 5.1; SV1; .NET CLR 1.1.4322)"
217.11.112.147 - - [13/Dec/2006:02:31:26 -0600] "GET /archives/2006/01/19/television-americana/ HTTP/1.1" 200 22451 "-" "Mozilla/4.0 (compatible; MSIE 6.0; Windows NT 5.1; SV1; .NET CLR 1.1.4322)"
217.11.112.147 - - [13/Dec/2006:02:31:26 -0600] "GET /uploads/Birdman.jpg HTTP/1.1" 304 - "http://www.foobar.com/archives/2006/01/19/television-americana/" "Mozilla/4.0 (compatible; MSIE 6.0; Windows NT 5.1; SV1; .NET CLR 1.1.4322)"
217.11.112.147 - - [13/Dec/2006:02:31:26 -0600] "GET /uploads/whoseline.jpg HTTP/1.1" 304 - "http://www.foobar.com/archives/2006/01/19/television-americana/" "Mozilla/4.0 (compatible; MSIE 6.0; Windows NT 5.1; SV1; .NET CLR 1.1.4322)"
217.11.112.147 - - [13/Dec/2006:02:31:26 -0600] "GET /uploads/comedy.png HTTP/1.1" 304 - "http://www.foobar.com/archives/2006/01/19/television-americana/" "Mozilla/4.0 (compatible; MSIE 6.0; Windows NT 5.1; SV1; .NET CLR 1.1.4322)"
217.11.112.147 - - [13/Dec/2006:02:31:27 -0600] "GET /wp-content/themes/default_es/images/kubrickfooter.jpg HTTP/1.1" 304 - "http://www.foobar.com/archives/2006/01/19/television-americana/" "Mozilla/4.0 (compatible; MSIE 6.0; Windows NT 5.1; SV1; .NET CLR 1.1.4322)"
194.224.199.54 - - [13/Dec/2006:02:31:40 -0600] "GET /archives/2004/06/05/estupidos-niatos/feed/ HTTP/1.1" 200 18846 "http://www.foobar.com/archives/2004/06/05/estupidos-niatos/" "noxtrumbot/1.0 (crawler@noxtrum.com)"
65.214.44.160 - - [13/Dec/2006:02:32:07 -0600] "GET /archives/category/borjanet/ HTTP/1.0" 200 32047 "-" "Mozilla/2.0 (compatible; Ask Jeeves/Teoma; +http://about.ask.com/en/docs/about/webmasters.shtml)"
194.224.199.54 - - [13/Dec/2006:02:32:40 -0600] "GET /archives/2005/12/14/otra-inesperada-visita/feed/ HTTP/1.1" 200 3799 "http://www.foobar.com/archives/2005/12/14/otra-inesperada-visita/" "noxtrumbot/1.0 (crawler@noxtrum.com)"
210.173.180.164 - - [13/Dec/2006:02:32:43 -0600] "GET /archives/2003/01/15/el-5-libro-de-harry-potter-sale-el-21-de-junio/feed/ HTTP/1.1" 200 1621 "-" "ichiro/2.0 (http://help.goo.ne.jp/door/crawler.html)"
212.55.0.180 - - [13/Dec/2006:02:33:01 -0600] "GET /favicon.ico HTTP/1.1" 404 - "http://www.newsgator.com/ngs/subscriber/FindSub.aspx" "Mozilla/5.0 (Windows; U; Windows NT 5.1; es-ES; rv:1.8.1) Gecko/20061010 Firefox/2.0"
212.168.173.12 - - [13/Dec/2006:02:33:03 -0600] "GET /feed/ HTTP/1.1" 304 0 "-" "AlestiFeedBot/0.7 (http://www.alesti.org/; 5 subscribers)"
212.55.0.180 - - [13/Dec/2006:02:33:05 -0600] "GET /favicon.ico HTTP/1.1" 404 - "http://www.newsgator.com/ngs/subscriber/AddSub.aspx" "Mozilla/5.0 (Windows; U; Windows NT 5.1; es-ES; rv:1.8.1) Gecko/20061010 Firefox/2.0"
65.214.44.29 - - [13/Dec/2006:02:33:21 -0600] "GET /feed/ HTTP/1.1" 304 0 "-" "Bloglines/3.1 (http://www.bloglines.com; 34 subscribers)"
81.38.8.216 - - [13/Dec/2006:02:33:25 -0600] "GET /feed/ HTTP/1.1" 304 0 "-" "Akregator/1.2.5; librss/remnants"
194.224.199.54 - - [13/Dec/2006:02:33:39 -0600] "GET /archives/2005/12/14/otra-inesperada-visita/trackback/ HTTP/1.1" 302 5 "http://www.foobar.com/archives/2005/12/14/otra-inesperada-visita/" "noxtrumbot/1.0 (crawler@noxtrum.com)"
74.6.87.71 - - [13/Dec/2006:02:34:10 -0600] "GET /archives/2003/02/10/ya-acabaron-los-exmenes/ HTTP/1.0" 200 14093 "-" "Mozilla/5.0 (compatible; Yahoo! Slurp; http://help.yahoo.com/help/us/ysearch/slurp)"
212.55.0.180 - - [13/Dec/2006:02:34:25 -0600] "GET /favicon.ico HTTP/1.1" 404 - "http://www.newsgator.com/ngs/subscriber/WebEd2.aspx" "Mozilla/5.0 (Windows; U; Windows NT 5.1; es-ES; rv:1.8.1) Gecko/20061010 Firefox/2.0"
212.55.0.180 - - [13/Dec/2006:02:34:33 -0600] "GET /favicon.ico HTTP/1.1" 404 - "http://www.newsgator.com/ngs/subscriber/EditSub.aspx?fid=1120271" "Mozilla/5.0 (Windows; U; Windows NT 5.1; es-ES; rv:1.8.1) Gecko/20061010 Firefox/2.0"
212.55.0.180 - - [13/Dec/2006:02:34:40 -0600] "GET /favicon.ico HTTP/1.1" 404 - "http://www.newsgator.com/ngs/subscriber/WebEd2.aspx?fid=1120271" "Mozilla/5.0 (Windows; U; Windows NT 5.1; es-ES; rv:1.8.1) Gecko/20061010 Firefox/2.0"
194.224.199.54 - - [13/Dec/2006:02:34:42 -0600] "GET /archives/2005/12/13/ahora-si/feed/ HTTP/1.1" 200 3617 "http://www.foobar.com/archives/2005/12/13/ahora-si/" "noxtrumbot/1.0 (crawler@noxtrum.com)"
212.55.0.180 - - [13/Dec/2006:02:34:48 -0600] "GET /favicon.ico HTTP/1.1" 404 - "http://www.newsgator.com/ngs/subscriber/WebEd2.aspx?fid=1120271" "Mozilla/5.0 (Windows; U; Windows NT 5.1; es-ES; rv:1.8.1) Gecko/20061010 Firefox/2.0"
212.55.0.180 - - [13/Dec/2006:02:34:51 -0600] "GET /favicon.ico HTTP/1.1" 404 - "http://www.newsgator.com/ngs/subscriber/WebEd2.aspx?fid=1120271" "Mozilla/5.0 (Windows; U; Windows NT 5.1; es-ES; rv:1.8.1) Gecko/20061010 Firefox/2.0"
201.74.190.238 - - [13/Dec/2006:02:34:56 -0600] "GET /uploads/whoseline.jpg HTTP/1.1" 200 13096 "http://nowloaded.org/forum/index.php?showtopic=22951" "Mozilla/4.0 (compatible; MSIE 6.0; Windows NT 5.1; SV1)"
212.55.0.180 - - [13/Dec/2006:02:35:01 -0600] "GET /favicon.ico HTTP/1.1" 404 - "http://www.newsgator.com/ngs/subscriber/EditSub.aspx?fid=1120271" "Mozilla/5.0 (Windows; U; Windows NT 5.1; es-ES; rv:1.8.1) Gecko/20061010 Firefox/2.0"
212.55.0.180 - - [13/Dec/2006:02:35:08 -0600] "GET /favicon.ico HTTP/1.1" 404 - "http://www.newsgator.com/ngs/subscriber/WebEd2.aspx?fid=1120271" "Mozilla/5.0 (Windows; U; Windows NT 5.1; es-ES; rv:1.8.1) Gecko/20061010 Firefox/2.0"
64.78.155.100 - - [13/Dec/2006:02:35:19 -0600] "GET /feed/rss2/ HTTP/1.1" 304 0 "-" "NewsGatorOnline/2.0 (http://www.newsgator.com; 1 subscribers)"
195.27.215.89 - - [13/Dec/2006:02:35:40 -0600] "GET /archives/2004/11/30/ HTTP/1.0" 200 25313 "-" "Seekbot/1.0 (http://www.seekbot.net/bot.html) HTTPFetcher/0.3"
194.224.199.54 - - [13/Dec/2006:02:35:41 -0600] "GET /archives/2005/12/13/ahora-si/trackback/ HTTP/1.1" 302 5 "http://www.foobar.com/archives/2005/12/13/ahora-si/" "noxtrumbot/1.0 (crawler@noxtrum.com)"
193.189.143.239 - - [13/Dec/2006:02:36:03 -0600] "GET /feed/ HTTP/1.0" 200 10737 "-" "Netvibes (http://www.netvibes.com/; 11 subscribers)"
81.202.208.214 - - [13/Dec/2006:02:36:03 -0600] "GET /favicon.ico HTTP/1.1" 404 - "http://www.netvibes.com/" "Mozilla/5.0 (Windows; U; Windows NT 5.1; es-ES; rv:1.8.0.8) Gecko/20061025 Firefox/1.5.0.8"
210.173.180.164 - - [13/Dec/2006:02:36:22 -0600] "GET /archives/2005/06/26/meme-de-frases/feed/ HTTP/1.1" 200 8504 "-" "ichiro/2.0 (http://help.goo.ne.jp/door/crawler.html)"
217.130.78.71 - - [13/Dec/2006:02:36:35 -0600] "GET /feed/ HTTP/1.0" 304 0 "-" "Liferea/1.0.23 (Linux; es_ES.UTF-8; http://liferea.sf.net/)"
194.224.199.54 - - [13/Dec/2006:02:36:41 -0600] "GET /archives/2005/12/10/pero-que-jodido-es-terminar-el-trimestre/feed/ HTTP/1.1" 200 1874 "http://www.foobar.com/archives/2005/12/10/pero-que-jodido-es-terminar-el-trimestre/" "noxtrumbot/1.0 (crawler@noxtrum.com)"
194.224.199.54 - - [13/Dec/2006:02:37:41 -0600] "GET /archives/2005/12/10/pero-que-jodido-es-terminar-el-trimestre/trackback/ HTTP/1.1" 302 5 "http://www.foobar.com/archives/2005/12/10/pero-que-jodido-es-terminar-el-trimestre/" "noxtrumbot/1.0 (crawler@noxtrum.com)"
80.224.29.161 - - [13/Dec/2006:02:38:12 -0600] "GET /feed/ HTTP/1.0" 304 0 "-" "Liferea/1.0.26 (Linux; http://liferea.sf.net/)"
62.43.198.198 - - [13/Dec/2006:02:38:20 -0600] "GET /feed/ HTTP/1.1" 200 10763 "-" "Mozilla/5.0 (Sage)"
65.214.44.160 - - [13/Dec/2006:02:38:27 -0600] "GET /archives/category/diatribas/ HTTP/1.0" 200 28197 "-" "Mozilla/2.0 (compatible; Ask Jeeves/Teoma; +http://about.ask.com/en/docs/about/webmasters.shtml)"
194.224.199.54 - - [13/Dec/2006:02:38:41 -0600] "GET /archives/2006/01/01/urte-berri-on-gmt1/feed/ HTTP/1.1" 200 1248 "http://www.foobar.com/archives/2006/01/01/urte-berri-on-gmt1/" "noxtrumbot/1.0 (crawler@noxtrum.com)"
130.206.100.134 - - [13/Dec/2006:02:38:57 -0600] "GET /feed/ HTTP/1.0" 304 0 "-" "Liferea/1.0.23 (Linux; es_ES.UTF-8; http://liferea.sf.net/)"
212.55.0.180 - - [13/Dec/2006:02:39:08 -0600] "GET /favicon.ico HTTP/1.1" 404 - "http://www.newsgator.com/ngs/subscriber/WebEd2.aspx?fid=626179" "Mozilla/5.0 (Windows; U; Windows NT 5.1; es-ES; rv:1.8.1) Gecko/20061010 Firefox/2.0"
74.6.86.70 - - [13/Dec/2006:02:39:25 -0600] "GET /archives/2004/02/06/pasarse-al-otro-bando/ HTTP/1.0" 200 58002 "-" "Mozilla/5.0 (compatible; Yahoo! Slurp; http://help.yahoo.com/help/us/ysearch/slurp)"
212.55.0.180 - - [13/Dec/2006:02:39:33 -0600] "GET /favicon.ico HTTP/1.1" 404 - "http://www.newsgator.com/ngs/subscriber/WebEd2.aspx?fid=626179" "Mozilla/5.0 (Windows; U; Windows NT 5.1; es-ES; rv:1.8.1) Gecko/20061010 Firefox/2.0"
194.224.199.54 - - [13/Dec/2006:02:39:41 -0600] "GET /archives/2006/01/01/urte-berri-on-gmt1/trackback/ HTTP/1.1" 302 5 "http://www.foobar.com/archives/2006/01/01/urte-berri-on-gmt1/" "noxtrumbot/1.0 (crawler@noxtrum.com)"
210.173.180.164 - - [13/Dec/2006:02:39:43 -0600] "GET /archives/2005/06/26/%C2%ABpues-en-mi-casa-abrimos-las-ventanas-y-ya-esta%C2%BB/feed/ HTTP/1.1" 200 3280 "-" "ichiro/2.0 (http://help.goo.ne.jp/door/crawler.html)"
201.234.215.101 - - [13/Dec/2006:02:40:07 -0600] "GET /uploads/Family_guy_logo.png HTTP/1.1" 404 - "http://images.google.com.ec/imgres?imgurl=http://www.foobar.com/uploads/Family_guy_logo.png&imgrefurl=http://www.foobar.com/archives/2006/01/19/television-americana/&h=189&w=300&sz=28&tbnid=qlC6Gq_pQxf_tM:&tbnh=73&tbnw=116&hl=es&prev=/images%3Fq%3Dpadre%2Bde%2Bfamilia%26svnum%3D10%26hl%3Des%26lr%3D%26sa%3DG&frame=small" "Mozilla/4.0 (compatible; MSIE 6.0; Windows NT 5.1)"
201.234.215.101 - - [13/Dec/2006:02:40:08 -0600] "GET /archives/2006/01/19/television-americana/ HTTP/1.1" 200 22349 "http://images.google.com.ec/imgres?imgurl=http://www.foobar.com/uploads/Family_guy_logo.png&imgrefurl=http://www.foobar.com/archives/2006/01/19/television-americana/&h=189&w=300&sz=28&hl=es&start=16&tbnid=qlC6Gq_pQxf_tM:&tbnh=73&tbnw=116&prev=/images%3Fq%3Dpadre%2Bde%2Bfamilia%26svnum%3D10%26hl%3Des%26lr%3D%26sa%3DG" "Mozilla/4.0 (compatible; MSIE 6.0; Windows NT 5.1)"
212.55.0.180 - - [13/Dec/2006:02:40:11 -0600] "GET /favicon.ico HTTP/1.1" 404 - "http://www.newsgator.com/ngs/subscriber/WebEd2.aspx?fid=511357" "Mozilla/5.0 (Windows; U; Windows NT 5.1; es-ES; rv:1.8.1) Gecko/20061010 Firefox/2.0"
201.234.215.101 - - [13/Dec/2006:02:40:13 -0600] "GET /archives/2006/01/19/television-americana/ HTTP/1.1" 200 17105 "http://images.google.com.ec/imgres?imgurl=http://www.foobar.com/uploads/Family_guy_logo.png&imgrefurl=http://www.foobar.com/archives/2006/01/19/television-americana/&h=189&w=300&sz=28&hl=es&start=16&tbnid=qlC6Gq_pQxf_tM:&tbnh=73&tbnw=116&prev=/images%3Fq%3Dpadre%2Bde%2Bfamilia%26svnum%3D10%26hl%3Des%26lr%3D%26sa%3DG" "Mozilla/4.0 (compatible; MSIE 6.0; Windows NT 5.1)"
65.214.44.29 - - [13/Dec/2006:02:40:29 -0600] "GET /feed/rss2/ HTTP/1.1" 304 0 "-" "Bloglines/3.1 (http://www.bloglines.com; 3 subscribers)"
194.224.199.54 - - [13/Dec/2006:02:40:41 -0600] "GET /archives/2005/08/17/habemus-amazon/feed/ HTTP/1.1" 200 3833 "http://www.foobar.com/archives/2005/08/17/habemus-amazon/" "noxtrumbot/1.0 (crawler@noxtrum.com)"
210.173.180.164 - - [13/Dec/2006:02:41:23 -0600] "GET /archives/2005/06/25/mi-nuevo-gadget/feed/ HTTP/1.1" 200 5196 "-" "ichiro/2.0 (http://help.goo.ne.jp/door/crawler.html)"
80.58.205.41 - - [13/Dec/2006:02:41:31 -0600] "GET /archives/2005/12/27/eta-eta-basque-basque/feed/ HTTP/1.1" 200 13613 "http://www.google.es/search?hl=es&q=el+desfiladero+de+la+muerte&meta=" "Mozilla/4.0 (compatible; MSIE 6.0; Windows NT 5.1)"
194.224.199.54 - - [13/Dec/2006:02:41:41 -0600] "GET /archives/2005/08/17/habemus-amazon/trackback/ HTTP/1.1" 302 5 "http://www.foobar.com/archives/2005/08/17/habemus-amazon/" "noxtrumbot/1.0 (crawler@noxtrum.com)"
72.14.199.5 - - [13/Dec/2006:02:42:02 -0600] "GET /feed/rss2/ HTTP/1.1" 304 0 "-" "Feedfetcher-Google; (+http://www.google.com/feedfetcher.html)"
195.27.215.89 - - [13/Dec/2006:02:42:22 -0600] "GET /archives/2004/11/page/3/ HTTP/1.0" 200 30647 "-" "Seekbot/1.0 (http://www.seekbot.net/bot.html) HTTPFetcher/0.3"
212.55.0.180 - - [13/Dec/2006:02:42:34 -0600] "GET /favicon.ico HTTP/1.1" 404 - "http://www.newsgator.com/ngs/subscriber/WebEd2.aspx?fid=511357" "Mozilla/5.0 (Windows; U; Windows NT 5.1; es-ES; rv:1.8.1) Gecko/20061010 Firefox/2.0"
194.224.199.54 - - [13/Dec/2006:02:42:42 -0600] "GET /archives/2004/10/10/la-sinfona-de-los-anillos/feed/ HTTP/1.1" 200 5168 "http://www.foobar.com/archives/2004/10/10/la-sinfona-de-los-anillos/" "noxtrumbot/1.0 (crawler@noxtrum.com)"
212.55.0.180 - - [13/Dec/2006:02:42:42 -0600] "GET /favicon.ico HTTP/1.1" 404 - "http://www.newsgator.com/ngs/subscriber/WebEd2.aspx?fid=36103" "Mozilla/5.0 (Windows; U; Windows NT 5.1; es-ES; rv:1.8.1) Gecko/20061010 Firefox/2.0"
212.55.0.180 - - [13/Dec/2006:02:42:52 -0600] "GET /favicon.ico HTTP/1.1" 404 - "http://www.newsgator.com/ngs/subscriber/WebEd2.aspx?fid=36103" "Mozilla/5.0 (Windows; U; Windows NT 5.1; es-ES; rv:1.8.1) Gecko/20061010 Firefox/2.0"
161.116.12.130 - - [13/Dec/2006:02:42:56 -0600] "GET /feed/ HTTP/1.1" 200 10763 "-" "Mozilla/5.0 (X11; U; Linux i686; en-US; rv:1.8.0.8) Gecko/20061115 Thunderbird/1.5.0.8"
194.224.199.54 - - [13/Dec/2006:02:43:43 -0600] "GET /archives/2004/10/10/la-sinfona-de-los-anillos/trackback/ HTTP/1.1" 302 5 "http://www.foobar.com/archives/2004/10/10/la-sinfona-de-los-anillos/" "noxtrumbot/1.0 (crawler@noxtrum.com)"
210.173.180.164 - - [13/Dec/2006:02:43:46 -0600] "GET /archives/2005/06/25/el-club-de-la-comedia-el-de-verdad/feed/ HTTP/1.1" 200 3884 "-" "ichiro/2.0 (http://help.goo.ne.jp/door/crawler.html)"
200.36.110.164 - - [13/Dec/2006:02:44:32 -0600] "GET /favicon.ico HTTP/1.1" 404 - "http://43.gmodules.com/ig/ifr?url=http://www.geocities.com/cosorio353/delicious.xml&nocache=0&up_username=jorgep&up_display=101&up_sort=1&up_filter=&lang=es&country=mx&.lang=es&.country=mx&synd=ig&mid=43&parent=http://www.google.com.mx" "Mozilla/5.0 (Windows; U; Windows NT 5.1; es-ES; rv:1.8.1) Gecko/20061010 Firefox/2.0"
212.55.0.180 - - [13/Dec/2006:02:44:40 -0600] "GET /favicon.ico HTTP/1.1" 404 - "http://www.newsgator.com/ngs/subscriber/WebEd2.aspx?fid=511357" "Mozilla/5.0 (Windows; U; Windows NT 5.1; es-ES; rv:1.8.1) Gecko/20061010 Firefox/2.0"
194.224.199.54 - - [13/Dec/2006:02:44:48 -0600] "GET /archives/2004/11/04/agridulce-cumpleaos/feed/ HTTP/1.1" 200 6724 "http://www.foobar.com/archives/2004/11/04/agridulce-cumpleaos/" "noxtrumbot/1.0 (crawler@noxtrum.com)"
65.214.44.160 - - [13/Dec/2006:02:44:50 -0600] "GET /archives/category/ciencia/ HTTP/1.0" 200 26854 "-" "Mozilla/2.0 (compatible; Ask Jeeves/Teoma; +http://about.ask.com/en/docs/about/webmasters.shtml)"
212.55.0.180 - - [13/Dec/2006:02:44:50 -0600] "GET /favicon.ico HTTP/1.1" 404 - "http://www.newsgator.com/ngs/subscriber/WebEd2.aspx?fid=511357" "Mozilla/5.0 (Windows; U; Windows NT 5.1; es-ES; rv:1.8.1) Gecko/20061010 Firefox/2.0"
80.58.205.37 - - [13/Dec/2006:02:44:53 -0600] "GET /wp-content/themes/default_es/style.css HTTP/1.1" 200 9885 "http://www.foobar.com/archives/2005/12/27/eta-eta-basque-basque/" "Mozilla/4.0 (compatible; MSIE 6.0; Windows NT 5.1; SV1; .NET CLR 1.1.4322; .NET CLR 2.0.50727)"
80.58.205.37 - - [13/Dec/2006:02:44:54 -0600] "GET /wp-content/themes/default_es/images/borjanet.png HTTP/1.1" 200 16169 "http://www.foobar.com/archives/2005/12/27/eta-eta-basque-basque/" "Mozilla/4.0 (compatible; MSIE 6.0; Windows NT 5.1; SV1; .NET CLR 1.1.4322; .NET CLR 2.0.50727)"
80.58.205.37 - - [13/Dec/2006:02:44:55 -0600] "GET /wp-content/themes/default_es/images/kubrickbgcolor.jpg HTTP/1.1" 200 558 "http://www.foobar.com/archives/2005/12/27/eta-eta-basque-basque/" "Mozilla/4.0 (compatible; MSIE 6.0; Windows NT 5.1; SV1; .NET CLR 1.1.4322; .NET CLR 2.0.50727)"
80.58.205.37 - - [13/Dec/2006:02:44:55 -0600] "GET /archives/2005/12/27/eta-eta-basque-basque/ HTTP/1.1" 200 33810 "http://www.google.es/custom?domains=www.nuestrocine.com&q=El+desfiladero+de+la+muerte&sitesearch=&client=pub-1764702013295842&forid=1&ie=ISO-8859-1&oe=ISO-8859-1&cof=GALT%3A%23000000%3BGL%3A1%3BDIV%3A%23336699%3BVLC%3A663399%3BAH%3Acenter%3BBGC%3ACC3300%3BLBGC%3A000000%3BALC%3AFFFF99%3BLC%3AFFFF99%3BT%3AFFFFFF%3BGFNT%3A0000FF%3BGIMP%3A0000FF%3BLH%3A0%3BLW%3A0%3BL%3Ahttp%3A%2F%2Fwww.nuestrocine.com%2Fimages%2Flogo15.jpg%3BS%3Ahttp%3A%2F%2Fwww.nuestrocine.com%3BFORID%3A1%3B&hl=es" "Mozilla/4.0 (compatible; MSIE 6.0; Windows NT 5.1; SV1; .NET CLR 1.1.4322; .NET CLR 2.0.50727)"
80.58.205.37 - - [13/Dec/2006:02:44:55 -0600] "GET /wp-content/themes/default_es/images/kubrickbgwide.jpg HTTP/1.1" 200 1020 "http://www.foobar.com/archives/2005/12/27/eta-eta-basque-basque/" "Mozilla/4.0 (compatible; MSIE 6.0; Windows NT 5.1; SV1; .NET CLR 1.1.4322; .NET CLR 2.0.50727)"
80.58.205.37 - - [13/Dec/2006:02:44:55 -0600] "GET /wp-content/themes/default_es/images/kubrickheader.png HTTP/1.1" 200 3850 "http://www.foobar.com/archives/2005/12/27/eta-eta-basque-basque/" "Mozilla/4.0 (compatible; MSIE 6.0; Windows NT 5.1; SV1; .NET CLR 1.1.4322; .NET CLR 2.0.50727)"
80.58.205.37 - - [13/Dec/2006:02:44:55 -0600] "GET /wp-content/themes/default_es/images/kubrickfooter.jpg HTTP/1.1" 200 2601 "http://www.foobar.com/archives/2005/12/27/eta-eta-basque-basque/" "Mozilla/4.0 (compatible; MSIE 6.0; Windows NT 5.1; SV1; .NET CLR 1.1.4322; .NET CLR 2.0.50727)"
60.28.164.42 - - [13/Dec/2006:02:44:56 -0600] "GET / HTTP/1.0" 200 40932 "-" "Mozilla/5.0 (compatible; iaskspider/1.0; MSIE 6.0)"
38.102.128.140 - - [13/Dec/2006:02:44:57 -0600] "GET /feed/atom HTTP/1.1" 304 0 "-" "Mozilla/5.0 (X11; U; Linux i686; en-US; rv:1.2.1; Rojo 1.0; http://www.rojo.com/corporate/help/agg/; Aggregating on behalf of 3 subscriber(s) online at http://www.rojo.com/?feed-id=331714) Gecko/20021130"
194.224.199.54 - - [13/Dec/2006:02:45:44 -0600] "GET /archives/2004/11/04/agridulce-cumpleaos/trackback/ HTTP/1.1" 302 5 "http://www.foobar.com/archives/2004/11/04/agridulce-cumpleaos/" "noxtrumbot/1.0 (crawler@noxtrum.com)"
194.224.199.54 - - [13/Dec/2006:02:46:45 -0600] "GET /archives/2005/09/07/dia-4-londres/ HTTP/1.1" 200 15972 "http://www.foobar.com/archives/2005/09/page/3/" "noxtrumbot/1.0 (crawler@noxtrum.com)"
193.144.84.188 - - [13/Dec/2006:02:46:46 -0600] "GET /feed/ HTTP/1.1" 200 10763 "-" "Mozilla/5.0 (X11; U; Linux i686; en-US; rv:1.7.10) Gecko/20060927 Firefox/1.0.4 (Debian package 1.0.4-2sarge12)"
210.173.180.164 - - [13/Dec/2006:02:47:35 -0600] "GET /archives/2005/05/page/1/ HTTP/1.1" 200 32377 "-" "ichiro/2.0 (http://help.goo.ne.jp/door/crawler.html)"
194.224.199.54 - - [13/Dec/2006:02:47:44 -0600] "GET /archives/2005/09/06/dia-3-londres/ HTTP/1.1" 200 17983 "http://www.foobar.com/archives/2005/09/page/3/" "noxtrumbot/1.0 (crawler@noxtrum.com)"
204.15.20.159 - - [13/Dec/2006:02:47:48 -0600] "GET /feed/ HTTP/1.1" 304 0 "-" "FacebookFeedParser/1.0 (UniversalFeedParser/4.1;) +http://facebook.com/"
65.182.101.179 - - [13/Dec/2006:02:48:01 -0600] "GET /feed/rss2/ HTTP/1.1" 200 10763 "-" "rezzibo.com rss-atom aggregator"
195.27.215.89 - - [13/Dec/2006:02:48:10 -0600] "GET /archives/2004/12/01/borjanet-segn-markov/ HTTP/1.0" 200 27894 "-" "Seekbot/1.0 (http://www.seekbot.net/bot.html) HTTPFetcher/0.3"
80.224.29.161 - - [13/Dec/2006:02:48:16 -0600] "GET /feed/ HTTP/1.0" 304 0 "-" "Liferea/1.0.26 (Linux; http://liferea.sf.net/)"
158.42.16.182 - - [13/Dec/2006:02:48:30 -0600] "GET /favicon.ico HTTP/1.1" 404 - "http://www.netvibes.com/" "Mozilla/5.0 (Windows; U; Windows NT 5.1; es-ES; rv:1.8.1) Gecko/20061010 Firefox/2.0"
194.224.199.54 - - [13/Dec/2006:02:48:44 -0600] "GET /archives/2005/09/05/dia-2-londres/ HTTP/1.1" 200 16460 "http://www.foobar.com/archives/2005/09/page/3/" "noxtrumbot/1.0 (crawler@noxtrum.com)"
72.14.199.5 - - [13/Dec/2006:02:49:08 -0600] "GET /feed/atom/ HTTP/1.1" 304 0 "-" "Feedfetcher-Google; (+http://www.google.com/feedfetcher.html)"
81.38.8.216 - - [13/Dec/2006:02:49:25 -0600] "GET /feed/ HTTP/1.1" 304 0 "-" "Akregator/1.2.5; librss/remnants"
194.224.199.54 - - [13/Dec/2006:02:49:44 -0600] "GET /archives/2005/09/12/dia-9-bilbao/feed/ HTTP/1.1" 200 1584 "http://www.foobar.com/archives/2005/09/12/dia-9-bilbao/" "noxtrumbot/1.0 (crawler@noxtrum.com)"
210.173.180.164 - - [13/Dec/2006:02:50:27 -0600] "GET /archives/2005/05/14/el-primer-paso-la-propuesta/ HTTP/1.1" 200 23175 "-" "ichiro/2.0 (http://help.goo.ne.jp/door/crawler.html)"
194.224.199.54 - - [13/Dec/2006:02:50:44 -0600] "GET /archives/2005/09/12/dia-9-bilbao/trackback/ HTTP/1.1" 302 5 "http://www.foobar.com/archives/2005/09/12/dia-9-bilbao/" "noxtrumbot/1.0 (crawler@noxtrum.com)"
65.214.44.160 - - [13/Dec/2006:02:51:11 -0600] "GET /archives/category/yo-mismo/ HTTP/1.0" 200 32066 "-" "Mozilla/2.0 (compatible; Ask Jeeves/Teoma; +http://about.ask.com/en/docs/about/webmasters.shtml)"
68.190.228.186 - - [13/Dec/2006:02:51:41 -0600] "GET /uploads/Family_guy_logo.png HTTP/1.1" 404 - "http://profile.myspace.com/index.cfm?fuseaction=user.viewprofile&friendID=80115137" "Mozilla/5.0 (Windows; U; Windows NT 5.1; en-US; rv:1.8.0.8) Gecko/20061025 Firefox/1.5.0.8"
193.189.143.206 - - [13/Dec/2006:02:51:42 -0600] "GET /feed/atom/ HTTP/1.0" 200 9604 "-" "Netvibes (http://www.netvibes.com/; 1 subscriber)"
158.38.88.39 - - [13/Dec/2006:02:51:43 -0600] "GET /favicon.ico HTTP/1.1" 404 - "http://www.netvibes.com/" "Mozilla/5.0 (Windows; U; Windows NT 5.1; es-ES; rv:1.8.1) Gecko/20061010 Firefox/2.0"
194.224.199.54 - - [13/Dec/2006:02:52:21 -0600] "GET /archives/2005/09/11/dia-8-barcelona/feed/ HTTP/1.1" 200 4197 "http://www.foobar.com/archives/2005/09/11/dia-8-barcelona/" "noxtrumbot/1.0 (crawler@noxtrum.com)"
210.173.180.164 - - [13/Dec/2006:02:52:40 -0600] "GET /archives/2005/05/09/y-asi-chicos-y-chicas-es-como-nace-un-libro/ HTTP/1.1" 200 35828 "-" "ichiro/2.0 (http://help.goo.ne.jp/door/crawler.html)"
64.78.155.100 - - [13/Dec/2006:02:52:44 -0600] "GET /feed/ HTTP/1.1" 304 0 "-" "NewsGatorOnline/2.0 (http://www.newsgator.com; 4 subscribers)"
194.224.199.54 - - [13/Dec/2006:02:52:49 -0600] "GET /archives/2005/09/11/dia-8-barcelona/trackback/ HTTP/1.1" 302 5 "http://www.foobar.com/archives/2005/09/11/dia-8-barcelona/" "noxtrumbot/1.0 (crawler@noxtrum.com)"
198.37.25.204 - - [13/Dec/2006:02:52:50 -0600] "GET /feed/ HTTP/1.1" 304 0 "-" "Mozilla/5.0 (Macintosh; U; PPC Mac OS X; en-us) AppleWebKit/412 (KHTML, like Gecko) Safari/412"
70.129.134.140 - - [13/Dec/2006:02:53:25 -0600] "GET /uploads/Family_guy_logo.png HTTP/1.1" 404 - "http://profile.myspace.com/index.cfm?fuseaction=user.viewprofile&friendid=44131083" "Mozilla/4.0 (compatible; MSIE 6.0; Windows NT 5.1; SV1; .NET CLR 1.0.3705; .NET CLR 1.1.4322; Media Center PC 3.1; .NET CLR 2.0.50727)"
195.27.215.89 - - [13/Dec/2006:02:53:40 -0600] "GET /archives/2004/12/02/en-casa-del-herrero/ HTTP/1.0" 200 16929 "-" "Seekbot/1.0 (http://www.seekbot.net/bot.html) HTTPFetcher/0.3"
194.224.199.54 - - [13/Dec/2006:02:53:47 -0600] "GET /archives/2005/09/10/dia-7-amsterdam/feed/ HTTP/1.1" 200 5472 "http://www.foobar.com/archives/2005/09/10/dia-7-amsterdam/" "noxtrumbot/1.0 (crawler@noxtrum.com)"
83.43.193.175 - - [13/Dec/2006:02:54:16 -0600] "GET /feed/ HTTP/1.1" 200 10763 "-" "Mozilla/5.0 (X11; U; Linux i686; en-US; rv:1.8.0.8) Gecko/20061109 Mandriva/1.5.0.8-1.1mdv2007.0 (2007.0) Thunderbird/1.5.0.8"
194.224.199.54 - - [13/Dec/2006:02:54:48 -0600] "GET /archives/2005/09/10/dia-7-amsterdam/trackback/ HTTP/1.1" 302 5 "http://www.foobar.com/archives/2005/09/10/dia-7-amsterdam/" "noxtrumbot/1.0 (crawler@noxtrum.com)"
83.58.251.144 - - [13/Dec/2006:02:54:53 -0600] "GET /favicon.ico HTTP/1.1" 404 - "-" "NewzCrawler/1.7 (compatible; MSIE 6.00; Newz Crawler 1.7; http://www.newzcrawler.com/ )"
83.58.251.144 - - [13/Dec/2006:02:54:55 -0600] "GET /weblog/rdf HTTP/1.1" 304 0 "-" "NewzCrawler/1.7 (compatible; MSIE 6.00; Newz Crawler 1.7; http://www.newzcrawler.com/ )"
83.58.251.144 - - [13/Dec/2006:02:54:56 -0600] "GET /archives/2006/05/12/nostalgia-2/feed/ HTTP/1.1" 304 0 "-" "NewzCrawler/1.7 (compatible; MSIE 6.00; Newz Crawler 1.7; http://www.newzcrawler.com/ )"
83.58.251.144 - - [13/Dec/2006:02:54:58 -0600] "GET /archives/2006/11/14/advanced-wookie-laboratories/feed/ HTTP/1.1" 304 0 "-" "NewzCrawler/1.7 (compatible; MSIE 6.00; Newz Crawler 1.7; http://www.newzcrawler.com/ )"
83.58.251.144 - - [13/Dec/2006:02:54:59 -0600] "GET /archives/2006/11/18/acento-inclasificable/feed/ HTTP/1.1" 304 0 "-" "NewzCrawler/1.7 (compatible; MSIE 6.00; Newz Crawler 1.7; http://www.newzcrawler.com/ )"
83.58.251.144 - - [13/Dec/2006:02:55:03 -0600] "GET /archives/2006/11/26/%c2%bfpor-que-escribes-un-blog/feed/ HTTP/1.1" 304 0 "-" "NewzCrawler/1.7 (compatible; MSIE 6.00; Newz Crawler 1.7; http://www.newzcrawler.com/ )"
210.173.180.164 - - [13/Dec/2006:02:55:07 -0600] "GET /archives/2005/05/07/si-lees-esto-estas-en-el-servidor-nuevo/ HTTP/1.1" 200 11363 "-" "ichiro/2.0 (http://help.goo.ne.jp/door/crawler.html)"
83.58.251.144 - - [13/Dec/2006:02:55:07 -0600] "GET /archives/2006/11/26/%c2%bfpor-que-lees-mi-blog/feed/ HTTP/1.1" 304 0 "-" "NewzCrawler/1.7 (compatible; MSIE 6.00; Newz Crawler 1.7; http://www.newzcrawler.com/ )"
83.55.20.4 - - [13/Dec/2006:02:55:08 -0600] "GET / HTTP/1.1" 200 41046 "-" "Mozilla/5.0 (Windows; U; Windows NT 5.1; es-ES; rv:1.8.0.8) Gecko/20061025 Firefox/1.5.0.8"
83.55.20.4 - - [13/Dec/2006:02:55:08 -0600] "GET /wp-content/themes/default_es/style.css HTTP/1.1" 200 9885 "http://www.foobar.com/" "Mozilla/5.0 (Windows; U; Windows NT 5.1; es-ES; rv:1.8.0.8) Gecko/20061025 Firefox/1.5.0.8"
83.58.251.144 - - [13/Dec/2006:02:55:09 -0600] "GET /archives/2006/11/28/gigantes-en-la-era-del-silicio/feed/ HTTP/1.1" 304 0 "-" "NewzCrawler/1.7 (compatible; MSIE 6.00; Newz Crawler 1.7; http://www.newzcrawler.com/ )"
83.55.20.4 - - [13/Dec/2006:02:55:11 -0600] "GET /wp-content/themes/default_es/images/kubrickbgcolor.jpg HTTP/1.1" 200 558 "http://www.foobar.com/" "Mozilla/5.0 (Windows; U; Windows NT 5.1; es-ES; rv:1.8.0.8) Gecko/20061025 Firefox/1.5.0.8"
83.58.251.144 - - [13/Dec/2006:02:55:14 -0600] "GET /archives/2006/12/01/nieve-ahora-si/feed/ HTTP/1.1" 304 0 "-" "NewzCrawler/1.7 (compatible; MSIE 6.00; Newz Crawler 1.7; http://www.newzcrawler.com/ )"
83.55.20.4 - - [13/Dec/2006:02:55:15 -0600] "GET /wp-content/themes/default_es/images/borjanet.png HTTP/1.1" 200 16169 "http://www.foobar.com/" "Mozilla/5.0 (Windows; U; Windows NT 5.1; es-ES; rv:1.8.0.8) Gecko/20061025 Firefox/1.5.0.8"
83.55.20.4 - - [13/Dec/2006:02:55:15 -0600] "GET /uploads/pronunciacion.png HTTP/1.1" 200 2058 "http://www.foobar.com/" "Mozilla/5.0 (Windows; U; Windows NT 5.1; es-ES; rv:1.8.0.8) Gecko/20061025 Firefox/1.5.0.8"
