212.145.77.18 - - [13/Dec/2006:01:32:44 -0600] "GET /wp-content/themes/default_es/images/kubrickheader.png HTTP/1.1" 304 - "http://www.foobar.com/archives/2005/10/17/recetas-y-complejidad/" "Mozilla/4.0 (compatible; MSIE 6.0; Windows NT 5.1; SV1; InfoPath.1; .NET CLR 2.0.50727)"
212.145.77.18 - - [13/Dec/2006:01:32:44 -0600] "GET /wp-content/themes/default_es/images/kubrickfooter.jpg HTTP/1.1" 304 - "http://www.foobar.com/archives/2005/10/17/recetas-y-complejidad/" "Mozilla/4.0 (compatible; MSIE 6.0; Windows NT 5.1; SV1; InfoPath.1; .NET CLR 2.0.50727)"
24.211.21.192 - - [13/Dec/2006:01:32:44 -0600] "GET /uploads/Family_guy_logo.png HTTP/1.1" 404 - "http://profileedit.myspace.com/Modules/ProfileEdit/Pages/Interests.aspx?%3ffuseaction=profile.interests&MyToken=467c6b8e-5eb5-4ab6-a0a8-f0a637240eb4" "Mozilla/5.0 (Windows; U; Windows NT 5.1; en-US; rv:1.8.1) Gecko/20061010 Firefox/2.0"
212.145.77.18 - - [13/Dec/2006:01:32:53 -0600] "GET /wp-content/themes/default_es/images/kubrickbg.jpg HTTP/1.1" 200 1047 "http://www.foobar.com/archives/category/recetas/" "Mozilla/4.0 (compatible; MSIE 6.0; Windows NT 5.1; SV1; InfoPath.1; .NET CLR 2.0.50727)"
212.145.77.18 - - [13/Dec/2006:01:32:54 -0600] "GET /archives/category/recetas/ HTTP/1.1" 200 31978 "http://www.foobar.com/archives/2005/10/17/recetas-y-complejidad/" "Mozilla/4.0 (compatible; MSIE 6.0; Windows NT 5.1; SV1; InfoPath.1; .NET CLR 2.0.50727)"
212.55.0.180 - - [13/Dec/2006:01:32:56 -0600] "GET /favicon.ico HTTP/1.1" 404 - "http://www.newsgator.com/ngs/subscriber/WebEd2.aspx?fid=787301" "Mozilla/5.0 (Windows; U; Windows NT 5.1; es-ES; rv:1.8.1) Gecko/20061010 Firefox/2.0"
210.173.180.164 - - [13/Dec/2006:01:32:59 -0600] "GET /archives/2005/07/04/paseando-por-los-madriles-para-combatir-el-cambio-de-horario/ HTTP/1.1" 200 15066 "-" "ichiro/2.0 (http://help.goo.ne.jp/door/crawler.html)"
65.214.44.29 - - [13/Dec/2006:01:33:13 -0600] "GET /feed/ HTTP/1.1" 304 0 "-" "Bloglines/3.1 (http://www.bloglines.com; 34 subscribers)"
212.145.77.18 - - [13/Dec/2006:01:33:22 -0600] "GET /archives/2005/01/11/y-ahora-repostera/ HTTP/1.1" 200 21530 "http://www.foobar.com/archives/2005/10/17/recetas-y-complejidad/" "Mozilla/4.0 (compatible; MSIE 6.0; Windows NT 5.1; SV1; InfoPath.1; .NET CLR 2.0.50727)"
24.211.21.192 - - [13/Dec/2006:01:33:24 -0600] "GET /uploads/Family_guy_logo.png HTTP/1.1" 404 - "http://profileedit.myspace.com/Modules/ProfileEdit/Pages/Interests.aspx?%3ffuseaction=profile.interests&MyToken=467c6b8e-5eb5-4ab6-a0a8-f0a637240eb4" "Mozilla/5.0 (Windows; U; Windows NT 5.1; en-US; rv:1.8.1) Gecko/20061010 Firefox/2.0"
194.224.199.54 - - [13/Dec/2006:01:33:25 -0600] "GET /archives/2006/09/01/todo-el-mundo-tiene-un-blog/trackback/ HTTP/1.1" 302 5 "http://www.foobar.com/archives/2006/09/01/todo-el-mundo-tiene-un-blog/" "noxtrumbot/1.0 (crawler@noxtrum.com)"
65.214.44.160 - - [13/Dec/2006:01:33:59 -0600] "GET /archives/2003/12/19/ HTTP/1.0" 200 26571 "-" "Mozilla/2.0 (compatible; Ask Jeeves/Teoma; +http://about.ask.com/en/docs/about/webmasters.shtml)"
212.145.77.18 - - [13/Dec/2006:01:34:07 -0600] "GET / HTTP/1.1" 200 41046 "-" "Mozilla/4.0 (compatible; MSIE 6.0; Windows NT 5.1; SV1; InfoPath.1; .NET CLR 2.0.50727)"
212.145.77.18 - - [13/Dec/2006:01:34:07 -0600] "GET /uploads/pronunciacion.png HTTP/1.1" 200 2058 "http://www.foobar.com/" "Mozilla/4.0 (compatible; MSIE 6.0; Windows NT 5.1; SV1; InfoPath.1; .NET CLR 2.0.50727)"
194.224.199.54 - - [13/Dec/2006:01:34:26 -0600] "GET /archives/category/general/page/1/ HTTP/1.1" 200 31747 "http://www.foobar.com/archives/category/general/page/2/" "noxtrumbot/1.0 (crawler@noxtrum.com)"
210.173.180.164 - - [13/Dec/2006:01:35:05 -0600] "GET /archives/2005/07/04/en-los-madriles/ HTTP/1.1" 200 14768 "-" "ichiro/2.0 (http://help.goo.ne.jp/door/crawler.html)"
194.224.199.54 - - [13/Dec/2006:01:35:27 -0600] "GET /archives/category/general/page/3/ HTTP/1.1" 200 32490 "http://www.foobar.com/archives/category/general/page/2/" "noxtrumbot/1.0 (crawler@noxtrum.com)"
88.0.116.88 - - [13/Dec/2006:01:35:41 -0600] "GET /feed/ HTTP/1.1" 304 0 "-" "BlogBridge 4.0.1 (http://www.blogbridge.com/) Java/1.5.0_07"
210.173.180.164 - - [13/Dec/2006:01:36:14 -0600] "GET /archives/2005/07/03/ready-to-go/ HTTP/1.1" 200 13515 "-" "ichiro/2.0 (http://help.goo.ne.jp/door/crawler.html)"
194.224.199.54 - - [13/Dec/2006:01:36:27 -0600] "GET /archives/category/grid/page/1/ HTTP/1.1" 200 32463 "http://www.foobar.com/archives/category/grid/page/2/" "noxtrumbot/1.0 (crawler@noxtrum.com)"
195.27.215.89 - - [13/Dec/2006:01:36:53 -0600] "GET /archives/2004/11/01/this-is-halloween/ HTTP/1.0" 200 17150 "-" "Seekbot/1.0 (http://www.seekbot.net/bot.html) HTTPFetcher/0.3"
194.224.199.54 - - [13/Dec/2006:01:37:28 -0600] "GET /archives/category/grid/page/3/ HTTP/1.1" 200 25518 "http://www.foobar.com/archives/category/grid/page/2/" "noxtrumbot/1.0 (crawler@noxtrum.com)"
66.249.65.135 - - [13/Dec/2006:01:37:30 -0600] "GET /archives/category/recetas HTTP/1.1" 200 31978 "-" "Mozilla/5.0 (compatible; Googlebot/2.1; +http://www.google.com/bot.html)"
212.55.0.180 - - [13/Dec/2006:01:38:15 -0600] "GET /favicon.ico HTTP/1.1" 404 - "http://www.newsgator.com/ngs/subscriber/WebEd2.aspx?fid=787301" "Mozilla/5.0 (Windows; U; Windows NT 5.1; es-ES; rv:1.8.1) Gecko/20061010 Firefox/2.0"
80.224.29.161 - - [13/Dec/2006:01:38:17 -0600] "GET /feed/ HTTP/1.0" 304 0 "-" "Liferea/1.0.26 (Linux; http://liferea.sf.net/)"
212.55.0.180 - - [13/Dec/2006:01:38:20 -0600] "GET /favicon.ico HTTP/1.1" 404 - "http://www.newsgator.com/ngs/subscriber/WebEd2.aspx?fid=522991" "Mozilla/5.0 (Windows; U; Windows NT 5.1; es-ES; rv:1.8.1) Gecko/20061010 Firefox/2.0"
194.224.199.54 - - [13/Dec/2006:01:38:27 -0600] "GET /archives/category/informatica/page/1/ HTTP/1.1" 200 32522 "http://www.foobar.com/archives/category/informatica/page/2/" "noxtrumbot/1.0 (crawler@noxtrum.com)"
74.6.72.76 - - [13/Dec/2006:01:38:47 -0600] "GET /archives/2003/02/ HTTP/1.0" 200 31423 "-" "Mozilla/5.0 (compatible; Yahoo! Slurp; http://help.yahoo.com/help/us/ysearch/slurp)"
210.173.180.164 - - [13/Dec/2006:01:39:03 -0600] "GET /archives/2005/07/29/adios-fiel-amigo/feed/ HTTP/1.1" 200 6861 "-" "ichiro/2.0 (http://help.goo.ne.jp/door/crawler.html)"
194.224.199.54 - - [13/Dec/2006:01:39:27 -0600] "GET /archives/category/informatica/page/3/ HTTP/1.1" 200 32918 "http://www.foobar.com/archives/category/informatica/page/2/" "noxtrumbot/1.0 (crawler@noxtrum.com)"
65.214.44.160 - - [13/Dec/2006:01:40:21 -0600] "GET /archives/2004/11/03/ HTTP/1.0" 200 28779 "-" "Mozilla/2.0 (compatible; Ask Jeeves/Teoma; +http://about.ask.com/en/docs/about/webmasters.shtml)"
194.224.199.54 - - [13/Dec/2006:01:40:27 -0600] "GET /archives/category/libro/page/1/ HTTP/1.1" 200 31687 "http://www.foobar.com/archives/category/libro/page/2/" "noxtrumbot/1.0 (crawler@noxtrum.com)"
65.214.44.29 - - [13/Dec/2006:01:40:49 -0600] "GET /feed/rss2/ HTTP/1.1" 304 0 "-" "Bloglines/3.1 (http://www.bloglines.com; 3 subscribers)"
65.214.44.29 - - [13/Dec/2006:01:40:56 -0600] "GET /feed/atom/ HTTP/1.1" 304 0 "-" "Bloglines/3.1 (http://www.bloglines.com; 4 subscribers)"
194.224.199.54 - - [13/Dec/2006:01:41:27 -0600] "GET /archives/category/libro/page/3/ HTTP/1.1" 200 30695 "http://www.foobar.com/archives/category/libro/page/2/" "noxtrumbot/1.0 (crawler@noxtrum.com)"
64.34.168.137 - - [13/Dec/2006:01:41:59 -0600] "GET /feed/ HTTP/1.1" 200 10763 "-" "BlogBridge Service (http://www.blogbridge.com/) Java/1.5.0_09"
72.14.199.5 - - [13/Dec/2006:01:42:03 -0600] "GET /feed/rss2/ HTTP/1.1" 304 0 "-" "Feedfetcher-Google; (+http://www.google.com/feedfetcher.html)"
195.27.215.89 - - [13/Dec/2006:01:42:13 -0600] "GET /archives/2004/11/02/democracia-de-cartn-piedra/ HTTP/1.0" 200 39700 "-" "Seekbot/1.0 (http://www.seekbot.net/bot.html) HTTPFetcher/0.3"
189.143.43.183 - - [13/Dec/2006:01:42:24 -0600] "GET /wp-content/themes/default_es/style.css HTTP/1.1" 200 9885 "http://www.foobar.com/archives/2004/01/19/crnicas-san-franciscanas/" "Mozilla/4.0 (compatible; MSIE 6.0; Windows NT 5.1; SV1; .NET CLR 1.1.4322)"
189.143.43.183 - - [13/Dec/2006:01:42:24 -0600] "GET /archives/2004/01/19/crnicas-san-franciscanas/ HTTP/1.1" 200 19271 "http://www.google.com.mx/search?q=prision+de+alcatraz&hl=es&lr=&start=10&sa=N" "Mozilla/4.0 (compatible; MSIE 6.0; Windows NT 5.1; SV1; .NET CLR 1.1.4322)"
189.143.43.183 - - [13/Dec/2006:01:42:24 -0600] "GET /wp-content/themes/default_es/images/kubrickbgcolor.jpg HTTP/1.1" 200 558 "http://www.foobar.com/archives/2004/01/19/crnicas-san-franciscanas/" "Mozilla/4.0 (compatible; MSIE 6.0; Windows NT 5.1; SV1; .NET CLR 1.1.4322)"
189.143.43.183 - - [13/Dec/2006:01:42:24 -0600] "GET /wp-content/themes/default_es/images/borjanet.png HTTP/1.1" 200 16169 "http://www.foobar.com/archives/2004/01/19/crnicas-san-franciscanas/" "Mozilla/4.0 (compatible; MSIE 6.0; Windows NT 5.1; SV1; .NET CLR 1.1.4322)"
189.143.43.183 - - [13/Dec/2006:01:42:24 -0600] "GET /wp-content/themes/default_es/images/kubrickbgwide.jpg HTTP/1.1" 200 1020 "http://www.foobar.com/archives/2004/01/19/crnicas-san-franciscanas/" "Mozilla/4.0 (compatible; MSIE 6.0; Windows NT 5.1; SV1; .NET CLR 1.1.4322)"
189.143.43.183 - - [13/Dec/2006:01:42:25 -0600] "GET /wp-content/themes/default_es/images/kubrickheader.png HTTP/1.1" 200 3850 "http://www.foobar.com/archives/2004/01/19/crnicas-san-franciscanas/" "Mozilla/4.0 (compatible; MSIE 6.0; Windows NT 5.1; SV1; .NET CLR 1.1.4322)"
189.143.43.183 - - [13/Dec/2006:01:42:25 -0600] "GET /wp-content/themes/default_es/images/kubrickfooter.jpg HTTP/1.1" 200 2601 "http://www.foobar.com/archives/2004/01/19/crnicas-san-franciscanas/" "Mozilla/4.0 (compatible; MSIE 6.0; Windows NT 5.1; SV1; .NET CLR 1.1.4322)"
189.143.43.183 - - [13/Dec/2006:01:42:26 -0600] "GET /favicon.ico HTTP/1.1" 404 - "-" "Mozilla/5.0 (compatible; Google Desktop)"
194.224.199.54 - - [13/Dec/2006:01:42:26 -0600] "GET /archives/2006/05/03/interviu/feed/ HTTP/1.1" 200 3714 "http://www.foobar.com/archives/2006/05/03/interviu/" "noxtrumbot/1.0 (crawler@noxtrum.com)"
210.173.180.164 - - [13/Dec/2006:01:42:30 -0600] "GET /archives/2005/07/29/adios-fiel-amigo/trackback/ HTTP/1.1" 302 5 "-" "ichiro/2.0 (http://help.goo.ne.jp/door/crawler.html)"
194.224.199.54 - - [13/Dec/2006:01:43:26 -0600] "GET /archives/2006/05/03/interviu/trackback/ HTTP/1.1" 302 5 "http://www.foobar.com/archives/2006/05/03/interviu/" "noxtrumbot/1.0 (crawler@noxtrum.com)"
74.6.85.170 - - [13/Dec/2006:01:44:25 -0600] "GET /robots.txt HTTP/1.0" 404 - "-" "Mozilla/5.0 (compatible; Yahoo! Slurp; http://help.yahoo.com/help/us/ysearch/slurp)"
194.224.199.54 - - [13/Dec/2006:01:44:27 -0600] "GET /archives/2006/04/11/en-la-biblioteca-mater/feed/ HTTP/1.1" 200 513 "http://www.foobar.com/archives/2006/04/11/en-la-biblioteca-mater/" "noxtrumbot/1.0 (crawler@noxtrum.com)"
74.6.87.15 - - [13/Dec/2006:01:44:28 -0600] "GET /archives/2006/page/2/ HTTP/1.0" 200 32891 "-" "Mozilla/5.0 (compatible; Yahoo! Slurp; http://help.yahoo.com/help/us/ysearch/slurp)"
66.249.65.135 - - [13/Dec/2006:01:44:30 -0600] "GET /weblog/1069556646 HTTP/1.1" 404 - "-" "Mozilla/5.0 (compatible; Googlebot/2.1; +http://www.google.com/bot.html)"
81.38.8.216 - - [13/Dec/2006:01:45:25 -0600] "GET /feed/ HTTP/1.1" 304 0 "-" "Akregator/1.2.5; librss/remnants"
194.224.199.54 - - [13/Dec/2006:01:45:26 -0600] "GET /archives/2006/04/11/en-la-biblioteca-mater/trackback/ HTTP/1.1" 302 5 "http://www.foobar.com/archives/2006/04/11/en-la-biblioteca-mater/" "noxtrumbot/1.0 (crawler@noxtrum.com)"
80.36.1.12 - - [13/Dec/2006:01:45:34 -0600] "GET /wp-content/themes/default_es/style.css HTTP/1.1" 200 9885 "http://www.foobar.com/archives/2006/02/13/obituario-informatico/" "Mozilla/4.0 (compatible; MSIE 6.0; Windows NT 5.1)"
80.36.1.12 - - [13/Dec/2006:01:45:34 -0600] "GET /archives/2006/02/13/obituario-informatico/ HTTP/1.1" 200 24536 "http://www.google.es/search?hl=es&q=olivetti+386&btnG=B%C3%BAsqueda&meta=lr%3Dlang_es" "Mozilla/4.0 (compatible; MSIE 6.0; Windows NT 5.1)"
80.36.1.12 - - [13/Dec/2006:01:45:35 -0600] "GET /wp-content/themes/default_es/images/borjanet.png HTTP/1.1" 200 16169 "http://www.foobar.com/archives/2006/02/13/obituario-informatico/" "Mozilla/4.0 (compatible; MSIE 6.0; Windows NT 5.1)"
80.36.1.12 - - [13/Dec/2006:01:45:36 -0600] "GET /wp-content/themes/default_es/images/kubrickbgcolor.jpg HTTP/1.1" 200 558 "http://www.foobar.com/archives/2006/02/13/obituario-informatico/" "Mozilla/4.0 (compatible; MSIE 6.0; Windows NT 5.1)"
80.36.1.12 - - [13/Dec/2006:01:45:36 -0600] "GET /uploads/nevera.jpg HTTP/1.1" 200 19979 "http://www.foobar.com/archives/2006/02/13/obituario-informatico/" "Mozilla/4.0 (compatible; MSIE 6.0; Windows NT 5.1)"
80.36.1.12 - - [13/Dec/2006:01:45:36 -0600] "GET /wp-content/themes/default_es/images/kubrickbgwide.jpg HTTP/1.1" 200 1020 "http://www.foobar.com/archives/2006/02/13/obituario-informatico/" "Mozilla/4.0 (compatible; MSIE 6.0; Windows NT 5.1)"
80.36.1.12 - - [13/Dec/2006:01:45:37 -0600] "GET /wp-content/themes/default_es/images/kubrickheader.png HTTP/1.1" 200 3850 "http://www.foobar.com/archives/2006/02/13/obituario-informatico/" "Mozilla/4.0 (compatible; MSIE 6.0; Windows NT 5.1)"
80.36.1.12 - - [13/Dec/2006:01:45:37 -0600] "GET /wp-content/themes/default_es/images/kubrickfooter.jpg HTTP/1.1" 200 2601 "http://www.foobar.com/archives/2006/02/13/obituario-informatico/" "Mozilla/4.0 (compatible; MSIE 6.0; Windows NT 5.1)"
213.195.75.180 - - [13/Dec/2006:01:45:48 -0600] "GET /feed/ HTTP/1.0" 200 10737 "-" "Mozilla/5.0 (Windows; U; Windows NT 5.1; en-US; rv:1.7.8) Gecko/20050418 Firefox/1.0.4"
62.43.198.198 - - [13/Dec/2006:01:46:12 -0600] "GET /feed/ HTTP/1.1" 200 10763 "-" "Mozilla/5.0 (Sage)"
193.189.143.198 - - [13/Dec/2006:01:46:24 -0600] "GET /feed/ HTTP/1.0" 200 10737 "-" "Netvibes (http://www.netvibes.com/; 11 subscribers)"
158.42.16.182 - - [13/Dec/2006:01:46:25 -0600] "GET /favicon.ico HTTP/1.1" 404 - "http://www.netvibes.com/" "Mozilla/5.0 (Windows; U; Windows NT 5.1; es-ES; rv:1.8.1) Gecko/20061010 Firefox/2.0"
194.224.199.54 - - [13/Dec/2006:01:46:27 -0600] "GET /archives/2006/04/04/ya-soy-un-autor-profesional/feed/ HTTP/1.1" 200 8318 "http://www.foobar.com/archives/2006/04/04/ya-soy-un-autor-profesional/" "noxtrumbot/1.0 (crawler@noxtrum.com)"
210.173.180.164 - - [13/Dec/2006:01:46:38 -0600] "GET /archives/2005/07/28/humdrum/feed/ HTTP/1.1" 200 3705 "-" "ichiro/2.0 (http://help.goo.ne.jp/door/crawler.html)"
195.27.215.89 - - [13/Dec/2006:01:47:21 -0600] "GET /archives/2004/11/03/ HTTP/1.0" 200 28779 "-" "Seekbot/1.0 (http://www.seekbot.net/bot.html) HTTPFetcher/0.3"
194.224.199.54 - - [13/Dec/2006:01:47:26 -0600] "GET /archives/2006/04/04/ya-soy-un-autor-profesional/trackback/ HTTP/1.1" 302 5 "http://www.foobar.com/archives/2006/04/04/ya-soy-un-autor-profesional/" "noxtrumbot/1.0 (crawler@noxtrum.com)"
71.123.243.79 - - [13/Dec/2006:01:48:04 -0600] "GET /uploads/Family_guy_logo.png HTTP/1.1" 404 - "http://profile.myspace.com/index.cfm?fuseaction=user.viewprofile&friendid=44131083" "Mozilla/4.0 (compatible; MSIE 6.0; Windows NT 5.1; SV1; .NET CLR 1.1.4322)"
204.15.20.129 - - [13/Dec/2006:01:48:07 -0600] "GET /feed/ HTTP/1.1" 304 0 "-" "FacebookFeedParser/1.0 (UniversalFeedParser/4.1;) +http://facebook.com/"
80.224.29.161 - - [13/Dec/2006:01:48:13 -0600] "GET /feed/ HTTP/1.0" 304 0 "-" "Liferea/1.0.26 (Linux; http://liferea.sf.net/)"
194.224.199.54 - - [13/Dec/2006:01:48:27 -0600] "GET /archives/2006/02/07/fortuito-encuentro/feed/ HTTP/1.1" 200 4503 "http://www.foobar.com/archives/2006/02/07/fortuito-encuentro/" "noxtrumbot/1.0 (crawler@noxtrum.com)"
72.14.199.5 - - [13/Dec/2006:01:49:10 -0600] "GET /feed/atom/ HTTP/1.1" 304 0 "-" "Feedfetcher-Google; (+http://www.google.com/feedfetcher.html)"
210.173.180.164 - - [13/Dec/2006:01:49:16 -0600] "GET /archives/2005/07/28/humdrum/trackback/ HTTP/1.1" 302 5 "-" "ichiro/2.0 (http://help.goo.ne.jp/door/crawler.html)"
194.224.199.54 - - [13/Dec/2006:01:49:27 -0600] "GET /archives/2006/02/07/fortuito-encuentro/trackback/ HTTP/1.1" 302 5 "http://www.foobar.com/archives/2006/02/07/fortuito-encuentro/" "noxtrumbot/1.0 (crawler@noxtrum.com)"
212.55.0.180 - - [13/Dec/2006:01:49:29 -0600] "GET /favicon.ico HTTP/1.1" 404 - "http://www.newsgator.com/ngs/subscriber/WebEd2.aspx?fid=522991" "Mozilla/5.0 (Windows; U; Windows NT 5.1; es-ES; rv:1.8.1) Gecko/20061010 Firefox/2.0"
71.123.243.79 - - [13/Dec/2006:01:49:40 -0600] "GET /uploads/Family_guy_logo.png HTTP/1.1" 404 - "http://profile.myspace.com/index.cfm?fuseaction=user.viewprofile&friendid=44131083" "Mozilla/4.0 (compatible; MSIE 6.0; Windows NT 5.1; SV1; .NET CLR 1.1.4322)"
74.6.71.171 - - [13/Dec/2006:01:49:52 -0600] "GET /archives/2004/06/26/impresionante-cena-de-licenciatura/feed/ HTTP/1.0" 200 15405 "-" "Mozilla/5.0 (compatible; Yahoo! Slurp; http://help.yahoo.com/help/us/ysearch/slurp)"
62.252.0.12 - - [13/Dec/2006:01:50:24 -0600] "GET /feed/ HTTP/1.1" 200 10763 "-" "Mozilla/5.0 (Windows; U; Windows NT 5.1; en-US; rv:1.8.1) Gecko/20061010 Firefox/2.0"
194.224.199.54 - - [13/Dec/2006:01:50:30 -0600] "GET /archives/category/memes/page/1/ HTTP/1.1" 200 32007 "http://www.foobar.com/archives/category/memes/page/2/" "noxtrumbot/1.0 (crawler@noxtrum.com)"
80.102.178.142 - - [13/Dec/2006:01:51:05 -0600] "GET /feed/ HTTP/1.1" 304 0 "-" "Mozilla/4.0 (compatible; Google Desktop)"
194.224.199.54 - - [13/Dec/2006:01:51:29 -0600] "GET /archives/category/misc/page/1/ HTTP/1.1" 200 31950 "http://www.foobar.com/archives/category/misc/page/2/" "noxtrumbot/1.0 (crawler@noxtrum.com)"
210.173.180.164 - - [13/Dec/2006:01:51:40 -0600] "GET /archives/2005/07/20/de-nuevo-en-chicago-2/feed/ HTTP/1.1" 200 3034 "-" "ichiro/2.0 (http://help.goo.ne.jp/door/crawler.html)"
212.55.0.180 - - [13/Dec/2006:01:51:57 -0600] "GET /favicon.ico HTTP/1.1" 404 - "http://www.newsgator.com/ngs/subscriber/FindSub.aspx" "Mozilla/5.0 (Windows; U; Windows NT 5.1; es-ES; rv:1.8.1) Gecko/20061010 Firefox/2.0"
64.34.168.137 - - [13/Dec/2006:01:52:08 -0600] "GET /feed/ HTTP/1.1" 200 10763 "-" "BlogBridge Service (http://www.blogbridge.com/) Java/1.5.0_09"
212.55.0.180 - - [13/Dec/2006:01:52:08 -0600] "GET /favicon.ico HTTP/1.1" 404 - "http://www.newsgator.com/ngs/subscriber/FindSub.aspx" "Mozilla/5.0 (Windows; U; Windows NT 5.1; es-ES; rv:1.8.1) Gecko/20061010 Firefox/2.0"
212.55.0.180 - - [13/Dec/2006:01:52:11 -0600] "GET /favicon.ico HTTP/1.1" 404 - "http://www.newsgator.com/ngs/subscriber/AddSub.aspx" "Mozilla/5.0 (Windows; U; Windows NT 5.1; es-ES; rv:1.8.1) Gecko/20061010 Firefox/2.0"
213.96.77.81 - - [13/Dec/2006:01:52:13 -0600] "GET /feed/rss2/ HTTP/1.0" 304 0 "-" "GreatNews/1.0"
213.96.77.81 - - [13/Dec/2006:01:52:21 -0600] "GET /favicon.ico HTTP/1.0" 404 - "-" "GreatNews/1.0"
212.55.0.180 - - [13/Dec/2006:01:52:21 -0600] "GET /favicon.ico HTTP/1.1" 404 - "http://www.newsgator.com/ngs/subscriber/WebEd2.aspx?fid=522991" "Mozilla/5.0 (Windows; U; Windows NT 5.1; es-ES; rv:1.8.1) Gecko/20061010 Firefox/2.0"
194.224.199.54 - - [13/Dec/2006:01:52:29 -0600] "GET /archives/category/misc/page/3/ HTTP/1.1" 200 32367 "http://www.foobar.com/archives/category/misc/page/2/" "noxtrumbot/1.0 (crawler@noxtrum.com)"
195.27.215.89 - - [13/Dec/2006:01:52:36 -0600] "GET /archives/2004/11/03/a-la-cama-sin-saber-quien-ha-ganado/ HTTP/1.0" 200 15482 "-" "Seekbot/1.0 (http://www.seekbot.net/bot.html) HTTPFetcher/0.3"
198.37.25.204 - - [13/Dec/2006:01:52:50 -0600] "GET /feed/ HTTP/1.1" 304 0 "-" "Mozilla/5.0 (Macintosh; U; PPC Mac OS X; en-us) AppleWebKit/412 (KHTML, like Gecko) Safari/412"
88.7.249.134 - - [13/Dec/2006:01:52:58 -0600] "GET /comments/feed/ HTTP/1.1" 200 12280 "-" "Feedreader 3.06 (Powered by Newsbrain)"
210.173.180.164 - - [13/Dec/2006:01:53:01 -0600] "GET /archives/2005/07/20/de-nuevo-en-chicago-2/trackback/ HTTP/1.1" 302 5 "-" "ichiro/2.0 (http://help.goo.ne.jp/door/crawler.html)"
72.30.226.227 - - [13/Dec/2006:01:53:09 -0600] "GET /uploads/hw01_20051005.pdf HTTP/1.0" 200 83401 "-" "Mozilla/5.0 (compatible; Yahoo! Slurp; http://help.yahoo.com/help/us/ysearch/slurp)"
194.224.199.54 - - [13/Dec/2006:01:53:28 -0600] "GET /archives/2006/02/07/estoy-de-examenes/feed/ HTTP/1.1" 200 4067 "http://www.foobar.com/archives/2006/02/07/estoy-de-examenes/" "noxtrumbot/1.0 (crawler@noxtrum.com)"
83.58.251.144 - - [13/Dec/2006:01:53:33 -0600] "GET /favicon.ico HTTP/1.1" 404 - "-" "NewzCrawler/1.7 (compatible; MSIE 6.00; Newz Crawler 1.7; http://www.newzcrawler.com/ )"
83.58.251.144 - - [13/Dec/2006:01:53:36 -0600] "GET /weblog/rdf HTTP/1.1" 304 0 "-" "NewzCrawler/1.7 (compatible; MSIE 6.00; Newz Crawler 1.7; http://www.newzcrawler.com/ )"
83.58.251.144 - - [13/Dec/2006:01:53:39 -0600] "GET /archives/2006/05/12/nostalgia-2/feed/ HTTP/1.1" 304 0 "-" "NewzCrawler/1.7 (compatible; MSIE 6.00; Newz Crawler 1.7; http://www.newzcrawler.com/ )"
83.58.251.144 - - [13/Dec/2006:01:53:42 -0600] "GET /archives/2006/11/14/advanced-wookie-laboratories/feed/ HTTP/1.1" 304 0 "-" "NewzCrawler/1.7 (compatible; MSIE 6.00; Newz Crawler 1.7; http://www.newzcrawler.com/ )"
83.58.251.144 - - [13/Dec/2006:01:53:45 -0600] "GET /archives/2006/11/18/acento-inclasificable/feed/ HTTP/1.1" 304 0 "-" "NewzCrawler/1.7 (compatible; MSIE 6.00; Newz Crawler 1.7; http://www.newzcrawler.com/ )"
83.58.251.144 - - [13/Dec/2006:01:53:49 -0600] "GET /archives/2006/11/26/%c2%bfpor-que-escribes-un-blog/feed/ HTTP/1.1" 304 0 "-" "NewzCrawler/1.7 (compatible; MSIE 6.00; Newz Crawler 1.7; http://www.newzcrawler.com/ )"
83.58.251.144 - - [13/Dec/2006:01:53:51 -0600] "GET /archives/2006/11/26/%c2%bfpor-que-lees-mi-blog/feed/ HTTP/1.1" 304 0 "-" "NewzCrawler/1.7 (compatible; MSIE 6.00; Newz Crawler 1.7; http://www.newzcrawler.com/ )"
83.58.251.144 - - [13/Dec/2006:01:53:53 -0600] "GET /archives/2006/11/28/gigantes-en-la-era-del-silicio/feed/ HTTP/1.1" 304 0 "-" "NewzCrawler/1.7 (compatible; MSIE 6.00; Newz Crawler 1.7; http://www.newzcrawler.com/ )"
83.58.251.144 - - [13/Dec/2006:01:53:56 -0600] "GET /archives/2006/12/01/nieve-ahora-si/feed/ HTTP/1.1" 304 0 "-" "NewzCrawler/1.7 (compatible; MSIE 6.00; Newz Crawler 1.7; http://www.newzcrawler.com/ )"
83.58.251.144 - - [13/Dec/2006:01:53:59 -0600] "GET /archives/2006/12/11/pronunciacion/feed/ HTTP/1.1" 304 0 "-" "NewzCrawler/1.7 (compatible; MSIE 6.00; Newz Crawler 1.7; http://www.newzcrawler.com/ )"
65.214.44.160 - - [13/Dec/2006:01:54:00 -0600] "GET /archives/category/docencia/ HTTP/1.0" 200 28493 "-" "Mozilla/2.0 (compatible; Ask Jeeves/Teoma; +http://about.ask.com/en/docs/about/webmasters.shtml)"
80.102.116.224 - - [13/Dec/2006:01:54:19 -0600] "GET /wp-content/themes/default_es/style.css HTTP/1.1" 200 9885 "http://www.foobar.com/archives/2005/10/31/lentejas/" "Mozilla/4.0 (compatible; MSIE 6.0; Windows NT 5.1; SV1; .NET CLR 1.1.4322)"
80.102.116.224 - - [13/Dec/2006:01:54:20 -0600] "GET /wp-content/themes/default_es/images/borjanet.png HTTP/1.1" 200 16169 "http://www.foobar.com/archives/2005/10/31/lentejas/" "Mozilla/4.0 (compatible; MSIE 6.0; Windows NT 5.1; SV1; .NET CLR 1.1.4322)"
80.102.116.224 - - [13/Dec/2006:01:54:20 -0600] "GET /archives/2005/10/31/lentejas/ HTTP/1.1" 200 17224 "http://www.google.es/search?hl=es&q=lentejas&meta=lr%3Dlang_es" "Mozilla/4.0 (compatible; MSIE 6.0; Windows NT 5.1; SV1; .NET CLR 1.1.4322)"
80.102.116.224 - - [13/Dec/2006:01:54:20 -0600] "GET /wp-content/themes/default_es/images/kubrickbgcolor.jpg HTTP/1.1" 200 558 "http://www.foobar.com/archives/2005/10/31/lentejas/" "Mozilla/4.0 (compatible; MSIE 6.0; Windows NT 5.1; SV1; .NET CLR 1.1.4322)"
80.102.116.224 - - [13/Dec/2006:01:54:20 -0600] "GET /wp-content/themes/default_es/images/kubrickheader.png HTTP/1.1" 200 3850 "http://www.foobar.com/archives/2005/10/31/lentejas/" "Mozilla/4.0 (compatible; MSIE 6.0; Windows NT 5.1; SV1; .NET CLR 1.1.4322)"
80.102.116.224 - - [13/Dec/2006:01:54:20 -0600] "GET /wp-content/themes/default_es/images/kubrickfooter.jpg HTTP/1.1" 200 2601 "http://www.foobar.com/archives/2005/10/31/lentejas/" "Mozilla/4.0 (compatible; MSIE 6.0; Windows NT 5.1; SV1; .NET CLR 1.1.4322)"
80.102.116.224 - - [13/Dec/2006:01:54:20 -0600] "GET /wp-content/themes/default_es/images/kubrickbgwide.jpg HTTP/1.1" 200 1020 "http://www.foobar.com/archives/2005/10/31/lentejas/" "Mozilla/4.0 (compatible; MSIE 6.0; Windows NT 5.1; SV1; .NET CLR 1.1.4322)"
194.224.199.54 - - [13/Dec/2006:01:54:28 -0600] "GET /archives/2006/02/07/estoy-de-examenes/trackback/ HTTP/1.1" 302 5 "http://www.foobar.com/archives/2006/02/07/estoy-de-examenes/" "noxtrumbot/1.0 (crawler@noxtrum.com)"
200.36.110.164 - - [13/Dec/2006:01:54:31 -0600] "GET /favicon.ico HTTP/1.1" 404 - "http://43.gmodules.com/ig/ifr?url=http://www.geocities.com/cosorio353/delicious.xml&nocache=0&up_username=jorgep&up_display=101&up_sort=1&up_filter=&lang=es&country=mx&.lang=es&.country=mx&synd=ig&mid=43&parent=http://www.google.com.mx" "Mozilla/5.0 (Windows; U; Windows NT 5.1; es-ES; rv:1.8.1) Gecko/20061010 Firefox/2.0"
217.12.16.54 - - [13/Dec/2006:01:54:51 -0600] "GET /uploads/Family_guy_logo.png HTTP/1.0" 404 - "http://images.google.es/imgres?imgurl=http://www.foobar.com/uploads/Family_guy_logo.png&imgrefurl=http://www.foobar.com/archives/2006/01/19/television-americana/&h=189&w=300&sz=28&tbnid=qlC6Gq_pQxf_tM:&tbnh=73&tbnw=116&hl=es&prev=/images%3Fq%3Dpadre%2Bde%2Bfamilia%26svnum%3D10%26hl%3Des%26lr%3D%26client%3Dfirefox%26rls%3Dorg.mozilla:es-ES:unofficial_s%26sa%3DG&frame=small" "Mozilla/5.0 (X11; U; Linux i686; es-ES; rv:1.7.12) Gecko/20051010 Firefox/1.0.7 (Ubuntu package 1.0.7)"
217.12.16.54 - - [13/Dec/2006:01:54:56 -0600] "GET /archives/2006/01/19/television-americana/ HTTP/1.0" 200 22374 "http://images.google.es/imgres?imgurl=http://www.foobar.com/uploads/Family_guy_logo.png&imgrefurl=http://www.foobar.com/archives/2006/01/19/television-americana/&h=189&w=300&sz=28&hl=es&start=16&tbnid=qlC6Gq_pQxf_tM:&tbnh=73&tbnw=116&prev=/images%3Fq%3Dpadre%2Bde%2Bfamilia%26svnum%3D10%26hl%3Des%26lr%3D%26client%3Dfirefox%26rls%3Dorg.mozilla:es-ES:unofficial_s%26sa%3DG" "Mozilla/5.0 (X11; U; Linux i686; es-ES; rv:1.7.12) Gecko/20051010 Firefox/1.0.7 (Ubuntu package 1.0.7)"
212.55.0.180 - - [13/Dec/2006:01:55:01 -0600] "GET /favicon.ico HTTP/1.1" 404 - "http://www.newsgator.com/ngs/subscriber/FindSub.aspx" "Mozilla/5.0 (Windows; U; Windows NT 5.1; es-ES; rv:1.8.1) Gecko/20061010 Firefox/2.0"
212.55.0.180 - - [13/Dec/2006:01:55:04 -0600] "GET /favicon.ico HTTP/1.1" 404 - "http://www.newsgator.com/ngs/subscriber/AddSub.aspx" "Mozilla/5.0 (Windows; U; Windows NT 5.1; es-ES; rv:1.8.1) Gecko/20061010 Firefox/2.0"
217.12.16.54 - - [13/Dec/2006:01:55:07 -0600] "GET /archives/2006/01/19/television-americana/ HTTP/1.0" 200 22348 "http://images.google.es/imgres?imgurl=http://www.foobar.com/uploads/Family_guy_logo.png&imgrefurl=http://www.foobar.com/archives/2006/01/19/television-americana/&h=189&w=300&sz=28&hl=es&start=16&tbnid=qlC6Gq_pQxf_tM:&tbnh=73&tbnw=116&prev=/images%3Fq%3Dpadre%2Bde%2Bfamilia%26svnum%3D10%26hl%3Des%26lr%3D%26client%3Dfirefox%26rls%3Dorg.mozilla:es-ES:unofficial_s%26sa%3DG" "Mozilla/5.0 (X11; U; Linux i686; es-ES; rv:1.7.12) Gecko/20051010 Firefox/1.0.7 (Ubuntu package 1.0.7)"
212.55.0.180 - - [13/Dec/2006:01:55:11 -0600] "GET /favicon.ico HTTP/1.1" 404 - "http://www.newsgator.com/ngs/subscriber/WebEd2.aspx?fid=522991" "Mozilla/5.0 (Windows; U; Windows NT 5.1; es-ES; rv:1.8.1) Gecko/20061010 Firefox/2.0"
212.55.0.180 - - [13/Dec/2006:01:55:17 -0600] "GET /favicon.ico HTTP/1.1" 404 - "http://www.newsgator.com/ngs/subscriber/WebEd2.aspx?fid=1120217" "Mozilla/5.0 (Windows; U; Windows NT 5.1; es-ES; rv:1.8.1) Gecko/20061010 Firefox/2.0"
212.55.0.180 - - [13/Dec/2006:01:55:20 -0600] "GET /favicon.ico HTTP/1.1" 404 - "http://www.newsgator.com/ngs/subscriber/WebEd2.aspx?fid=1120217" "Mozilla/5.0 (Windows; U; Windows NT 5.1; es-ES; rv:1.8.1) Gecko/20061010 Firefox/2.0"
217.12.16.54 - - [13/Dec/2006:01:55:22 -0600] "GET /wp-content/themes/default_es/style.css HTTP/1.0" 200 9885 "http://www.foobar.com/archives/2006/01/19/television-americana/" "Mozilla/5.0 (X11; U; Linux i686; es-ES; rv:1.7.12) Gecko/20051010 Firefox/1.0.7 (Ubuntu package 1.0.7)"
82.116.160.35 - - [13/Dec/2006:01:55:24 -0600] "GET /archives/2005/10/31/lentejas/ HTTP/1.0" 200 16972 "http://www.google.es/search?hl=es&q=como+hacer+lentejas&meta=" "Mozilla/4.0 (compatible; MSIE 6.0; Windows NT 5.1; SV1; .NET CLR 1.1.4322)"
217.12.16.54 - - [13/Dec/2006:01:55:25 -0600] "GET /wp-content/themes/default_es/images/kubrickbgcolor.jpg HTTP/1.0" 200 558 "http://www.foobar.com/archives/2006/01/19/television-americana/" "Mozilla/5.0 (X11; U; Linux i686; es-ES; rv:1.7.12) Gecko/20051010 Firefox/1.0.7 (Ubuntu package 1.0.7)"
82.116.160.35 - - [13/Dec/2006:01:55:25 -0600] "GET /wp-content/themes/default_es/images/kubrickfooter.jpg HTTP/1.0" 200 2601 "http://www.foobar.com/archives/2005/10/31/lentejas/" "Mozilla/4.0 (compatible; MSIE 6.0; Windows NT 5.1; SV1; .NET CLR 1.1.4322)"
217.12.16.54 - - [13/Dec/2006:01:55:26 -0600] "GET /wp-content/themes/default_es/images/kubrickbgwide.jpg HTTP/1.0" 200 1020 "http://www.foobar.com/archives/2006/01/19/television-americana/" "Mozilla/5.0 (X11; U; Linux i686; es-ES; rv:1.7.12) Gecko/20051010 Firefox/1.0.7 (Ubuntu package 1.0.7)"
217.12.16.54 - - [13/Dec/2006:01:55:26 -0600] "GET /wp-content/themes/default_es/images/kubrickheader.png HTTP/1.0" 200 3850 "http://www.foobar.com/archives/2006/01/19/television-americana/" "Mozilla/5.0 (X11; U; Linux i686; es-ES; rv:1.7.12) Gecko/20051010 Firefox/1.0.7 (Ubuntu package 1.0.7)"
217.12.16.54 - - [13/Dec/2006:01:55:26 -0600] "GET /wp-content/themes/default_es/images/borjanet.png HTTP/1.0" 200 16169 "http://www.foobar.com/archives/2006/01/19/television-americana/" "Mozilla/5.0 (X11; U; Linux i686; es-ES; rv:1.7.12) Gecko/20051010 Firefox/1.0.7 (Ubuntu package 1.0.7)"
194.224.199.54 - - [13/Dec/2006:01:55:30 -0600] "GET /archives/category/recetas/page/1/ HTTP/1.1" 200 31978 "http://www.foobar.com/archives/category/recetas/page/2/" "noxtrumbot/1.0 (crawler@noxtrum.com)"
212.55.0.180 - - [13/Dec/2006:01:55:38 -0600] "GET /favicon.ico HTTP/1.1" 404 - "http://www.newsgator.com/ngs/subscriber/EditSub.aspx?fid=1120217" "Mozilla/5.0 (Windows; U; Windows NT 5.1; es-ES; rv:1.8.1) Gecko/20061010 Firefox/2.0"
70.134.189.249 - - [13/Dec/2006:01:55:39 -0600] "GET / HTTP/1.1" 200 0 "-" "Mozilla/4.0 (compatible; MSIE 6.0; Windows NT 5.1; SV1; .NET CLR 1.1.4322; .NET CLR 2.0.50727)"
70.134.189.249 - - [13/Dec/2006:01:55:40 -0600] "GET /wp-content/themes/default_es/style.css HTTP/1.1" 200 9885 "http://www.foobar.com/" "Mozilla/4.0 (compatible; MSIE 6.0; Windows NT 5.1; SV1; .NET CLR 1.1.4322; .NET CLR 2.0.50727)"
70.134.189.249 - - [13/Dec/2006:01:55:40 -0600] "GET /wp-content/themes/default_es/images/borjanet.png HTTP/1.1" 200 16169 "http://www.foobar.com/" "Mozilla/4.0 (compatible; MSIE 6.0; Windows NT 5.1; SV1; .NET CLR 1.1.4322; .NET CLR 2.0.50727)"
70.134.189.249 - - [13/Dec/2006:01:55:40 -0600] "GET /uploads/pronunciacion.png HTTP/1.1" 200 2058 "http://www.foobar.com/" "Mozilla/4.0 (compatible; MSIE 6.0; Windows NT 5.1; SV1; .NET CLR 1.1.4322; .NET CLR 2.0.50727)"
70.134.189.249 - - [13/Dec/2006:01:55:42 -0600] "GET /wp-content/themes/default_es/images/kubrickbgcolor.jpg HTTP/1.1" 200 558 "http://www.foobar.com/" "Mozilla/4.0 (compatible; MSIE 6.0; Windows NT 5.1; SV1; .NET CLR 1.1.4322; .NET CLR 2.0.50727)"
70.134.189.249 - - [13/Dec/2006:01:55:42 -0600] "GET / HTTP/1.1" 200 41046 "-" "Mozilla/4.0 (compatible; MSIE 6.0; Windows NT 5.1; SV1; .NET CLR 1.1.4322; .NET CLR 2.0.50727)"
70.134.189.249 - - [13/Dec/2006:01:55:43 -0600] "GET /wp-content/themes/default_es/images/kubrickheader.png HTTP/1.1" 200 3850 "http://www.foobar.com/" "Mozilla/4.0 (compatible; MSIE 6.0; Windows NT 5.1; SV1; .NET CLR 1.1.4322; .NET CLR 2.0.50727)"
70.134.189.249 - - [13/Dec/2006:01:55:43 -0600] "GET /wp-content/themes/default_es/images/kubrickbg.jpg HTTP/1.1" 200 1047 "http://www.foobar.com/" "Mozilla/4.0 (compatible; MSIE 6.0; Windows NT 5.1; SV1; .NET CLR 1.1.4322; .NET CLR 2.0.50727)"
70.134.189.249 - - [13/Dec/2006:01:55:45 -0600] "GET /wp-content/themes/default_es/images/kubrickfooter.jpg HTTP/1.1" 200 2601 "http://www.foobar.com/" "Mozilla/4.0 (compatible; MSIE 6.0; Windows NT 5.1; SV1; .NET CLR 1.1.4322; .NET CLR 2.0.50727)"
74.6.86.165 - - [13/Dec/2006:01:55:47 -0600] "GET /archives/2004/05/10/menuda-semanita/ HTTP/1.0" 200 34610 "-" "Mozilla/5.0 (compatible; Yahoo! Slurp; http://help.yahoo.com/help/us/ysearch/slurp)"
212.55.0.180 - - [13/Dec/2006:01:55:52 -0600] "GET /favicon.ico HTTP/1.1" 404 - "http://www.newsgator.com/ngs/subscriber/WebEd2.aspx?fid=1120217" "Mozilla/5.0 (Windows; U; Windows NT 5.1; es-ES; rv:1.8.1) Gecko/20061010 Firefox/2.0"
212.55.0.180 - - [13/Dec/2006:01:56:26 -0600] "GET /favicon.ico HTTP/1.1" 404 - "http://www.newsgator.com/ngs/subscriber/WebEd2.aspx?fid=1120217" "Mozilla/5.0 (Windows; U; Windows NT 5.1; es-ES; rv:1.8.1) Gecko/20061010 Firefox/2.0"
194.224.199.54 - - [13/Dec/2006:01:56:30 -0600] "GET /archives/category/viajes/page/1/ HTTP/1.1" 200 31840 "http://www.foobar.com/archives/category/viajes/page/2/" "noxtrumbot/1.0 (crawler@noxtrum.com)"
24.107.125.14 - - [13/Dec/2006:01:56:54 -0600] "GET /uploads/Family_guy_logo.png HTTP/1.1" 404 - "http://images.google.com/imgres?imgurl=http://www.foobar.com/uploads/Family_guy_logo.png&imgrefurl=http://www.foobar.com/archives/2006/01/19/television-americana/&h=189&w=300&sz=28&tbnid=qlC6Gq_pQxf_tM:&tbnh=73&tbnw=116&hl=en&prev=/images%3Fq%3DFamily%2Bguy%2Blogo%26svnum%3D10%26hl%3Den%26lr%3D&frame=small" "Mozilla/4.0 (compatible; MSIE 6.0; Windows NT 5.1; SV1; .NET CLR 1.0.3705; .NET CLR 1.1.4322; Media Center PC 4.0)"
24.107.125.14 - - [13/Dec/2006:01:56:56 -0600] "GET /archives/2006/01/19/television-americana/ HTTP/1.1" 200 0 "http://images.google.com/imgres?imgurl=http://www.foobar.com/uploads/Family_guy_logo.png&imgrefurl=http://www.foobar.com/archives/2006/01/19/television-americana/&h=189&w=300&sz=28&hl=en&start=1&tbnid=qlC6Gq_pQxf_tM:&tbnh=73&tbnw=116&prev=/images%3Fq%3DFamily%2Bguy%2Blogo%26svnum%3D10%26hl%3Den%26lr%3D" "Mozilla/4.0 (compatible; MSIE 6.0; Windows NT 5.1; SV1; .NET CLR 1.0.3705; .NET CLR 1.1.4322; Media Center PC 4.0)"
24.107.125.14 - - [13/Dec/2006:01:56:58 -0600] "GET /archives/2006/01/19/television-americana/ HTTP/1.1" 200 3763 "http://images.google.com/imgres?imgurl=http://www.foobar.com/uploads/Family_guy_logo.png&imgrefurl=http://www.foobar.com/archives/2006/01/19/television-americana/&h=189&w=300&sz=28&hl=en&start=1&tbnid=qlC6Gq_pQxf_tM:&tbnh=73&tbnw=116&prev=/images%3Fq%3DFamily%2Bguy%2Blogo%26svnum%3D10%26hl%3Den%26lr%3D" "Mozilla/4.0 (compatible; MSIE 6.0; Windows NT 5.1; SV1; .NET CLR 1.0.3705; .NET CLR 1.1.4322; Media Center PC 4.0)"
194.224.199.54 - - [13/Dec/2006:01:57:30 -0600] "GET /archives/category/viajes/page/3/ HTTP/1.1" 200 32654 "http://www.foobar.com/archives/category/viajes/page/2/" "noxtrumbot/1.0 (crawler@noxtrum.com)"
81.37.220.68 - - [13/Dec/2006:01:57:34 -0600] "GET /feed HTTP/1.0" 304 0 "-" "Liferea/1.0.23 (Linux; es_ES.UTF-8; http://liferea.sf.net/)"
210.173.180.164 - - [13/Dec/2006:01:57:42 -0600] "GET /archives/2005/07/19/ultimo-post-desde-espana-hasta-septiembre/feed/ HTTP/1.1" 200 555 "-" "ichiro/2.0 (http://help.goo.ne.jp/door/crawler.html)"
212.55.0.180 - - [13/Dec/2006:01:58:20 -0600] "GET /favicon.ico HTTP/1.1" 404 - "http://www.newsgator.com/ngs/subscriber/WebEd2.aspx?fid=1053533" "Mozilla/5.0 (Windows; U; Windows NT 5.1; es-ES; rv:1.8.1) Gecko/20061010 Firefox/2.0"
80.224.29.161 - - [13/Dec/2006:01:58:23 -0600] "GET /feed/ HTTP/1.0" 304 0 "-" "Liferea/1.0.26 (Linux; http://liferea.sf.net/)"
194.224.199.54 - - [13/Dec/2006:01:58:29 -0600] "GET /archives/2005/02/14/una-semana-en-boston/ HTTP/1.1" 404 23030 "http://www.foobar.com/archives/2006/09/11/the-magical-world-of-grid/" "noxtrumbot/1.0 (crawler@noxtrum.com)"
195.27.215.89 - - [13/Dec/2006:01:58:48 -0600] "GET /archives/2004/11/03/ya-es-oficial-estamos-de-mierda-hasta-el-cuello/ HTTP/1.0" 200 20277 "-" "Seekbot/1.0 (http://www.seekbot.net/bot.html) HTTPFetcher/0.3"
131.202.212.90 - - [13/Dec/2006:01:59:21 -0600] "GET /feed/ HTTP/1.1" 304 0 "-" "NetNewsWire/2.1.1 (Mac OS X; http://ranchero.com/netnewswire/)"
194.224.199.54 - - [13/Dec/2006:01:59:29 -0600] "GET /archives/2006/09/11/the-magical-world-of-grid/feed/ HTTP/1.1" 200 4317 "http://www.foobar.com/archives/2006/09/11/the-magical-world-of-grid/" "noxtrumbot/1.0 (crawler@noxtrum.com)"
212.55.0.180 - - [13/Dec/2006:01:59:43 -0600] "GET /favicon.ico HTTP/1.1" 404 - "http://www.newsgator.com/ngs/subscriber/WebEd2.aspx?fid=1053533" "Mozilla/5.0 (Windows; U; Windows NT 5.1; es-ES; rv:1.8.1) Gecko/20061010 Firefox/2.0"
212.55.0.180 - - [13/Dec/2006:01:59:49 -0600] "GET /favicon.ico HTTP/1.1" 404 - "http://www.newsgator.com/ngs/subscriber/WebEd2.aspx?fid=880044" "Mozilla/5.0 (Windows; U; Windows NT 5.1; es-ES; rv:1.8.1) Gecko/20061010 Firefox/2.0"
212.55.0.180 - - [13/Dec/2006:01:59:58 -0600] "GET /favicon.ico HTTP/1.1" 404 - "http://www.newsgator.com/ngs/subscriber/WebEd2.aspx?fid=880044" "Mozilla/5.0 (Windows; U; Windows NT 5.1; es-ES; rv:1.8.1) Gecko/20061010 Firefox/2.0"
65.214.44.160 - - [13/Dec/2006:02:00:23 -0600] "GET /archives/category/deusto/ HTTP/1.0" 200 32432 "-" "Mozilla/2.0 (compatible; Ask Jeeves/Teoma; +http://about.ask.com/en/docs/about/webmasters.shtml)"
65.214.44.29 - - [13/Dec/2006:02:00:23 -0600] "GET /weblog/rdf HTTP/1.1" 304 0 "-" "Bloglines/3.1 (http://www.bloglines.com; 27 subscribers)"
194.224.199.54 - - [13/Dec/2006:02:00:29 -0600] "GET /archives/2006/09/11/the-magical-world-of-grid/trackback/ HTTP/1.1" 302 5 "http://www.foobar.com/archives/2006/09/11/the-magical-world-of-grid/" "noxtrumbot/1.0 (crawler@noxtrum.com)"
212.55.0.180 - - [13/Dec/2006:02:00:33 -0600] "GET /favicon.ico HTTP/1.1" 404 - "http://www.newsgator.com/ngs/subscriber/WebEd2.aspx?fid=179313" "Mozilla/5.0 (Windows; U; Windows NT 5.1; es-ES; rv:1.8.1) Gecko/20061010 Firefox/2.0"
210.173.180.164 - - [13/Dec/2006:02:00:56 -0600] "GET /archives/2005/07/19/ultimo-post-desde-espana-hasta-septiembre/trackback/ HTTP/1.1" 302 5 "-" "ichiro/2.0 (http://help.goo.ne.jp/door/crawler.html)"
38.102.128.140 - - [13/Dec/2006:02:01:13 -0600] "GET /feed/rss2 HTTP/1.1" 304 0 "-" "Mozilla/5.0 (X11; U; Linux i686; en-US; rv:1.2.1; Rojo 1.0; http://www.rojo.com/corporate/help/agg/; Aggregating on behalf of 1 subscriber(s) online at http://www.rojo.com/?feed-id=2478579) Gecko/20021130"
194.224.199.54 - - [13/Dec/2006:02:01:31 -0600] "GET /archives/category/yo-mismo/page/1/ HTTP/1.1" 200 32172 "http://www.foobar.com/archives/category/yo-mismo/page/2/" "noxtrumbot/1.0 (crawler@noxtrum.com)"
81.38.8.216 - - [13/Dec/2006:02:01:31 -0600] "GET /feed/ HTTP/1.1" 304 0 "-" "Akregator/1.2.5; librss/remnants"
74.6.73.30 - - [13/Dec/2006:02:02:05 -0600] "GET /archives/2006/05/03/the-threat-is-real/ HTTP/1.0" 200 17761 "-" "Mozilla/5.0 (compatible; Yahoo! Slurp; http://help.yahoo.com/help/us/ysearch/slurp)"
194.224.199.54 - - [13/Dec/2006:02:02:32 -0600] "GET /archives/category/yo-mismo/page/3/ HTTP/1.1" 200 27198 "http://www.foobar.com/archives/category/yo-mismo/page/2/" "noxtrumbot/1.0 (crawler@noxtrum.com)"
194.224.199.54 - - [13/Dec/2006:02:03:29 -0600] "GET /archives/2006/11/08/happy-birthday-to-me-con-retraso/feed/ HTTP/1.1" 200 7867 "http://www.foobar.com/archives/2006/11/08/happy-birthday-to-me-con-retraso/" "noxtrumbot/1.0 (crawler@noxtrum.com)"
65.214.44.29 - - [13/Dec/2006:02:03:38 -0600] "GET /feed/ HTTP/1.1" 304 0 "-" "Bloglines/3.1 (http://www.bloglines.com; 34 subscribers)"
194.224.199.54 - - [13/Dec/2006:02:04:29 -0600] "GET /archives/2006/11/08/happy-birthday-to-me-con-retraso/trackback/ HTTP/1.1" 302 5 "http://www.foobar.com/archives/2006/11/08/happy-birthday-to-me-con-retraso/" "noxtrumbot/1.0 (crawler@noxtrum.com)"
74.6.86.35 - - [13/Dec/2006:02:04:56 -0600] "GET /archives/2004/01/19/crnicas-san-franciscanas/ HTTP/1.0" 200 19212 "-" "Mozilla/5.0 (compatible; Yahoo! Slurp; http://help.yahoo.com/help/us/ysearch/slurp)"
195.27.215.89 - - [13/Dec/2006:02:04:57 -0600] "GET /archives/2004/11/17/ HTTP/1.0" 200 25348 "-" "Seekbot/1.0 (http://www.seekbot.net/bot.html) HTTPFetcher/0.3"
210.173.180.164 - - [13/Dec/2006:02:05:31 -0600] "GET /archives/2005/07/17/como-cansa-volver-a-casa/feed/ HTTP/1.1" 200 2341 "-" "ichiro/2.0 (http://help.goo.ne.jp/door/crawler.html)"
194.224.199.54 - - [13/Dec/2006:02:05:33 -0600] "GET /archives/2006/02/03/second-city/ HTTP/1.1" 200 18005 "http://www.foobar.com/archives/2006/02/01/si-estoy-bien-en-serio-d/" "noxtrumbot/1.0 (crawler@noxtrum.com)"
75.5.48.160 - - [13/Dec/2006:02:06:32 -0600] "GET /uploads/Family_guy_logo.png HTTP/1.1" 404 - "http://profile.myspace.com/index.cfm?fuseaction=user.viewprofile&friendID=75579557" "Mozilla/4.0 (compatible; MSIE 6.0; Windows NT 5.1)"
217.126.41.50 - - [13/Dec/2006:02:06:32 -0600] "GET /feed/ HTTP/1.1" 304 0 "-" "Mozilla/4.0 (compatible; Google Desktop)"
194.224.199.54 - - [13/Dec/2006:02:06:33 -0600] "GET /archives/2006/02/01/si-estoy-bien-en-serio-d/feed/ HTTP/1.1" 200 522 "http://www.foobar.com/archives/2006/02/01/si-estoy-bien-en-serio-d/" "noxtrumbot/1.0 (crawler@noxtrum.com)"
74.6.87.31 - - [13/Dec/2006:02:06:40 -0600] "GET /archives/2003/01/15/el-5-libro-de-harry-potter-sale-el-21-de-junio/ HTTP/1.0" 200 13226 "-" "Mozilla/5.0 (compatible; Yahoo! Slurp; http://help.yahoo.com/help/us/ysearch/slurp)"
65.214.44.160 - - [13/Dec/2006:02:06:42 -0600] "GET /archives/category/weblogs/ HTTP/1.0" 200 30129 "-" "Mozilla/2.0 (compatible; Ask Jeeves/Teoma; +http://about.ask.com/en/docs/about/webmasters.shtml)"
217.130.78.71 - - [13/Dec/2006:02:06:49 -0600] "GET /feed/ HTTP/1.0" 304 0 "-" "Liferea/1.0.23 (Linux; es_ES.UTF-8; http://liferea.sf.net/)"
158.42.16.182 - - [13/Dec/2006:02:07:03 -0600] "GET /favicon.ico HTTP/1.1" 404 - "http://www.netvibes.com/" "Mozilla/5.0 (Windows; U; Windows NT 5.1; es-ES; rv:1.8.1) Gecko/20061010 Firefox/2.0"
210.173.180.164 - - [13/Dec/2006:02:07:27 -0600] "GET /archives/2005/07/17/como-cansa-volver-a-casa/trackback/ HTTP/1.1" 302 5 "-" "ichiro/2.0 (http://help.goo.ne.jp/door/crawler.html)"
194.224.199.54 - - [13/Dec/2006:02:07:32 -0600] "GET /archives/2006/02/01/si-estoy-bien-en-serio-d/trackback/ HTTP/1.1" 302 5 "http://www.foobar.com/archives/2006/02/01/si-estoy-bien-en-serio-d/" "noxtrumbot/1.0 (crawler@noxtrum.com)"
75.5.48.160 - - [13/Dec/2006:02:08:15 -0600] "GET /uploads/Family_guy_logo.png HTTP/1.1" 404 - "http://profile.myspace.com/index.cfm?fuseaction=user.viewprofile&friendID=75579557" "Mozilla/4.0 (compatible; MSIE 6.0; Windows NT 5.1)"
80.224.29.161 - - [13/Dec/2006:02:08:19 -0600] "GET /feed/ HTTP/1.0" 304 0 "-" "Liferea/1.0.26 (Linux; http://liferea.sf.net/)"
194.224.199.54 - - [13/Dec/2006:02:08:32 -0600] "GET /archives/2006/09/04/aventuras-sino-culinarias/feed/ HTTP/1.1" 200 6361 "http://www.foobar.com/archives/2006/09/04/aventuras-sino-culinarias/" "noxtrumbot/1.0 (crawler@noxtrum.com)"
74.6.65.244 - - [13/Dec/2006:02:08:45 -0600] "GET /archives/2003/11/01/vuelta-a-la-carga/ HTTP/1.0" 200 15542 "-" "Mozilla/5.0 (compatible; Yahoo! Slurp; http://help.yahoo.com/help/us/ysearch/slurp)"
212.8.105.80 - - [13/Dec/2006:02:09:09 -0600] "GET /wp-content/themes/default_es/images/kubrickbg.jpg HTTP/1.1" 200 1047 "http://www.foobar.com/" "Mozilla/5.0 (Windows; U; Windows NT 5.0; es-AR; rv:1.8.0.3) Gecko/20060426 Firefox/1.5.0.3"
212.8.105.80 - - [13/Dec/2006:02:09:09 -0600] "GET /uploads/pronunciacion.png HTTP/1.1" 304 - "http://www.foobar.com/" "Mozilla/5.0 (Windows; U; Windows NT 5.0; es-AR; rv:1.8.0.3) Gecko/20060426 Firefox/1.5.0.3"
212.8.105.80 - - [13/Dec/2006:02:09:09 -0600] "GET / HTTP/1.1" 200 41046 "-" "Mozilla/5.0 (Windows; U; Windows NT 5.0; es-AR; rv:1.8.0.3) Gecko/20060426 Firefox/1.5.0.3"
212.8.105.80 - - [13/Dec/2006:02:09:10 -0600] "GET /favicon.ico HTTP/1.1" 404 - "-" "Mozilla/5.0 (Windows; U; Windows NT 5.0; es-AR; rv:1.8.0.3) Gecko/20060426 Firefox/1.5.0.3"
74.6.67.138 - - [13/Dec/2006:02:09:28 -0600] "GET /archives/2006/03/06/la-quiniela-2/ HTTP/1.0" 200 16805 "-" "Mozilla/5.0 (compatible; Yahoo! Slurp; http://help.yahoo.com/help/us/ysearch/slurp)"
72.14.199.5 - - [13/Dec/2006:02:09:30 -0600] "GET /feed/atom HTTP/1.1" 304 0 "-" "Feedfetcher-Google; (+http://www.google.com/feedfetcher.html)"
194.224.199.54 - - [13/Dec/2006:02:09:32 -0600] "GET /archives/2006/09/04/aventuras-sino-culinarias/trackback/ HTTP/1.1" 302 5 "http://www.foobar.com/archives/2006/09/04/aventuras-sino-culinarias/" "noxtrumbot/1.0 (crawler@noxtrum.com)"
212.55.0.180 - - [13/Dec/2006:02:09:54 -0600] "GET /favicon.ico HTTP/1.1" 404 - "http://www.newsgator.com/ngs/subscriber/WebEd2.aspx?fid=179313" "Mozilla/5.0 (Windows; U; Windows NT 5.1; es-ES; rv:1.8.1) Gecko/20061010 Firefox/2.0"
212.55.0.180 - - [13/Dec/2006:02:10:06 -0600] "GET /favicon.ico HTTP/1.1" 404 - "http://www.newsgator.com/ngs/subscriber/WebEd2.aspx?fid=626179" "Mozilla/5.0 (Windows; U; Windows NT 5.1; es-ES; rv:1.8.1) Gecko/20061010 Firefox/2.0"
212.8.105.80 - - [13/Dec/2006:02:10:17 -0600] "GET /archives/2006/12/11/pronunciacion/ HTTP/1.1" 200 16016 "http://www.foobar.com/" "Mozilla/5.0 (Windows; U; Windows NT 5.0; es-AR; rv:1.8.0.3) Gecko/20060426 Firefox/1.5.0.3"
194.224.199.54 - - [13/Dec/2006:02:10:32 -0600] "GET /archives/2006/07/02/en-los-madriles-2/feed/ HTTP/1.1" 200 1995 "http://www.foobar.com/archives/2006/07/02/en-los-madriles-2/" "noxtrumbot/1.0 (crawler@noxtrum.com)"
212.55.0.180 - - [13/Dec/2006:02:10:43 -0600] "GET /favicon.ico HTTP/1.1" 404 - "http://www.newsgator.com/ngs/subscriber/WebEd2.aspx?fid=626179" "Mozilla/5.0 (Windows; U; Windows NT 5.1; es-ES; rv:1.8.1) Gecko/20061010 Firefox/2.0"
65.214.44.29 - - [13/Dec/2006:02:11:30 -0600] "GET /feed/rss2/ HTTP/1.1" 304 0 "-" "Bloglines/3.1 (http://www.bloglines.com; 3 subscribers)"
65.214.44.29 - - [13/Dec/2006:02:11:37 -0600] "GET /feed/ HTTP/1.1" 304 0 "-" "Bloglines/3.1 (http://www.bloglines.com; 8 subscribers)"
65.214.44.29 - - [13/Dec/2006:02:11:37 -0600] "GET /feed/atom/ HTTP/1.1" 304 0 "-" "Bloglines/3.1 (http://www.bloglines.com; 4 subscribers)"
195.27.215.89 - - [13/Dec/2006:02:11:38 -0600] "GET /archives/2004/11/17/pero-las-navidades-no-son-en-diciembre/ HTTP/1.0" 200 20856 "-" "Seekbot/1.0 (http://www.seekbot.net/bot.html) HTTPFetcher/0.3"
194.224.199.54 - - [13/Dec/2006:02:11:41 -0600] "GET /archives/2006/07/02/en-los-madriles-2/trackback/ HTTP/1.1" 302 5 "http://www.foobar.com/archives/2006/07/02/en-los-madriles-2/" "noxtrumbot/1.0 (crawler@noxtrum.com)"
210.173.180.164 - - [13/Dec/2006:02:11:52 -0600] "GET /archives/2005/06/page/1/ HTTP/1.1" 200 32248 "-" "ichiro/2.0 (http://help.goo.ne.jp/door/crawler.html)"
83.58.199.86 - - [13/Dec/2006:02:12:18 -0600] "GET /feed/ HTTP/1.1" 304 0 "-" "Windows-RSS-Platform/1.0 (MSIE 7.0; Windows NT 6.0)"
194.224.199.54 - - [13/Dec/2006:02:12:37 -0600] "GET /archives/2005/05/19/julio-y-septiembre-bilbao/feed/ HTTP/1.1" 200 8984 "http://www.foobar.com/archives/2005/05/19/julio-y-septiembre-bilbao/" "noxtrumbot/1.0 (crawler@noxtrum.com)"
65.214.44.160 - - [13/Dec/2006:02:13:10 -0600] "GET /archives/category/recetas/ HTTP/1.0" 200 31879 "-" "Mozilla/2.0 (compatible; Ask Jeeves/Teoma; +http://about.ask.com/en/docs/about/webmasters.shtml)"
194.224.199.54 - - [13/Dec/2006:02:13:37 -0600] "GET /archives/2006/05/03/the-threat-is-real/feed/ HTTP/1.1" 200 3010 "http://www.foobar.com/archives/2006/05/03/the-threat-is-real/" "noxtrumbot/1.0 (crawler@noxtrum.com)"
72.14.199.5 - - [13/Dec/2006:02:13:59 -0600] "GET /feed/rss2 HTTP/1.1" 200 10763 "-" "Feedfetcher-Google; (+http://www.google.com/feedfetcher.html)"
38.102.128.140 - - [13/Dec/2006:02:14:37 -0600] "GET /feed/ HTTP/1.1" 304 0 "-" "Mozilla/5.0 (X11; U; Linux i686; en-US; rv:1.2.1; Rojo 1.0; http://www.rojo.com/corporate/help/agg/; Aggregating on behalf of 3 subscriber(s) online at http://www.rojo.com/?feed-id=2624410) Gecko/20021130"
194.224.199.54 - - [13/Dec/2006:02:14:38 -0600] "GET /archives/2006/05/03/the-threat-is-real/trackback/ HTTP/1.1" 302 5 "http://www.foobar.com/archives/2006/05/03/the-threat-is-real/" "noxtrumbot/1.0 (crawler@noxtrum.com)"
38.102.128.140 - - [13/Dec/2006:02:14:49 -0600] "GET /feed/atom/ HTTP/1.1" 304 0 "-" "Mozilla/5.0 (X11; U; Linux i686; en-US; rv:1.2.1; Rojo 1.0; http://www.rojo.com/corporate/help/agg/; Aggregating on behalf of 1 subscriber(s) online at http://www.rojo.com/?feed-id=2661919) Gecko/20021130"
81.202.208.214 - - [13/Dec/2006:02:15:30 -0600] "GET /favicon.ico HTTP/1.1" 404 - "http://www.netvibes.com/" "Mozilla/5.0 (Windows; U; Windows NT 5.1; es-ES; rv:1.8.0.8) Gecko/20061025 Firefox/1.5.0.8"
62.81.27.241 - - [13/Dec/2006:02:15:33 -0600] "GET /feed/ HTTP/1.0" 304 0 "-" "Mozilla/5.0 (Windows; U; Windows NT 5.1; es-ES; rv:1.8.1) Gecko/20061010 Firefox/2.0"
194.224.199.54 - - [13/Dec/2006:02:15:38 -0600] "GET /archives/2006/04/10/hay-que-ser-muy-friki/feed/ HTTP/1.1" 200 10724 "http://www.foobar.com/archives/2006/04/10/hay-que-ser-muy-friki/" "noxtrumbot/1.0 (crawler@noxtrum.com)"
200.36.110.164 - - [13/Dec/2006:02:15:45 -0600] "GET /wp-content/themes/default_es/style.css HTTP/1.1" 200 9885 "http://www.foobar.com/" "Mozilla/5.0 (Windows; U; Windows NT 5.1; es-ES; rv:1.8.1) Gecko/20061010 Firefox/2.0"
200.36.110.164 - - [13/Dec/2006:02:15:47 -0600] "GET / HTTP/1.1" 200 41046 "http://43.gmodules.com/ig/ifr?url=http://www.geocities.com/cosorio353/delicious.xml&nocache=0&up_username=jorgep&up_display=101&up_sort=1&up_filter=&lang=es&country=mx&.lang=es&.country=mx&synd=ig&mid=43&parent=http://www.google.com.mx" "Mozilla/5.0 (Windows; U; Windows NT 5.1; es-ES; rv:1.8.1) Gecko/20061010 Firefox/2.0"
200.36.110.164 - - [13/Dec/2006:02:15:49 -0600] "GET /wp-content/themes/default_es/images/kubrickbgcolor.jpg HTTP/1.1" 200 558 "http://www.foobar.com/" "Mozilla/5.0 (Windows; U; Windows NT 5.1; es-ES; rv:1.8.1) Gecko/20061010 Firefox/2.0"
