189.164.9.14 - - [13/Dec/2006:04:30:23 -0600] "GET /archives/2004/08/29/chicago-da-10/ HTTP/1.1" 200 26684 "http://www.google.com.mx/search?hl=es&q=frank+gehry+videos%2B+descargar&meta=" "Mozilla/4.0 (compatible; MSIE 6.0; Windows NT 5.1; SV1; .NET CLR 1.1.4322; InfoPath.1)"
189.164.9.14 - - [13/Dec/2006:04:30:23 -0600] "GET /wp-content/themes/default_es/images/borjanet.png HTTP/1.1" 200 16169 "http://www.foobar.com/archives/2004/08/29/chicago-da-10/" "Mozilla/4.0 (compatible; MSIE 6.0; Windows NT 5.1; SV1; .NET CLR 1.1.4322; InfoPath.1)"
189.164.9.14 - - [13/Dec/2006:04:30:24 -0600] "GET /wp-content/themes/default_es/images/kubrickbgcolor.jpg HTTP/1.1" 200 558 "http://www.foobar.com/archives/2004/08/29/chicago-da-10/" "Mozilla/4.0 (compatible; MSIE 6.0; Windows NT 5.1; SV1; .NET CLR 1.1.4322; InfoPath.1)"
189.164.9.14 - - [13/Dec/2006:04:30:24 -0600] "GET /wp-content/themes/default_es/images/kubrickbgwide.jpg HTTP/1.1" 200 1020 "http://www.foobar.com/archives/2004/08/29/chicago-da-10/" "Mozilla/4.0 (compatible; MSIE 6.0; Windows NT 5.1; SV1; .NET CLR 1.1.4322; InfoPath.1)"
189.164.9.14 - - [13/Dec/2006:04:30:24 -0600] "GET /wp-content/themes/default_es/images/kubrickheader.png HTTP/1.1" 200 3850 "http://www.foobar.com/archives/2004/08/29/chicago-da-10/" "Mozilla/4.0 (compatible; MSIE 6.0; Windows NT 5.1; SV1; .NET CLR 1.1.4322; InfoPath.1)"
189.164.9.14 - - [13/Dec/2006:04:30:24 -0600] "GET /wp-content/themes/default_es/images/kubrickfooter.jpg HTTP/1.1" 200 2601 "http://www.foobar.com/archives/2004/08/29/chicago-da-10/" "Mozilla/4.0 (compatible; MSIE 6.0; Windows NT 5.1; SV1; .NET CLR 1.1.4322; InfoPath.1)"
194.224.199.54 - - [13/Dec/2006:04:30:40 -0600] "GET /archives/2004/08/25/chicago-da-6/trackback/ HTTP/1.1" 302 5 "http://www.foobar.com/archives/2004/08/25/chicago-da-6/" "noxtrumbot/1.0 (crawler@noxtrum.com)"
210.173.180.164 - - [13/Dec/2006:04:30:47 -0600] "GET /archives/2005/01/17/ja-me-ro-de-tus-asignaturas/trackback/ HTTP/1.1" 302 5 "-" "ichiro/2.0 (http://help.goo.ne.jp/door/crawler.html)"
65.214.44.29 - - [13/Dec/2006:04:30:57 -0600] "GET /feed/rss2/ HTTP/1.1" 304 0 "-" "Bloglines/3.1 (http://www.bloglines.com; 14 subscribers)"
65.214.44.29 - - [13/Dec/2006:04:31:21 -0600] "GET /feed/atom/ HTTP/1.1" 304 0 "-" "Bloglines/3.1 (http://www.bloglines.com; 6 subscribers)"
158.42.16.182 - - [13/Dec/2006:04:31:36 -0600] "GET /favicon.ico HTTP/1.1" 404 - "http://www.netvibes.com/" "Mozilla/5.0 (Windows; U; Windows NT 5.1; es-ES; rv:1.8.1) Gecko/20061010 Firefox/2.0"
194.224.199.54 - - [13/Dec/2006:04:31:40 -0600] "GET /archives/2004/08/24/chicago-da-5/feed/ HTTP/1.1" 200 10414 "http://www.foobar.com/archives/2004/08/24/chicago-da-5/" "noxtrumbot/1.0 (crawler@noxtrum.com)"
204.9.177.18 - - [13/Dec/2006:04:32:14 -0600] "GET /feed/atom/ HTTP/1.1" 304 0 "-" "LiveJournal.com (webmaster@livejournal.com; for http://www.livejournal.com/users/borjanet/; 1 readers)"
210.173.180.164 - - [13/Dec/2006:04:32:22 -0600] "GET /archives/2005/01/17/i-saw-something-nasty-in-the-woodshed/feed/ HTTP/1.1" 200 558 "-" "ichiro/2.0 (http://help.goo.ne.jp/door/crawler.html)"
194.224.199.54 - - [13/Dec/2006:04:32:44 -0600] "GET /archives/2004/08/24/chicago-da-5/trackback/ HTTP/1.1" 302 5 "http://www.foobar.com/archives/2004/08/24/chicago-da-5/" "noxtrumbot/1.0 (crawler@noxtrum.com)"
212.55.0.180 - - [13/Dec/2006:04:33:02 -0600] "GET /favicon.ico HTTP/1.1" 404 - "http://www.newsgator.com/ngs/subscriber/WebEd2.aspx?fid=626179" "Mozilla/5.0 (Windows; U; Windows NT 5.1; es-ES; rv:1.8.1) Gecko/20061010 Firefox/2.0"
65.214.44.29 - - [13/Dec/2006:04:33:28 -0600] "GET /feed/ HTTP/1.1" 304 0 "-" "Bloglines/3.1 (http://www.bloglines.com; 34 subscribers)"
212.219.117.66 - - [13/Dec/2006:04:33:31 -0600] "GET /uploads/Family_guy_logo.png HTTP/1.1" 404 - "http://images.google.co.uk/imgres?imgurl=http://www.foobar.com/uploads/Family_guy_logo.png&imgrefurl=http://www.foobar.com/archives/2006/01/19/television-americana/&h=189&w=300&sz=28&tbnid=qlC6Gq_pQxf_tM:&tbnh=73&tbnw=116&hl=en&prev=/images%3Fq%3Dfamily%2Bguy%2Blogo%26svnum%3D10%26hl%3Den%26lr%3D&frame=small" "Mozilla/4.0 (compatible; MSIE 6.0; Windows NT 5.1; SV1; .NET CLR 1.1.4322; .NET CLR 2.0.50727; InfoPath.1)"
212.219.117.66 - - [13/Dec/2006:04:33:32 -0600] "GET /archives/2006/01/19/television-americana/ HTTP/1.1" 200 7869 "http://images.google.co.uk/imgres?imgurl=http://www.foobar.com/uploads/Family_guy_logo.png&imgrefurl=http://www.foobar.com/archives/2006/01/19/television-americana/&h=189&w=300&sz=28&hl=en&start=1&tbnid=qlC6Gq_pQxf_tM:&tbnh=73&tbnw=116&prev=/images%3Fq%3Dfamily%2Bguy%2Blogo%26svnum%3D10%26hl%3Den%26lr%3D" "Mozilla/4.0 (compatible; MSIE 6.0; Windows NT 5.1; SV1; .NET CLR 1.1.4322; .NET CLR 2.0.50727; InfoPath.1)"
212.219.117.66 - - [13/Dec/2006:04:33:34 -0600] "GET /archives/2006/01/19/television-americana/ HTTP/1.1" 200 7869 "http://images.google.co.uk/imgres?imgurl=http://www.foobar.com/uploads/Family_guy_logo.png&imgrefurl=http://www.foobar.com/archives/2006/01/19/television-americana/&h=189&w=300&sz=28&hl=en&start=1&tbnid=qlC6Gq_pQxf_tM:&tbnh=73&tbnw=116&prev=/images%3Fq%3Dfamily%2Bguy%2Blogo%26svnum%3D10%26hl%3Den%26lr%3D" "Mozilla/4.0 (compatible; MSIE 6.0; Windows NT 5.1; SV1; .NET CLR 1.1.4322; .NET CLR 2.0.50727; InfoPath.1)"
194.224.199.54 - - [13/Dec/2006:04:33:42 -0600] "GET /archives/2004/08/23/chicago-da-4/feed/ HTTP/1.1" 200 11721 "http://www.foobar.com/archives/2004/08/23/chicago-da-4/" "noxtrumbot/1.0 (crawler@noxtrum.com)"
210.173.180.164 - - [13/Dec/2006:04:34:04 -0600] "GET /archives/2005/01/17/i-saw-something-nasty-in-the-woodshed/trackback/ HTTP/1.1" 302 5 "-" "ichiro/2.0 (http://help.goo.ne.jp/door/crawler.html)"
195.27.215.89 - - [13/Dec/2006:04:34:28 -0600] "GET /archives/2005/02/06/la-creciente-blogosfera-deustense-y-2/ HTTP/1.0" 200 24753 "-" "Seekbot/1.0 (http://www.seekbot.net/bot.html) HTTPFetcher/0.3"
194.224.199.54 - - [13/Dec/2006:04:34:42 -0600] "GET /archives/2004/08/23/chicago-da-4/trackback/ HTTP/1.1" 302 5 "http://www.foobar.com/archives/2004/08/23/chicago-da-4/" "noxtrumbot/1.0 (crawler@noxtrum.com)"
64.78.155.100 - - [13/Dec/2006:04:35:24 -0600] "GET /feed/rss2/ HTTP/1.1" 304 0 "-" "NewsGatorOnline/2.0 (http://www.newsgator.com; 1 subscribers)"
194.224.199.54 - - [13/Dec/2006:04:35:45 -0600] "GET /archives/2004/08/22/chicago-dia-3/feed/ HTTP/1.1" 200 6232 "http://www.foobar.com/archives/2004/08/22/chicago-dia-3/" "noxtrumbot/1.0 (crawler@noxtrum.com)"
210.173.180.164 - - [13/Dec/2006:04:35:45 -0600] "GET /archives/2005/01/11/y-ahora-repostera/feed/ HTTP/1.1" 200 9882 "-" "ichiro/2.0 (http://help.goo.ne.jp/door/crawler.html)"
194.224.199.54 - - [13/Dec/2006:04:36:43 -0600] "GET /archives/2004/08/22/chicago-dia-3/trackback/ HTTP/1.1" 302 5 "http://www.foobar.com/archives/2004/08/22/chicago-dia-3/" "noxtrumbot/1.0 (crawler@noxtrum.com)"
200.104.6.240 - - [13/Dec/2006:04:36:55 -0600] "GET /archives/2005/11/02/chocolate-a-la-taza/ HTTP/1.1" 200 17986 "http://www.google.cl/search?hl=es&q=chocolate+de+taza+receta&meta=" "Mozilla/4.0 (compatible; MSIE 7.0; Windows NT 5.1; MEGAUPLOAD 1.0)"
200.104.6.240 - - [13/Dec/2006:04:36:55 -0600] "GET /wp-content/themes/default_es/style.css HTTP/1.1" 200 9885 "http://www.foobar.com/archives/2005/11/02/chocolate-a-la-taza/" "Mozilla/4.0 (compatible; MSIE 7.0; Windows NT 5.1; MEGAUPLOAD 1.0)"
200.104.6.240 - - [13/Dec/2006:04:36:56 -0600] "GET /wp-content/themes/default_es/images/borjanet.png HTTP/1.1" 200 16169 "http://www.foobar.com/archives/2005/11/02/chocolate-a-la-taza/" "Mozilla/4.0 (compatible; MSIE 7.0; Windows NT 5.1; MEGAUPLOAD 1.0)"
200.104.6.240 - - [13/Dec/2006:04:36:56 -0600] "GET /wp-content/themes/default_es/images/kubrickbgcolor.jpg HTTP/1.1" 200 558 "http://www.foobar.com/archives/2005/11/02/chocolate-a-la-taza/" "Mozilla/4.0 (compatible; MSIE 7.0; Windows NT 5.1; MEGAUPLOAD 1.0)"
200.104.6.240 - - [13/Dec/2006:04:36:56 -0600] "GET /wp-content/themes/default_es/images/kubrickbgwide.jpg HTTP/1.1" 200 1020 "http://www.foobar.com/archives/2005/11/02/chocolate-a-la-taza/" "Mozilla/4.0 (compatible; MSIE 7.0; Windows NT 5.1; MEGAUPLOAD 1.0)"
200.104.6.240 - - [13/Dec/2006:04:36:56 -0600] "GET /wp-content/themes/default_es/images/kubrickheader.png HTTP/1.1" 200 3850 "http://www.foobar.com/archives/2005/11/02/chocolate-a-la-taza/" "Mozilla/4.0 (compatible; MSIE 7.0; Windows NT 5.1; MEGAUPLOAD 1.0)"
200.104.6.240 - - [13/Dec/2006:04:36:56 -0600] "GET /wp-content/themes/default_es/images/kubrickfooter.jpg HTTP/1.1" 200 2601 "http://www.foobar.com/archives/2005/11/02/chocolate-a-la-taza/" "Mozilla/4.0 (compatible; MSIE 7.0; Windows NT 5.1; MEGAUPLOAD 1.0)"
200.104.6.240 - - [13/Dec/2006:04:36:57 -0600] "GET /favicon.ico HTTP/1.1" 404 - "-" "Mozilla/4.0 (compatible; MSIE 7.0; Windows NT 5.1; MEGAUPLOAD 1.0)"
217.224.95.105 - - [13/Dec/2006:04:37:03 -0600] "GET / HTTP/1.1" 200 41046 "-" "Mozilla/5.0 (Windows; U; Windows NT 5.1; es-ES; rv:1.8.0.8) Gecko/20061025 Firefox/1.5.0.8"
217.224.95.105 - - [13/Dec/2006:04:37:03 -0600] "GET /wp-content/themes/default_es/style.css HTTP/1.1" 200 9885 "http://www.foobar.com/" "Mozilla/5.0 (Windows; U; Windows NT 5.1; es-ES; rv:1.8.0.8) Gecko/20061025 Firefox/1.5.0.8"
217.224.95.105 - - [13/Dec/2006:04:37:05 -0600] "GET /uploads/pronunciacion.png HTTP/1.1" 200 2058 "http://www.foobar.com/" "Mozilla/5.0 (Windows; U; Windows NT 5.1; es-ES; rv:1.8.0.8) Gecko/20061025 Firefox/1.5.0.8"
217.224.95.105 - - [13/Dec/2006:04:37:05 -0600] "GET /wp-content/themes/default_es/images/borjanet.png HTTP/1.1" 200 16169 "http://www.foobar.com/" "Mozilla/5.0 (Windows; U; Windows NT 5.1; es-ES; rv:1.8.0.8) Gecko/20061025 Firefox/1.5.0.8"
217.224.95.105 - - [13/Dec/2006:04:37:06 -0600] "GET /wp-content/themes/default_es/images/kubrickbg.jpg HTTP/1.1" 200 1047 "http://www.foobar.com/" "Mozilla/5.0 (Windows; U; Windows NT 5.1; es-ES; rv:1.8.0.8) Gecko/20061025 Firefox/1.5.0.8"
217.224.95.105 - - [13/Dec/2006:04:37:06 -0600] "GET /wp-content/themes/default_es/images/kubrickheader.png HTTP/1.1" 200 3850 "http://www.foobar.com/" "Mozilla/5.0 (Windows; U; Windows NT 5.1; es-ES; rv:1.8.0.8) Gecko/20061025 Firefox/1.5.0.8"
217.224.95.105 - - [13/Dec/2006:04:37:08 -0600] "GET /wp-content/themes/default_es/images/kubrickbgcolor.jpg HTTP/1.1" 200 558 "http://www.foobar.com/" "Mozilla/5.0 (Windows; U; Windows NT 5.1; es-ES; rv:1.8.0.8) Gecko/20061025 Firefox/1.5.0.8"
74.6.85.203 - - [13/Dec/2006:04:37:19 -0600] "GET /archives/2003/10/13/maldito-cambio-de-horario/ HTTP/1.0" 200 14106 "-" "Mozilla/5.0 (compatible; Yahoo! Slurp; http://help.yahoo.com/help/us/ysearch/slurp)"
210.173.180.164 - - [13/Dec/2006:04:37:32 -0600] "GET /archives/2005/01/11/y-ahora-repostera/trackback/ HTTP/1.1" 302 5 "-" "ichiro/2.0 (http://help.goo.ne.jp/door/crawler.html)"
194.224.199.54 - - [13/Dec/2006:04:37:41 -0600] "GET /weblog/1059773050/index_html HTTP/1.1" 404 - "http://www.foobar.com/archives/2004/07/24/se-acercan-las-vacaciones/" "noxtrumbot/1.0 (crawler@noxtrum.com)"
217.130.78.71 - - [13/Dec/2006:04:37:43 -0600] "GET /feed/ HTTP/1.0" 304 0 "-" "Liferea/1.0.23 (Linux; es_ES.UTF-8; http://liferea.sf.net/)"
217.224.95.105 - - [13/Dec/2006:04:38:08 -0600] "GET /wp-content/themes/default_es/images/kubrickfooter.jpg HTTP/1.1" 200 2601 "http://www.foobar.com/" "Mozilla/5.0 (Windows; U; Windows NT 5.1; es-ES; rv:1.8.0.8) Gecko/20061025 Firefox/1.5.0.8"
217.224.95.105 - - [13/Dec/2006:04:38:11 -0600] "GET /favicon.ico HTTP/1.1" 404 - "-" "Mozilla/5.0 (Windows; U; Windows NT 5.1; es-ES; rv:1.8.0.8) Gecko/20061025 Firefox/1.5.0.8"
80.224.29.161 - - [13/Dec/2006:04:38:11 -0600] "GET /feed/ HTTP/1.0" 304 0 "-" "Liferea/1.0.26 (Linux; http://liferea.sf.net/)"
85.84.60.245 - - [13/Dec/2006:04:38:25 -0600] "GET /feed/atom/ HTTP/1.1" 304 0 "-" "Mozilla/5.0 (X11; U; Linux i686; es-ES; rv:1.8.1) Gecko/20060601 Firefox/2.0 (Ubuntu-edgy)"
193.189.143.198 - - [13/Dec/2006:04:38:31 -0600] "GET /feed/atom/ HTTP/1.0" 200 9604 "-" "Netvibes (http://www.netvibes.com/; 1 subscriber)"
158.38.88.39 - - [13/Dec/2006:04:38:33 -0600] "GET /favicon.ico HTTP/1.1" 404 - "http://www.netvibes.com/" "Mozilla/5.0 (Windows; U; Windows NT 5.1; es-ES; rv:1.8.1) Gecko/20061010 Firefox/2.0"
194.224.199.54 - - [13/Dec/2006:04:38:43 -0600] "GET /archives/2004/07/24/se-acercan-las-vacaciones/feed/ HTTP/1.1" 200 12252 "http://www.foobar.com/archives/2004/07/24/se-acercan-las-vacaciones/" "noxtrumbot/1.0 (crawler@noxtrum.com)"
212.55.0.180 - - [13/Dec/2006:04:39:09 -0600] "GET /favicon.ico HTTP/1.1" 404 - "http://www.newsgator.com/ngs/subscriber/WebEd2.aspx?fid=626179" "Mozilla/5.0 (Windows; U; Windows NT 5.1; es-ES; rv:1.8.1) Gecko/20061010 Firefox/2.0"
217.216.29.99 - - [13/Dec/2006:04:39:15 -0600] "GET /feed/ HTTP/1.1" 304 0 "-" "Mozilla/4.0 (compatible; Google Desktop)"
194.224.199.54 - - [13/Dec/2006:04:39:43 -0600] "GET /archives/2004/07/05/bloglines-o-cmo-seguir-tus-weblogs-favoritos/feed/ HTTP/1.1" 200 2374 "http://www.foobar.com/archives/2004/07/05/bloglines-o-cmo-seguir-tus-weblogs-favoritos/" "noxtrumbot/1.0 (crawler@noxtrum.com)"
210.173.180.164 - - [13/Dec/2006:04:40:24 -0600] "GET /archives/2005/01/07/at-good-hours-green-sleeves/feed/ HTTP/1.1" 200 7918 "-" "ichiro/2.0 (http://help.goo.ne.jp/door/crawler.html)"
194.224.199.54 - - [13/Dec/2006:04:40:43 -0600] "GET /archives/2004/07/02/ya-tengo-visado/feed/ HTTP/1.1" 200 6572 "http://www.foobar.com/archives/2004/07/02/ya-tengo-visado/" "noxtrumbot/1.0 (crawler@noxtrum.com)"
195.76.80.114 - - [13/Dec/2006:04:40:51 -0600] "GET /archives/2006/01/17/y-ahora-%C2%A1los-simpsons/ HTTP/1.1" 200 16202 "http://images.google.es/imgres?imgurl=http://www.foobar.com/uploads/simpson.png&imgrefurl=http://www.foobar.com/archives/2006/01/17/y-ahora-%25C2%25A1los-simpsons/&h=405&w=628&sz=28&hl=es&start=13&tbnid=k8qDx2IdTFY9RM:&tbnh=88&tbnw=137&prev=/images%3Fq%3Dsimpson%2Bcasa%26svnum%3D100%26hl%3Des%26lr%3Dlang_fr%26ie%3DUTF-8%26oe%3DISO-8859-1%26sa%3DG" "Mozilla/4.0 (compatible; MSIE 5.01; Windows NT 5.0)"
195.27.215.89 - - [13/Dec/2006:04:40:51 -0600] "GET /archives/2005/02/28/los-oscar-aurten-gaupasarik-gabe/ HTTP/1.0" 200 27585 "-" "Seekbot/1.0 (http://www.seekbot.net/bot.html) HTTPFetcher/0.3"
195.76.80.114 - - [13/Dec/2006:04:40:51 -0600] "GET /wp-content/themes/default_es/style.css HTTP/1.1" 200 9885 "http://www.foobar.com/archives/2006/01/17/y-ahora-%C2%A1los-simpsons/" "Mozilla/4.0 (compatible; MSIE 5.01; Windows NT 5.0)"
195.76.80.114 - - [13/Dec/2006:04:40:52 -0600] "GET /wp-content/themes/default_es/images/borjanet.png HTTP/1.1" 200 16169 "http://www.foobar.com/archives/2006/01/17/y-ahora-%C2%A1los-simpsons/" "Mozilla/4.0 (compatible; MSIE 5.01; Windows NT 5.0)"
195.76.80.114 - - [13/Dec/2006:04:40:53 -0600] "GET /wp-content/themes/default_es/images/kubrickbgcolor.jpg HTTP/1.1" 200 558 "http://www.foobar.com/archives/2006/01/17/y-ahora-%C2%A1los-simpsons/" "Mozilla/4.0 (compatible; MSIE 5.01; Windows NT 5.0)"
195.76.80.114 - - [13/Dec/2006:04:40:53 -0600] "GET /uploads/simpson_small.png HTTP/1.1" 200 18500 "http://www.foobar.com/archives/2006/01/17/y-ahora-%C2%A1los-simpsons/" "Mozilla/4.0 (compatible; MSIE 5.01; Windows NT 5.0)"
195.76.80.114 - - [13/Dec/2006:04:40:53 -0600] "GET /wp-content/themes/default_es/images/kubrickbgwide.jpg HTTP/1.1" 200 1020 "http://www.foobar.com/archives/2006/01/17/y-ahora-%C2%A1los-simpsons/" "Mozilla/4.0 (compatible; MSIE 5.01; Windows NT 5.0)"
195.76.80.114 - - [13/Dec/2006:04:40:53 -0600] "GET /wp-content/themes/default_es/images/kubrickheader.png HTTP/1.1" 200 3850 "http://www.foobar.com/archives/2006/01/17/y-ahora-%C2%A1los-simpsons/" "Mozilla/4.0 (compatible; MSIE 5.01; Windows NT 5.0)"
195.76.80.114 - - [13/Dec/2006:04:40:55 -0600] "GET /wp-content/themes/default_es/images/kubrickfooter.jpg HTTP/1.1" 200 2601 "http://www.foobar.com/archives/2006/01/17/y-ahora-%C2%A1los-simpsons/" "Mozilla/4.0 (compatible; MSIE 5.01; Windows NT 5.0)"
81.38.8.216 - - [13/Dec/2006:04:41:25 -0600] "GET /feed/ HTTP/1.1" 304 0 "-" "Akregator/1.2.5; librss/remnants"
194.224.199.54 - - [13/Dec/2006:04:41:43 -0600] "GET /archives/2004/08/14/antologa-de-la-vagancia/feed/ HTTP/1.1" 200 3137 "http://www.foobar.com/archives/2004/08/14/antologa-de-la-vagancia/" "noxtrumbot/1.0 (crawler@noxtrum.com)"
72.14.199.5 - - [13/Dec/2006:04:42:02 -0600] "GET /feed/rss2/ HTTP/1.1" 304 0 "-" "Feedfetcher-Google; (+http://www.google.com/feedfetcher.html)"
72.14.199.5 - - [13/Dec/2006:04:42:04 -0600] "GET /feed/rss2/ HTTP/1.1" 200 10763 "-" "Feedfetcher-Google; (+http://www.google.com/feedfetcher.html)"
194.224.199.54 - - [13/Dec/2006:04:42:43 -0600] "GET /archives/2004/08/14/antologa-de-la-vagancia/trackback/ HTTP/1.1" 302 5 "http://www.foobar.com/archives/2004/08/14/antologa-de-la-vagancia/" "noxtrumbot/1.0 (crawler@noxtrum.com)"
200.117.165.209 - - [13/Dec/2006:04:42:49 -0600] "GET /wp-content/themes/default_es/style.css HTTP/1.1" 200 9885 "http://www.foobar.com/archives/2004/07/26/el-clero-de-las-causas-perdidas/" "Mozilla/4.0 (compatible; MSIE 5.5; Windows 98; Win 9x 4.90; FunWebProducts)"
200.117.165.209 - - [13/Dec/2006:04:42:50 -0600] "GET /archives/2004/07/26/el-clero-de-las-causas-perdidas/ HTTP/1.1" 200 54924 "http://www.google.com.ar/search?hl=es&q=%C2%BFque+decir%3F+%C2%BFque+hacer%3F+el+cristiano+frente+e+un+problema+homosexual&meta=" "Mozilla/4.0 (compatible; MSIE 5.5; Windows 98; Win 9x 4.90; FunWebProducts)"
200.117.165.209 - - [13/Dec/2006:04:42:50 -0600] "GET /wp-content/themes/default_es/images/kubrickbgcolor.jpg HTTP/1.1" 200 558 "http://www.foobar.com/archives/2004/07/26/el-clero-de-las-causas-perdidas/" "Mozilla/4.0 (compatible; MSIE 5.5; Windows 98; Win 9x 4.90; FunWebProducts)"
200.117.165.209 - - [13/Dec/2006:04:42:50 -0600] "GET /wp-content/themes/default_es/images/borjanet.png HTTP/1.1" 200 16169 "http://www.foobar.com/archives/2004/07/26/el-clero-de-las-causas-perdidas/" "Mozilla/4.0 (compatible; MSIE 5.5; Windows 98; Win 9x 4.90; FunWebProducts)"
200.117.165.209 - - [13/Dec/2006:04:42:50 -0600] "GET /wp-content/themes/default_es/images/kubrickbgwide.jpg HTTP/1.1" 200 1020 "http://www.foobar.com/archives/2004/07/26/el-clero-de-las-causas-perdidas/" "Mozilla/4.0 (compatible; MSIE 5.5; Windows 98; Win 9x 4.90; FunWebProducts)"
200.117.165.209 - - [13/Dec/2006:04:42:51 -0600] "GET /wp-content/themes/default_es/images/kubrickheader.png HTTP/1.1" 200 3850 "http://www.foobar.com/archives/2004/07/26/el-clero-de-las-causas-perdidas/" "Mozilla/4.0 (compatible; MSIE 5.5; Windows 98; Win 9x 4.90; FunWebProducts)"
200.117.165.209 - - [13/Dec/2006:04:42:51 -0600] "GET /wp-content/themes/default_es/images/kubrickfooter.jpg HTTP/1.1" 200 2601 "http://www.foobar.com/archives/2004/07/26/el-clero-de-las-causas-perdidas/" "Mozilla/4.0 (compatible; MSIE 5.5; Windows 98; Win 9x 4.90; FunWebProducts)"
210.173.180.164 - - [13/Dec/2006:04:43:09 -0600] "GET /archives/2005/01/07/at-good-hours-green-sleeves/trackback/ HTTP/1.1" 302 5 "-" "ichiro/2.0 (http://help.goo.ne.jp/door/crawler.html)"
194.224.199.54 - - [13/Dec/2006:04:43:43 -0600] "GET /weblog/1086470021/index_html HTTP/1.1" 404 - "http://www.foobar.com/archives/2004/06/20/mr-keynote-speaker/" "noxtrumbot/1.0 (crawler@noxtrum.com)"
65.214.44.29 - - [13/Dec/2006:04:43:58 -0600] "GET /feed/rss2/ HTTP/1.1" 304 0 "-" "Bloglines/3.1 (http://www.bloglines.com; 3 subscribers)"
65.214.44.29 - - [13/Dec/2006:04:44:06 -0600] "GET /feed/atom/ HTTP/1.1" 304 0 "-" "Bloglines/3.1 (http://www.bloglines.com; 4 subscribers)"
65.214.44.29 - - [13/Dec/2006:04:44:06 -0600] "GET /feed/ HTTP/1.1" 304 0 "-" "Bloglines/3.1 (http://www.bloglines.com; 8 subscribers)"
155.54.204.46 - - [13/Dec/2006:04:44:30 -0600] "GET /feed HTTP/1.1" 200 10763 "-" "Mozilla/5.0 (X11; U; Linux i686; en-US; rv:1.8.0.8) Gecko/20061115 Thunderbird/1.5.0.8"
147.96.32.191 - - [13/Dec/2006:04:44:33 -0600] "GET /wp-content/themes/default_es/style.css HTTP/1.1" 200 9885 "http://www.foobar.com/" "Mozilla/5.0 (Windows; U; Windows NT 5.1; es-ES; rv:1.8.1) Gecko/20061010 Firefox/2.0"
147.96.32.191 - - [13/Dec/2006:04:44:34 -0600] "GET / HTTP/1.1" 200 41046 "http://www.google.es/search?q=borjanet&ie=utf-8&oe=utf-8&rls=org.mozilla:es-ES:official&client=firefox-a" "Mozilla/5.0 (Windows; U; Windows NT 5.1; es-ES; rv:1.8.1) Gecko/20061010 Firefox/2.0"
147.96.32.191 - - [13/Dec/2006:04:44:34 -0600] "GET /wp-content/themes/default_es/images/kubrickbgcolor.jpg HTTP/1.1" 200 558 "http://www.foobar.com/" "Mozilla/5.0 (Windows; U; Windows NT 5.1; es-ES; rv:1.8.1) Gecko/20061010 Firefox/2.0"
147.96.32.191 - - [13/Dec/2006:04:44:34 -0600] "GET /wp-content/themes/default_es/images/borjanet.png HTTP/1.1" 200 16169 "http://www.foobar.com/" "Mozilla/5.0 (Windows; U; Windows NT 5.1; es-ES; rv:1.8.1) Gecko/20061010 Firefox/2.0"
147.96.32.191 - - [13/Dec/2006:04:44:34 -0600] "GET /uploads/pronunciacion.png HTTP/1.1" 200 2058 "http://www.foobar.com/" "Mozilla/5.0 (Windows; U; Windows NT 5.1; es-ES; rv:1.8.1) Gecko/20061010 Firefox/2.0"
147.96.32.191 - - [13/Dec/2006:04:44:34 -0600] "GET /wp-content/themes/default_es/images/kubrickbg.jpg HTTP/1.1" 200 1047 "http://www.foobar.com/" "Mozilla/5.0 (Windows; U; Windows NT 5.1; es-ES; rv:1.8.1) Gecko/20061010 Firefox/2.0"
147.96.32.191 - - [13/Dec/2006:04:44:34 -0600] "GET /wp-content/themes/default_es/images/kubrickheader.png HTTP/1.1" 200 3850 "http://www.foobar.com/" "Mozilla/5.0 (Windows; U; Windows NT 5.1; es-ES; rv:1.8.1) Gecko/20061010 Firefox/2.0"
147.96.32.191 - - [13/Dec/2006:04:44:35 -0600] "GET /wp-content/themes/default_es/images/kubrickfooter.jpg HTTP/1.1" 200 2601 "http://www.foobar.com/" "Mozilla/5.0 (Windows; U; Windows NT 5.1; es-ES; rv:1.8.1) Gecko/20061010 Firefox/2.0"
147.96.32.191 - - [13/Dec/2006:04:44:35 -0600] "GET /favicon.ico HTTP/1.1" 404 - "-" "Mozilla/5.0 (Windows; U; Windows NT 5.1; es-ES; rv:1.8.1) Gecko/20061010 Firefox/2.0"
147.96.32.191 - - [13/Dec/2006:04:44:35 -0600] "GET /favicon.ico HTTP/1.1" 404 - "-" "Mozilla/5.0 (Windows; U; Windows NT 5.1; es-ES; rv:1.8.1) Gecko/20061010 Firefox/2.0"
147.96.32.191 - - [13/Dec/2006:04:44:41 -0600] "GET /favicon.ico HTTP/1.1" 404 - "-" "Mozilla/5.0 (Windows; U; Windows NT 5.1; es-ES; rv:1.8.1) Gecko/20061010 Firefox/2.0"
194.224.199.54 - - [13/Dec/2006:04:44:44 -0600] "GET /archives/2004/06/20/mr-keynote-speaker/feed/ HTTP/1.1" 200 7313 "http://www.foobar.com/archives/2004/06/20/mr-keynote-speaker/" "noxtrumbot/1.0 (crawler@noxtrum.com)"
147.96.32.191 - - [13/Dec/2006:04:44:51 -0600] "GET /archives/2006/12/11/pronunciacion/ HTTP/1.1" 200 16081 "http://www.foobar.com/" "Mozilla/5.0 (Windows; U; Windows NT 5.1; es-ES; rv:1.8.1) Gecko/20061010 Firefox/2.0"
147.96.32.191 - - [13/Dec/2006:04:44:52 -0600] "GET /wp-content/themes/default_es/images/kubrickbgwide.jpg HTTP/1.1" 200 1020 "http://www.foobar.com/archives/2006/12/11/pronunciacion/" "Mozilla/5.0 (Windows; U; Windows NT 5.1; es-ES; rv:1.8.1) Gecko/20061010 Firefox/2.0"
62.43.198.198 - - [13/Dec/2006:04:44:54 -0600] "GET /feed/ HTTP/1.1" 200 10763 "-" "Mozilla/5.0 (Sage)"
212.55.0.180 - - [13/Dec/2006:04:45:16 -0600] "GET /favicon.ico HTTP/1.1" 404 - "http://www.newsgator.com/ngs/subscriber/WebEd2.aspx?fid=1120271" "Mozilla/5.0 (Windows; U; Windows NT 5.1; es-ES; rv:1.8.1) Gecko/20061010 Firefox/2.0"
212.55.0.180 - - [13/Dec/2006:04:45:27 -0600] "GET /favicon.ico HTTP/1.1" 404 - "http://www.newsgator.com/ngs/subscriber/WebEd2.aspx?fid=825471" "Mozilla/5.0 (Windows; U; Windows NT 5.1; es-ES; rv:1.8.1) Gecko/20061010 Firefox/2.0"
194.224.199.54 - - [13/Dec/2006:04:45:44 -0600] "GET /archives/2004/06/12/vigilar-exmenes-es-aburrido/feed/ HTTP/1.1" 200 11216 "http://www.foobar.com/archives/2004/06/12/vigilar-exmenes-es-aburrido/" "noxtrumbot/1.0 (crawler@noxtrum.com)"
212.55.0.180 - - [13/Dec/2006:04:45:45 -0600] "GET /favicon.ico HTTP/1.1" 404 - "http://www.newsgator.com/ngs/subscriber/WebEd2.aspx?fid=825471" "Mozilla/5.0 (Windows; U; Windows NT 5.1; es-ES; rv:1.8.1) Gecko/20061010 Firefox/2.0"
150.214.167.149 - - [13/Dec/2006:04:45:51 -0600] "GET /uploads/Family_guy_logo.png HTTP/1.1" 404 - "http://zonaforo.meristation.com/foros/viewtopic.php?t=657392" "Mozilla/4.0 (compatible; MSIE 6.0; Windows NT 5.1; .NET CLR 1.1.4322)"
212.55.0.180 - - [13/Dec/2006:04:45:54 -0600] "GET /favicon.ico HTTP/1.1" 404 - "http://www.newsgator.com/ngs/subscriber/WebEd2.aspx?fid=626179" "Mozilla/5.0 (Windows; U; Windows NT 5.1; es-ES; rv:1.8.1) Gecko/20061010 Firefox/2.0"
84.120.152.188 - - [13/Dec/2006:04:45:58 -0600] "GET /favicon.ico HTTP/1.1" 404 - "-" "Mozilla/5.0 (compatible; Konqueror/3.5; Linux) KHTML/3.5.5 (like Gecko) (Debian)"
84.120.152.188 - - [13/Dec/2006:04:45:58 -0600] "GET /favicon.ico HTTP/1.1" 404 - "-" "Mozilla/5.0 (compatible; Konqueror/3.5; Linux) KHTML/3.5.5 (like Gecko) (Debian)"
84.120.152.188 - - [13/Dec/2006:04:46:03 -0600] "GET /feed/ HTTP/1.1" 304 0 "-" "Akregator/1.2.5; librss/remnants"
210.173.180.164 - - [13/Dec/2006:04:46:05 -0600] "GET /archives/2004/09/08/feliz-cumpleaos-borjanet/ HTTP/1.1" 200 25470 "-" "ichiro/2.0 (http://help.goo.ne.jp/door/crawler.html)"
83.43.193.175 - - [13/Dec/2006:04:46:31 -0600] "GET /feed/atom/ HTTP/1.1" 200 9637 "-" "Mozilla/5.0 (X11; U; Linux i686; es-ES; rv:1.8.0.8) Gecko/20060802 Mandriva/1.5.0.8-1.1mdv2007.0 (2007.0) Firefox/1.5.0.8"
194.224.199.54 - - [13/Dec/2006:04:46:45 -0600] "GET /archives/2004/03/12/manifestacin/feed/ HTTP/1.1" 200 4465 "http://www.foobar.com/archives/2004/03/12/manifestacin/" "noxtrumbot/1.0 (crawler@noxtrum.com)"
74.6.86.216 - - [13/Dec/2006:04:47:01 -0600] "GET /archives/2003/04/page/2/ HTTP/1.0" 200 27160 "-" "Mozilla/5.0 (compatible; Yahoo! Slurp; http://help.yahoo.com/help/us/ysearch/slurp)"
193.144.84.188 - - [13/Dec/2006:04:47:13 -0600] "GET /feed/ HTTP/1.1" 200 10763 "-" "Mozilla/5.0 (X11; U; Linux i686; en-US; rv:1.7.10) Gecko/20060927 Firefox/1.0.4 (Debian package 1.0.4-2sarge12)"
84.121.151.113 - - [13/Dec/2006:04:47:33 -0600] "GET /archives/2006/12/11/pronunciacion/ HTTP/1.1" 200 16041 "http://www.bloglines.com/myblogs_display?sub=21258218&site=1817200" "Mozilla/5.0 (Windows; U; Windows NT 5.1; es-ES; rv:1.8.1) Gecko/20061010 Firefox/2.0"
84.121.151.113 - - [13/Dec/2006:04:47:33 -0600] "GET /wp-content/themes/default_es/style.css HTTP/1.1" 200 9885 "http://www.foobar.com/archives/2006/12/11/pronunciacion/" "Mozilla/5.0 (Windows; U; Windows NT 5.1; es-ES; rv:1.8.1) Gecko/20061010 Firefox/2.0"
80.58.205.39 - - [13/Dec/2006:04:47:34 -0600] "GET /feed/ HTTP/1.1" 304 0 "-" "Mozilla/4.0 (compatible; Google Desktop)"
84.121.151.113 - - [13/Dec/2006:04:47:38 -0600] "GET /wp-content/themes/default_es/images/kubrickbgcolor.jpg HTTP/1.1" 200 558 "http://www.foobar.com/archives/2006/12/11/pronunciacion/" "Mozilla/5.0 (Windows; U; Windows NT 5.1; es-ES; rv:1.8.1) Gecko/20061010 Firefox/2.0"
84.121.151.113 - - [13/Dec/2006:04:47:38 -0600] "GET /uploads/pronunciacion.png HTTP/1.1" 200 2058 "http://www.foobar.com/archives/2006/12/11/pronunciacion/" "Mozilla/5.0 (Windows; U; Windows NT 5.1; es-ES; rv:1.8.1) Gecko/20061010 Firefox/2.0"
84.121.151.113 - - [13/Dec/2006:04:47:39 -0600] "GET /wp-content/themes/default_es/images/kubrickbgwide.jpg HTTP/1.1" 200 1020 "http://www.foobar.com/archives/2006/12/11/pronunciacion/" "Mozilla/5.0 (Windows; U; Windows NT 5.1; es-ES; rv:1.8.1) Gecko/20061010 Firefox/2.0"
84.121.151.113 - - [13/Dec/2006:04:47:39 -0600] "GET /wp-content/themes/default_es/images/borjanet.png HTTP/1.1" 200 16169 "http://www.foobar.com/archives/2006/12/11/pronunciacion/" "Mozilla/5.0 (Windows; U; Windows NT 5.1; es-ES; rv:1.8.1) Gecko/20061010 Firefox/2.0"
84.121.151.113 - - [13/Dec/2006:04:47:39 -0600] "GET /wp-content/themes/default_es/images/kubrickheader.png HTTP/1.1" 200 3850 "http://www.foobar.com/archives/2006/12/11/pronunciacion/" "Mozilla/5.0 (Windows; U; Windows NT 5.1; es-ES; rv:1.8.1) Gecko/20061010 Firefox/2.0"
84.121.151.113 - - [13/Dec/2006:04:47:39 -0600] "GET /wp-content/themes/default_es/images/kubrickfooter.jpg HTTP/1.1" 200 2601 "http://www.foobar.com/archives/2006/12/11/pronunciacion/" "Mozilla/5.0 (Windows; U; Windows NT 5.1; es-ES; rv:1.8.1) Gecko/20061010 Firefox/2.0"
84.121.151.113 - - [13/Dec/2006:04:47:39 -0600] "GET /favicon.ico HTTP/1.1" 404 - "-" "Mozilla/5.0 (Windows; U; Windows NT 5.1; es-ES; rv:1.8.1) Gecko/20061010 Firefox/2.0"
84.121.151.113 - - [13/Dec/2006:04:47:40 -0600] "GET /favicon.ico HTTP/1.1" 404 - "-" "Mozilla/5.0 (Windows; U; Windows NT 5.1; es-ES; rv:1.8.1) Gecko/20061010 Firefox/2.0"
194.224.199.54 - - [13/Dec/2006:04:47:43 -0600] "GET /archives/2004/03/12/incertidumbre/feed/ HTTP/1.1" 200 495 "http://www.foobar.com/archives/2004/03/12/incertidumbre/" "noxtrumbot/1.0 (crawler@noxtrum.com)"
84.121.151.113 - - [13/Dec/2006:04:47:47 -0600] "GET /favicon.ico HTTP/1.1" 404 - "-" "Mozilla/5.0 (Windows; U; Windows NT 5.1; es-ES; rv:1.8.1) Gecko/20061010 Firefox/2.0"
195.27.215.89 - - [13/Dec/2006:04:47:59 -0600] "GET /archives/2005/03/ HTTP/1.0" 200 32701 "-" "Seekbot/1.0 (http://www.seekbot.net/bot.html) HTTPFetcher/0.3"
80.224.29.161 - - [13/Dec/2006:04:48:15 -0600] "GET /feed/ HTTP/1.0" 304 0 "-" "Liferea/1.0.26 (Linux; http://liferea.sf.net/)"
212.55.0.180 - - [13/Dec/2006:04:48:28 -0600] "GET /favicon.ico HTTP/1.1" 404 - "http://www.newsgator.com/ngs/subscriber/WebEd2.aspx?fid=626179" "Mozilla/5.0 (Windows; U; Windows NT 5.1; es-ES; rv:1.8.1) Gecko/20061010 Firefox/2.0"
194.224.199.54 - - [13/Dec/2006:04:48:44 -0600] "GET /archives/2004/03/11/la-ltima-locura-de-los-hijos-bastardos-de-mil-serpientes-venenosas/feed/ HTTP/1.1" 200 12226 "http://www.foobar.com/archives/2004/03/11/la-ltima-locura-de-los-hijos-bastardos-de-mil-serpientes-venenosas/" "noxtrumbot/1.0 (crawler@noxtrum.com)"
210.173.180.164 - - [13/Dec/2006:04:48:56 -0600] "GET /archives/2004/12/page/1/ HTTP/1.1" 200 31956 "-" "ichiro/2.0 (http://help.goo.ne.jp/door/crawler.html)"
204.15.20.129 - - [13/Dec/2006:04:49:05 -0600] "GET /feed/ HTTP/1.1" 304 0 "-" "FacebookFeedParser/1.0 (UniversalFeedParser/4.1;) +http://facebook.com/"
72.14.199.5 - - [13/Dec/2006:04:49:11 -0600] "GET /feed/atom/ HTTP/1.1" 304 0 "-" "Feedfetcher-Google; (+http://www.google.com/feedfetcher.html)"
38.102.128.140 - - [13/Dec/2006:04:49:11 -0600] "GET /feed/atom HTTP/1.1" 304 0 "-" "Mozilla/5.0 (X11; U; Linux i686; en-US; rv:1.2.1; Rojo 1.0; http://www.rojo.com/corporate/help/agg/; Aggregating on behalf of 3 subscriber(s) online at http://www.rojo.com/?feed-id=331714) Gecko/20021130"
217.224.95.105 - - [13/Dec/2006:04:49:33 -0600] "GET /favicon.ico HTTP/1.1" 404 - "-" "Mozilla/5.0 (Windows; U; Windows NT 5.1; es-ES; rv:1.8.0.8) Gecko/20061025 Firefox/1.5.0.8"
194.224.199.54 - - [13/Dec/2006:04:49:43 -0600] "GET /weblog/1077738331/index_html HTTP/1.1" 404 - "http://www.foobar.com/archives/2004/03/07/un-fin-de-semana-tranquilito/" "noxtrumbot/1.0 (crawler@noxtrum.com)"
80.103.138.81 - - [13/Dec/2006:04:50:00 -0600] "GET /archives/2005/06/25/el-club-de-la-comedia-el-de-verdad/ HTTP/1.1" 200 20457 "http://www.google.es/search?hl=es&q=el+club+de+la+comedia&meta=" "Mozilla/4.0 (compatible; MSIE 6.0; Windows NT 5.1; InfoPath.1)"
80.103.138.81 - - [13/Dec/2006:04:50:00 -0600] "GET /wp-content/themes/default_es/style.css HTTP/1.1" 200 9885 "http://www.foobar.com/archives/2005/06/25/el-club-de-la-comedia-el-de-verdad/" "Mozilla/4.0 (compatible; MSIE 6.0; Windows NT 5.1; InfoPath.1)"
80.103.138.81 - - [13/Dec/2006:04:50:01 -0600] "GET /wp-content/themes/default_es/images/kubrickbgcolor.jpg HTTP/1.1" 200 558 "http://www.foobar.com/archives/2005/06/25/el-club-de-la-comedia-el-de-verdad/" "Mozilla/4.0 (compatible; MSIE 6.0; Windows NT 5.1; InfoPath.1)"
80.103.138.81 - - [13/Dec/2006:04:50:01 -0600] "GET /wp-content/themes/default_es/images/kubrickbgwide.jpg HTTP/1.1" 200 1020 "http://www.foobar.com/archives/2005/06/25/el-club-de-la-comedia-el-de-verdad/" "Mozilla/4.0 (compatible; MSIE 6.0; Windows NT 5.1; InfoPath.1)"
80.103.138.81 - - [13/Dec/2006:04:50:01 -0600] "GET /wp-content/themes/default_es/images/borjanet.png HTTP/1.1" 200 16169 "http://www.foobar.com/archives/2005/06/25/el-club-de-la-comedia-el-de-verdad/" "Mozilla/4.0 (compatible; MSIE 6.0; Windows NT 5.1; InfoPath.1)"
80.103.138.81 - - [13/Dec/2006:04:50:01 -0600] "GET /wp-content/themes/default_es/images/kubrickheader.png HTTP/1.1" 200 3850 "http://www.foobar.com/archives/2005/06/25/el-club-de-la-comedia-el-de-verdad/" "Mozilla/4.0 (compatible; MSIE 6.0; Windows NT 5.1; InfoPath.1)"
80.103.138.81 - - [13/Dec/2006:04:50:02 -0600] "GET /wp-content/themes/default_es/images/kubrickfooter.jpg HTTP/1.1" 200 2601 "http://www.foobar.com/archives/2005/06/25/el-club-de-la-comedia-el-de-verdad/" "Mozilla/4.0 (compatible; MSIE 6.0; Windows NT 5.1; InfoPath.1)"
81.34.3.42 - - [13/Dec/2006:04:50:17 -0600] "GET /wp-content/themes/default_es/style.css HTTP/1.1" 200 9885 "http://www.foobar.com/archives/2005/10/17/magdalenas/" "Mozilla/4.0 (compatible; MSIE 6.0; Windows NT 5.1; SV1)"
81.34.3.42 - - [13/Dec/2006:04:50:17 -0600] "GET /archives/2005/10/17/magdalenas/ HTTP/1.1" 200 25649 "http://www.google.es/search?hl=es&q=magdalenas&meta=" "Mozilla/4.0 (compatible; MSIE 6.0; Windows NT 5.1; SV1)"
81.34.3.42 - - [13/Dec/2006:04:50:17 -0600] "GET /wp-content/themes/default_es/images/kubrickbgwide.jpg HTTP/1.1" 200 1020 "http://www.foobar.com/archives/2005/10/17/magdalenas/" "Mozilla/4.0 (compatible; MSIE 6.0; Windows NT 5.1; SV1)"
81.34.3.42 - - [13/Dec/2006:04:50:18 -0600] "GET /wp-content/themes/default_es/images/borjanet.png HTTP/1.1" 200 16169 "http://www.foobar.com/archives/2005/10/17/magdalenas/" "Mozilla/4.0 (compatible; MSIE 6.0; Windows NT 5.1; SV1)"
81.34.3.42 - - [13/Dec/2006:04:50:18 -0600] "GET /wp-content/themes/default_es/images/kubrickbgcolor.jpg HTTP/1.1" 200 558 "http://www.foobar.com/archives/2005/10/17/magdalenas/" "Mozilla/4.0 (compatible; MSIE 6.0; Windows NT 5.1; SV1)"
81.34.3.42 - - [13/Dec/2006:04:50:18 -0600] "GET /wp-content/themes/default_es/images/kubrickheader.png HTTP/1.1" 200 3850 "http://www.foobar.com/archives/2005/10/17/magdalenas/" "Mozilla/4.0 (compatible; MSIE 6.0; Windows NT 5.1; SV1)"
81.34.3.42 - - [13/Dec/2006:04:50:18 -0600] "GET /wp-content/themes/default_es/images/kubrickfooter.jpg HTTP/1.1" 200 2601 "http://www.foobar.com/archives/2005/10/17/magdalenas/" "Mozilla/4.0 (compatible; MSIE 6.0; Windows NT 5.1; SV1)"
212.55.0.180 - - [13/Dec/2006:04:50:22 -0600] "GET /favicon.ico HTTP/1.1" 404 - "http://www.newsgator.com/ngs/subscriber/WebEd2.aspx?fid=1120217" "Mozilla/5.0 (Windows; U; Windows NT 5.1; es-ES; rv:1.8.1) Gecko/20061010 Firefox/2.0"
212.55.0.180 - - [13/Dec/2006:04:50:36 -0600] "GET /favicon.ico HTTP/1.1" 404 - "http://www.newsgator.com/ngs/subscriber/WebEd2.aspx?fid=1120217" "Mozilla/5.0 (Windows; U; Windows NT 5.1; es-ES; rv:1.8.1) Gecko/20061010 Firefox/2.0"
74.6.87.26 - - [13/Dec/2006:04:50:41 -0600] "GET /archives/2006/04/04/ya-soy-un-autor-profesional/ HTTP/1.0" 200 24828 "-" "Mozilla/5.0 (compatible; Yahoo! Slurp; http://help.yahoo.com/help/us/ysearch/slurp)"
194.224.199.54 - - [13/Dec/2006:04:50:45 -0600] "GET /archives/2004/03/07/un-fin-de-semana-tranquilito/feed/ HTTP/1.1" 200 2732 "http://www.foobar.com/archives/2004/03/07/un-fin-de-semana-tranquilito/" "noxtrumbot/1.0 (crawler@noxtrum.com)"
74.6.74.234 - - [13/Dec/2006:04:50:46 -0600] "GET /robots.txt HTTP/1.0" 404 - "-" "Mozilla/5.0 (compatible; Yahoo! Slurp; http://help.yahoo.com/help/us/ysearch/slurp)"
74.6.69.214 - - [13/Dec/2006:04:50:49 -0600] "GET /archives/2003/10/ HTTP/1.0" 200 29856 "-" "Mozilla/5.0 (compatible; Yahoo! Slurp; http://help.yahoo.com/help/us/ysearch/slurp)"
72.32.59.213 - - [13/Dec/2006:04:50:58 -0600] "GET /archives/2006/04/19/meme-aleatorio-musical-y-2/ HTTP/1.1" 200 17104 "http://www.foobar.com/archives/2006/04/19/meme-aleatorio-musical-y-2/" "User-Agent: Mozilla/4.0 (compatible; MSIE 6.0; Windows NT 5.1)"
72.32.59.213 - - [13/Dec/2006:04:50:59 -0600] "POST /wp-comments-post.php HTTP/1.1" 200 90 "http://www.foobar.com/archives/2006/04/19/meme-aleatorio-musical-y-2/" "User-Agent: Mozilla/4.0 (compatible; MSIE 6.0; Windows NT 5.1)"
194.224.199.54 - - [13/Dec/2006:04:51:44 -0600] "GET /weblog/1048483614/index_html HTTP/1.1" 404 - "http://www.foobar.com/archives/2004/03/01/la-noche-de-los-anillos/" "noxtrumbot/1.0 (crawler@noxtrum.com)"
84.186.254.134 - - [13/Dec/2006:04:51:46 -0600] "GET /uploads/Family_guy_logo.png HTTP/1.1" 404 - "-" "Mozilla/4.0 (compatible; MSIE 6.0; Windows NT 5.1; .NET CLR 1.1.4322)"
212.55.0.180 - - [13/Dec/2006:04:52:03 -0600] "GET /favicon.ico HTTP/1.1" 404 - "http://www.newsgator.com/ngs/subscriber/WebEd2.aspx?fid=179313" "Mozilla/5.0 (Windows; U; Windows NT 5.1; es-ES; rv:1.8.1) Gecko/20061010 Firefox/2.0"
210.173.180.164 - - [13/Dec/2006:04:52:09 -0600] "GET /archives/2004/12/14/primer-artculo-desde-mi-nuevo-ordenador/ HTTP/1.1" 200 18157 "-" "ichiro/2.0 (http://help.goo.ne.jp/door/crawler.html)"
158.42.16.182 - - [13/Dec/2006:04:52:16 -0600] "GET /favicon.ico HTTP/1.1" 404 - "http://www.netvibes.com/" "Mozilla/5.0 (Windows; U; Windows NT 5.1; es-ES; rv:1.8.1) Gecko/20061010 Firefox/2.0"
201.58.98.124 - - [13/Dec/2006:04:52:39 -0600] "GET /uploads/whoseline.jpg HTTP/1.1" 200 13096 "http://nowloaded.org/forum/index.php?showtopic=20278" "Mozilla/5.0 (Windows; U; Windows NT 5.1; pt-BR; rv:1.8.1) Gecko/20061010 Firefox/2.0"
64.78.155.100 - - [13/Dec/2006:04:52:44 -0600] "GET /feed/ HTTP/1.1" 304 0 "-" "NewsGatorOnline/2.0 (http://www.newsgator.com; 4 subscribers)"
194.224.199.54 - - [13/Dec/2006:04:52:45 -0600] "GET /archives/2004/03/01/la-noche-de-los-anillos/feed/ HTTP/1.1" 200 8411 "http://www.foobar.com/archives/2004/03/01/la-noche-de-los-anillos/" "noxtrumbot/1.0 (crawler@noxtrum.com)"
198.37.25.204 - - [13/Dec/2006:04:52:50 -0600] "GET /feed/ HTTP/1.1" 304 0 "-" "Mozilla/5.0 (Macintosh; U; PPC Mac OS X; en-us) AppleWebKit/412 (KHTML, like Gecko) Safari/412"
209.11.51.35 - - [13/Dec/2006:04:52:58 -0600] "GET /robots.txt HTTP/1.0" 404 - "-" "kinjabot (http://www.kinja.com)"
84.122.88.137 - - [13/Dec/2006:04:53:05 -0600] "GET /feed/ HTTP/1.1" 304 0 "-" "Akregator/1.2.2; librss/remnants"
212.55.0.180 - - [13/Dec/2006:04:53:11 -0600] "GET /favicon.ico HTTP/1.1" 404 - "http://www.newsgator.com/ngs/subscriber/WebEd2.aspx?fid=179313" "Mozilla/5.0 (Windows; U; Windows NT 5.1; es-ES; rv:1.8.1) Gecko/20061010 Firefox/2.0"
194.224.199.54 - - [13/Dec/2006:04:53:44 -0600] "GET /weblog/1072374650/index_html HTTP/1.1" 404 - "http://www.foobar.com/archives/2004/01/01/la-arbitraria-felicidad-de-nochevieja/" "noxtrumbot/1.0 (crawler@noxtrum.com)"
62.22.88.10 - - [13/Dec/2006:04:53:45 -0600] "GET /wp-content/themes/default_es/style.css HTTP/1.1" 200 9885 "http://www.foobar.com/" "Mozilla/5.0 (Windows; U; Windows NT 5.1; es-ES; rv:1.8.0.8) Gecko/20061025 Firefox/1.5.0.8"
62.22.88.10 - - [13/Dec/2006:04:53:46 -0600] "GET /wp-content/themes/default_es/images/kubrickbgcolor.jpg HTTP/1.1" 200 558 "http://www.foobar.com/" "Mozilla/5.0 (Windows; U; Windows NT 5.1; es-ES; rv:1.8.0.8) Gecko/20061025 Firefox/1.5.0.8"
62.22.88.10 - - [13/Dec/2006:04:53:46 -0600] "GET / HTTP/1.1" 200 41046 "-" "Mozilla/5.0 (Windows; U; Windows NT 5.1; es-ES; rv:1.8.0.8) Gecko/20061025 Firefox/1.5.0.8"
62.22.88.10 - - [13/Dec/2006:04:53:47 -0600] "GET /wp-content/themes/default_es/images/borjanet.png HTTP/1.1" 200 16169 "http://www.foobar.com/" "Mozilla/5.0 (Windows; U; Windows NT 5.1; es-ES; rv:1.8.0.8) Gecko/20061025 Firefox/1.5.0.8"
62.22.88.10 - - [13/Dec/2006:04:53:47 -0600] "GET /uploads/pronunciacion.png HTTP/1.1" 200 2058 "http://www.foobar.com/" "Mozilla/5.0 (Windows; U; Windows NT 5.1; es-ES; rv:1.8.0.8) Gecko/20061025 Firefox/1.5.0.8"
62.22.88.10 - - [13/Dec/2006:04:53:47 -0600] "GET /wp-content/themes/default_es/images/kubrickheader.png HTTP/1.1" 200 3850 "http://www.foobar.com/" "Mozilla/5.0 (Windows; U; Windows NT 5.1; es-ES; rv:1.8.0.8) Gecko/20061025 Firefox/1.5.0.8"
62.22.88.10 - - [13/Dec/2006:04:53:47 -0600] "GET /wp-content/themes/default_es/images/kubrickbg.jpg HTTP/1.1" 200 1047 "http://www.foobar.com/" "Mozilla/5.0 (Windows; U; Windows NT 5.1; es-ES; rv:1.8.0.8) Gecko/20061025 Firefox/1.5.0.8"
62.22.88.10 - - [13/Dec/2006:04:53:47 -0600] "GET /favicon.ico HTTP/1.1" 404 - "-" "Mozilla/5.0 (Windows; U; Windows NT 5.1; es-ES; rv:1.8.0.8) Gecko/20061025 Firefox/1.5.0.8"
62.22.88.10 - - [13/Dec/2006:04:53:47 -0600] "GET /wp-content/themes/default_es/images/kubrickfooter.jpg HTTP/1.1" 200 2601 "http://www.foobar.com/" "Mozilla/5.0 (Windows; U; Windows NT 5.1; es-ES; rv:1.8.0.8) Gecko/20061025 Firefox/1.5.0.8"
62.22.88.10 - - [13/Dec/2006:04:54:15 -0600] "GET /archives/2006/12/11/pronunciacion/ HTTP/1.1" 200 15963 "http://www.foobar.com/" "Mozilla/5.0 (Windows; U; Windows NT 5.1; es-ES; rv:1.8.0.8) Gecko/20061025 Firefox/1.5.0.8"
62.22.88.10 - - [13/Dec/2006:04:54:15 -0600] "GET /wp-content/themes/default_es/images/kubrickbgwide.jpg HTTP/1.1" 200 1020 "http://www.foobar.com/archives/2006/12/11/pronunciacion/" "Mozilla/5.0 (Windows; U; Windows NT 5.1; es-ES; rv:1.8.0.8) Gecko/20061025 Firefox/1.5.0.8"
212.55.0.180 - - [13/Dec/2006:04:54:20 -0600] "GET /favicon.ico HTTP/1.1" 404 - "http://www.newsgator.com/ngs/subscriber/WebEd2.aspx?fid=1685" "Mozilla/5.0 (Windows; U; Windows NT 5.1; es-ES; rv:1.8.1) Gecko/20061010 Firefox/2.0"
201.253.163.117 - - [13/Dec/2006:04:54:44 -0600] "GET /uploads/whoseline.jpg HTTP/1.1" 200 13096 "http://nowloaded.org/forum/index.php?showtopic=22951" "Mozilla/5.0 (Windows; U; Windows NT 5.1; es-AR; rv:1.8.0.8) Gecko/20061025 Firefox/1.5.0.8 MEGAUPLOAD 1.0"
194.224.199.54 - - [13/Dec/2006:04:54:44 -0600] "GET /weblog/1071867930/index_html HTTP/1.1" 404 - "http://www.foobar.com/archives/2004/01/01/la-arbitraria-felicidad-de-nochevieja/" "noxtrumbot/1.0 (crawler@noxtrum.com)"
88.11.40.251 - - [13/Dec/2006:04:54:45 -0600] "GET /uploads/Family_guy_logo.png HTTP/1.1" 404 - "http://www.topseries.es/index.php?name=PNphpBB2&file=viewtopic&t=93" "Mozilla/4.0 (compatible; MSIE 6.0; Windows NT 5.0; .NET CLR 1.1.4322)"
195.27.215.89 - - [13/Dec/2006:04:54:58 -0600] "GET /archives/2005/03/03/ser-ingeniero-mooola/ HTTP/1.0" 200 21735 "-" "Seekbot/1.0 (http://www.seekbot.net/bot.html) HTTPFetcher/0.3"
62.22.88.10 - - [13/Dec/2006:04:55:04 -0600] "GET /archives/2006/02/18/hace-frio/ HTTP/1.1" 200 17680 "http://www.foobar.com/" "Mozilla/5.0 (Windows; U; Windows NT 5.1; es-ES; rv:1.8.0.8) Gecko/20061025 Firefox/1.5.0.8"
62.22.88.10 - - [13/Dec/2006:04:55:04 -0600] "GET /uploads/weather_02.png HTTP/1.1" 200 26650 "http://www.foobar.com/archives/2006/02/18/hace-frio/" "Mozilla/5.0 (Windows; U; Windows NT 5.1; es-ES; rv:1.8.0.8) Gecko/20061025 Firefox/1.5.0.8"
66.249.24.42 - - [13/Dec/2006:04:55:29 -0600] "GET /feed/atom/ HTTP/1.0" 200 9604 "http://www.blogarithm.com/blogmaild.html" "Blogarithm/$Revision: 1006 $"
210.173.180.164 - - [13/Dec/2006:04:55:34 -0600] "GET /archives/2004/12/11/la-ley-de-murphy-vs-la-ley-de-wheaton/ HTTP/1.1" 200 26784 "-" "ichiro/2.0 (http://help.goo.ne.jp/door/crawler.html)"
194.224.199.54 - - [13/Dec/2006:04:55:45 -0600] "GET /archives/2004/01/01/la-arbitraria-felicidad-de-nochevieja/feed/ HTTP/1.1" 200 7131 "http://www.foobar.com/archives/2004/01/01/la-arbitraria-felicidad-de-nochevieja/" "noxtrumbot/1.0 (crawler@noxtrum.com)"
62.22.88.10 - - [13/Dec/2006:04:56:34 -0600] "GET /archives/category/recetas/ HTTP/1.1" 200 31978 "http://www.foobar.com/" "Mozilla/5.0 (Windows; U; Windows NT 5.1; es-ES; rv:1.8.0.8) Gecko/20061025 Firefox/1.5.0.8"
80.58.205.46 - - [13/Dec/2006:04:56:42 -0600] "GET /wp-content/themes/default_es/style.css HTTP/1.1" 200 9885 "http://www.foobar.com/archives/2004/09/27/chili-con-carne/" "Mozilla/4.0 (compatible; MSIE 6.0; Windows NT 5.1; SV1)"
80.58.205.46 - - [13/Dec/2006:04:56:42 -0600] "GET /archives/2004/09/27/chili-con-carne/ HTTP/1.1" 200 22169 "http://www.google.es/search?hl=es&q=chili+con+carne&meta=lr%3Dlang_es" "Mozilla/4.0 (compatible; MSIE 6.0; Windows NT 5.1; SV1)"
80.58.205.46 - - [13/Dec/2006:04:56:43 -0600] "GET /wp-content/themes/default_es/images/kubrickbgcolor.jpg HTTP/1.1" 200 558 "http://www.foobar.com/archives/2004/09/27/chili-con-carne/" "Mozilla/4.0 (compatible; MSIE 6.0; Windows NT 5.1; SV1)"
80.58.205.46 - - [13/Dec/2006:04:56:43 -0600] "GET /wp-content/themes/default_es/images/borjanet.png HTTP/1.1" 200 16169 "http://www.foobar.com/archives/2004/09/27/chili-con-carne/" "Mozilla/4.0 (compatible; MSIE 6.0; Windows NT 5.1; SV1)"
80.58.205.46 - - [13/Dec/2006:04:56:43 -0600] "GET /wp-content/themes/default_es/images/kubrickbgwide.jpg HTTP/1.1" 200 1020 "http://www.foobar.com/archives/2004/09/27/chili-con-carne/" "Mozilla/4.0 (compatible; MSIE 6.0; Windows NT 5.1; SV1)"
80.58.205.46 - - [13/Dec/2006:04:56:43 -0600] "GET /wp-content/themes/default_es/images/kubrickheader.png HTTP/1.1" 200 3850 "http://www.foobar.com/archives/2004/09/27/chili-con-carne/" "Mozilla/4.0 (compatible; MSIE 6.0; Windows NT 5.1; SV1)"
80.58.205.46 - - [13/Dec/2006:04:56:43 -0600] "GET /wp-content/themes/default_es/images/kubrickfooter.jpg HTTP/1.1" 200 2601 "http://www.foobar.com/archives/2004/09/27/chili-con-carne/" "Mozilla/4.0 (compatible; MSIE 6.0; Windows NT 5.1; SV1)"
194.224.199.54 - - [13/Dec/2006:04:56:44 -0600] "GET /weblog/1069556646 HTTP/1.1" 404 - "http://www.foobar.com/archives/2003/12/06/el-cumpleaos-de-la-constitucin-ufff-que-pereza-p/" "noxtrumbot/1.0 (crawler@noxtrum.com)"
62.22.88.10 - - [13/Dec/2006:04:56:45 -0600] "GET /archives/2006/09/25/shortbread-cookies-galletas-de-mantequilla/ HTTP/1.1" 200 19287 "http://www.foobar.com/archives/category/recetas/" "Mozilla/5.0 (Windows; U; Windows NT 5.1; es-ES; rv:1.8.0.8) Gecko/20061025 Firefox/1.5.0.8"
62.22.88.10 - - [13/Dec/2006:04:56:46 -0600] "GET /uploads/galletas_mantequilla.JPG HTTP/1.1" 200 31758 "http://www.foobar.com/archives/2006/09/25/shortbread-cookies-galletas-de-mantequilla/" "Mozilla/5.0 (Windows; U; Windows NT 5.1; es-ES; rv:1.8.0.8) Gecko/20061025 Firefox/1.5.0.8"
210.173.180.164 - - [13/Dec/2006:04:57:07 -0600] "GET /archives/2004/12/07/maldito-seas-murphy/ HTTP/1.1" 200 20131 "-" "ichiro/2.0 (http://help.goo.ne.jp/door/crawler.html)"
81.38.8.216 - - [13/Dec/2006:04:57:24 -0600] "GET /feed/ HTTP/1.1" 304 0 "-" "Akregator/1.2.5; librss/remnants"
194.224.199.54 - - [13/Dec/2006:04:57:47 -0600] "GET /archives/2003/12/06/el-cumpleaos-de-la-constitucin-ufff-que-pereza-p/feed/ HTTP/1.1" 200 5336 "http://www.foobar.com/archives/2003/12/06/el-cumpleaos-de-la-constitucin-ufff-que-pereza-p/" "noxtrumbot/1.0 (crawler@noxtrum.com)"
74.6.86.165 - - [13/Dec/2006:04:57:53 -0600] "GET /archives/2004/12/18/tortilla-de-patata/ HTTP/1.0" 200 20185 "-" "Mozilla/5.0 (compatible; Yahoo! Slurp; http://help.yahoo.com/help/us/ysearch/slurp)"
139.149.1.203 - - [13/Dec/2006:04:57:59 -0600] "GET /feed/ HTTP/1.1" 200 10763 "-" "Mozilla/5.0 (Windows; U; Windows NT 5.1; en-US; rv:1.8.0.6) Gecko/20060728 Firefox/1.5.0.6"
74.6.86.232 - - [13/Dec/2006:04:58:02 -0600] "GET /archives/2004/11/20/lasaiago/ HTTP/1.0" 200 21062 "-" "Mozilla/5.0 (compatible; Yahoo! Slurp; http://help.yahoo.com/help/us/ysearch/slurp)"
80.224.29.161 - - [13/Dec/2006:04:58:14 -0600] "GET /feed/ HTTP/1.0" 304 0 "-" "Liferea/1.0.26 (Linux; http://liferea.sf.net/)"
210.173.180.164 - - [13/Dec/2006:04:58:24 -0600] "GET /archives/2004/12/02/en-casa-del-herrero/ HTTP/1.1" 200 17023 "-" "ichiro/2.0 (http://help.goo.ne.jp/door/crawler.html)"
194.224.199.54 - - [13/Dec/2006:04:58:46 -0600] "GET /archives/2003/12/01/no-olvideis-el-lazo-rojo/feed/ HTTP/1.1" 200 4112 "http://www.foobar.com/archives/2003/12/01/no-olvideis-el-lazo-rojo/" "noxtrumbot/1.0 (crawler@noxtrum.com)"
131.202.212.90 - - [13/Dec/2006:04:59:21 -0600] "GET /feed/ HTTP/1.1" 304 0 "-" "NetNewsWire/2.1.1 (Mac OS X; http://ranchero.com/netnewswire/)"
87.218.247.215 - - [13/Dec/2006:04:59:44 -0600] "GET /archives/2006/09/25/shortbread-cookies-galletas-de-mantequilla/feed/ HTTP/1.1" 200 5226 "http://www.google.es/search?q=como+hacer+galletas&hl=es&lr=&start=10&sa=N" "Mozilla/4.0 (compatible; MSIE 7.0; Windows NT 5.1; .NET CLR 1.1.4322; .NET CLR 2.0.50727)"
87.218.247.215 - - [13/Dec/2006:04:59:45 -0600] "GET /favicon.ico HTTP/1.1" 404 - "-" "Mozilla/4.0 (compatible; MSIE 7.0; Windows NT 5.1; .NET CLR 1.1.4322; .NET CLR 2.0.50727)"
194.224.199.54 - - [13/Dec/2006:04:59:46 -0600] "GET /archives/2003/11/01/vuelta-a-la-carga/feed/ HTTP/1.1" 200 1869 "http://www.foobar.com/archives/2003/11/01/vuelta-a-la-carga/" "noxtrumbot/1.0 (crawler@noxtrum.com)"
83.58.251.144 - - [13/Dec/2006:04:59:59 -0600] "GET /favicon.ico HTTP/1.1" 404 - "-" "NewzCrawler/1.7 (compatible; MSIE 6.00; Newz Crawler 1.7; http://www.newzcrawler.com/ )"
83.58.251.144 - - [13/Dec/2006:05:00:03 -0600] "GET /weblog/rdf HTTP/1.1" 304 0 "-" "NewzCrawler/1.7 (compatible; MSIE 6.00; Newz Crawler 1.7; http://www.newzcrawler.com/ )"
83.58.251.144 - - [13/Dec/2006:05:00:07 -0600] "GET /archives/2006/05/12/nostalgia-2/feed/ HTTP/1.1" 304 0 "-" "NewzCrawler/1.7 (compatible; MSIE 6.00; Newz Crawler 1.7; http://www.newzcrawler.com/ )"
83.58.251.144 - - [13/Dec/2006:05:00:10 -0600] "GET /archives/2006/11/14/advanced-wookie-laboratories/feed/ HTTP/1.1" 304 0 "-" "NewzCrawler/1.7 (compatible; MSIE 6.00; Newz Crawler 1.7; http://www.newzcrawler.com/ )"
83.58.251.144 - - [13/Dec/2006:05:00:12 -0600] "GET /archives/2006/11/18/acento-inclasificable/feed/ HTTP/1.1" 304 0 "-" "NewzCrawler/1.7 (compatible; MSIE 6.00; Newz Crawler 1.7; http://www.newzcrawler.com/ )"
83.58.251.144 - - [13/Dec/2006:05:00:15 -0600] "GET /archives/2006/11/26/%c2%bfpor-que-escribes-un-blog/feed/ HTTP/1.1" 304 0 "-" "NewzCrawler/1.7 (compatible; MSIE 6.00; Newz Crawler 1.7; http://www.newzcrawler.com/ )"
83.58.251.144 - - [13/Dec/2006:05:00:17 -0600] "GET /archives/2006/11/26/%c2%bfpor-que-lees-mi-blog/feed/ HTTP/1.1" 304 0 "-" "NewzCrawler/1.7 (compatible; MSIE 6.00; Newz Crawler 1.7; http://www.newzcrawler.com/ )"
81.202.208.214 - - [13/Dec/2006:05:00:20 -0600] "GET /favicon.ico HTTP/1.1" 404 - "http://www.netvibes.com/" "Mozilla/5.0 (Windows; U; Windows NT 5.1; es-ES; rv:1.8.0.8) Gecko/20061025 Firefox/1.5.0.8"
