83.58.251.144 - - [13/Dec/2006:03:59:06 -0600] "GET /archives/2006/11/14/advanced-wookie-laboratories/feed/ HTTP/1.1" 304 0 "-" "NewzCrawler/1.7 (compatible; MSIE 6.00; Newz Crawler 1.7; http://www.newzcrawler.com/ )"
83.58.251.144 - - [13/Dec/2006:03:59:07 -0600] "GET /archives/2006/11/18/acento-inclasificable/feed/ HTTP/1.1" 304 0 "-" "NewzCrawler/1.7 (compatible; MSIE 6.00; Newz Crawler 1.7; http://www.newzcrawler.com/ )"
83.58.251.144 - - [13/Dec/2006:03:59:09 -0600] "GET /archives/2006/11/26/%c2%bfpor-que-escribes-un-blog/feed/ HTTP/1.1" 304 0 "-" "NewzCrawler/1.7 (compatible; MSIE 6.00; Newz Crawler 1.7; http://www.newzcrawler.com/ )"
83.58.251.144 - - [13/Dec/2006:03:59:12 -0600] "GET /archives/2006/11/26/%c2%bfpor-que-lees-mi-blog/feed/ HTTP/1.1" 304 0 "-" "NewzCrawler/1.7 (compatible; MSIE 6.00; Newz Crawler 1.7; http://www.newzcrawler.com/ )"
83.58.251.144 - - [13/Dec/2006:03:59:13 -0600] "GET /archives/2006/11/28/gigantes-en-la-era-del-silicio/feed/ HTTP/1.1" 304 0 "-" "NewzCrawler/1.7 (compatible; MSIE 6.00; Newz Crawler 1.7; http://www.newzcrawler.com/ )"
83.58.251.144 - - [13/Dec/2006:03:59:14 -0600] "GET /archives/2006/12/01/nieve-ahora-si/feed/ HTTP/1.1" 304 0 "-" "NewzCrawler/1.7 (compatible; MSIE 6.00; Newz Crawler 1.7; http://www.newzcrawler.com/ )"
83.58.251.144 - - [13/Dec/2006:03:59:16 -0600] "GET /archives/2006/12/11/pronunciacion/feed/ HTTP/1.1" 304 0 "-" "NewzCrawler/1.7 (compatible; MSIE 6.00; Newz Crawler 1.7; http://www.newzcrawler.com/ )"
131.202.212.90 - - [13/Dec/2006:03:59:22 -0600] "GET /feed/ HTTP/1.1" 304 0 "-" "NetNewsWire/2.1.1 (Mac OS X; http://ranchero.com/netnewswire/)"
80.33.122.39 - - [13/Dec/2006:03:59:29 -0600] "GET /favicon.ico HTTP/1.1" 404 - "-" "Mozilla/5.0 (Windows; U; Windows NT 5.1; es-ES; rv:1.8.1) Gecko/20061010 Firefox/2.0"
194.224.199.54 - - [13/Dec/2006:03:59:33 -0600] "GET /archives/2004/11/17/pero-las-navidades-no-son-en-diciembre/feed/ HTTP/1.1" 200 8609 "http://www.foobar.com/archives/2004/11/17/pero-las-navidades-no-son-en-diciembre/" "noxtrumbot/1.0 (crawler@noxtrum.com)"
217.22.96.65 - - [13/Dec/2006:04:00:15 -0600] "GET / HTTP/1.1" 200 41046 "-" "Mozilla/4.0 (compatible; MSIE 6.0; Windows NT 5.1; SV1; .NET CLR 1.0.3705; .NET CLR 1.1.4322; InfoPath.1; .NET CLR 2.0.50727)"
217.22.96.65 - - [13/Dec/2006:04:00:15 -0600] "GET /wp-content/themes/default_es/style.css HTTP/1.1" 304 - "http://www.foobar.com" "Mozilla/4.0 (compatible; MSIE 6.0; Windows NT 5.1; SV1; .NET CLR 1.0.3705; .NET CLR 1.1.4322; InfoPath.1; .NET CLR 2.0.50727)"
217.22.96.65 - - [13/Dec/2006:04:00:15 -0600] "GET /wp-content/themes/default_es/images/borjanet.png HTTP/1.1" 304 - "http://www.foobar.com" "Mozilla/4.0 (compatible; MSIE 6.0; Windows NT 5.1; SV1; .NET CLR 1.0.3705; .NET CLR 1.1.4322; InfoPath.1; .NET CLR 2.0.50727)"
217.22.96.65 - - [13/Dec/2006:04:00:15 -0600] "GET /wp-content/themes/default_es/images/kubrickbgcolor.jpg HTTP/1.1" 304 - "http://www.foobar.com" "Mozilla/4.0 (compatible; MSIE 6.0; Windows NT 5.1; SV1; .NET CLR 1.0.3705; .NET CLR 1.1.4322; InfoPath.1; .NET CLR 2.0.50727)"
217.22.96.65 - - [13/Dec/2006:04:00:15 -0600] "GET /uploads/pronunciacion.png HTTP/1.1" 304 - "http://www.foobar.com" "Mozilla/4.0 (compatible; MSIE 6.0; Windows NT 5.1; SV1; .NET CLR 1.0.3705; .NET CLR 1.1.4322; InfoPath.1; .NET CLR 2.0.50727)"
217.22.96.65 - - [13/Dec/2006:04:00:15 -0600] "GET /wp-content/themes/default_es/images/kubrickbg.jpg HTTP/1.1" 304 - "http://www.foobar.com" "Mozilla/4.0 (compatible; MSIE 6.0; Windows NT 5.1; SV1; .NET CLR 1.0.3705; .NET CLR 1.1.4322; InfoPath.1; .NET CLR 2.0.50727)"
217.22.96.65 - - [13/Dec/2006:04:00:15 -0600] "GET /wp-content/themes/default_es/images/kubrickheader.png HTTP/1.1" 304 - "http://www.foobar.com" "Mozilla/4.0 (compatible; MSIE 6.0; Windows NT 5.1; SV1; .NET CLR 1.0.3705; .NET CLR 1.1.4322; InfoPath.1; .NET CLR 2.0.50727)"
217.22.96.65 - - [13/Dec/2006:04:00:17 -0600] "GET /wp-content/themes/default_es/images/kubrickfooter.jpg HTTP/1.1" 304 - "http://www.foobar.com" "Mozilla/4.0 (compatible; MSIE 6.0; Windows NT 5.1; SV1; .NET CLR 1.0.3705; .NET CLR 1.1.4322; InfoPath.1; .NET CLR 2.0.50727)"
213.97.131.216 - - [13/Dec/2006:04:00:21 -0600] "GET /feed/atom/ HTTP/1.1" 304 0 "-" "NetNewsWire/2.1.1 (Mac OS X; Lite; http://ranchero.com/netnewswire/)"
158.42.53.165 - - [13/Dec/2006:04:00:29 -0600] "GET /wp-content/themes/default_es/style.css HTTP/1.1" 200 9885 "http://www.foobar.com/archives/2004/06/25/los-agridulces-frutos-de-la-docencia/" "Mozilla/5.0 (X11; U; Linux i686; es-ES; rv:1.8.0.8) Gecko/20061115 Ubuntu/dapper-security Firefox/1.5.0.8"
158.42.53.165 - - [13/Dec/2006:04:00:30 -0600] "GET /archives/2004/06/25/los-agridulces-frutos-de-la-docencia/ HTTP/1.1" 200 26601 "http://www.google.com/search?num=50&hl=en&lr=&safe=off&client=firefox&rls=org.mozilla%3Aes-ES%3Aunofficial&hs=gAQ&q=castigo+copiar+examen+universidad&btnG=Search" "Mozilla/5.0 (X11; U; Linux i686; es-ES; rv:1.8.0.8) Gecko/20061115 Ubuntu/dapper-security Firefox/1.5.0.8"
158.42.53.165 - - [13/Dec/2006:04:00:30 -0600] "GET /wp-content/themes/default_es/images/kubrickbgcolor.jpg HTTP/1.1" 200 558 "http://www.foobar.com/archives/2004/06/25/los-agridulces-frutos-de-la-docencia/" "Mozilla/5.0 (X11; U; Linux i686; es-ES; rv:1.8.0.8) Gecko/20061115 Ubuntu/dapper-security Firefox/1.5.0.8"
158.42.53.165 - - [13/Dec/2006:04:00:30 -0600] "GET /wp-content/themes/default_es/images/borjanet.png HTTP/1.1" 200 16169 "http://www.foobar.com/archives/2004/06/25/los-agridulces-frutos-de-la-docencia/" "Mozilla/5.0 (X11; U; Linux i686; es-ES; rv:1.8.0.8) Gecko/20061115 Ubuntu/dapper-security Firefox/1.5.0.8"
158.42.53.165 - - [13/Dec/2006:04:00:30 -0600] "GET /wp-content/themes/default_es/images/kubrickbgwide.jpg HTTP/1.1" 200 1020 "http://www.foobar.com/archives/2004/06/25/los-agridulces-frutos-de-la-docencia/" "Mozilla/5.0 (X11; U; Linux i686; es-ES; rv:1.8.0.8) Gecko/20061115 Ubuntu/dapper-security Firefox/1.5.0.8"
158.42.53.165 - - [13/Dec/2006:04:00:30 -0600] "GET /wp-content/themes/default_es/images/kubrickheader.png HTTP/1.1" 200 3850 "http://www.foobar.com/archives/2004/06/25/los-agridulces-frutos-de-la-docencia/" "Mozilla/5.0 (X11; U; Linux i686; es-ES; rv:1.8.0.8) Gecko/20061115 Ubuntu/dapper-security Firefox/1.5.0.8"
158.42.53.165 - - [13/Dec/2006:04:00:31 -0600] "GET /wp-content/themes/default_es/images/kubrickfooter.jpg HTTP/1.1" 200 2601 "http://www.foobar.com/archives/2004/06/25/los-agridulces-frutos-de-la-docencia/" "Mozilla/5.0 (X11; U; Linux i686; es-ES; rv:1.8.0.8) Gecko/20061115 Ubuntu/dapper-security Firefox/1.5.0.8"
158.42.53.165 - - [13/Dec/2006:04:00:31 -0600] "GET /favicon.ico HTTP/1.1" 404 - "-" "Mozilla/5.0 (X11; U; Linux i686; es-ES; rv:1.8.0.8) Gecko/20061115 Ubuntu/dapper-security Firefox/1.5.0.8"
194.224.199.54 - - [13/Dec/2006:04:00:33 -0600] "GET /archives/2004/11/17/pero-las-navidades-no-son-en-diciembre/trackback/ HTTP/1.1" 302 5 "http://www.foobar.com/archives/2004/11/17/pero-las-navidades-no-son-en-diciembre/" "noxtrumbot/1.0 (crawler@noxtrum.com)"
161.116.12.130 - - [13/Dec/2006:04:01:01 -0600] "GET /feed/ HTTP/1.1" 200 10763 "-" "Mozilla/5.0 (X11; U; Linux i686; en-US; rv:1.8.0.8) Gecko/20061115 Thunderbird/1.5.0.8"
194.224.199.54 - - [13/Dec/2006:04:01:35 -0600] "GET /archives/2004/11/08/escalofros/feed/ HTTP/1.1" 200 4135 "http://www.foobar.com/archives/2004/11/08/escalofros/" "noxtrumbot/1.0 (crawler@noxtrum.com)"
65.214.44.29 - - [13/Dec/2006:04:01:46 -0600] "GET /feed/atom/ HTTP/1.1" 304 0 "-" "Bloglines/3.1 (http://www.bloglines.com; 6 subscribers)"
194.224.199.54 - - [13/Dec/2006:04:02:32 -0600] "GET /archives/2004/11/08/escalofros/trackback/ HTTP/1.1" 302 5 "http://www.foobar.com/archives/2004/11/08/escalofros/" "noxtrumbot/1.0 (crawler@noxtrum.com)"
195.27.215.89 - - [13/Dec/2006:04:02:42 -0600] "GET /archives/2005/01/17/i-saw-something-nasty-in-the-woodshed/ HTTP/1.0" 200 14274 "-" "Seekbot/1.0 (http://www.seekbot.net/bot.html) HTTPFetcher/0.3"
213.97.131.216 - - [13/Dec/2006:04:02:44 -0600] "GET /feed/atom/ HTTP/1.1" 304 0 "-" "NetNewsWire/2.1.1 (Mac OS X; Lite; http://ranchero.com/netnewswire/)"
87.217.97.206 - - [13/Dec/2006:04:03:25 -0600] "GET /wp-content/themes/default_es/style.css HTTP/1.1" 200 9885 "http://www.foobar.com/archives/2005/12/31/buffalo-hot-wings/" "Mozilla/4.0 (compatible; MSIE 6.0; Windows NT 5.1; SV1; HbTools 4.8.2)"
87.217.97.206 - - [13/Dec/2006:04:03:26 -0600] "GET /archives/2005/12/31/buffalo-hot-wings/ HTTP/1.1" 200 20013 "http://www.google.es/search?hl=es&q=receta+para+hacer+la+salsa+ala+pimienta&meta=" "Mozilla/4.0 (compatible; MSIE 6.0; Windows NT 5.1; SV1; HbTools 4.8.2)"
87.217.97.206 - - [13/Dec/2006:04:03:26 -0600] "GET /wp-content/themes/default_es/images/borjanet.png HTTP/1.1" 200 16169 "http://www.foobar.com/archives/2005/12/31/buffalo-hot-wings/" "Mozilla/4.0 (compatible; MSIE 6.0; Windows NT 5.1; SV1; HbTools 4.8.2)"
87.217.97.206 - - [13/Dec/2006:04:03:26 -0600] "GET /wp-content/themes/default_es/images/kubrickbgcolor.jpg HTTP/1.1" 200 558 "http://www.foobar.com/archives/2005/12/31/buffalo-hot-wings/" "Mozilla/4.0 (compatible; MSIE 6.0; Windows NT 5.1; SV1; HbTools 4.8.2)"
87.217.97.206 - - [13/Dec/2006:04:03:27 -0600] "GET /wp-content/themes/default_es/images/kubrickheader.png HTTP/1.1" 200 3850 "http://www.foobar.com/archives/2005/12/31/buffalo-hot-wings/" "Mozilla/4.0 (compatible; MSIE 6.0; Windows NT 5.1; SV1; HbTools 4.8.2)"
87.217.97.206 - - [13/Dec/2006:04:03:27 -0600] "GET /wp-content/themes/default_es/images/kubrickbgwide.jpg HTTP/1.1" 200 1020 "http://www.foobar.com/archives/2005/12/31/buffalo-hot-wings/" "Mozilla/4.0 (compatible; MSIE 6.0; Windows NT 5.1; SV1; HbTools 4.8.2)"
87.217.97.206 - - [13/Dec/2006:04:03:27 -0600] "GET /wp-content/themes/default_es/images/kubrickfooter.jpg HTTP/1.1" 200 2601 "http://www.foobar.com/archives/2005/12/31/buffalo-hot-wings/" "Mozilla/4.0 (compatible; MSIE 6.0; Windows NT 5.1; SV1; HbTools 4.8.2)"
210.173.180.164 - - [13/Dec/2006:04:03:28 -0600] "GET /archives/2005/02/13/defaced/feed/ HTTP/1.1" 200 2556 "-" "ichiro/2.0 (http://help.goo.ne.jp/door/crawler.html)"
194.224.199.54 - - [13/Dec/2006:04:03:33 -0600] "GET /archives/2004/11/07/tras-el-cumpleaos/feed/ HTTP/1.1" 200 5749 "http://www.foobar.com/archives/2004/11/07/tras-el-cumpleaos/" "noxtrumbot/1.0 (crawler@noxtrum.com)"
158.42.53.165 - - [13/Dec/2006:04:04:03 -0600] "GET /favicon.ico HTTP/1.1" 404 - "-" "Mozilla/5.0 (X11; U; Linux i686; es-ES; rv:1.8.0.8) Gecko/20061115 Ubuntu/dapper-security Firefox/1.5.0.8"
84.79.238.77 - - [13/Dec/2006:04:04:12 -0600] "GET /wp-content/themes/default_es/style.css HTTP/1.1" 200 9885 "http://www.foobar.com/" "Mozilla/5.0 (Windows; U; Windows NT 5.1; es-ES; rv:1.8.0.8) Gecko/20061025 Firefox/1.5.0.8"
84.79.238.77 - - [13/Dec/2006:04:04:13 -0600] "GET / HTTP/1.1" 200 41046 "-" "Mozilla/5.0 (Windows; U; Windows NT 5.1; es-ES; rv:1.8.0.8) Gecko/20061025 Firefox/1.5.0.8"
84.79.238.77 - - [13/Dec/2006:04:04:15 -0600] "GET /feed/rss/ HTTP/1.1" 200 5888 "-" "Mozilla/5.0 (Windows; U; Windows NT 5.1; es-ES; rv:1.8.0.8) Gecko/20061025 Firefox/1.5.0.8"
84.79.238.77 - - [13/Dec/2006:04:04:17 -0600] "GET /feed/ HTTP/1.1" 200 10763 "-" "Mozilla/5.0 (Windows; U; Windows NT 5.1; es-ES; rv:1.8.0.8) Gecko/20061025 Firefox/1.5.0.8"
84.79.238.77 - - [13/Dec/2006:04:04:18 -0600] "GET /wp-content/themes/default_es/images/borjanet.png HTTP/1.1" 200 16169 "http://www.foobar.com/" "Mozilla/5.0 (Windows; U; Windows NT 5.1; es-ES; rv:1.8.0.8) Gecko/20061025 Firefox/1.5.0.8"
84.79.238.77 - - [13/Dec/2006:04:04:18 -0600] "GET /uploads/pronunciacion.png HTTP/1.1" 200 2058 "http://www.foobar.com/" "Mozilla/5.0 (Windows; U; Windows NT 5.1; es-ES; rv:1.8.0.8) Gecko/20061025 Firefox/1.5.0.8"
84.79.238.77 - - [13/Dec/2006:04:04:19 -0600] "GET /wp-content/themes/default_es/images/kubrickbgcolor.jpg HTTP/1.1" 200 558 "http://www.foobar.com/" "Mozilla/5.0 (Windows; U; Windows NT 5.1; es-ES; rv:1.8.0.8) Gecko/20061025 Firefox/1.5.0.8"
84.79.238.77 - - [13/Dec/2006:04:04:19 -0600] "GET /favicon.ico HTTP/1.1" 404 - "-" "Mozilla/5.0 (Windows; U; Windows NT 5.1; es-ES; rv:1.8.0.8) Gecko/20061025 Firefox/1.5.0.8"
84.79.238.77 - - [13/Dec/2006:04:04:19 -0600] "GET /wp-content/themes/default_es/images/kubrickbg.jpg HTTP/1.1" 200 1047 "http://www.foobar.com/" "Mozilla/5.0 (Windows; U; Windows NT 5.1; es-ES; rv:1.8.0.8) Gecko/20061025 Firefox/1.5.0.8"
84.79.238.77 - - [13/Dec/2006:04:04:20 -0600] "GET /favicon.ico HTTP/1.1" 404 - "-" "Mozilla/5.0 (Windows; U; Windows NT 5.1; es-ES; rv:1.8.0.8) Gecko/20061025 Firefox/1.5.0.8"
84.79.238.77 - - [13/Dec/2006:04:04:20 -0600] "GET /feed/atom/ HTTP/1.1" 200 9637 "-" "Mozilla/5.0 (Windows; U; Windows NT 5.1; es-ES; rv:1.8.0.8) Gecko/20061025 Firefox/1.5.0.8"
84.79.238.77 - - [13/Dec/2006:04:04:20 -0600] "GET /wp-content/themes/default_es/images/kubrickheader.png HTTP/1.1" 200 3850 "http://www.foobar.com/" "Mozilla/5.0 (Windows; U; Windows NT 5.1; es-ES; rv:1.8.0.8) Gecko/20061025 Firefox/1.5.0.8"
84.79.238.77 - - [13/Dec/2006:04:04:20 -0600] "GET /wp-content/themes/default_es/images/kubrickfooter.jpg HTTP/1.1" 200 2601 "http://www.foobar.com/" "Mozilla/5.0 (Windows; U; Windows NT 5.1; es-ES; rv:1.8.0.8) Gecko/20061025 Firefox/1.5.0.8"
65.214.44.29 - - [13/Dec/2006:04:04:22 -0600] "GET /feed/ HTTP/1.1" 304 0 "-" "Bloglines/3.1 (http://www.bloglines.com; 34 subscribers)"
83.53.124.232 - - [13/Dec/2006:04:04:31 -0600] "GET /archives/2003/03/19/la-quiniela-de-los-oscars/ HTTP/1.1" 200 0 "http://www.google.es/search?hl=es&sa=X&oi=spell&resnum=0&ct=result&cd=1&q=+significa+un++oscar+americano+&spell=1" "Mozilla/4.0 (compatible; MSIE 6.0; Windows NT 5.1; HbTools 4.8.2)"
194.224.199.54 - - [13/Dec/2006:04:04:33 -0600] "GET /archives/2004/11/07/tras-el-cumpleaos/trackback/ HTTP/1.1" 302 5 "http://www.foobar.com/archives/2004/11/07/tras-el-cumpleaos/" "noxtrumbot/1.0 (crawler@noxtrum.com)"
83.53.124.232 - - [13/Dec/2006:04:04:35 -0600] "GET /wp-content/themes/default_es/style.css HTTP/1.1" 200 9885 "http://www.foobar.com/archives/2003/03/19/la-quiniela-de-los-oscars/" "Mozilla/4.0 (compatible; MSIE 6.0; Windows NT 5.1; HbTools 4.8.2)"
83.53.124.232 - - [13/Dec/2006:04:04:35 -0600] "GET /archives/2003/03/19/la-quiniela-de-los-oscars/ HTTP/1.1" 200 23094 "http://www.google.es/search?hl=es&sa=X&oi=spell&resnum=0&ct=result&cd=1&q=+significa+un++oscar+americano+&spell=1" "Mozilla/4.0 (compatible; MSIE 6.0; Windows NT 5.1; HbTools 4.8.2)"
83.53.124.232 - - [13/Dec/2006:04:04:35 -0600] "GET /wp-content/themes/default_es/images/borjanet.png HTTP/1.1" 200 16169 "http://www.foobar.com/archives/2003/03/19/la-quiniela-de-los-oscars/" "Mozilla/4.0 (compatible; MSIE 6.0; Windows NT 5.1; HbTools 4.8.2)"
83.53.124.232 - - [13/Dec/2006:04:04:36 -0600] "GET /wp-content/themes/default_es/images/kubrickbgcolor.jpg HTTP/1.1" 200 558 "http://www.foobar.com/archives/2003/03/19/la-quiniela-de-los-oscars/" "Mozilla/4.0 (compatible; MSIE 6.0; Windows NT 5.1; HbTools 4.8.2)"
83.53.124.232 - - [13/Dec/2006:04:04:36 -0600] "GET /wp-content/themes/default_es/images/kubrickbgwide.jpg HTTP/1.1" 200 1020 "http://www.foobar.com/archives/2003/03/19/la-quiniela-de-los-oscars/" "Mozilla/4.0 (compatible; MSIE 6.0; Windows NT 5.1; HbTools 4.8.2)"
83.53.124.232 - - [13/Dec/2006:04:04:36 -0600] "GET /wp-content/themes/default_es/images/kubrickheader.png HTTP/1.1" 200 3850 "http://www.foobar.com/archives/2003/03/19/la-quiniela-de-los-oscars/" "Mozilla/4.0 (compatible; MSIE 6.0; Windows NT 5.1; HbTools 4.8.2)"
83.53.124.232 - - [13/Dec/2006:04:04:36 -0600] "GET /wp-content/themes/default_es/images/kubrickfooter.jpg HTTP/1.1" 200 2601 "http://www.foobar.com/archives/2003/03/19/la-quiniela-de-los-oscars/" "Mozilla/4.0 (compatible; MSIE 6.0; Windows NT 5.1; HbTools 4.8.2)"
83.53.124.232 - - [13/Dec/2006:04:04:36 -0600] "GET /favicon.ico HTTP/1.1" 404 - "-" "Mozilla/4.0 (compatible; MSIE 6.0; Windows NT 5.1; HbTools 4.8.2)"
83.53.124.232 - - [13/Dec/2006:04:04:37 -0600] "GET /favicon.ico HTTP/1.1" 404 - "-" "Mozilla/4.0 (compatible; MSIE 6.0; Windows NT 5.1; HbTools 4.8.2)"
213.97.131.216 - - [13/Dec/2006:04:04:51 -0600] "GET /feed/atom/ HTTP/1.1" 304 0 "-" "NetNewsWire/2.1.1 (Mac OS X; Lite; http://ranchero.com/netnewswire/)"
210.173.180.164 - - [13/Dec/2006:04:05:10 -0600] "GET /archives/2005/02/06/la-creciente-blogosfera-deustense-y-2/feed/ HTTP/1.1" 200 9231 "-" "ichiro/2.0 (http://help.goo.ne.jp/door/crawler.html)"
196.217.53.124 - - [13/Dec/2006:04:05:20 -0600] "GET /wp-content/themes/default_es/style.css HTTP/1.1" 200 9885 "http://www.foobar.com/archives/2003/02/16/guerra-contra-irak-no-en-mi-nombre/" "Mozilla/4.0 (compatible; MSIE 6.0; Windows NT 5.1; SV1)"
158.42.53.165 - - [13/Dec/2006:04:05:20 -0600] "GET /favicon.ico HTTP/1.1" 404 - "-" "Mozilla/5.0 (X11; U; Linux i686; es-ES; rv:1.8.0.8) Gecko/20061115 Ubuntu/dapper-security Firefox/1.5.0.8"
38.102.128.140 - - [13/Dec/2006:04:05:21 -0600] "GET /feed/rss2 HTTP/1.1" 304 0 "-" "Mozilla/5.0 (X11; U; Linux i686; en-US; rv:1.2.1; Rojo 1.0; http://www.rojo.com/corporate/help/agg/; Aggregating on behalf of 1 subscriber(s) online at http://www.rojo.com/?feed-id=2478579) Gecko/20021130"
196.217.53.124 - - [13/Dec/2006:04:05:21 -0600] "GET /wp-content/themes/default_es/images/borjanet.png HTTP/1.1" 200 16169 "http://www.foobar.com/archives/2003/02/16/guerra-contra-irak-no-en-mi-nombre/" "Mozilla/4.0 (compatible; MSIE 6.0; Windows NT 5.1; SV1)"
196.217.53.124 - - [13/Dec/2006:04:05:21 -0600] "GET /archives/2003/02/16/guerra-contra-irak-no-en-mi-nombre/ HTTP/1.1" 200 37599 "http://www.google.es/search?q=blogs+sobre+guerra+en+irak&hl=es&lr=&start=10&sa=N" "Mozilla/4.0 (compatible; MSIE 6.0; Windows NT 5.1; SV1)"
196.217.53.124 - - [13/Dec/2006:04:05:21 -0600] "GET /wp-content/themes/default_es/images/kubrickbgwide.jpg HTTP/1.1" 200 1020 "http://www.foobar.com/archives/2003/02/16/guerra-contra-irak-no-en-mi-nombre/" "Mozilla/4.0 (compatible; MSIE 6.0; Windows NT 5.1; SV1)"
196.217.53.124 - - [13/Dec/2006:04:05:22 -0600] "GET /wp-content/themes/default_es/images/kubrickbgcolor.jpg HTTP/1.1" 200 558 "http://www.foobar.com/archives/2003/02/16/guerra-contra-irak-no-en-mi-nombre/" "Mozilla/4.0 (compatible; MSIE 6.0; Windows NT 5.1; SV1)"
196.217.53.124 - - [13/Dec/2006:04:05:22 -0600] "GET /wp-content/themes/default_es/images/kubrickheader.png HTTP/1.1" 200 3850 "http://www.foobar.com/archives/2003/02/16/guerra-contra-irak-no-en-mi-nombre/" "Mozilla/4.0 (compatible; MSIE 6.0; Windows NT 5.1; SV1)"
196.217.53.124 - - [13/Dec/2006:04:05:22 -0600] "GET /wp-content/themes/default_es/images/kubrickfooter.jpg HTTP/1.1" 200 2601 "http://www.foobar.com/archives/2003/02/16/guerra-contra-irak-no-en-mi-nombre/" "Mozilla/4.0 (compatible; MSIE 6.0; Windows NT 5.1; SV1)"
194.224.199.54 - - [13/Dec/2006:04:05:33 -0600] "GET /archives/2004/11/03/ya-es-oficial-estamos-de-mierda-hasta-el-cuello/feed/ HTTP/1.1" 200 3917 "http://www.foobar.com/archives/2004/11/03/ya-es-oficial-estamos-de-mierda-hasta-el-cuello/" "noxtrumbot/1.0 (crawler@noxtrum.com)"
74.6.87.104 - - [13/Dec/2006:04:05:46 -0600] "GET /archives/2003/04/28/xevian-in-memoriam/ HTTP/1.0" 200 14787 "-" "Mozilla/5.0 (compatible; Yahoo! Slurp; http://help.yahoo.com/help/us/ysearch/slurp)"
217.167.121.71 - - [13/Dec/2006:04:06:30 -0600] "GET /archives/2005/10/17/magdalenas/ HTTP/1.0" 200 25571 "http://www.google.com/search?hl=es&q=receta+de+madalenas&lr=" "Mozilla/4.0 (compatible; MSIE 6.0; Windows NT 5.0)"
217.167.121.71 - - [13/Dec/2006:04:06:30 -0600] "GET /wp-content/themes/default_es/style.css HTTP/1.0" 200 9885 "http://www.foobar.com/archives/2005/10/17/magdalenas/" "Mozilla/4.0 (compatible; MSIE 6.0; Windows NT 5.0)"
217.167.121.71 - - [13/Dec/2006:04:06:31 -0600] "GET /wp-content/themes/default_es/images/borjanet.png HTTP/1.0" 200 16169 "http://www.foobar.com/archives/2005/10/17/magdalenas/" "Mozilla/4.0 (compatible; MSIE 6.0; Windows NT 5.0)"
217.167.121.71 - - [13/Dec/2006:04:06:32 -0600] "GET /wp-content/themes/default_es/images/kubrickbgcolor.jpg HTTP/1.0" 200 558 "http://www.foobar.com/archives/2005/10/17/magdalenas/" "Mozilla/4.0 (compatible; MSIE 6.0; Windows NT 5.0)"
217.167.121.71 - - [13/Dec/2006:04:06:32 -0600] "GET /wp-content/themes/default_es/images/kubrickbgwide.jpg HTTP/1.0" 200 1020 "http://www.foobar.com/archives/2005/10/17/magdalenas/" "Mozilla/4.0 (compatible; MSIE 6.0; Windows NT 5.0)"
217.167.121.71 - - [13/Dec/2006:04:06:32 -0600] "GET /wp-content/themes/default_es/images/kubrickheader.png HTTP/1.0" 200 3850 "http://www.foobar.com/archives/2005/10/17/magdalenas/" "Mozilla/4.0 (compatible; MSIE 6.0; Windows NT 5.0)"
217.167.121.71 - - [13/Dec/2006:04:06:33 -0600] "GET /wp-content/themes/default_es/images/kubrickfooter.jpg HTTP/1.0" 200 2601 "http://www.foobar.com/archives/2005/10/17/magdalenas/" "Mozilla/4.0 (compatible; MSIE 6.0; Windows NT 5.0)"
194.224.199.54 - - [13/Dec/2006:04:06:33 -0600] "GET /archives/2004/11/03/ya-es-oficial-estamos-de-mierda-hasta-el-cuello/trackback/ HTTP/1.1" 302 5 "http://www.foobar.com/archives/2004/11/03/ya-es-oficial-estamos-de-mierda-hasta-el-cuello/" "noxtrumbot/1.0 (crawler@noxtrum.com)"
83.246.70.148 - - [13/Dec/2006:04:07:09 -0600] "GET /weblog/rdf HTTP/1.1" 200 10775 "-" "rss-bot/1.0 (http://www.plazoo.com)"
217.130.78.71 - - [13/Dec/2006:04:07:29 -0600] "GET /feed/ HTTP/1.0" 304 0 "-" "Liferea/1.0.23 (Linux; es_ES.UTF-8; http://liferea.sf.net/)"
83.246.70.148 - - [13/Dec/2006:04:07:35 -0600] "GET /weblog/rdf HTTP/1.1" 200 10775 "-" "rss-bot/1.0 (http://www.plazoo.com)"
194.224.199.54 - - [13/Dec/2006:04:07:36 -0600] "GET /archives/2004/10/21/macchiato/feed/ HTTP/1.1" 200 9573 "http://www.foobar.com/archives/2004/10/21/macchiato/" "noxtrumbot/1.0 (crawler@noxtrum.com)"
80.224.29.161 - - [13/Dec/2006:04:08:12 -0600] "GET /feed/ HTTP/1.0" 304 0 "-" "Liferea/1.0.26 (Linux; http://liferea.sf.net/)"
194.224.199.54 - - [13/Dec/2006:04:08:33 -0600] "GET /archives/2004/10/21/macchiato/trackback/ HTTP/1.1" 302 5 "http://www.foobar.com/archives/2004/10/21/macchiato/" "noxtrumbot/1.0 (crawler@noxtrum.com)"
210.173.180.164 - - [13/Dec/2006:04:08:48 -0600] "GET /archives/2005/02/06/la-creciente-blogosfera-deustense-y-2/trackback/ HTTP/1.1" 302 5 "-" "ichiro/2.0 (http://help.goo.ne.jp/door/crawler.html)"
81.38.8.216 - - [13/Dec/2006:04:09:24 -0600] "GET /feed/ HTTP/1.1" 304 0 "-" "Akregator/1.2.5; librss/remnants"
194.224.199.54 - - [13/Dec/2006:04:09:44 -0600] "GET /archives/2004/10/19/cayendo-en-la-rutina/feed/ HTTP/1.1" 200 16912 "http://www.foobar.com/archives/2004/10/19/cayendo-en-la-rutina/" "noxtrumbot/1.0 (crawler@noxtrum.com)"
194.224.199.54 - - [13/Dec/2006:04:10:34 -0600] "GET /archives/2004/10/19/cayendo-en-la-rutina/trackback/ HTTP/1.1" 302 5 "http://www.foobar.com/archives/2004/10/19/cayendo-en-la-rutina/" "noxtrumbot/1.0 (crawler@noxtrum.com)"
158.42.16.182 - - [13/Dec/2006:04:10:57 -0600] "GET /favicon.ico HTTP/1.1" 404 - "http://www.netvibes.com/" "Mozilla/5.0 (Windows; U; Windows NT 5.1; es-ES; rv:1.8.1) Gecko/20061010 Firefox/2.0"
210.173.180.164 - - [13/Dec/2006:04:11:22 -0600] "GET /archives/2005/02/02/a-mitad-de-camino/feed/ HTTP/1.1" 200 4100 "-" "ichiro/2.0 (http://help.goo.ne.jp/door/crawler.html)"
194.224.199.54 - - [13/Dec/2006:04:11:35 -0600] "GET /archives/2004/10/05/lista-de-cumpleaos-ah-y-ya-han-llegado-todas-mis-cosas-de-espaa/feed/ HTTP/1.1" 200 1583 "http://www.foobar.com/archives/2004/10/05/lista-de-cumpleaos-ah-y-ya-han-llegado-todas-mis-cosas-de-espaa/" "noxtrumbot/1.0 (crawler@noxtrum.com)"
67.183.21.20 - - [13/Dec/2006:04:12:02 -0600] "GET /feed/ HTTP/1.1" 304 0 "-" "Mozilla/5.0 (compatible; Google Desktop)"
195.212.29.67 - - [13/Dec/2006:04:12:23 -0600] "GET /feed/atom/ HTTP/1.1" 304 0 "-" "Mozilla/5.0 (Windows; U; Windows NT 5.1; en-US; rv:1.8.0.8) Gecko/20061025 (CK-IBM) Firefox/1.5.0.8"
88.18.20.255 - - [13/Dec/2006:04:12:24 -0600] "GET /archives/2005/10/31/lentejas/ HTTP/1.1" 200 17124 "http://www.google.es/search?hl=es&q=lentejas&meta=" "Mozilla/4.0 (compatible; MSIE 6.0; Windows NT 5.1; SV1)"
88.18.20.255 - - [13/Dec/2006:04:12:24 -0600] "GET /wp-content/themes/default_es/style.css HTTP/1.1" 200 9885 "http://www.foobar.com/archives/2005/10/31/lentejas/" "Mozilla/4.0 (compatible; MSIE 6.0; Windows NT 5.1; SV1)"
88.18.20.255 - - [13/Dec/2006:04:12:25 -0600] "GET /wp-content/themes/default_es/images/borjanet.png HTTP/1.1" 200 16169 "http://www.foobar.com/archives/2005/10/31/lentejas/" "Mozilla/4.0 (compatible; MSIE 6.0; Windows NT 5.1; SV1)"
88.18.20.255 - - [13/Dec/2006:04:12:25 -0600] "GET /wp-content/themes/default_es/images/kubrickbgcolor.jpg HTTP/1.1" 200 558 "http://www.foobar.com/archives/2005/10/31/lentejas/" "Mozilla/4.0 (compatible; MSIE 6.0; Windows NT 5.1; SV1)"
88.18.20.255 - - [13/Dec/2006:04:12:25 -0600] "GET /wp-content/themes/default_es/images/kubrickbgwide.jpg HTTP/1.1" 200 1020 "http://www.foobar.com/archives/2005/10/31/lentejas/" "Mozilla/4.0 (compatible; MSIE 6.0; Windows NT 5.1; SV1)"
88.18.20.255 - - [13/Dec/2006:04:12:25 -0600] "GET /wp-content/themes/default_es/images/kubrickheader.png HTTP/1.1" 200 3850 "http://www.foobar.com/archives/2005/10/31/lentejas/" "Mozilla/4.0 (compatible; MSIE 6.0; Windows NT 5.1; SV1)"
88.18.20.255 - - [13/Dec/2006:04:12:25 -0600] "GET /wp-content/themes/default_es/images/kubrickfooter.jpg HTTP/1.1" 200 2601 "http://www.foobar.com/archives/2005/10/31/lentejas/" "Mozilla/4.0 (compatible; MSIE 6.0; Windows NT 5.1; SV1)"
74.6.74.234 - - [13/Dec/2006:04:12:34 -0600] "GET /robots.txt HTTP/1.0" 404 - "-" "Mozilla/5.0 (compatible; Yahoo! Slurp; http://help.yahoo.com/help/us/ysearch/slurp)"
194.224.199.54 - - [13/Dec/2006:04:12:35 -0600] "GET /archives/2004/10/05/lista-de-cumpleaos-ah-y-ya-han-llegado-todas-mis-cosas-de-espaa/trackback/ HTTP/1.1" 302 5 "http://www.foobar.com/archives/2004/10/05/lista-de-cumpleaos-ah-y-ya-han-llegado-todas-mis-cosas-de-espaa/" "noxtrumbot/1.0 (crawler@noxtrum.com)"
74.6.73.230 - - [13/Dec/2006:04:12:37 -0600] "GET /archives/2006/08/16/meme-literario-ii/ HTTP/1.0" 200 26455 "-" "Mozilla/5.0 (compatible; Yahoo! Slurp; http://help.yahoo.com/help/us/ysearch/slurp)"
80.59.231.100 - - [13/Dec/2006:04:13:30 -0600] "GET /wp-content/themes/default_es/style.css HTTP/1.1" 200 9885 "http://www.foobar.com/archives/2005/01/02/urte-berri-on-desde-chicago/" "Mozilla/5.0 (X11; U; Linux i686; es-ES; rv:1.7.13) Gecko/20060418 Firefox/1.0.8 (Ubuntu package 1.0.8)"
80.59.231.100 - - [13/Dec/2006:04:13:30 -0600] "GET /archives/2005/01/02/urte-berri-on-desde-chicago/ HTTP/1.1" 200 20665 "-" "Mozilla/5.0 (X11; U; Linux i686; es-ES; rv:1.7.13) Gecko/20060418 Firefox/1.0.8 (Ubuntu package 1.0.8)"
80.59.231.100 - - [13/Dec/2006:04:13:31 -0600] "GET /wp-content/themes/default_es/images/kubrickbgcolor.jpg HTTP/1.1" 200 558 "http://www.foobar.com/archives/2005/01/02/urte-berri-on-desde-chicago/" "Mozilla/5.0 (X11; U; Linux i686; es-ES; rv:1.7.13) Gecko/20060418 Firefox/1.0.8 (Ubuntu package 1.0.8)"
80.59.231.100 - - [13/Dec/2006:04:13:32 -0600] "GET /wp-content/themes/default_es/images/kubrickbgwide.jpg HTTP/1.1" 200 1020 "http://www.foobar.com/archives/2005/01/02/urte-berri-on-desde-chicago/" "Mozilla/5.0 (X11; U; Linux i686; es-ES; rv:1.7.13) Gecko/20060418 Firefox/1.0.8 (Ubuntu package 1.0.8)"
80.59.231.100 - - [13/Dec/2006:04:13:32 -0600] "GET /wp-content/themes/default_es/images/borjanet.png HTTP/1.1" 200 16169 "http://www.foobar.com/archives/2005/01/02/urte-berri-on-desde-chicago/" "Mozilla/5.0 (X11; U; Linux i686; es-ES; rv:1.7.13) Gecko/20060418 Firefox/1.0.8 (Ubuntu package 1.0.8)"
80.59.231.100 - - [13/Dec/2006:04:13:32 -0600] "GET /wp-content/themes/default_es/images/kubrickheader.png HTTP/1.1" 200 3850 "http://www.foobar.com/archives/2005/01/02/urte-berri-on-desde-chicago/" "Mozilla/5.0 (X11; U; Linux i686; es-ES; rv:1.7.13) Gecko/20060418 Firefox/1.0.8 (Ubuntu package 1.0.8)"
80.59.231.100 - - [13/Dec/2006:04:13:32 -0600] "GET /wp-content/themes/default_es/images/kubrickfooter.jpg HTTP/1.1" 200 2601 "http://www.foobar.com/archives/2005/01/02/urte-berri-on-desde-chicago/" "Mozilla/5.0 (X11; U; Linux i686; es-ES; rv:1.7.13) Gecko/20060418 Firefox/1.0.8 (Ubuntu package 1.0.8)"
80.59.231.100 - - [13/Dec/2006:04:13:33 -0600] "GET /favicon.ico HTTP/1.1" 404 - "-" "Mozilla/5.0 (X11; U; Linux i686; es-ES; rv:1.7.13) Gecko/20060418 Firefox/1.0.8 (Ubuntu package 1.0.8)"
194.224.199.54 - - [13/Dec/2006:04:13:35 -0600] "GET /archives/2004/11/01/this-is-halloween/feed/ HTTP/1.1" 200 2916 "http://www.foobar.com/archives/2004/11/01/this-is-halloween/" "noxtrumbot/1.0 (crawler@noxtrum.com)"
65.214.44.29 - - [13/Dec/2006:04:13:47 -0600] "GET /feed/rss2/ HTTP/1.1" 304 0 "-" "Bloglines/3.1 (http://www.bloglines.com; 3 subscribers)"
65.214.44.29 - - [13/Dec/2006:04:13:53 -0600] "GET /feed/ HTTP/1.1" 304 0 "-" "Bloglines/3.1 (http://www.bloglines.com; 8 subscribers)"
65.214.44.29 - - [13/Dec/2006:04:13:56 -0600] "GET /feed/atom/ HTTP/1.1" 304 0 "-" "Bloglines/3.1 (http://www.bloglines.com; 4 subscribers)"
194.224.199.54 - - [13/Dec/2006:04:14:35 -0600] "GET /archives/2004/11/01/this-is-halloween/trackback/ HTTP/1.1" 302 5 "http://www.foobar.com/archives/2004/11/01/this-is-halloween/" "noxtrumbot/1.0 (crawler@noxtrum.com)"
210.173.180.164 - - [13/Dec/2006:04:14:55 -0600] "GET /archives/2005/02/02/a-mitad-de-camino/trackback/ HTTP/1.1" 302 5 "-" "ichiro/2.0 (http://help.goo.ne.jp/door/crawler.html)"
195.27.215.89 - - [13/Dec/2006:04:15:30 -0600] "GET /archives/2005/01/20/el-campo-de-batalla/ HTTP/1.0" 200 33285 "-" "Seekbot/1.0 (http://www.seekbot.net/bot.html) HTTPFetcher/0.3"
194.224.199.54 - - [13/Dec/2006:04:15:36 -0600] "GET /archives/2004/09/page/4/ HTTP/1.1" 200 31976 "http://www.foobar.com/archives/2004/09/page/3/" "noxtrumbot/1.0 (crawler@noxtrum.com)"
62.81.27.241 - - [13/Dec/2006:04:16:05 -0600] "GET /feed/ HTTP/1.0" 304 0 "-" "Mozilla/5.0 (Windows; U; Windows NT 5.1; es-ES; rv:1.8.1) Gecko/20061010 Firefox/2.0"
194.224.199.54 - - [13/Dec/2006:04:16:39 -0600] "GET /archives/2004/09/13/fotos-con-lectores-de-borjanet/ HTTP/1.1" 200 18540 "http://www.foobar.com/archives/2004/09/page/3/" "noxtrumbot/1.0 (crawler@noxtrum.com)"
220.94.35.221 - - [13/Dec/2006:04:16:44 -0600] "POST /wp-comments-post.php HTTP/1.1" 404 - "http://www.foobar.com/wp-comments-post.php" "Mozilla/4.0 (compatible; MSIE 6.0; Windows NT 5.1; SV1)"
141.58.5.91 - - [13/Dec/2006:04:17:34 -0600] "GET /feed/ HTTP/1.1" 200 10775 "-" "RSSOwl/1.2.3 Preview Release 2006-10-30 (Windows; U; de)"
194.224.199.54 - - [13/Dec/2006:04:17:36 -0600] "GET /archives/2004/09/12/me-han-puesto-la-antitetnica-ah-y-he-vuelto-a-cambiar-el-diseo/ HTTP/1.1" 200 21474 "http://www.foobar.com/archives/2004/09/page/3/" "noxtrumbot/1.0 (crawler@noxtrum.com)"
210.173.180.164 - - [13/Dec/2006:04:17:52 -0600] "GET /archives/2005/01/page/1/ HTTP/1.1" 200 32078 "-" "ichiro/2.0 (http://help.goo.ne.jp/door/crawler.html)"
207.70.168.112 - - [13/Dec/2006:04:18:00 -0600] "GET /uploads/whoseline.jpg HTTP/1.1" 200 13096 "http://profile.myspace.com/index.cfm?fuseaction=user.viewprofile&friendID=37273068" "Mozilla/4.0 (compatible; MSIE 6.0; Windows NT 5.1; SV1)"
80.224.29.161 - - [13/Dec/2006:04:18:19 -0600] "GET /feed/ HTTP/1.0" 304 0 "-" "Liferea/1.0.26 (Linux; http://liferea.sf.net/)"
194.224.199.54 - - [13/Dec/2006:04:18:36 -0600] "GET /archives/2004/09/21/ganando-frikipuntos/feed/ HTTP/1.1" 200 3863 "http://www.foobar.com/archives/2004/09/21/ganando-frikipuntos/" "noxtrumbot/1.0 (crawler@noxtrum.com)"
193.189.143.238 - - [13/Dec/2006:04:19:07 -0600] "GET /feed/ HTTP/1.0" 200 10737 "-" "Netvibes (http://www.netvibes.com/; 11 subscribers)"
81.202.208.214 - - [13/Dec/2006:04:19:08 -0600] "GET /favicon.ico HTTP/1.1" 404 - "http://www.netvibes.com/" "Mozilla/5.0 (Windows; U; Windows NT 5.1; es-ES; rv:1.8.0.8) Gecko/20061025 Firefox/1.5.0.8"
38.102.128.140 - - [13/Dec/2006:04:19:13 -0600] "GET /feed/ HTTP/1.1" 304 0 "-" "Mozilla/5.0 (X11; U; Linux i686; en-US; rv:1.2.1; Rojo 1.0; http://www.rojo.com/corporate/help/agg/; Aggregating on behalf of 3 subscriber(s) online at http://www.rojo.com/?feed-id=2624410) Gecko/20021130"
194.224.199.54 - - [13/Dec/2006:04:19:38 -0600] "GET /archives/2004/09/21/ganando-frikipuntos/trackback/ HTTP/1.1" 302 5 "http://www.foobar.com/archives/2004/09/21/ganando-frikipuntos/" "noxtrumbot/1.0 (crawler@noxtrum.com)"
38.102.128.140 - - [13/Dec/2006:04:19:42 -0600] "GET /feed/atom/ HTTP/1.1" 304 0 "-" "Mozilla/5.0 (X11; U; Linux i686; en-US; rv:1.2.1; Rojo 1.0; http://www.rojo.com/corporate/help/agg/; Aggregating on behalf of 1 subscriber(s) online at http://www.rojo.com/?feed-id=2661919) Gecko/20021130"
213.97.131.216 - - [13/Dec/2006:04:20:11 -0600] "GET /feed/atom/ HTTP/1.1" 304 0 "-" "NetNewsWire/2.1.1 (Mac OS X; Lite; http://ranchero.com/netnewswire/)"
81.202.208.214 - - [13/Dec/2006:04:20:30 -0600] "GET /favicon.ico HTTP/1.1" 404 - "http://www.netvibes.com/" "Mozilla/5.0 (Windows; U; Windows NT 5.1; es-ES; rv:1.8.0.8) Gecko/20061025 Firefox/1.5.0.8"
65.214.44.189 - - [13/Dec/2006:04:20:35 -0600] "GET /robots.txt HTTP/1.0" 404 - "-" "Mozilla/2.0 (compatible; Ask Jeeves/Teoma; +http://about.ask.com/en/docs/about/webmasters.shtml)"
194.224.199.54 - - [13/Dec/2006:04:20:37 -0600] "GET /archives/2004/09/21/semana-de-orientacin-para-desorientados/feed/ HTTP/1.1" 200 8745 "http://www.foobar.com/archives/2004/09/21/semana-de-orientacin-para-desorientados/" "noxtrumbot/1.0 (crawler@noxtrum.com)"
74.6.85.170 - - [13/Dec/2006:04:20:39 -0600] "GET /robots.txt HTTP/1.0" 404 - "-" "Mozilla/5.0 (compatible; Yahoo! Slurp; http://help.yahoo.com/help/us/ysearch/slurp)"
74.6.86.169 - - [13/Dec/2006:04:20:41 -0600] "GET /archives/2005/06/26/%c2%abpues-en-mi-casa-abrimos-las-ventanas-y-ya-esta%c2%bb/ HTTP/1.0" 200 18247 "-" "Mozilla/5.0 (compatible; Yahoo! Slurp; http://help.yahoo.com/help/us/ysearch/slurp)"
65.214.44.189 - - [13/Dec/2006:04:20:51 -0600] "GET / HTTP/1.0" 200 40932 "-" "Mozilla/2.0 (compatible; Ask Jeeves/Teoma; +http://about.ask.com/en/docs/about/webmasters.shtml)"
83.37.8.97 - - [13/Dec/2006:04:20:54 -0600] "GET /wp-content/themes/default_es/style.css HTTP/1.1" 200 9885 "http://www.foobar.com/faq/" "Mozilla/4.0 (compatible; MSIE 6.0; Windows NT 5.0)"
83.37.8.97 - - [13/Dec/2006:04:20:54 -0600] "GET /faq/ HTTP/1.1" 200 28866 "http://www.google.es/search?hl=es&q=blog+de+una+pija&meta=" "Mozilla/4.0 (compatible; MSIE 6.0; Windows NT 5.0)"
83.37.8.97 - - [13/Dec/2006:04:20:55 -0600] "GET /wp-content/themes/default_es/images/kubrickbgcolor.jpg HTTP/1.1" 200 558 "http://www.foobar.com/faq/" "Mozilla/4.0 (compatible; MSIE 6.0; Windows NT 5.0)"
83.37.8.97 - - [13/Dec/2006:04:20:55 -0600] "GET /wp-content/themes/default_es/images/borjanet.png HTTP/1.1" 200 16169 "http://www.foobar.com/faq/" "Mozilla/4.0 (compatible; MSIE 6.0; Windows NT 5.0)"
83.37.8.97 - - [13/Dec/2006:04:20:55 -0600] "GET /wp-content/themes/default_es/images/kubrickbgwide.jpg HTTP/1.1" 200 1020 "http://www.foobar.com/faq/" "Mozilla/4.0 (compatible; MSIE 6.0; Windows NT 5.0)"
83.37.8.97 - - [13/Dec/2006:04:20:55 -0600] "GET /wp-content/themes/default_es/images/kubrickheader.png HTTP/1.1" 200 3850 "http://www.foobar.com/faq/" "Mozilla/4.0 (compatible; MSIE 6.0; Windows NT 5.0)"
83.37.8.97 - - [13/Dec/2006:04:20:55 -0600] "GET /wp-content/themes/default_es/images/kubrickfooter.jpg HTTP/1.1" 200 2601 "http://www.foobar.com/faq/" "Mozilla/4.0 (compatible; MSIE 6.0; Windows NT 5.0)"
210.173.180.164 - - [13/Dec/2006:04:21:03 -0600] "GET /archives/2005/01/04/back-to-class/ HTTP/1.1" 200 23032 "-" "ichiro/2.0 (http://help.goo.ne.jp/door/crawler.html)"
83.36.26.148 - - [13/Dec/2006:04:21:13 -0600] "GET /archives/2004/09/27/chili-con-carne/feed/ HTTP/1.1" 200 6619 "http://www.google.com/search?sourceid=navclient&ie=UTF-8&rls=RNWE,RNWE:2006-36,RNWE:en&q=receta+de+chilli+con+carne" "Mozilla/4.0 (compatible; MSIE 6.0; Windows NT 5.1; SV1; .NET CLR 1.1.4322; .NET CLR 1.0.3705)"
83.36.26.148 - - [13/Dec/2006:04:21:14 -0600] "GET /favicon.ico HTTP/1.1" 404 - "-" "Mozilla/4.0 (compatible; MSIE 6.0; Windows NT 5.1; SV1; .NET CLR 1.1.4322; .NET CLR 1.0.3705)"
194.224.199.54 - - [13/Dec/2006:04:21:37 -0600] "GET /archives/2004/09/21/semana-de-orientacin-para-desorientados/trackback/ HTTP/1.1" 302 5 "http://www.foobar.com/archives/2004/09/21/semana-de-orientacin-para-desorientados/" "noxtrumbot/1.0 (crawler@noxtrum.com)"
62.57.176.96 - - [13/Dec/2006:04:21:44 -0600] "GET /feed/ HTTP/1.1" 200 10763 "-" "Mozilla/5.0 (Windows; U; Windows NT 5.1; es-ES; rv:1.8.0.8) Gecko/20061025 Thunderbird/1.5.0.8"
84.122.88.137 - - [13/Dec/2006:04:21:58 -0600] "GET /feed/ HTTP/1.1" 304 0 "-" "Akregator/1.2.2; librss/remnants"
195.27.215.89 - - [13/Dec/2006:04:22:00 -0600] "GET /archives/2005/02/02/a-mitad-de-camino/ HTTP/1.0" 200 18852 "-" "Seekbot/1.0 (http://www.seekbot.net/bot.html) HTTPFetcher/0.3"
24.131.178.217 - - [13/Dec/2006:04:22:09 -0600] "GET /uploads/Family_guy_logo.png HTTP/1.1" 404 - "http://profile.myspace.com/index.cfm?fuseaction=user.viewprofile&friendid=15985319&MyToken=03dd509a-a3de-4ea4-b386-dcca45334757" "Mozilla/5.0 (Windows; U; Windows NT 5.1; en-US; rv:1.8.1) Gecko/20061010 Firefox/2.0"
194.224.199.54 - - [13/Dec/2006:04:22:37 -0600] "GET /archives/2004/09/18/ltimo-post-desde-bilbao/feed/ HTTP/1.1" 200 2150 "http://www.foobar.com/archives/2004/09/18/ltimo-post-desde-bilbao/" "noxtrumbot/1.0 (crawler@noxtrum.com)"
200.253.21.13 - - [13/Dec/2006:04:22:48 -0600] "GET /uploads/whoseline.jpg HTTP/1.1" 200 13096 "http://nowloaded.org/forum/index.php?showtopic=21632&st=20" "Mozilla/5.0 (Windows; U; Windows NT 5.1; pt-BR; MEGAUPLOAD 1.0; rv:1.8.0.7) Gecko/20060909 Firefox/1.5.0.7"
198.37.25.204 - - [13/Dec/2006:04:22:50 -0600] "GET /feed/ HTTP/1.1" 304 0 "-" "Mozilla/5.0 (Macintosh; U; PPC Mac OS X; en-us) AppleWebKit/412 (KHTML, like Gecko) Safari/412"
210.173.180.164 - - [13/Dec/2006:04:23:05 -0600] "GET /archives/2005/01/02/urte-berri-on-desde-chicago/ HTTP/1.1" 200 20642 "-" "ichiro/2.0 (http://help.goo.ne.jp/door/crawler.html)"
213.97.176.44 - - [13/Dec/2006:04:23:08 -0600] "GET /feed/rss2/ HTTP/1.1" 304 0 "-" "Mozilla/5.0 (Macintosh; U; PPC Mac OS X Mach-O; es-AR; rv:1.8.1) Gecko/20061010 Firefox/2.0"
158.227.172.65 - - [13/Dec/2006:04:23:29 -0600] "GET /wp-content/themes/default_es/style.css HTTP/1.1" 304 - "http://www.foobar.com/" "Mozilla/4.0 (compatible; MSIE 6.0; Windows NT 5.0)"
158.227.172.65 - - [13/Dec/2006:04:23:29 -0600] "GET /wp-content/themes/default_es/images/borjanet.png HTTP/1.1" 304 - "http://www.foobar.com/" "Mozilla/4.0 (compatible; MSIE 6.0; Windows NT 5.0)"
158.227.172.65 - - [13/Dec/2006:04:23:29 -0600] "GET /uploads/pronunciacion.png HTTP/1.1" 304 - "http://www.foobar.com/" "Mozilla/4.0 (compatible; MSIE 6.0; Windows NT 5.0)"
158.227.172.65 - - [13/Dec/2006:04:23:30 -0600] "GET /wp-content/themes/default_es/images/kubrickbgcolor.jpg HTTP/1.1" 304 - "http://www.foobar.com/" "Mozilla/4.0 (compatible; MSIE 6.0; Windows NT 5.0)"
158.227.172.65 - - [13/Dec/2006:04:23:30 -0600] "GET /wp-content/themes/default_es/images/kubrickbg.jpg HTTP/1.1" 304 - "http://www.foobar.com/" "Mozilla/4.0 (compatible; MSIE 6.0; Windows NT 5.0)"
158.227.172.65 - - [13/Dec/2006:04:23:30 -0600] "GET /wp-content/themes/default_es/images/kubrickheader.png HTTP/1.1" 304 - "http://www.foobar.com/" "Mozilla/4.0 (compatible; MSIE 6.0; Windows NT 5.0)"
75.34.9.255 - - [13/Dec/2006:04:23:30 -0600] "GET /feed/atom/ HTTP/1.1" 304 0 "-" "NetNewsWire/2.1.1 (Mac OS X; Lite; http://ranchero.com/netnewswire/)"
158.227.172.65 - - [13/Dec/2006:04:23:30 -0600] "GET / HTTP/1.1" 200 41046 "http://www.google.es/search?hl=es&q=borjanet&meta=" "Mozilla/4.0 (compatible; MSIE 6.0; Windows NT 5.0)"
158.227.172.65 - - [13/Dec/2006:04:23:30 -0600] "GET /wp-content/themes/default_es/images/kubrickfooter.jpg HTTP/1.1" 304 - "http://www.foobar.com/" "Mozilla/4.0 (compatible; MSIE 6.0; Windows NT 5.0)"
194.224.199.54 - - [13/Dec/2006:04:23:44 -0600] "GET /archives/2004/09/18/ltimo-post-desde-bilbao/trackback/ HTTP/1.1" 302 5 "http://www.foobar.com/archives/2004/09/18/ltimo-post-desde-bilbao/" "noxtrumbot/1.0 (crawler@noxtrum.com)"
212.55.0.180 - - [13/Dec/2006:04:23:54 -0600] "GET /favicon.ico HTTP/1.1" 404 - "http://www.newsgator.com/ngs/subscriber/WebEd2.aspx?fid=511357" "Mozilla/5.0 (Windows; U; Windows NT 5.1; es-ES; rv:1.8.1) Gecko/20061010 Firefox/2.0"
72.14.199.5 - - [13/Dec/2006:04:24:03 -0600] "GET /feed/ HTTP/1.1" 304 0 "-" "Feedfetcher-Google; (+http://www.google.com/feedfetcher.html)"
210.173.180.164 - - [13/Dec/2006:04:24:23 -0600] "GET /archives/2005/01/20/el-campo-de-batalla/feed/ HTTP/1.1" 200 21705 "-" "ichiro/2.0 (http://help.goo.ne.jp/door/crawler.html)"
72.14.199.5 - - [13/Dec/2006:04:24:40 -0600] "GET /feed HTTP/1.1" 200 10763 "-" "Feedfetcher-Google; (+http://www.google.com/feedfetcher.html)"
194.224.199.54 - - [13/Dec/2006:04:24:40 -0600] "GET /archives/2004/09/18/listo-para-irme/feed/ HTTP/1.1" 200 9652 "http://www.foobar.com/archives/2004/09/18/listo-para-irme/" "noxtrumbot/1.0 (crawler@noxtrum.com)"
81.38.8.216 - - [13/Dec/2006:04:25:24 -0600] "GET /feed/ HTTP/1.1" 304 0 "-" "Akregator/1.2.5; librss/remnants"
74.6.65.237 - - [13/Dec/2006:04:25:31 -0600] "GET /archives/2002/10/28/nuevos-artculos-de-cine/feed/ HTTP/1.0" 200 1285 "-" "Mozilla/5.0 (compatible; Yahoo! Slurp; http://help.yahoo.com/help/us/ysearch/slurp)"
194.224.199.54 - - [13/Dec/2006:04:25:40 -0600] "GET /archives/2004/09/18/listo-para-irme/trackback/ HTTP/1.1" 302 5 "http://www.foobar.com/archives/2004/09/18/listo-para-irme/" "noxtrumbot/1.0 (crawler@noxtrum.com)"
194.224.199.54 - - [13/Dec/2006:04:26:40 -0600] "GET /archives/2004/08/16/jaietan/ HTTP/1.1" 200 17472 "http://www.foobar.com/archives/2004/08/page/3/" "noxtrumbot/1.0 (crawler@noxtrum.com)"
217.126.41.50 - - [13/Dec/2006:04:26:48 -0600] "GET /feed/ HTTP/1.1" 304 0 "-" "Mozilla/4.0 (compatible; Google Desktop)"
74.6.87.105 - - [13/Dec/2006:04:26:49 -0600] "GET /archives/category/yo-mismo/page/2/ HTTP/1.0" 200 33157 "-" "Mozilla/5.0 (compatible; Yahoo! Slurp; http://help.yahoo.com/help/us/ysearch/slurp)"
210.173.180.164 - - [13/Dec/2006:04:26:52 -0600] "GET /archives/2005/01/20/el-campo-de-batalla/trackback/ HTTP/1.1" 302 5 "-" "ichiro/2.0 (http://help.goo.ne.jp/door/crawler.html)"
194.224.199.54 - - [13/Dec/2006:04:27:40 -0600] "GET /archives/2004/08/26/chicago-dia-7/feed/ HTTP/1.1" 200 9250 "http://www.foobar.com/archives/2004/08/26/chicago-dia-7/" "noxtrumbot/1.0 (crawler@noxtrum.com)"
80.224.29.161 - - [13/Dec/2006:04:28:17 -0600] "GET /feed/ HTTP/1.0" 304 0 "-" "Liferea/1.0.26 (Linux; http://liferea.sf.net/)"
195.27.215.89 - - [13/Dec/2006:04:28:18 -0600] "GET /archives/2005/02/06/ HTTP/1.0" 200 25148 "-" "Seekbot/1.0 (http://www.seekbot.net/bot.html) HTTPFetcher/0.3"
210.173.180.164 - - [13/Dec/2006:04:28:30 -0600] "GET /archives/2005/01/17/ja-me-ro-de-tus-asignaturas/feed/ HTTP/1.1" 200 9432 "-" "ichiro/2.0 (http://help.goo.ne.jp/door/crawler.html)"
83.35.134.42 - - [13/Dec/2006:04:28:33 -0600] "GET /feed/ HTTP/1.1" 304 0 "-" "Mozilla/5.0 (Windows; U; Windows NT 5.1; ca; rv:1.8.0.8) Gecko/20061025 Firefox/1.5.0.8"
194.224.199.54 - - [13/Dec/2006:04:28:40 -0600] "GET /archives/2004/08/26/chicago-dia-7/trackback/ HTTP/1.1" 302 5 "http://www.foobar.com/archives/2004/08/26/chicago-dia-7/" "noxtrumbot/1.0 (crawler@noxtrum.com)"
85.61.17.244 - - [13/Dec/2006:04:28:44 -0600] "GET /wp-content/themes/default_es/style.css HTTP/1.1" 200 9885 "http://www.foobar.com/archives/2003/12/25/la-cena-de-nochebuena/" "Mozilla/4.0 (compatible; MSIE 6.0; Windows NT 5.1; SV1)"
85.61.17.244 - - [13/Dec/2006:04:28:44 -0600] "GET /archives/2003/12/25/la-cena-de-nochebuena/ HTTP/1.1" 200 18297 "http://www.google.es/search?hl=es&q=cena++nochebuena&meta=" "Mozilla/4.0 (compatible; MSIE 6.0; Windows NT 5.1; SV1)"
85.61.17.244 - - [13/Dec/2006:04:28:44 -0600] "GET /wp-content/themes/default_es/images/borjanet.png HTTP/1.1" 200 16169 "http://www.foobar.com/archives/2003/12/25/la-cena-de-nochebuena/" "Mozilla/4.0 (compatible; MSIE 6.0; Windows NT 5.1; SV1)"
85.61.17.244 - - [13/Dec/2006:04:28:45 -0600] "GET /wp-content/themes/default_es/images/kubrickbgcolor.jpg HTTP/1.1" 200 558 "http://www.foobar.com/archives/2003/12/25/la-cena-de-nochebuena/" "Mozilla/4.0 (compatible; MSIE 6.0; Windows NT 5.1; SV1)"
85.61.17.244 - - [13/Dec/2006:04:28:45 -0600] "GET /wp-content/themes/default_es/images/kubrickbgwide.jpg HTTP/1.1" 200 1020 "http://www.foobar.com/archives/2003/12/25/la-cena-de-nochebuena/" "Mozilla/4.0 (compatible; MSIE 6.0; Windows NT 5.1; SV1)"
85.61.17.244 - - [13/Dec/2006:04:28:45 -0600] "GET /wp-content/themes/default_es/images/kubrickheader.png HTTP/1.1" 200 3850 "http://www.foobar.com/archives/2003/12/25/la-cena-de-nochebuena/" "Mozilla/4.0 (compatible; MSIE 6.0; Windows NT 5.1; SV1)"
85.61.17.244 - - [13/Dec/2006:04:28:45 -0600] "GET /wp-content/themes/default_es/images/kubrickfooter.jpg HTTP/1.1" 200 2601 "http://www.foobar.com/archives/2003/12/25/la-cena-de-nochebuena/" "Mozilla/4.0 (compatible; MSIE 6.0; Windows NT 5.1; SV1)"
72.14.199.5 - - [13/Dec/2006:04:29:11 -0600] "GET /weblog/rdf HTTP/1.1" 304 0 "-" "Feedfetcher-Google; (+http://www.google.com/feedfetcher.html)"
131.202.212.90 - - [13/Dec/2006:04:29:21 -0600] "GET /feed/ HTTP/1.1" 304 0 "-" "NetNewsWire/2.1.1 (Mac OS X; http://ranchero.com/netnewswire/)"
81.38.221.147 - - [13/Dec/2006:04:29:24 -0600] "GET /wp-content/themes/default_es/style.css HTTP/1.1" 200 9885 "http://www.foobar.com/archives/2004/12/25/nochebuena-en-chicago/" "Mozilla/4.0 (compatible; MSIE 6.0; Windows NT 5.1; SV1; FunWebProducts; HbTools 4.8.2)"
81.38.221.147 - - [13/Dec/2006:04:29:24 -0600] "GET /archives/2004/12/25/nochebuena-en-chicago/ HTTP/1.1" 200 22516 "http://www.google.es/search?hl=es&q=recetas+de+cenas+economicas+para+noche+buena&btnG=B%C3%BAsqueda+en+Google&meta=lr%3Dlang_es" "Mozilla/4.0 (compatible; MSIE 6.0; Windows NT 5.1; SV1; FunWebProducts; HbTools 4.8.2)"
81.38.221.147 - - [13/Dec/2006:04:29:25 -0600] "GET /wp-content/themes/default_es/images/borjanet.png HTTP/1.1" 200 16169 "http://www.foobar.com/archives/2004/12/25/nochebuena-en-chicago/" "Mozilla/4.0 (compatible; MSIE 6.0; Windows NT 5.1; SV1; FunWebProducts; HbTools 4.8.2)"
81.38.221.147 - - [13/Dec/2006:04:29:25 -0600] "GET /wp-content/themes/default_es/images/kubrickheader.png HTTP/1.1" 200 3850 "http://www.foobar.com/archives/2004/12/25/nochebuena-en-chicago/" "Mozilla/4.0 (compatible; MSIE 6.0; Windows NT 5.1; SV1; FunWebProducts; HbTools 4.8.2)"
81.38.221.147 - - [13/Dec/2006:04:29:25 -0600] "GET /wp-content/themes/default_es/images/kubrickbgwide.jpg HTTP/1.1" 200 1020 "http://www.foobar.com/archives/2004/12/25/nochebuena-en-chicago/" "Mozilla/4.0 (compatible; MSIE 6.0; Windows NT 5.1; SV1; FunWebProducts; HbTools 4.8.2)"
81.38.221.147 - - [13/Dec/2006:04:29:25 -0600] "GET /wp-content/themes/default_es/images/kubrickbgcolor.jpg HTTP/1.1" 200 558 "http://www.foobar.com/archives/2004/12/25/nochebuena-en-chicago/" "Mozilla/4.0 (compatible; MSIE 6.0; Windows NT 5.1; SV1; FunWebProducts; HbTools 4.8.2)"
81.38.221.147 - - [13/Dec/2006:04:29:25 -0600] "GET /wp-content/themes/default_es/images/kubrickfooter.jpg HTTP/1.1" 200 2601 "http://www.foobar.com/archives/2004/12/25/nochebuena-en-chicago/" "Mozilla/4.0 (compatible; MSIE 6.0; Windows NT 5.1; SV1; FunWebProducts; HbTools 4.8.2)"
83.58.251.144 - - [13/Dec/2006:04:29:35 -0600] "GET /favicon.ico HTTP/1.1" 404 - "-" "NewzCrawler/1.7 (compatible; MSIE 6.00; Newz Crawler 1.7; http://www.newzcrawler.com/ )"
83.58.251.144 - - [13/Dec/2006:04:29:36 -0600] "GET /weblog/rdf HTTP/1.1" 304 0 "-" "NewzCrawler/1.7 (compatible; MSIE 6.00; Newz Crawler 1.7; http://www.newzcrawler.com/ )"
83.58.251.144 - - [13/Dec/2006:04:29:38 -0600] "GET /archives/2006/05/12/nostalgia-2/feed/ HTTP/1.1" 304 0 "-" "NewzCrawler/1.7 (compatible; MSIE 6.00; Newz Crawler 1.7; http://www.newzcrawler.com/ )"
83.58.251.144 - - [13/Dec/2006:04:29:40 -0600] "GET /archives/2006/11/14/advanced-wookie-laboratories/feed/ HTTP/1.1" 304 0 "-" "NewzCrawler/1.7 (compatible; MSIE 6.00; Newz Crawler 1.7; http://www.newzcrawler.com/ )"
194.224.199.54 - - [13/Dec/2006:04:29:41 -0600] "GET /archives/2004/08/25/chicago-da-6/feed/ HTTP/1.1" 200 7750 "http://www.foobar.com/archives/2004/08/25/chicago-da-6/" "noxtrumbot/1.0 (crawler@noxtrum.com)"
83.58.251.144 - - [13/Dec/2006:04:29:41 -0600] "GET /archives/2006/11/18/acento-inclasificable/feed/ HTTP/1.1" 304 0 "-" "NewzCrawler/1.7 (compatible; MSIE 6.00; Newz Crawler 1.7; http://www.newzcrawler.com/ )"
83.58.251.144 - - [13/Dec/2006:04:29:43 -0600] "GET /archives/2006/11/26/%c2%bfpor-que-escribes-un-blog/feed/ HTTP/1.1" 304 0 "-" "NewzCrawler/1.7 (compatible; MSIE 6.00; Newz Crawler 1.7; http://www.newzcrawler.com/ )"
83.58.251.144 - - [13/Dec/2006:04:29:45 -0600] "GET /archives/2006/11/26/%c2%bfpor-que-lees-mi-blog/feed/ HTTP/1.1" 304 0 "-" "NewzCrawler/1.7 (compatible; MSIE 6.00; Newz Crawler 1.7; http://www.newzcrawler.com/ )"
83.58.251.144 - - [13/Dec/2006:04:29:47 -0600] "GET /archives/2006/11/28/gigantes-en-la-era-del-silicio/feed/ HTTP/1.1" 304 0 "-" "NewzCrawler/1.7 (compatible; MSIE 6.00; Newz Crawler 1.7; http://www.newzcrawler.com/ )"
83.58.251.144 - - [13/Dec/2006:04:29:48 -0600] "GET /archives/2006/12/01/nieve-ahora-si/feed/ HTTP/1.1" 304 0 "-" "NewzCrawler/1.7 (compatible; MSIE 6.00; Newz Crawler 1.7; http://www.newzcrawler.com/ )"
83.58.251.144 - - [13/Dec/2006:04:29:49 -0600] "GET /archives/2006/12/11/pronunciacion/feed/ HTTP/1.1" 304 0 "-" "NewzCrawler/1.7 (compatible; MSIE 6.00; Newz Crawler 1.7; http://www.newzcrawler.com/ )"
65.214.44.29 - - [13/Dec/2006:04:30:22 -0600] "GET /weblog/rdf HTTP/1.1" 304 0 "-" "Bloglines/3.1 (http://www.bloglines.com; 27 subscribers)"
189.164.9.14 - - [13/Dec/2006:04:30:23 -0600] "GET /wp-content/themes/default_es/style.css HTTP/1.1" 200 9885 "http://www.foobar.com/archives/2004/08/29/chicago-da-10/" "Mozilla/4.0 (compatible; MSIE 6.0; Windows NT 5.1; SV1; .NET CLR 1.1.4322; InfoPath.1)"
