213.9.211.12 - - [13/Dec/2006:09:01:35 -0600] "GET /weblog/files/janet_superbowl.jpg HTTP/1.0" 404 - "http://www.foobar.com/archives/2004/02/08/la-teta-de-la-discordia/" "Mozilla/4.0 (compatible; MSIE 6.0; Windows NT 5.1; .NET CLR 1.1.4322)"
213.9.211.12 - - [13/Dec/2006:09:01:35 -0600] "GET /wp-content/themes/default_es/images/kubrickbgcolor.jpg HTTP/1.0" 200 558 "http://www.foobar.com/archives/2004/02/08/la-teta-de-la-discordia/" "Mozilla/4.0 (compatible; MSIE 6.0; Windows NT 5.1; .NET CLR 1.1.4322)"
213.9.211.12 - - [13/Dec/2006:09:01:35 -0600] "GET /wp-content/themes/default_es/images/borjanet.png HTTP/1.0" 200 16169 "http://www.foobar.com/archives/2004/02/08/la-teta-de-la-discordia/" "Mozilla/4.0 (compatible; MSIE 6.0; Windows NT 5.1; .NET CLR 1.1.4322)"
213.9.211.12 - - [13/Dec/2006:09:01:35 -0600] "GET /wp-content/themes/default_es/images/kubrickheader.png HTTP/1.0" 200 3850 "http://www.foobar.com/archives/2004/02/08/la-teta-de-la-discordia/" "Mozilla/4.0 (compatible; MSIE 6.0; Windows NT 5.1; .NET CLR 1.1.4322)"
213.9.211.12 - - [13/Dec/2006:09:01:35 -0600] "GET /wp-content/themes/default_es/images/kubrickbgwide.jpg HTTP/1.0" 200 1020 "http://www.foobar.com/archives/2004/02/08/la-teta-de-la-discordia/" "Mozilla/4.0 (compatible; MSIE 6.0; Windows NT 5.1; .NET CLR 1.1.4322)"
213.9.211.12 - - [13/Dec/2006:09:01:35 -0600] "GET /wp-content/themes/default_es/images/kubrickfooter.jpg HTTP/1.0" 200 2601 "http://www.foobar.com/archives/2004/02/08/la-teta-de-la-discordia/" "Mozilla/4.0 (compatible; MSIE 6.0; Windows NT 5.1; .NET CLR 1.1.4322)"
65.214.44.29 - - [13/Dec/2006:09:01:37 -0600] "GET /feed/rss2/ HTTP/1.1" 304 0 "-" "Bloglines/3.1 (http://www.bloglines.com; 3 subscribers)"
83.60.49.237 - - [13/Dec/2006:09:02:07 -0600] "GET /wp-content/themes/default_es/style.css HTTP/1.1" 200 9885 "http://www.foobar.com/archives/2005/10/17/magdalenas/" "Mozilla/4.0 (compatible; MSIE 5.01; Windows NT 5.0)"
83.60.49.237 - - [13/Dec/2006:09:02:08 -0600] "GET /archives/2005/10/17/magdalenas/ HTTP/1.1" 200 25632 "http://www.google.es/search?hl=es&ie=ISO-8859-1&q=receta+magdalenas&meta=" "Mozilla/4.0 (compatible; MSIE 5.01; Windows NT 5.0)"
83.60.49.237 - - [13/Dec/2006:09:02:08 -0600] "GET /wp-content/themes/default_es/images/borjanet.png HTTP/1.1" 200 16169 "http://www.foobar.com/archives/2005/10/17/magdalenas/" "Mozilla/4.0 (compatible; MSIE 5.01; Windows NT 5.0)"
83.60.49.237 - - [13/Dec/2006:09:02:08 -0600] "GET /wp-content/themes/default_es/images/kubrickbgcolor.jpg HTTP/1.1" 200 558 "http://www.foobar.com/archives/2005/10/17/magdalenas/" "Mozilla/4.0 (compatible; MSIE 5.01; Windows NT 5.0)"
83.60.49.237 - - [13/Dec/2006:09:02:09 -0600] "GET /wp-content/themes/default_es/images/kubrickbgwide.jpg HTTP/1.1" 200 1020 "http://www.foobar.com/archives/2005/10/17/magdalenas/" "Mozilla/4.0 (compatible; MSIE 5.01; Windows NT 5.0)"
83.60.49.237 - - [13/Dec/2006:09:02:09 -0600] "GET /wp-content/themes/default_es/images/kubrickheader.png HTTP/1.1" 200 3850 "http://www.foobar.com/archives/2005/10/17/magdalenas/" "Mozilla/4.0 (compatible; MSIE 5.01; Windows NT 5.0)"
83.60.49.237 - - [13/Dec/2006:09:02:09 -0600] "GET /wp-content/themes/default_es/images/kubrickfooter.jpg HTTP/1.1" 200 2601 "http://www.foobar.com/archives/2005/10/17/magdalenas/" "Mozilla/4.0 (compatible; MSIE 5.01; Windows NT 5.0)"
193.205.222.22 - - [13/Dec/2006:09:02:18 -0600] "GET /feed/ HTTP/1.0" 304 0 "-" "Liferea/1.0.20 (Linux; es_ES.ISO-8859-15; http://liferea.sf.net/)"
201.21.252.44 - - [13/Dec/2006:09:02:27 -0600] "GET /uploads/whoseline.jpg HTTP/1.1" 200 13096 "http://nowloaded.org/forum/index.php?showtopic=21145" "Mozilla/5.0 (Windows; U; Windows NT 5.1; pt-BR; rv:1.7.12) Gecko/20050919 Firefox/1.0.7"
65.214.44.29 - - [13/Dec/2006:09:02:30 -0600] "GET /feed/ HTTP/1.1" 304 0 "-" "Bloglines/3.1 (http://www.bloglines.com; 8 subscribers)"
65.214.44.29 - - [13/Dec/2006:09:02:34 -0600] "GET /feed/atom/ HTTP/1.1" 304 0 "-" "Bloglines/3.1 (http://www.bloglines.com; 4 subscribers)"
212.55.0.180 - - [13/Dec/2006:09:02:59 -0600] "GET /favicon.ico HTTP/1.1" 404 - "http://www.newsgator.com/ngs/subscriber/WebEd2.aspx?fid=54110" "Mozilla/5.0 (Windows; U; Windows NT 5.1; es-ES; rv:1.8.1) Gecko/20061010 Firefox/2.0"
212.55.0.180 - - [13/Dec/2006:09:03:05 -0600] "GET /favicon.ico HTTP/1.1" 404 - "http://www.newsgator.com/ngs/subscriber/WebEd2.aspx?fid=54110" "Mozilla/5.0 (Windows; U; Windows NT 5.1; es-ES; rv:1.8.1) Gecko/20061010 Firefox/2.0"
217.217.2.71 - - [13/Dec/2006:09:03:10 -0600] "GET /uploads/Family_guy_logo.png HTTP/1.1" 404 - "http://paratirar.blogspot.com/" "Mozilla/4.0 (compatible; MSIE 6.0; Windows NT 5.1; SV1; .NET CLR 1.1.4322)"
81.44.97.188 - - [13/Dec/2006:09:03:25 -0600] "GET /archives/2006/06/23/cursillos-de-julio-de-eside-y-2/feed/ HTTP/1.1" 200 7754 "http://www.google.es/search?q=borja+etr&hl=es" "Mozilla/4.0 (compatible; MSIE 7.0; Windows NT 5.1; .NET CLR 1.1.4322; InfoPath.1; .NET CLR 2.0.50727)"
81.44.97.188 - - [13/Dec/2006:09:03:27 -0600] "GET /favicon.ico HTTP/1.1" 404 - "-" "Mozilla/4.0 (compatible; MSIE 7.0; Windows NT 5.1; .NET CLR 1.1.4322; InfoPath.1; .NET CLR 2.0.50727)"
83.58.251.144 - - [13/Dec/2006:09:03:32 -0600] "GET /favicon.ico HTTP/1.1" 404 - "-" "NewzCrawler/1.7 (compatible; MSIE 6.00; Newz Crawler 1.7; http://www.newzcrawler.com/ )"
83.58.251.144 - - [13/Dec/2006:09:03:33 -0600] "GET /weblog/rdf HTTP/1.1" 304 0 "-" "NewzCrawler/1.7 (compatible; MSIE 6.00; Newz Crawler 1.7; http://www.newzcrawler.com/ )"
83.58.251.144 - - [13/Dec/2006:09:03:35 -0600] "GET /archives/2006/05/12/nostalgia-2/feed/ HTTP/1.1" 304 0 "-" "NewzCrawler/1.7 (compatible; MSIE 6.00; Newz Crawler 1.7; http://www.newzcrawler.com/ )"
83.58.251.144 - - [13/Dec/2006:09:03:37 -0600] "GET /archives/2006/11/14/advanced-wookie-laboratories/feed/ HTTP/1.1" 304 0 "-" "NewzCrawler/1.7 (compatible; MSIE 6.00; Newz Crawler 1.7; http://www.newzcrawler.com/ )"
83.58.251.144 - - [13/Dec/2006:09:03:40 -0600] "GET /archives/2006/11/18/acento-inclasificable/feed/ HTTP/1.1" 304 0 "-" "NewzCrawler/1.7 (compatible; MSIE 6.00; Newz Crawler 1.7; http://www.newzcrawler.com/ )"
83.58.251.144 - - [13/Dec/2006:09:03:42 -0600] "GET /archives/2006/11/26/%c2%bfpor-que-escribes-un-blog/feed/ HTTP/1.1" 304 0 "-" "NewzCrawler/1.7 (compatible; MSIE 6.00; Newz Crawler 1.7; http://www.newzcrawler.com/ )"
83.58.251.144 - - [13/Dec/2006:09:03:44 -0600] "GET /archives/2006/11/26/%c2%bfpor-que-lees-mi-blog/feed/ HTTP/1.1" 304 0 "-" "NewzCrawler/1.7 (compatible; MSIE 6.00; Newz Crawler 1.7; http://www.newzcrawler.com/ )"
83.58.251.144 - - [13/Dec/2006:09:03:47 -0600] "GET /archives/2006/11/28/gigantes-en-la-era-del-silicio/feed/ HTTP/1.1" 304 0 "-" "NewzCrawler/1.7 (compatible; MSIE 6.00; Newz Crawler 1.7; http://www.newzcrawler.com/ )"
83.58.251.144 - - [13/Dec/2006:09:03:49 -0600] "GET /archives/2006/12/01/nieve-ahora-si/feed/ HTTP/1.1" 304 0 "-" "NewzCrawler/1.7 (compatible; MSIE 6.00; Newz Crawler 1.7; http://www.newzcrawler.com/ )"
88.7.249.134 - - [13/Dec/2006:09:03:54 -0600] "GET /comments/feed/ HTTP/1.1" 200 12280 "-" "Feedreader 3.06 (Powered by Newsbrain)"
83.58.251.144 - - [13/Dec/2006:09:03:55 -0600] "GET /archives/2006/12/11/pronunciacion/feed/ HTTP/1.1" 304 0 "-" "NewzCrawler/1.7 (compatible; MSIE 6.00; Newz Crawler 1.7; http://www.newzcrawler.com/ )"
62.43.198.198 - - [13/Dec/2006:09:04:00 -0600] "GET /feed/ HTTP/1.1" 200 10763 "-" "Mozilla/5.0 (Sage)"
60.191.80.30 - - [13/Dec/2006:09:04:11 -0600] "GET /archives/2004/07/31/el-progresivo-agilipollamiento-de-la-cpula-catlica/ HTTP/1.1" 200 19224 "-" "OutfoxBot/0.5 (for internet experiments; http://; outfoxbot@gmail.com)"
81.44.97.188 - - [13/Dec/2006:09:04:18 -0600] "GET /wp-content/themes/default_es/style.css HTTP/1.1" 200 9885 "http://www.foobar.com/archives/2006/06/23/cursillos-de-julio-de-eside-y-2/" "Mozilla/4.0 (compatible; MSIE 7.0; Windows NT 5.1; .NET CLR 1.1.4322; InfoPath.1; .NET CLR 2.0.50727)"
81.44.97.188 - - [13/Dec/2006:09:04:18 -0600] "GET /archives/2006/06/23/cursillos-de-julio-de-eside-y-2/ HTTP/1.1" 200 27358 "http://www.google.es/search?q=borja+etr&hl=es" "Mozilla/4.0 (compatible; MSIE 7.0; Windows NT 5.1; .NET CLR 1.1.4322; InfoPath.1; .NET CLR 2.0.50727)"
81.44.97.188 - - [13/Dec/2006:09:04:19 -0600] "GET /wp-content/themes/default_es/images/borjanet.png HTTP/1.1" 200 16169 "http://www.foobar.com/archives/2006/06/23/cursillos-de-julio-de-eside-y-2/" "Mozilla/4.0 (compatible; MSIE 7.0; Windows NT 5.1; .NET CLR 1.1.4322; InfoPath.1; .NET CLR 2.0.50727)"
81.44.97.188 - - [13/Dec/2006:09:04:19 -0600] "GET /wp-content/themes/default_es/images/kubrickbgcolor.jpg HTTP/1.1" 200 558 "http://www.foobar.com/archives/2006/06/23/cursillos-de-julio-de-eside-y-2/" "Mozilla/4.0 (compatible; MSIE 7.0; Windows NT 5.1; .NET CLR 1.1.4322; InfoPath.1; .NET CLR 2.0.50727)"
81.44.97.188 - - [13/Dec/2006:09:04:19 -0600] "GET /wp-content/themes/default_es/images/kubrickbgwide.jpg HTTP/1.1" 200 1020 "http://www.foobar.com/archives/2006/06/23/cursillos-de-julio-de-eside-y-2/" "Mozilla/4.0 (compatible; MSIE 7.0; Windows NT 5.1; .NET CLR 1.1.4322; InfoPath.1; .NET CLR 2.0.50727)"
81.44.97.188 - - [13/Dec/2006:09:04:19 -0600] "GET /wp-content/themes/default_es/images/kubrickheader.png HTTP/1.1" 200 3850 "http://www.foobar.com/archives/2006/06/23/cursillos-de-julio-de-eside-y-2/" "Mozilla/4.0 (compatible; MSIE 7.0; Windows NT 5.1; .NET CLR 1.1.4322; InfoPath.1; .NET CLR 2.0.50727)"
81.44.97.188 - - [13/Dec/2006:09:04:19 -0600] "GET /wp-content/themes/default_es/images/kubrickfooter.jpg HTTP/1.1" 200 2601 "http://www.foobar.com/archives/2006/06/23/cursillos-de-julio-de-eside-y-2/" "Mozilla/4.0 (compatible; MSIE 7.0; Windows NT 5.1; .NET CLR 1.1.4322; InfoPath.1; .NET CLR 2.0.50727)"
201.232.140.154 - - [13/Dec/2006:09:05:21 -0600] "GET /archives/2006/01/19/television-americana/ HTTP/1.1" 200 22423 "http://images.google.com.co/imgres?imgurl=http://www.foobar.com/uploads/Family_guy_logo.png&imgrefurl=http://www.foobar.com/archives/2006/01/19/television-americana/&h=189&w=300&sz=28&hl=es&start=16&tbnid=qlC6Gq_pQxf_tM:&tbnh=73&tbnw=116&prev=/images%3Fq%3Dpadre%2Bde%2Bfamilia%26svnum%3D10%26hl%3Des%26lr%3D%26sa%3DN" "Mozilla/4.0 (compatible; MSIE 6.0; Windows NT 5.1; SV1; .NET CLR 1.1.4322; .NET CLR 2.0.50727)"
201.232.140.154 - - [13/Dec/2006:09:05:22 -0600] "GET /wp-content/themes/default_es/style.css HTTP/1.1" 200 9885 "http://www.foobar.com/archives/2006/01/19/television-americana/" "Mozilla/4.0 (compatible; MSIE 6.0; Windows NT 5.1; SV1; .NET CLR 1.1.4322; .NET CLR 2.0.50727)"
201.232.140.154 - - [13/Dec/2006:09:05:22 -0600] "GET /uploads/Family_guy_logo.png HTTP/1.1" 404 - "http://images.google.com.co/imgres?imgurl=http://www.foobar.com/uploads/Family_guy_logo.png&imgrefurl=http://www.foobar.com/archives/2006/01/19/television-americana/&h=189&w=300&sz=28&tbnid=qlC6Gq_pQxf_tM:&tbnh=73&tbnw=116&hl=es&prev=/images%3Fq%3Dpadre%2Bde%2Bfamilia%26svnum%3D10%26hl%3Des%26lr%3D%26sa%3DN&frame=small" "Mozilla/4.0 (compatible; MSIE 6.0; Windows NT 5.1; SV1; .NET CLR 1.1.4322; .NET CLR 2.0.50727)"
201.232.140.154 - - [13/Dec/2006:09:05:23 -0600] "GET /wp-content/themes/default_es/images/borjanet.png HTTP/1.1" 200 16169 "http://www.foobar.com/archives/2006/01/19/television-americana/" "Mozilla/4.0 (compatible; MSIE 6.0; Windows NT 5.1; SV1; .NET CLR 1.1.4322; .NET CLR 2.0.50727)"
201.232.140.154 - - [13/Dec/2006:09:05:26 -0600] "GET /wp-content/themes/default_es/style.css HTTP/1.1" 200 9885 "http://www.foobar.com/archives/2006/01/19/television-americana/" "Mozilla/4.0 (compatible; MSIE 6.0; Windows NT 5.1; SV1; .NET CLR 1.1.4322; .NET CLR 2.0.50727)"
201.232.140.154 - - [13/Dec/2006:09:05:26 -0600] "GET /uploads/Dailyshow_logo.jpg HTTP/1.1" 200 13964 "http://www.foobar.com/archives/2006/01/19/television-americana/" "Mozilla/4.0 (compatible; MSIE 6.0; Windows NT 5.1; SV1; .NET CLR 1.1.4322; .NET CLR 2.0.50727)"
201.232.140.154 - - [13/Dec/2006:09:05:27 -0600] "GET /wp-content/themes/default_es/images/borjanet.png HTTP/1.1" 200 16169 "http://www.foobar.com/archives/2006/01/19/television-americana/" "Mozilla/4.0 (compatible; MSIE 6.0; Windows NT 5.1; SV1; .NET CLR 1.1.4322; .NET CLR 2.0.50727)"
82.158.147.238 - - [13/Dec/2006:09:05:37 -0600] "GET /feed/atom/ HTTP/1.1" 200 9637 "-" "Mozilla/5.0 (Windows; U; Windows NT 5.2; es-ES; rv:1.8.1) Gecko/20061010 Firefox/2.0"
195.27.215.89 - - [13/Dec/2006:09:05:43 -0600] "GET /archives/2005/07/19/ultimo-post-desde-espana-hasta-septiembre/ HTTP/1.0" 200 13411 "-" "Seekbot/1.0 (http://www.seekbot.net/bot.html) HTTPFetcher/0.3"
74.6.85.230 - - [13/Dec/2006:09:07:10 -0600] "GET /archives/category/libro/page/2/ HTTP/1.0" 200 33060 "-" "Mozilla/5.0 (compatible; Yahoo! Slurp; http://help.yahoo.com/help/us/ysearch/slurp)"
82.158.221.11 - - [13/Dec/2006:09:07:24 -0600] "GET /archives/2005/11/02/chocolate-a-la-taza/ HTTP/1.1" 200 18008 "http://www.google.es/search?sourceid=navclient&hl=es&ie=UTF-8&rls=GGLD,GGLD:2005-02,GGLD:es&q=chocolate+a+la+taza" "Mozilla/4.0 (compatible; MSIE 6.0; Windows 98)"
82.158.221.11 - - [13/Dec/2006:09:07:24 -0600] "GET /wp-content/themes/default_es/style.css HTTP/1.1" 200 9885 "http://www.foobar.com/archives/2005/11/02/chocolate-a-la-taza/" "Mozilla/4.0 (compatible; MSIE 6.0; Windows 98)"
82.158.221.11 - - [13/Dec/2006:09:07:24 -0600] "GET /wp-content/themes/default_es/images/borjanet.png HTTP/1.1" 200 16169 "http://www.foobar.com/archives/2005/11/02/chocolate-a-la-taza/" "Mozilla/4.0 (compatible; MSIE 6.0; Windows 98)"
82.158.221.11 - - [13/Dec/2006:09:07:25 -0600] "GET /wp-content/themes/default_es/images/kubrickbgwide.jpg HTTP/1.1" 200 1020 "http://www.foobar.com/archives/2005/11/02/chocolate-a-la-taza/" "Mozilla/4.0 (compatible; MSIE 6.0; Windows 98)"
82.158.221.11 - - [13/Dec/2006:09:07:25 -0600] "GET /wp-content/themes/default_es/images/kubrickbgcolor.jpg HTTP/1.1" 200 558 "http://www.foobar.com/archives/2005/11/02/chocolate-a-la-taza/" "Mozilla/4.0 (compatible; MSIE 6.0; Windows 98)"
82.158.221.11 - - [13/Dec/2006:09:07:26 -0600] "GET /wp-content/themes/default_es/images/kubrickheader.png HTTP/1.1" 200 3850 "http://www.foobar.com/archives/2005/11/02/chocolate-a-la-taza/" "Mozilla/4.0 (compatible; MSIE 6.0; Windows 98)"
82.158.221.11 - - [13/Dec/2006:09:07:28 -0600] "GET /wp-content/themes/default_es/images/kubrickfooter.jpg HTTP/1.1" 200 2601 "http://www.foobar.com/archives/2005/11/02/chocolate-a-la-taza/" "Mozilla/4.0 (compatible; MSIE 6.0; Windows 98)"
83.32.53.25 - - [13/Dec/2006:09:07:45 -0600] "GET /favicon.ico HTTP/1.0" 404 - "http://www.netvibes.com/" "Mozilla/5.0 (Windows; U; Windows NT 5.1; es-ES; rv:1.8.0.8) Gecko/20061025 Firefox/1.5.0.8"
81.202.208.214 - - [13/Dec/2006:09:07:49 -0600] "GET /favicon.ico HTTP/1.1" 404 - "http://www.netvibes.com/" "Mozilla/5.0 (Windows; U; Windows NT 5.1; es-ES; rv:1.8.0.8) Gecko/20061025 Firefox/1.5.0.8"
80.224.29.161 - - [13/Dec/2006:09:08:14 -0600] "GET /feed/ HTTP/1.0" 304 0 "-" "Liferea/1.0.26 (Linux; http://liferea.sf.net/)"
130.206.100.134 - - [13/Dec/2006:09:08:29 -0600] "GET /feed/ HTTP/1.0" 304 0 "-" "Liferea/1.0.23 (Linux; es_ES.UTF-8; http://liferea.sf.net/)"
200.30.74.26 - - [13/Dec/2006:09:09:06 -0600] "GET /favicon.ico HTTP/1.0" 404 - "-" "Mozilla/4.0 (compatible; MSIE 6.0; Windows NT 5.1; SV1; .NET CLR 1.1.4322)"
200.30.74.26 - - [13/Dec/2006:09:09:06 -0600] "GET /favicon.ico HTTP/1.0" 404 - "-" "Mozilla/4.0 (compatible; MSIE 6.0; Windows NT 5.1; SV1; .NET CLR 1.1.4322)"
200.30.74.26 - - [13/Dec/2006:09:09:07 -0600] "GET /wp-content/themes/default_es/style.css HTTP/1.0" 200 9885 "http://www.foobar.com/archives/2005/10/17/recetas-y-complejidad/" "Mozilla/4.0 (compatible; MSIE 6.0; Windows NT 5.1; SV1; .NET CLR 1.1.4322)"
200.30.74.26 - - [13/Dec/2006:09:09:08 -0600] "GET /archives/2005/10/17/recetas-y-complejidad/ HTTP/1.0" 200 20339 "http://www.google.com.co/search?q=ejercicios+complejidad+computacional&hl=es&lr=&start=10&sa=N" "Mozilla/4.0 (compatible; MSIE 6.0; Windows NT 5.1; SV1; .NET CLR 1.1.4322)"
200.30.74.26 - - [13/Dec/2006:09:09:08 -0600] "GET /wp-content/themes/default_es/images/kubrickbgcolor.jpg HTTP/1.0" 200 558 "http://www.foobar.com/archives/2005/10/17/recetas-y-complejidad/" "Mozilla/4.0 (compatible; MSIE 6.0; Windows NT 5.1; SV1; .NET CLR 1.1.4322)"
200.30.74.26 - - [13/Dec/2006:09:09:11 -0600] "GET /wp-content/themes/default_es/images/kubrickheader.png HTTP/1.0" 200 3850 "http://www.foobar.com/archives/2005/10/17/recetas-y-complejidad/" "Mozilla/4.0 (compatible; MSIE 6.0; Windows NT 5.1; SV1; .NET CLR 1.1.4322)"
200.30.74.26 - - [13/Dec/2006:09:09:08 -0600] "GET /wp-content/themes/default_es/images/borjanet.png HTTP/1.0" 200 16169 "http://www.foobar.com/archives/2005/10/17/recetas-y-complejidad/" "Mozilla/4.0 (compatible; MSIE 6.0; Windows NT 5.1; SV1; .NET CLR 1.1.4322)"
200.30.74.26 - - [13/Dec/2006:09:09:08 -0600] "GET /wp-content/themes/default_es/images/kubrickbgwide.jpg HTTP/1.0" 200 1020 "http://www.foobar.com/archives/2005/10/17/recetas-y-complejidad/" "Mozilla/4.0 (compatible; MSIE 6.0; Windows NT 5.1; SV1; .NET CLR 1.1.4322)"
200.30.74.26 - - [13/Dec/2006:09:09:11 -0600] "GET /wp-content/themes/default_es/images/kubrickfooter.jpg HTTP/1.0" 200 2601 "http://www.foobar.com/archives/2005/10/17/recetas-y-complejidad/" "Mozilla/4.0 (compatible; MSIE 6.0; Windows NT 5.1; SV1; .NET CLR 1.1.4322)"
38.102.128.140 - - [13/Dec/2006:09:09:29 -0600] "GET /feed HTTP/1.1" 304 0 "-" "Mozilla/5.0 (X11; U; Linux i686; en-US; rv:1.2.1; Rojo 1.0; http://www.rojo.com/corporate/help/agg/; Aggregating on behalf of 6 subscriber(s) online at http://www.rojo.com/?feed-id=2396053) Gecko/20021130"
201.247.178.11 - - [13/Dec/2006:09:09:39 -0600] "GET /archives/2003/01/28/eminter-poenas-et-tormentaem/feed/ HTTP/1.1" 200 20619 "http://www.google.com.sv/search?hl=es&q=poenas&lr=" "Mozilla/4.0 (compatible; MSIE 6.0; Windows 98; Win 9x 4.90)"
201.247.178.11 - - [13/Dec/2006:09:09:40 -0600] "GET /archives/2003/01/28/eminter-poenas-et-tormentaem/feed/ HTTP/1.1" 200 3596 "http://www.google.com.sv/search?hl=es&q=poenas&lr=" "Mozilla/4.0 (compatible; MSIE 6.0; Windows 98; Win 9x 4.90)"
212.168.173.12 - - [13/Dec/2006:09:10:03 -0600] "GET /feed/ HTTP/1.1" 304 0 "-" "AlestiFeedBot/0.7 (http://www.alesti.org/; 5 subscribers)"
81.203.27.42 - - [13/Dec/2006:09:10:12 -0600] "GET /archives/2006/05/07/bso/feed/ HTTP/1.1" 200 0 "http://www.google.es/search?hl=es&q=beethoven+contexto&meta=" "Mozilla/4.0 (compatible; MSIE 6.0; Windows NT 5.1; SV1; Alisys_ONO; .NET CLR 1.1.4322)"
201.15.71.50 - - [13/Dec/2006:09:10:27 -0600] "GET /uploads/whoseline.jpg HTTP/1.1" 200 13096 "http://nowloaded.org/forum/index.php?showtopic=22951" "Mozilla/4.0 (compatible; MSIE 7.0; Windows NT 5.1; FDM; MEGAUPLOAD 1.0)"
210.173.180.164 - - [13/Dec/2006:09:11:00 -0600] "GET /archives/2004/02/18/murphy-ataca/feed/ HTTP/1.1" 200 4752 "-" "ichiro/2.0 (http://help.goo.ne.jp/door/crawler.html)"
83.46.198.225 - - [13/Dec/2006:09:11:01 -0600] "GET /feed/atom/ HTTP/1.1" 304 0 "-" "Mozilla/5.0 (Macintosh; U; PPC Mac OS X; en-us) AppleWebKit/412 (KHTML, like Gecko) Safari/412"
217.130.78.71 - - [13/Dec/2006:09:11:04 -0600] "GET /feed/ HTTP/1.0" 304 0 "-" "Liferea/1.0.23 (Linux; es_ES.UTF-8; http://liferea.sf.net/)"
81.45.244.21 - - [13/Dec/2006:09:11:24 -0600] "GET /wp-content/themes/default_es/style.css HTTP/1.1" 200 9885 "http://www.foobar.com/archives/2005/02/13/defaced/" "Mozilla/4.0 (compatible; MSIE 6.0; Windows NT 5.1; SV1; .NET CLR 1.1.4322)"
81.45.244.21 - - [13/Dec/2006:09:11:24 -0600] "GET /archives/2005/02/13/defaced/ HTTP/1.1" 200 17814 "http://www.google.es/search?hl=es&q=defaced&meta=lr%3Dlang_es" "Mozilla/4.0 (compatible; MSIE 6.0; Windows NT 5.1; SV1; .NET CLR 1.1.4322)"
81.45.244.21 - - [13/Dec/2006:09:11:25 -0600] "GET /wp-content/themes/default_es/images/kubrickbgcolor.jpg HTTP/1.1" 200 558 "http://www.foobar.com/archives/2005/02/13/defaced/" "Mozilla/4.0 (compatible; MSIE 6.0; Windows NT 5.1; SV1; .NET CLR 1.1.4322)"
81.45.244.21 - - [13/Dec/2006:09:11:25 -0600] "GET /wp-content/themes/default_es/images/borjanet.png HTTP/1.1" 200 16169 "http://www.foobar.com/archives/2005/02/13/defaced/" "Mozilla/4.0 (compatible; MSIE 6.0; Windows NT 5.1; SV1; .NET CLR 1.1.4322)"
81.45.244.21 - - [13/Dec/2006:09:11:26 -0600] "GET /wp-content/themes/default_es/images/kubrickbgwide.jpg HTTP/1.1" 200 1020 "http://www.foobar.com/archives/2005/02/13/defaced/" "Mozilla/4.0 (compatible; MSIE 6.0; Windows NT 5.1; SV1; .NET CLR 1.1.4322)"
81.45.244.21 - - [13/Dec/2006:09:11:26 -0600] "GET /wp-content/themes/default_es/images/kubrickheader.png HTTP/1.1" 200 3850 "http://www.foobar.com/archives/2005/02/13/defaced/" "Mozilla/4.0 (compatible; MSIE 6.0; Windows NT 5.1; SV1; .NET CLR 1.1.4322)"
81.45.244.21 - - [13/Dec/2006:09:11:26 -0600] "GET /wp-content/themes/default_es/images/kubrickfooter.jpg HTTP/1.1" 200 2601 "http://www.foobar.com/archives/2005/02/13/defaced/" "Mozilla/4.0 (compatible; MSIE 6.0; Windows NT 5.1; SV1; .NET CLR 1.1.4322)"
201.210.198.199 - - [13/Dec/2006:09:11:28 -0600] "GET /archives/2005/10/17/magdalenas/feed/ HTTP/1.1" 200 15593 "http://www.google.co.ve/search?hl=es&q=cuadrados+en+las+paredes&meta=" "Mozilla/4.0 (compatible; MSIE 6.0; Windows NT 5.1; SV1)"
83.37.129.186 - - [13/Dec/2006:09:11:37 -0600] "GET /archives/2005/06/25/el-club-de-la-comedia-el-de-verdad/ HTTP/1.1" 200 20383 "http://www.google.es/search?hl=es&sa=X&oi=spell&resnum=0&ct=result&cd=1&q=videos+de+el+club+de+la+comedia&spell=1" "Mozilla/4.0 (compatible; MSIE 7.0; Windows NT 5.1; Creative; .NET CLR 1.1.4322)"
83.37.129.186 - - [13/Dec/2006:09:11:37 -0600] "GET /wp-content/themes/default_es/style.css HTTP/1.1" 200 9885 "http://www.foobar.com/archives/2005/06/25/el-club-de-la-comedia-el-de-verdad/" "Mozilla/4.0 (compatible; MSIE 7.0; Windows NT 5.1; Creative; .NET CLR 1.1.4322)"
83.37.129.186 - - [13/Dec/2006:09:11:38 -0600] "GET /wp-content/themes/default_es/images/borjanet.png HTTP/1.1" 200 16169 "http://www.foobar.com/archives/2005/06/25/el-club-de-la-comedia-el-de-verdad/" "Mozilla/4.0 (compatible; MSIE 7.0; Windows NT 5.1; Creative; .NET CLR 1.1.4322)"
83.37.129.186 - - [13/Dec/2006:09:11:38 -0600] "GET /wp-content/themes/default_es/images/kubrickbgcolor.jpg HTTP/1.1" 200 558 "http://www.foobar.com/archives/2005/06/25/el-club-de-la-comedia-el-de-verdad/" "Mozilla/4.0 (compatible; MSIE 7.0; Windows NT 5.1; Creative; .NET CLR 1.1.4322)"
83.37.129.186 - - [13/Dec/2006:09:11:38 -0600] "GET /wp-content/themes/default_es/images/kubrickbgwide.jpg HTTP/1.1" 200 1020 "http://www.foobar.com/archives/2005/06/25/el-club-de-la-comedia-el-de-verdad/" "Mozilla/4.0 (compatible; MSIE 7.0; Windows NT 5.1; Creative; .NET CLR 1.1.4322)"
83.37.129.186 - - [13/Dec/2006:09:11:38 -0600] "GET /wp-content/themes/default_es/images/kubrickheader.png HTTP/1.1" 200 3850 "http://www.foobar.com/archives/2005/06/25/el-club-de-la-comedia-el-de-verdad/" "Mozilla/4.0 (compatible; MSIE 7.0; Windows NT 5.1; Creative; .NET CLR 1.1.4322)"
83.37.129.186 - - [13/Dec/2006:09:11:39 -0600] "GET /wp-content/themes/default_es/images/kubrickfooter.jpg HTTP/1.1" 200 2601 "http://www.foobar.com/archives/2005/06/25/el-club-de-la-comedia-el-de-verdad/" "Mozilla/4.0 (compatible; MSIE 7.0; Windows NT 5.1; Creative; .NET CLR 1.1.4322)"
83.37.129.186 - - [13/Dec/2006:09:11:39 -0600] "GET /favicon.ico HTTP/1.1" 404 - "-" "Mozilla/4.0 (compatible; MSIE 7.0; Windows NT 5.1; Creative; .NET CLR 1.1.4322)"
81.45.244.21 - - [13/Dec/2006:09:11:46 -0600] "GET /index_unroot.php HTTP/1.1" 404 - "http://www.foobar.com/archives/2005/02/13/defaced/" "Mozilla/4.0 (compatible; MSIE 6.0; Windows NT 5.1; SV1; .NET CLR 1.1.4322)"
83.60.49.237 - - [13/Dec/2006:09:11:53 -0600] "GET /wp-content/themes/default_es/style.css HTTP/1.1" 304 - "http://www.foobar.com/archives/2005/10/17/magdalenas/" "Mozilla/4.0 (compatible; MSIE 5.01; Windows NT 5.0)"
83.60.49.237 - - [13/Dec/2006:09:11:53 -0600] "GET /wp-content/themes/default_es/images/borjanet.png HTTP/1.1" 304 - "http://www.foobar.com/archives/2005/10/17/magdalenas/" "Mozilla/4.0 (compatible; MSIE 5.01; Windows NT 5.0)"
83.60.49.237 - - [13/Dec/2006:09:11:53 -0600] "GET /archives/2005/10/17/magdalenas/ HTTP/1.1" 200 25643 "http://www.google.es/search?hl=es&ie=ISO-8859-1&q=receta+magdalenas&meta=" "Mozilla/4.0 (compatible; MSIE 5.01; Windows NT 5.0)"
83.60.49.237 - - [13/Dec/2006:09:11:54 -0600] "GET /wp-content/themes/default_es/images/kubrickbgcolor.jpg HTTP/1.1" 304 - "http://www.foobar.com/archives/2005/10/17/magdalenas/" "Mozilla/4.0 (compatible; MSIE 5.01; Windows NT 5.0)"
83.60.49.237 - - [13/Dec/2006:09:11:54 -0600] "GET /wp-content/themes/default_es/images/kubrickbgwide.jpg HTTP/1.1" 304 - "http://www.foobar.com/archives/2005/10/17/magdalenas/" "Mozilla/4.0 (compatible; MSIE 5.01; Windows NT 5.0)"
83.60.49.237 - - [13/Dec/2006:09:11:54 -0600] "GET /wp-content/themes/default_es/images/kubrickheader.png HTTP/1.1" 304 - "http://www.foobar.com/archives/2005/10/17/magdalenas/" "Mozilla/4.0 (compatible; MSIE 5.01; Windows NT 5.0)"
83.60.49.237 - - [13/Dec/2006:09:11:54 -0600] "GET /wp-content/themes/default_es/images/kubrickfooter.jpg HTTP/1.1" 304 - "http://www.foobar.com/archives/2005/10/17/magdalenas/" "Mozilla/4.0 (compatible; MSIE 5.01; Windows NT 5.0)"
62.175.249.254 - - [13/Dec/2006:09:12:00 -0600] "GET /archives/2006/01/19/television-americana/ HTTP/1.1" 200 22479 "-" "Mozilla/4.0 (compatible;)"
193.189.143.195 - - [13/Dec/2006:09:12:33 -0600] "GET /feed/atom/ HTTP/1.0" 200 9604 "-" "Netvibes (http://www.netvibes.com/; 1 subscriber)"
158.38.88.39 - - [13/Dec/2006:09:12:34 -0600] "GET /favicon.ico HTTP/1.1" 404 - "http://www.netvibes.com/" "Mozilla/5.0 (Windows; U; Windows NT 5.1; es-ES; rv:1.8.1) Gecko/20061010 Firefox/2.0"
195.27.215.89 - - [13/Dec/2006:09:12:38 -0600] "GET /archives/2005/07/29/adios-fiel-amigo/ HTTP/1.0" 200 18283 "-" "Seekbot/1.0 (http://www.seekbot.net/bot.html) HTTPFetcher/0.3"
60.191.80.30 - - [13/Dec/2006:09:13:01 -0600] "GET /archives/category/life-in-chicago/page/2/ HTTP/1.1" 200 32766 "-" "OutfoxBot/0.5 (for internet experiments; http://; outfoxbot@gmail.com)"
210.173.180.164 - - [13/Dec/2006:09:13:01 -0600] "GET /archives/2004/02/17/orkut-eando-entre-otras-cosas/www.sdelavega.tk HTTP/1.1" 404 - "-" "ichiro/2.0 (http://help.goo.ne.jp/door/crawler.html)"
217.125.236.205 - - [13/Dec/2006:09:13:06 -0600] "GET /wp-content/themes/default_es/style.css HTTP/1.1" 200 9885 "http://www.foobar.com/archives/2006/01/19/television-americana/" "Mozilla/4.0 (compatible; MSIE 7.0; Windows NT 5.1; .NET CLR 1.1.4322; InfoPath.1)"
217.125.236.205 - - [13/Dec/2006:09:13:07 -0600] "GET /archives/2006/01/19/television-americana/ HTTP/1.1" 200 22411 "http://images.google.es/imgres?imgurl=http://www.foobar.com/uploads/Family_guy_logo.png&imgrefurl=http://www.foobar.com/archives/2006/01/19/television-americana/&h=189&w=300&sz=28&hl=es&start=16&tbnid=qlC6Gq_pQxf_tM:&tbnh=73&tbnw=116&prev=/images%3Fq%3Dpadre%2Bde%2Bfamilia%26svnum%3D10%26hl%3Des%26lr%3D" "Mozilla/4.0 (compatible; MSIE 7.0; Windows NT 5.1; .NET CLR 1.1.4322; InfoPath.1)"
217.125.236.205 - - [13/Dec/2006:09:13:07 -0600] "GET /uploads/Family_guy_logo.png HTTP/1.1" 404 - "http://images.google.es/imgres?imgurl=http://www.foobar.com/uploads/Family_guy_logo.png&imgrefurl=http://www.foobar.com/archives/2006/01/19/television-americana/&h=189&w=300&sz=28&tbnid=qlC6Gq_pQxf_tM:&tbnh=73&tbnw=116&hl=es&prev=/images%3Fq%3Dpadre%2Bde%2Bfamilia%26svnum%3D10%26hl%3Des%26lr%3D&frame=small" "Mozilla/4.0 (compatible; MSIE 7.0; Windows NT 5.1; .NET CLR 1.1.4322; InfoPath.1)"
212.55.0.180 - - [13/Dec/2006:09:13:13 -0600] "GET /favicon.ico HTTP/1.1" 404 - "http://www.newsgator.com/ngs/subscriber/FindSub.aspx" "Mozilla/5.0 (Windows; U; Windows NT 5.1; es-ES; rv:1.8.1) Gecko/20061010 Firefox/2.0"
217.125.236.205 - - [13/Dec/2006:09:13:14 -0600] "GET /wp-content/themes/default_es/style.css HTTP/1.1" 206 7393 "http://www.foobar.com/archives/2006/01/19/television-americana/" "Mozilla/4.0 (compatible; MSIE 7.0; Windows NT 5.1; .NET CLR 1.1.4322; InfoPath.1)"
217.125.236.205 - - [13/Dec/2006:09:13:15 -0600] "GET /archives/2006/01/19/television-americana/ HTTP/1.1" 200 22438 "http://images.google.es/imgres?imgurl=http://www.foobar.com/uploads/Family_guy_logo.png&imgrefurl=http://www.foobar.com/archives/2006/01/19/television-americana/&h=189&w=300&sz=28&hl=es&start=16&tbnid=qlC6Gq_pQxf_tM:&tbnh=73&tbnw=116&prev=/images%3Fq%3Dpadre%2Bde%2Bfamilia%26svnum%3D10%26hl%3Des%26lr%3D" "Mozilla/4.0 (compatible; MSIE 7.0; Windows NT 5.1; .NET CLR 1.1.4322; InfoPath.1)"
217.125.236.205 - - [13/Dec/2006:09:13:15 -0600] "GET /wp-content/themes/default_es/images/borjanet.png HTTP/1.1" 200 16169 "http://www.foobar.com/archives/2006/01/19/television-americana/" "Mozilla/4.0 (compatible; MSIE 7.0; Windows NT 5.1; .NET CLR 1.1.4322; InfoPath.1)"
212.55.0.180 - - [13/Dec/2006:09:13:15 -0600] "GET /favicon.ico HTTP/1.1" 404 - "http://www.newsgator.com/ngs/subscriber/AddSub.aspx" "Mozilla/5.0 (Windows; U; Windows NT 5.1; es-ES; rv:1.8.1) Gecko/20061010 Firefox/2.0"
217.125.236.205 - - [13/Dec/2006:09:13:15 -0600] "GET /uploads/Dailyshow_logo.jpg HTTP/1.1" 200 13964 "http://www.foobar.com/archives/2006/01/19/television-americana/" "Mozilla/4.0 (compatible; MSIE 7.0; Windows NT 5.1; .NET CLR 1.1.4322; InfoPath.1)"
217.125.236.205 - - [13/Dec/2006:09:13:17 -0600] "GET /uploads/TheWestWing.JPG HTTP/1.1" 200 7234 "http://www.foobar.com/archives/2006/01/19/television-americana/" "Mozilla/4.0 (compatible; MSIE 7.0; Windows NT 5.1; .NET CLR 1.1.4322; InfoPath.1)"
81.45.244.21 - - [13/Dec/2006:09:13:17 -0600] "GET /wp-content/themes/default_es/style.css HTTP/1.1" 304 - "http://www.foobar.com/" "Mozilla/4.0 (compatible; MSIE 6.0; Windows NT 5.1; SV1; .NET CLR 1.1.4322)"
217.125.236.205 - - [13/Dec/2006:09:13:17 -0600] "GET /uploads/fglogo.png HTTP/1.1" 200 27895 "http://www.foobar.com/archives/2006/01/19/television-americana/" "Mozilla/4.0 (compatible; MSIE 7.0; Windows NT 5.1; .NET CLR 1.1.4322; InfoPath.1)"
81.45.244.21 - - [13/Dec/2006:09:13:17 -0600] "GET / HTTP/1.1" 200 20024 "-" "Mozilla/4.0 (compatible; MSIE 6.0; Windows NT 5.1; SV1; .NET CLR 1.1.4322)"
217.125.236.205 - - [13/Dec/2006:09:13:18 -0600] "GET /uploads/Birdman.jpg HTTP/1.1" 200 23838 "http://www.foobar.com/archives/2006/01/19/television-americana/" "Mozilla/4.0 (compatible; MSIE 7.0; Windows NT 5.1; .NET CLR 1.1.4322; InfoPath.1)"
217.125.236.205 - - [13/Dec/2006:09:13:18 -0600] "GET /uploads/Harvey_Birdman2C_Attorney_at_Law_title.jpg HTTP/1.1" 200 20129 "http://www.foobar.com/archives/2006/01/19/television-americana/" "Mozilla/4.0 (compatible; MSIE 7.0; Windows NT 5.1; .NET CLR 1.1.4322; InfoPath.1)"
217.125.236.205 - - [13/Dec/2006:09:13:18 -0600] "GET /uploads/whoseline.jpg HTTP/1.1" 200 13096 "http://www.foobar.com/archives/2006/01/19/television-americana/" "Mozilla/4.0 (compatible; MSIE 7.0; Windows NT 5.1; .NET CLR 1.1.4322; InfoPath.1)"
217.125.236.205 - - [13/Dec/2006:09:13:19 -0600] "GET /uploads/comedy.png HTTP/1.1" 200 22619 "http://www.foobar.com/archives/2006/01/19/television-americana/" "Mozilla/4.0 (compatible; MSIE 7.0; Windows NT 5.1; .NET CLR 1.1.4322; InfoPath.1)"
217.125.236.205 - - [13/Dec/2006:09:13:19 -0600] "GET /wp-content/themes/default_es/images/kubrickbgcolor.jpg HTTP/1.1" 200 558 "http://www.foobar.com/archives/2006/01/19/television-americana/" "Mozilla/4.0 (compatible; MSIE 7.0; Windows NT 5.1; .NET CLR 1.1.4322; InfoPath.1)"
217.125.236.205 - - [13/Dec/2006:09:13:19 -0600] "GET /wp-content/themes/default_es/images/kubrickbgwide.jpg HTTP/1.1" 200 1020 "http://www.foobar.com/archives/2006/01/19/television-americana/" "Mozilla/4.0 (compatible; MSIE 7.0; Windows NT 5.1; .NET CLR 1.1.4322; InfoPath.1)"
217.125.236.205 - - [13/Dec/2006:09:13:19 -0600] "GET /wp-content/themes/default_es/images/kubrickheader.png HTTP/1.1" 200 3850 "http://www.foobar.com/archives/2006/01/19/television-americana/" "Mozilla/4.0 (compatible; MSIE 7.0; Windows NT 5.1; .NET CLR 1.1.4322; InfoPath.1)"
217.125.236.205 - - [13/Dec/2006:09:13:20 -0600] "GET /wp-content/themes/default_es/images/kubrickfooter.jpg HTTP/1.1" 200 2601 "http://www.foobar.com/archives/2006/01/19/television-americana/" "Mozilla/4.0 (compatible; MSIE 7.0; Windows NT 5.1; .NET CLR 1.1.4322; InfoPath.1)"
212.55.0.180 - - [13/Dec/2006:09:13:23 -0600] "GET /favicon.ico HTTP/1.1" 404 - "http://www.newsgator.com/ngs/subscriber/WebEd2.aspx?fid=54110" "Mozilla/5.0 (Windows; U; Windows NT 5.1; es-ES; rv:1.8.1) Gecko/20061010 Firefox/2.0"
81.45.244.21 - - [13/Dec/2006:09:13:24 -0600] "GET /archives/2005/02/13/defaced/feed/ HTTP/1.1" 200 2556 "http://www.google.es/search?hl=es&q=defaced&meta=lr%3Dlang_es" "Mozilla/4.0 (compatible; MSIE 6.0; Windows NT 5.1; SV1; .NET CLR 1.1.4322)"
212.55.0.180 - - [13/Dec/2006:09:13:32 -0600] "GET /favicon.ico HTTP/1.1" 404 - "http://www.newsgator.com/ngs/subscriber/WebEd2.aspx?fid=1120623" "Mozilla/5.0 (Windows; U; Windows NT 5.1; es-ES; rv:1.8.1) Gecko/20061010 Firefox/2.0"
74.6.85.209 - - [13/Dec/2006:09:13:56 -0600] "GET /archives/2006/11/08/ HTTP/1.0" 200 25123 "-" "Mozilla/5.0 (compatible; Yahoo! Slurp; http://help.yahoo.com/help/us/ysearch/slurp)"
200.30.74.26 - - [13/Dec/2006:09:14:43 -0600] "GET /favicon.ico HTTP/1.0" 404 - "-" "Mozilla/4.0 (compatible; MSIE 6.0; Windows NT 5.1; SV1; .NET CLR 1.1.4322)"
200.30.74.26 - - [13/Dec/2006:09:14:43 -0600] "GET /favicon.ico HTTP/1.0" 404 - "-" "Mozilla/4.0 (compatible; MSIE 6.0; Windows NT 5.1; SV1; .NET CLR 1.1.4322)"
172.142.205.13 - - [13/Dec/2006:09:15:02 -0600] "GET /uploads/Family_guy_logo.png HTTP/1.1" 404 - "http://profile.myspace.com/index.cfm?fuseaction=user.viewprofile&friendid=44953288" "Mozilla/4.0 (compatible; MSIE 6.0; Windows NT 5.1; SV1; .NET CLR 1.1.4322)"
172.142.205.13 - - [13/Dec/2006:09:15:25 -0600] "GET /uploads/Family_guy_logo.png HTTP/1.1" 404 - "http://profile.myspace.com/index.cfm?fuseaction=user.viewprofile&friendid=44953288" "Mozilla/4.0 (compatible; MSIE 6.0; Windows NT 5.1; SV1; .NET CLR 1.1.4322)"
172.142.205.13 - - [13/Dec/2006:09:15:41 -0600] "GET /uploads/Family_guy_logo.png HTTP/1.1" 404 - "http://profile.myspace.com/index.cfm?fuseaction=user.viewprofile&friendID=44953288" "Mozilla/4.0 (compatible; MSIE 6.0; Windows NT 5.1; SV1; .NET CLR 1.1.4322)"
172.142.205.13 - - [13/Dec/2006:09:15:43 -0600] "GET /uploads/Family_guy_logo.png HTTP/1.1" 404 - "http://profile.myspace.com/index.cfm?fuseaction=user.viewprofile&friendid=44953288" "Mozilla/4.0 (compatible; MSIE 6.0; Windows NT 5.1; SV1; .NET CLR 1.1.4322)"
212.55.0.180 - - [13/Dec/2006:09:15:44 -0600] "GET /favicon.ico HTTP/1.1" 404 - "http://www.newsgator.com/ngs/subscriber/WebEd2.aspx?fid=1120623" "Mozilla/5.0 (Windows; U; Windows NT 5.1; es-ES; rv:1.8.1) Gecko/20061010 Firefox/2.0"
172.142.205.13 - - [13/Dec/2006:09:15:47 -0600] "GET /uploads/Family_guy_logo.png HTTP/1.1" 404 - "http://profile.myspace.com/index.cfm?fuseaction=user.viewprofile&friendid=44953288" "Mozilla/4.0 (compatible; MSIE 6.0; Windows NT 5.1; SV1; .NET CLR 1.1.4322)"
172.142.205.13 - - [13/Dec/2006:09:16:12 -0600] "GET /uploads/Family_guy_logo.png HTTP/1.1" 404 - "http://profile.myspace.com/index.cfm?fuseaction=user.viewprofile&friendid=44953288" "Mozilla/4.0 (compatible; MSIE 6.0; Windows NT 5.1; SV1; .NET CLR 1.1.4322)"
201.78.204.150 - - [13/Dec/2006:09:16:50 -0600] "GET /uploads/whoseline.jpg HTTP/1.1" 200 13096 "http://nowloaded.org/forum/index.php?showtopic=22816" "Mozilla/5.0 (Windows; U; Windows NT 5.1; Mozilla/4.0 (compatible; MSIE 6.0; Windows NT 5.1; SV1; MEGAUPLOAD 1.0); rv:1.8.1) Gecko/20061010 Firefox/2.0"
220.94.35.221 - - [13/Dec/2006:09:17:04 -0600] "POST /wp-comments-post.php HTTP/1.1" 404 - "http://www.foobar.com/wp-comments-post.php" "Mozilla/4.0 (compatible; MSIE 6.0; Windows NT 5.1; SV1)"
62.81.27.241 - - [13/Dec/2006:09:17:09 -0600] "GET /feed/ HTTP/1.0" 304 0 "-" "Mozilla/5.0 (Windows; U; Windows NT 5.1; es-ES; rv:1.8.1) Gecko/20061010 Firefox/2.0"
212.55.0.180 - - [13/Dec/2006:09:17:28 -0600] "GET /favicon.ico HTTP/1.1" 404 - "http://www.newsgator.com/ngs/subscriber/WebEd2.aspx?fid=511357" "Mozilla/5.0 (Windows; U; Windows NT 5.1; es-ES; rv:1.8.1) Gecko/20061010 Firefox/2.0"
212.55.0.180 - - [13/Dec/2006:09:17:36 -0600] "GET /favicon.ico HTTP/1.1" 404 - "http://www.newsgator.com/ngs/subscriber/WebEd2.aspx?fid=511357" "Mozilla/5.0 (Windows; U; Windows NT 5.1; es-ES; rv:1.8.1) Gecko/20061010 Firefox/2.0"
85.56.3.187 - - [13/Dec/2006:09:17:46 -0600] "GET /archives/2006/05/03/interviu/feed/ HTTP/1.1" 200 3714 "-" "Mozilla/4.0 (compatible; MSIE 6.0; Windows NT 5.1; SV1)"
212.55.0.180 - - [13/Dec/2006:09:17:49 -0600] "GET /favicon.ico HTTP/1.1" 404 - "http://www.newsgator.com/ngs/subscriber/WebEd2.aspx?fid=972974" "Mozilla/5.0 (Windows; U; Windows NT 5.1; es-ES; rv:1.8.1) Gecko/20061010 Firefox/2.0"
210.173.180.164 - - [13/Dec/2006:09:17:49 -0600] "GET /weblog/1076061289/index_html HTTP/1.1" 404 - "-" "ichiro/2.0 (http://help.goo.ne.jp/door/crawler.html)"
88.3.182.102 - - [13/Dec/2006:09:17:57 -0600] "GET /wp-content/themes/default_es/style.css HTTP/1.1" 200 9885 "http://www.foobar.com/archives/2004/02/08/la-teta-de-la-discordia/" "Mozilla/4.0 (compatible; MSIE 6.0; Windows NT 5.1; SV1)"
88.3.182.102 - - [13/Dec/2006:09:17:58 -0600] "GET /archives/2004/02/08/la-teta-de-la-discordia/ HTTP/1.1" 200 35163 "http://www.google.es/search?hl=es&q=teta&meta=" "Mozilla/4.0 (compatible; MSIE 6.0; Windows NT 5.1; SV1)"
88.3.182.102 - - [13/Dec/2006:09:17:58 -0600] "GET /weblog/files/janet_superbowl.jpg HTTP/1.1" 404 - "http://www.foobar.com/archives/2004/02/08/la-teta-de-la-discordia/" "Mozilla/4.0 (compatible; MSIE 6.0; Windows NT 5.1; SV1)"
88.3.182.102 - - [13/Dec/2006:09:17:59 -0600] "GET /wp-content/themes/default_es/images/kubrickbgcolor.jpg HTTP/1.1" 200 558 "http://www.foobar.com/archives/2004/02/08/la-teta-de-la-discordia/" "Mozilla/4.0 (compatible; MSIE 6.0; Windows NT 5.1; SV1)"
88.3.182.102 - - [13/Dec/2006:09:17:59 -0600] "GET /wp-content/themes/default_es/images/borjanet.png HTTP/1.1" 200 16169 "http://www.foobar.com/archives/2004/02/08/la-teta-de-la-discordia/" "Mozilla/4.0 (compatible; MSIE 6.0; Windows NT 5.1; SV1)"
88.3.182.102 - - [13/Dec/2006:09:17:59 -0600] "GET /wp-content/themes/default_es/images/kubrickbgwide.jpg HTTP/1.1" 200 1020 "http://www.foobar.com/archives/2004/02/08/la-teta-de-la-discordia/" "Mozilla/4.0 (compatible; MSIE 6.0; Windows NT 5.1; SV1)"
88.3.182.102 - - [13/Dec/2006:09:17:59 -0600] "GET /wp-content/themes/default_es/images/kubrickheader.png HTTP/1.1" 200 3850 "http://www.foobar.com/archives/2004/02/08/la-teta-de-la-discordia/" "Mozilla/4.0 (compatible; MSIE 6.0; Windows NT 5.1; SV1)"
88.3.182.102 - - [13/Dec/2006:09:17:59 -0600] "GET /wp-content/themes/default_es/images/kubrickfooter.jpg HTTP/1.1" 200 2601 "http://www.foobar.com/archives/2004/02/08/la-teta-de-la-discordia/" "Mozilla/4.0 (compatible; MSIE 6.0; Windows NT 5.1; SV1)"
200.168.47.34 - - [13/Dec/2006:09:18:05 -0600] "GET /uploads/whoseline.jpg HTTP/1.1" 200 13096 "http://nowloaded.org/forum/index.php?&showtopic=7672" "Mozilla/5.0 (Windows; U; Windows NT 5.1; pt-BR; rv:1.8.0.8) Gecko/20061025 Firefox/1.5.0.8"
151.198.82.3 - - [13/Dec/2006:09:18:23 -0600] "GET /archives/2006/01/19/television-americana/ HTTP/1.1" 200 7869 "http://images.google.com/imgres?imgurl=http://www.foobar.com/uploads/Family_guy_logo.png&imgrefurl=http://www.foobar.com/archives/2006/01/19/television-americana/&h=189&w=300&sz=28&hl=en&start=1&tbnid=qlC6Gq_pQxf_tM:&tbnh=73&tbnw=116&prev=/images%3Fq%3Dfamily%2Bguy%2BLOGO%26svnum%3D10%26hl%3Den%26lr%3D%26safe%3Doff%26sa%3DG" "Mozilla/5.0 (Macintosh; U; PPC Mac OS X; en) AppleWebKit/312.8 (KHTML, like Gecko) Safari/312.6"
200.168.47.34 - - [13/Dec/2006:09:18:24 -0600] "GET /uploads/whoseline.jpg HTTP/1.1" 304 - "http://nowloaded.org/forum/index.php?&showtopic=7672" "Mozilla/4.0 (compatible; MSIE 6.0; Windows NT 5.1; SV1; MEGAUPLOAD 1.0)"
151.198.82.3 - - [13/Dec/2006:09:18:25 -0600] "GET /uploads/Family_guy_logo.png HTTP/1.1" 404 - "http://images.google.com/imgres?imgurl=http://www.foobar.com/uploads/Family_guy_logo.png&imgrefurl=http://www.foobar.com/archives/2006/01/19/television-americana/&h=189&w=300&sz=28&tbnid=qlC6Gq_pQxf_tM:&tbnh=73&tbnw=116&hl=en&prev=/images%3Fq%3Dfamily%2Bguy%2BLOGO%26svnum%3D10%26hl%3Den%26lr%3D%26safe%3Doff%26sa%3DG&frame=small" "Mozilla/5.0 (Macintosh; U; PPC Mac OS X; en) AppleWebKit/312.8 (KHTML, like Gecko) Safari/312.6"
151.198.82.3 - - [13/Dec/2006:09:18:25 -0600] "GET /favicon.ico HTTP/1.1" 404 - "-" "Mozilla/5.0 (Macintosh; U; PPC Mac OS X; en) AppleWebKit/312.8 (KHTML, like Gecko) Safari/312.6"
80.224.29.161 - - [13/Dec/2006:09:18:27 -0600] "GET /feed/ HTTP/1.0" 304 0 "-" "Liferea/1.0.26 (Linux; http://liferea.sf.net/)"
151.198.82.3 - - [13/Dec/2006:09:18:31 -0600] "GET /archives/2006/01/19/television-americana/ HTTP/1.1" 200 7869 "http://images.google.com/imgres?imgurl=http://www.foobar.com/uploads/Family_guy_logo.png&imgrefurl=http://www.foobar.com/archives/2006/01/19/television-americana/&h=189&w=300&sz=28&hl=en&start=1&tbnid=qlC6Gq_pQxf_tM:&tbnh=73&tbnw=116&prev=/images%3Fq%3Dfamily%2Bguy%2BLOGO%26svnum%3D10%26hl%3Den%26lr%3D%26safe%3Doff%26sa%3DG" "Mozilla/5.0 (Macintosh; U; PPC Mac OS X; en) AppleWebKit/312.8 (KHTML, like Gecko) Safari/312.6"
74.6.74.234 - - [13/Dec/2006:09:19:25 -0600] "GET /robots.txt HTTP/1.0" 404 - "-" "Mozilla/5.0 (compatible; Yahoo! Slurp; http://help.yahoo.com/help/us/ysearch/slurp)"
74.6.69.211 - - [13/Dec/2006:09:19:27 -0600] "GET /archives/2006/05/07/bso/ HTTP/1.0" 200 27111 "-" "Mozilla/5.0 (compatible; Yahoo! Slurp; http://help.yahoo.com/help/us/ysearch/slurp)"
74.6.67.162 - - [13/Dec/2006:09:19:46 -0600] "GET /archives/2003/03/04/marzo-te-odio/ HTTP/1.0" 200 16445 "-" "Mozilla/5.0 (compatible; Yahoo! Slurp; http://help.yahoo.com/help/us/ysearch/slurp)"
193.189.143.196 - - [13/Dec/2006:09:19:55 -0600] "GET /feed/ HTTP/1.0" 200 10737 "-" "Netvibes (http://www.netvibes.com/; 11 subscribers)"
158.42.16.182 - - [13/Dec/2006:09:19:55 -0600] "GET /favicon.ico HTTP/1.1" 404 - "http://www.netvibes.com/" "Mozilla/5.0 (Windows; U; Windows NT 5.1; es-ES; rv:1.8.1) Gecko/20061010 Firefox/2.0"
210.173.180.164 - - [13/Dec/2006:09:20:04 -0600] "GET /archives/2004/02/17/orkut-eando-entre-otras-cosas/feed/ HTTP/1.1" 200 2813 "-" "ichiro/2.0 (http://help.goo.ne.jp/door/crawler.html)"
195.27.215.89 - - [13/Dec/2006:09:20:26 -0600] "GET /archives/2005/07/page/3/ HTTP/1.0" 200 27171 "-" "Seekbot/1.0 (http://www.seekbot.net/bot.html) HTTPFetcher/0.3"
83.247.136.8 - - [13/Dec/2006:09:20:40 -0600] "GET /archives/2005/10/17/magdalenas/feed/ HTTP/1.1" 200 15593 "http://www.google.es/search?q=chocolate+en+tableta&hl=es&lr=&start=10&sa=N" "Mozilla/4.0 (compatible; MSIE 6.0; Windows NT 5.0)"
195.100.0.46 - - [13/Dec/2006:09:21:05 -0600] "GET /archives/2006/09/25/shortbread-cookies-galletas-de-mantequilla/ HTTP/1.1" 200 19260 "http://www.google.es/search?hl=es&q=galletas+de+mantequilla&meta=" "Mozilla/4.0 (compatible; MSIE 6.0; Windows NT 5.1; SV1; InfoPath.1)"
195.100.0.46 - - [13/Dec/2006:09:21:06 -0600] "GET /wp-content/themes/default_es/style.css HTTP/1.1" 200 9885 "http://www.foobar.com/archives/2006/09/25/shortbread-cookies-galletas-de-mantequilla/" "Mozilla/4.0 (compatible; MSIE 6.0; Windows NT 5.1; SV1; InfoPath.1)"
195.100.0.46 - - [13/Dec/2006:09:21:06 -0600] "GET /wp-content/themes/default_es/images/borjanet.png HTTP/1.1" 200 16169 "http://www.foobar.com/archives/2006/09/25/shortbread-cookies-galletas-de-mantequilla/" "Mozilla/4.0 (compatible; MSIE 6.0; Windows NT 5.1; SV1; InfoPath.1)"
195.100.0.46 - - [13/Dec/2006:09:21:07 -0600] "GET /uploads/galletas_mantequilla.JPG HTTP/1.1" 200 31758 "http://www.foobar.com/archives/2006/09/25/shortbread-cookies-galletas-de-mantequilla/" "Mozilla/4.0 (compatible; MSIE 6.0; Windows NT 5.1; SV1; InfoPath.1)"
195.100.0.46 - - [13/Dec/2006:09:21:07 -0600] "GET /wp-content/themes/default_es/images/kubrickbgcolor.jpg HTTP/1.1" 200 558 "http://www.foobar.com/archives/2006/09/25/shortbread-cookies-galletas-de-mantequilla/" "Mozilla/4.0 (compatible; MSIE 6.0; Windows NT 5.1; SV1; InfoPath.1)"
195.100.0.46 - - [13/Dec/2006:09:21:07 -0600] "GET /wp-content/themes/default_es/images/kubrickbgwide.jpg HTTP/1.1" 200 1020 "http://www.foobar.com/archives/2006/09/25/shortbread-cookies-galletas-de-mantequilla/" "Mozilla/4.0 (compatible; MSIE 6.0; Windows NT 5.1; SV1; InfoPath.1)"
195.100.0.46 - - [13/Dec/2006:09:21:07 -0600] "GET /wp-content/themes/default_es/images/kubrickheader.png HTTP/1.1" 200 3850 "http://www.foobar.com/archives/2006/09/25/shortbread-cookies-galletas-de-mantequilla/" "Mozilla/4.0 (compatible; MSIE 6.0; Windows NT 5.1; SV1; InfoPath.1)"
195.100.0.46 - - [13/Dec/2006:09:21:08 -0600] "GET /wp-content/themes/default_es/images/kubrickfooter.jpg HTTP/1.1" 200 2601 "http://www.foobar.com/archives/2006/09/25/shortbread-cookies-galletas-de-mantequilla/" "Mozilla/4.0 (compatible; MSIE 6.0; Windows NT 5.1; SV1; InfoPath.1)"
65.214.44.29 - - [13/Dec/2006:09:21:21 -0600] "GET /feed/rss2/ HTTP/1.1" 304 0 "-" "Bloglines/3.1 (http://www.bloglines.com; 14 subscribers)"
59.190.42.16 - - [13/Dec/2006:09:21:29 -0600] "GET /uploads/Family_guy_logo.png HTTP/1.1" 404 - "http://profile.myspace.com/index.cfm?fuseaction=user.viewprofile&friendid=44953288" "Mozilla/4.0 (compatible; MSIE 6.0; Windows NT 5.1; SV1; FunWebProducts; .NET CLR 1.1.4322)"
60.191.80.30 - - [13/Dec/2006:09:21:52 -0600] "GET /archives/2002/10/04/esas-dichosas-clulas-madre/ HTTP/1.1" 200 14808 "-" "OutfoxBot/0.5 (for internet experiments; http://; outfoxbot@gmail.com)"
210.173.180.164 - - [13/Dec/2006:09:21:56 -0600] "GET /archives/2004/01/page/1/ HTTP/1.1" 200 32199 "-" "ichiro/2.0 (http://help.goo.ne.jp/door/crawler.html)"
148.221.17.61 - - [13/Dec/2006:09:22:05 -0600] "GET /archives/2004/06/22/adios-a-los-hierros/ HTTP/1.1" 200 23098 "http://www.google.com.mx/search?hl=es&q=QUE+SON+LOS+HIERROS&meta=" "Mozilla/4.0 (compatible; MSIE 6.0; Windows NT 5.1)"
148.221.17.61 - - [13/Dec/2006:09:22:05 -0600] "GET /wp-content/themes/default_es/style.css HTTP/1.1" 200 9885 "http://www.foobar.com/archives/2004/06/22/adios-a-los-hierros/" "Mozilla/4.0 (compatible; MSIE 6.0; Windows NT 5.1)"
69.94.134.92 - - [13/Dec/2006:09:22:05 -0600] "GET /feed/ HTTP/1.1" 200 10775 "-" "Mozilla/4.0 (compatible;MSIE 5.5; Windows NT 5.0; H010818)"
148.221.17.61 - - [13/Dec/2006:09:22:05 -0600] "GET /wp-content/themes/default_es/images/borjanet.png HTTP/1.1" 200 16169 "http://www.foobar.com/archives/2004/06/22/adios-a-los-hierros/" "Mozilla/4.0 (compatible; MSIE 6.0; Windows NT 5.1)"
148.221.17.61 - - [13/Dec/2006:09:22:05 -0600] "GET /wp-content/themes/default_es/images/kubrickbgwide.jpg HTTP/1.1" 200 1020 "http://www.foobar.com/archives/2004/06/22/adios-a-los-hierros/" "Mozilla/4.0 (compatible; MSIE 6.0; Windows NT 5.1)"
148.221.17.61 - - [13/Dec/2006:09:22:05 -0600] "GET /wp-content/themes/default_es/images/kubrickfooter.jpg HTTP/1.1" 200 2601 "http://www.foobar.com/archives/2004/06/22/adios-a-los-hierros/" "Mozilla/4.0 (compatible; MSIE 6.0; Windows NT 5.1)"
148.221.17.61 - - [13/Dec/2006:09:22:05 -0600] "GET /wp-content/themes/default_es/images/kubrickbgcolor.jpg HTTP/1.1" 200 558 "http://www.foobar.com/archives/2004/06/22/adios-a-los-hierros/" "Mozilla/4.0 (compatible; MSIE 6.0; Windows NT 5.1)"
148.221.17.61 - - [13/Dec/2006:09:22:05 -0600] "GET /archives/2004/06/22/adios-a-los-hierros/personalheader.jpg HTTP/1.1" 404 - "http://www.foobar.com/archives/2004/06/22/adios-a-los-hierros/" "Mozilla/4.0 (compatible; MSIE 6.0; Windows NT 5.1)"
148.221.17.61 - - [13/Dec/2006:09:22:05 -0600] "GET /wp-content/themes/default_es/images/personalheader.jpg HTTP/1.1" 404 - "http://www.foobar.com/archives/2004/06/22/adios-a-los-hierros/" "Mozilla/4.0 (compatible; MSIE 6.0; Windows NT 5.1)"
148.221.17.61 - - [13/Dec/2006:09:22:07 -0600] "GET /wp-content/themes/default_es/images/kubrickheader.png HTTP/1.1" 200 3850 "http://www.foobar.com/archives/2004/06/22/adios-a-los-hierros/" "Mozilla/4.0 (compatible; MSIE 6.0; Windows NT 5.1)"
59.190.42.16 - - [13/Dec/2006:09:22:14 -0600] "GET /uploads/Family_guy_logo.png HTTP/1.1" 404 - "http://profile.myspace.com/index.cfm?fuseaction=user.viewprofile&friendid=44953288" "Mozilla/4.0 (compatible; MSIE 6.0; Windows NT 5.1; SV1; FunWebProducts; .NET CLR 1.1.4322)"
212.55.0.180 - - [13/Dec/2006:09:22:38 -0600] "GET /favicon.ico HTTP/1.1" 404 - "http://www.newsgator.com/ngs/subscriber/WebEd2.aspx?fid=972974" "Mozilla/5.0 (Windows; U; Windows NT 5.1; es-ES; rv:1.8.1) Gecko/20061010 Firefox/2.0"
198.37.25.204 - - [13/Dec/2006:09:22:51 -0600] "GET /feed/ HTTP/1.1" 304 0 "-" "Mozilla/5.0 (Macintosh; U; PPC Mac OS X; en-us) AppleWebKit/412 (KHTML, like Gecko) Safari/412"
212.55.0.180 - - [13/Dec/2006:09:22:56 -0600] "GET /favicon.ico HTTP/1.1" 404 - "http://www.newsgator.com/ngs/subscriber/WebEd2.aspx?fid=1062880" "Mozilla/5.0 (Windows; U; Windows NT 5.1; es-ES; rv:1.8.1) Gecko/20061010 Firefox/2.0"
212.55.0.180 - - [13/Dec/2006:09:23:01 -0600] "GET /favicon.ico HTTP/1.1" 404 - "http://www.newsgator.com/ngs/subscriber/WebEd2.aspx?fid=1062880" "Mozilla/5.0 (Windows; U; Windows NT 5.1; es-ES; rv:1.8.1) Gecko/20061010 Firefox/2.0"
62.100.102.226 - - [13/Dec/2006:09:23:21 -0600] "GET /favicon.ico HTTP/1.1" 404 - "-" "Mozilla/4.0 (compatible; MSIE 6.0; Windows NT 5.0; .NET CLR 1.0.3705)"
80.59.221.182 - - [13/Dec/2006:09:23:29 -0600] "GET /wp-content/themes/default_es/style.css HTTP/1.1" 200 9885 "http://www.foobar.com/archives/2006/02/04/mi-nuevo-juguete/" "Mozilla/4.0 (compatible; MSIE 7.0; Windows NT 5.1; .NET CLR 1.1.4322)"
80.59.221.182 - - [13/Dec/2006:09:23:29 -0600] "GET /archives/2006/02/04/mi-nuevo-juguete/ HTTP/1.1" 200 28136 "http://www.google.es/search?hl=es&q=PIZARRA+JUGUETE+&meta=" "Mozilla/4.0 (compatible; MSIE 7.0; Windows NT 5.1; .NET CLR 1.1.4322)"
