200.45.197.182 - - [13/Dec/2006:09:48:23 -0600] "GET /archives/2005/12/31/buffalo-hot-wings/ HTTP/1.1" 200 20032 "http://www.google.com.ar/search?hl=es&q=recetas%2Bnavidad%2Beuskadi&meta=" "Mozilla/4.0 (compatible; MSIE 6.0; Windows NT 5.1; SV1; .NET CLR 1.1.4322)"
212.55.0.180 - - [13/Dec/2006:09:48:27 -0600] "GET /favicon.ico HTTP/1.1" 404 - "http://www.newsgator.com/ngs/subscriber/WebEd2.aspx?fid=282582" "Mozilla/5.0 (Windows; U; Windows NT 5.1; es-ES; rv:1.8.1) Gecko/20061010 Firefox/2.0"
65.214.44.29 - - [13/Dec/2006:09:48:46 -0600] "GET /feed/rss2/ HTTP/1.1" 304 0 "-" "Bloglines/3.1 (http://www.bloglines.com; 3 subscribers)"
80.224.29.161 - - [13/Dec/2006:09:48:49 -0600] "GET /feed/ HTTP/1.0" 304 0 "-" "Liferea/1.0.26 (Linux; http://liferea.sf.net/)"
65.214.44.29 - - [13/Dec/2006:09:48:53 -0600] "GET /feed/ HTTP/1.1" 304 0 "-" "Bloglines/3.1 (http://www.bloglines.com; 8 subscribers)"
65.214.44.29 - - [13/Dec/2006:09:48:55 -0600] "GET /feed/atom/ HTTP/1.1" 304 0 "-" "Bloglines/3.1 (http://www.bloglines.com; 4 subscribers)"
212.55.0.180 - - [13/Dec/2006:09:48:56 -0600] "GET /favicon.ico HTTP/1.1" 404 - "http://www.newsgator.com/ngs/subscriber/WebEd2.aspx?fid=511357" "Mozilla/5.0 (Windows; U; Windows NT 5.1; es-ES; rv:1.8.1) Gecko/20061010 Firefox/2.0"
60.191.80.30 - - [13/Dec/2006:09:49:02 -0600] "GET /robots.txt HTTP/1.1" 404 - "-" "OutfoxBot/0.5 (for internet experiments; http://; outfoxbot@gmail.com)"
81.202.208.214 - - [13/Dec/2006:09:49:04 -0600] "GET /favicon.ico HTTP/1.1" 404 - "http://www.netvibes.com/" "Mozilla/5.0 (Windows; U; Windows NT 5.1; es-ES; rv:1.8.0.8) Gecko/20061025 Firefox/1.5.0.8"
212.55.0.180 - - [13/Dec/2006:09:49:06 -0600] "GET /favicon.ico HTTP/1.1" 404 - "http://www.newsgator.com/ngs/subscriber/WebEd2.aspx?fid=511357" "Mozilla/5.0 (Windows; U; Windows NT 5.1; es-ES; rv:1.8.1) Gecko/20061010 Firefox/2.0"
60.191.80.30 - - [13/Dec/2006:09:49:06 -0600] "GET /archives/2006/04/26/como-en-las-piniculas/ HTTP/1.1" 200 18484 "-" "OutfoxBot/0.5 (for internet experiments; http://; outfoxbot@gmail.com)"
72.14.199.5 - - [13/Dec/2006:09:49:10 -0600] "GET /feed/atom/ HTTP/1.1" 304 0 "-" "Feedfetcher-Google; (+http://www.google.com/feedfetcher.html)"
200.45.197.182 - - [13/Dec/2006:09:49:10 -0600] "GET /wp-content/themes/default_es/images/kubrickbgcolor.jpg HTTP/1.1" 200 558 "http://www.foobar.com/archives/2005/12/31/buffalo-hot-wings/" "Mozilla/4.0 (compatible; MSIE 6.0; Windows NT 5.1; SV1; .NET CLR 1.1.4322)"
212.55.0.180 - - [13/Dec/2006:09:49:12 -0600] "GET /favicon.ico HTTP/1.1" 404 - "http://www.newsgator.com/ngs/subscriber/WebEd2.aspx?fid=12926" "Mozilla/5.0 (Windows; U; Windows NT 5.1; es-ES; rv:1.8.1) Gecko/20061010 Firefox/2.0"
200.45.197.182 - - [13/Dec/2006:09:49:14 -0600] "GET /wp-content/themes/default_es/images/kubrickbgwide.jpg HTTP/1.1" 200 1020 "http://www.foobar.com/archives/2005/12/31/buffalo-hot-wings/" "Mozilla/4.0 (compatible; MSIE 6.0; Windows NT 5.1; SV1; .NET CLR 1.1.4322)"
85.84.60.245 - - [13/Dec/2006:09:49:24 -0600] "GET /feed/atom/ HTTP/1.1" 200 9637 "-" "Mozilla/5.0 (X11; U; Linux i686; es-ES; rv:1.8.1) Gecko/20060601 Firefox/2.0 (Ubuntu-edgy)"
212.183.236.127 - - [13/Dec/2006:09:49:36 -0600] "GET /wp-content/themes/default_es/style.css HTTP/1.1" 200 9885 "http://www.foobar.com/archives/2004/06/22/adios-a-los-hierros/" "Mozilla/4.0 (compatible; MSIE 6.0; Windows NT 5.1; SV1; InfoPath.1)"
212.183.236.127 - - [13/Dec/2006:09:49:36 -0600] "GET /archives/2004/06/22/adios-a-los-hierros/ HTTP/1.1" 200 23195 "http://www.google.es/search?hl=es&q=muelas+sangrantes&meta=" "Mozilla/4.0 (compatible; MSIE 6.0; Windows NT 5.1; SV1; InfoPath.1)"
212.183.236.127 - - [13/Dec/2006:09:49:37 -0600] "GET /wp-content/themes/default_es/images/borjanet.png HTTP/1.1" 200 16169 "http://www.foobar.com/archives/2004/06/22/adios-a-los-hierros/" "Mozilla/4.0 (compatible; MSIE 6.0; Windows NT 5.1; SV1; InfoPath.1)"
212.183.236.127 - - [13/Dec/2006:09:49:37 -0600] "GET /wp-content/themes/default_es/images/kubrickbgcolor.jpg HTTP/1.1" 200 558 "http://www.foobar.com/archives/2004/06/22/adios-a-los-hierros/" "Mozilla/4.0 (compatible; MSIE 6.0; Windows NT 5.1; SV1; InfoPath.1)"
212.183.236.127 - - [13/Dec/2006:09:49:38 -0600] "GET /wp-content/themes/default_es/images/kubrickbgwide.jpg HTTP/1.1" 200 1020 "http://www.foobar.com/archives/2004/06/22/adios-a-los-hierros/" "Mozilla/4.0 (compatible; MSIE 6.0; Windows NT 5.1; SV1; InfoPath.1)"
212.183.236.127 - - [13/Dec/2006:09:49:38 -0600] "GET /wp-content/themes/default_es/images/kubrickheader.png HTTP/1.1" 200 3850 "http://www.foobar.com/archives/2004/06/22/adios-a-los-hierros/" "Mozilla/4.0 (compatible; MSIE 6.0; Windows NT 5.1; SV1; InfoPath.1)"
212.183.236.127 - - [13/Dec/2006:09:49:38 -0600] "GET /wp-content/themes/default_es/images/kubrickfooter.jpg HTTP/1.1" 200 2601 "http://www.foobar.com/archives/2004/06/22/adios-a-los-hierros/" "Mozilla/4.0 (compatible; MSIE 6.0; Windows NT 5.1; SV1; InfoPath.1)"
200.45.197.182 - - [13/Dec/2006:09:49:49 -0600] "GET /wp-content/themes/default_es/images/borjanet.png HTTP/1.1" 200 16169 "http://www.foobar.com/archives/2005/12/31/buffalo-hot-wings/" "Mozilla/4.0 (compatible; MSIE 6.0; Windows NT 5.1; SV1; .NET CLR 1.1.4322)"
212.55.0.180 - - [13/Dec/2006:09:49:49 -0600] "GET /favicon.ico HTTP/1.1" 404 - "http://www.newsgator.com/ngs/subscriber/WebEd2.aspx?fid=12926" "Mozilla/5.0 (Windows; U; Windows NT 5.1; es-ES; rv:1.8.1) Gecko/20061010 Firefox/2.0"
210.173.180.164 - - [13/Dec/2006:09:49:52 -0600] "GET /archives/2003/12/13/la-vida-a-ritmo-de-jazz/feed/ HTTP/1.1" 200 4151 "-" "ichiro/2.0 (http://help.goo.ne.jp/door/crawler.html)"
74.6.74.234 - - [13/Dec/2006:09:50:16 -0600] "GET /robots.txt HTTP/1.0" 404 - "-" "Mozilla/5.0 (compatible; Yahoo! Slurp; http://help.yahoo.com/help/us/ysearch/slurp)"
74.6.73.244 - - [13/Dec/2006:09:50:18 -0600] "GET /archives/2003/09/18/saltar-del-fuego-a-la-sartn HTTP/1.0" 200 23000 "-" "Mozilla/5.0 (compatible; Yahoo! Slurp; http://help.yahoo.com/help/us/ysearch/slurp)"
82.88.20.1 - - [13/Dec/2006:09:50:22 -0600] "GET /wp-content/themes/default_es/style.css HTTP/1.1" 200 9885 "http://www.foobar.com/archives/2004/11/01/this-is-halloween/" "Mozilla/5.0 (Macintosh; U; PPC Mac OS X; it-it) AppleWebKit/418.9 (KHTML, like Gecko) Safari/419.3"
82.88.20.1 - - [13/Dec/2006:09:50:22 -0600] "GET /archives/2004/11/01/this-is-halloween/ HTTP/1.1" 200 17135 "http://www.google.it/search?hl=it&q=This+is+Halloween%2C+everybody+make+a+scene+Trick+or+treat+till+the+neighbors+gonna+die+of+fright+&btnG=Cerca+con+Google&meta=" "Mozilla/5.0 (Macintosh; U; PPC Mac OS X; it-it) AppleWebKit/418.9 (KHTML, like Gecko) Safari/419.3"
82.88.20.1 - - [13/Dec/2006:09:50:23 -0600] "GET /favicon.ico HTTP/1.1" 404 - "-" "Mozilla/5.0 (Macintosh; U; PPC Mac OS X; it-it) AppleWebKit/418.9 (KHTML, like Gecko) Safari/419.3"
82.88.20.1 - - [13/Dec/2006:09:50:23 -0600] "GET /wp-content/themes/default_es/images/kubrickbgcolor.jpg HTTP/1.1" 200 558 "http://www.foobar.com/archives/2004/11/01/this-is-halloween/" "Mozilla/5.0 (Macintosh; U; PPC Mac OS X; it-it) AppleWebKit/418.9 (KHTML, like Gecko) Safari/419.3"
82.88.20.1 - - [13/Dec/2006:09:50:23 -0600] "GET /wp-content/themes/default_es/images/kubrickheader.png HTTP/1.1" 200 3850 "http://www.foobar.com/archives/2004/11/01/this-is-halloween/" "Mozilla/5.0 (Macintosh; U; PPC Mac OS X; it-it) AppleWebKit/418.9 (KHTML, like Gecko) Safari/419.3"
82.88.20.1 - - [13/Dec/2006:09:50:23 -0600] "GET /wp-content/themes/default_es/images/borjanet.png HTTP/1.1" 200 16169 "http://www.foobar.com/archives/2004/11/01/this-is-halloween/" "Mozilla/5.0 (Macintosh; U; PPC Mac OS X; it-it) AppleWebKit/418.9 (KHTML, like Gecko) Safari/419.3"
82.88.20.1 - - [13/Dec/2006:09:50:23 -0600] "GET /wp-content/themes/default_es/images/kubrickfooter.jpg HTTP/1.1" 200 2601 "http://www.foobar.com/archives/2004/11/01/this-is-halloween/" "Mozilla/5.0 (Macintosh; U; PPC Mac OS X; it-it) AppleWebKit/418.9 (KHTML, like Gecko) Safari/419.3"
82.88.20.1 - - [13/Dec/2006:09:50:24 -0600] "GET /wp-content/themes/default_es/images/kubrickbgwide.jpg HTTP/1.1" 200 1020 "http://www.foobar.com/archives/2004/11/01/this-is-halloween/" "Mozilla/5.0 (Macintosh; U; PPC Mac OS X; it-it) AppleWebKit/418.9 (KHTML, like Gecko) Safari/419.3"
204.15.20.159 - - [13/Dec/2006:09:50:47 -0600] "GET /feed/ HTTP/1.1" 304 0 "-" "FacebookFeedParser/1.0 (UniversalFeedParser/4.1;) +http://facebook.com/"
201.0.67.46 - - [13/Dec/2006:09:51:09 -0600] "GET /uploads/whoseline.jpg HTTP/1.1" 200 13096 "http://www.nowloaded.org/forum/index.php?showtopic=22951" "Mozilla/4.0 (compatible; MSIE 6.0; Windows NT 5.1; SV1; .NET CLR 2.0.50727; .NET CLR 1.1.4322; InfoPath.2; MEGAUPLOAD 1.0)"
80.59.214.246 - - [13/Dec/2006:09:51:29 -0600] "GET /wp-content/themes/default_es/style.css HTTP/1.1" 200 9885 "http://www.foobar.com/archives/2006/05/07/bso/" "Mozilla/4.0 (compatible; MSIE 6.0; Windows NT 5.1; SV1; .NET CLR 1.1.4322)"
80.59.214.246 - - [13/Dec/2006:09:51:30 -0600] "GET /archives/2006/05/07/bso/ HTTP/1.1" 200 27105 "http://www.google.es/search?hl=es&q=blog+bandas+sonoras&meta=" "Mozilla/4.0 (compatible; MSIE 6.0; Windows NT 5.1; SV1; .NET CLR 1.1.4322)"
195.229.242.84 - - [13/Dec/2006:09:51:30 -0600] "GET /uploads/Family_guy_logo.png HTTP/1.1" 404 - "http://pic2.piczo.com/xoxo-Tink-xoxo/?g=23587424" "Mozilla/4.0 (compatible; MSIE 6.0; Windows NT 5.1; CDSource=storecd_01_03; SV1; FunWebProducts; .NET CLR 1.0.3705; .NET CLR 1.1.4322)"
80.59.214.246 - - [13/Dec/2006:09:51:31 -0600] "GET /wp-content/themes/default_es/images/borjanet.png HTTP/1.1" 200 16169 "http://www.foobar.com/archives/2006/05/07/bso/" "Mozilla/4.0 (compatible; MSIE 6.0; Windows NT 5.1; SV1; .NET CLR 1.1.4322)"
80.59.214.246 - - [13/Dec/2006:09:51:31 -0600] "GET /wp-content/themes/default_es/images/kubrickbgcolor.jpg HTTP/1.1" 200 558 "http://www.foobar.com/archives/2006/05/07/bso/" "Mozilla/4.0 (compatible; MSIE 6.0; Windows NT 5.1; SV1; .NET CLR 1.1.4322)"
80.59.214.246 - - [13/Dec/2006:09:51:33 -0600] "GET /wp-content/themes/default_es/images/kubrickbgwide.jpg HTTP/1.1" 200 1020 "http://www.foobar.com/archives/2006/05/07/bso/" "Mozilla/4.0 (compatible; MSIE 6.0; Windows NT 5.1; SV1; .NET CLR 1.1.4322)"
80.59.214.246 - - [13/Dec/2006:09:51:33 -0600] "GET /wp-content/themes/default_es/images/kubrickheader.png HTTP/1.1" 200 3850 "http://www.foobar.com/archives/2006/05/07/bso/" "Mozilla/4.0 (compatible; MSIE 6.0; Windows NT 5.1; SV1; .NET CLR 1.1.4322)"
80.59.214.246 - - [13/Dec/2006:09:51:34 -0600] "GET /wp-content/themes/default_es/images/kubrickfooter.jpg HTTP/1.1" 200 2601 "http://www.foobar.com/archives/2006/05/07/bso/" "Mozilla/4.0 (compatible; MSIE 6.0; Windows NT 5.1; SV1; .NET CLR 1.1.4322)"
80.59.214.246 - - [13/Dec/2006:09:51:36 -0600] "GET /favicon.ico HTTP/1.1" 404 - "-" "-"
83.50.118.246 - - [13/Dec/2006:09:51:37 -0600] "GET /uploads/Family_guy_logo.png HTTP/1.1" 404 - "http://images.google.es/imgres?imgurl=http://www.foobar.com/uploads/Family_guy_logo.png&imgrefurl=http://www.foobar.com/archives/2006/01/19/television-americana/&h=189&w=300&sz=28&tbnid=qlC6Gq_pQxf_tM:&tbnh=73&tbnw=116&hl=es&prev=/images%3Fq%3Dpadre%2Bde%2Bfamilia%26svnum%3D10%26hl%3Des%26lr%3D&frame=small" "Mozilla/4.0 (compatible; MSIE 6.0; Windows NT 5.1; SV1)"
83.50.118.246 - - [13/Dec/2006:09:51:37 -0600] "GET /archives/2006/01/19/television-americana/ HTTP/1.1" 200 7869 "http://images.google.es/imgres?imgurl=http://www.foobar.com/uploads/Family_guy_logo.png&imgrefurl=http://www.foobar.com/archives/2006/01/19/television-americana/&h=189&w=300&sz=28&hl=es&start=16&tbnid=qlC6Gq_pQxf_tM:&tbnh=73&tbnw=116&prev=/images%3Fq%3Dpadre%2Bde%2Bfamilia%26svnum%3D10%26hl%3Des%26lr%3D" "Mozilla/4.0 (compatible; MSIE 6.0; Windows NT 5.1; SV1)"
83.50.118.246 - - [13/Dec/2006:09:51:41 -0600] "GET /archives/2006/01/19/television-americana/ HTTP/1.1" 200 22442 "http://images.google.es/imgres?imgurl=http://www.foobar.com/uploads/Family_guy_logo.png&imgrefurl=http://www.foobar.com/archives/2006/01/19/television-americana/&h=189&w=300&sz=28&hl=es&start=16&tbnid=qlC6Gq_pQxf_tM:&tbnh=73&tbnw=116&prev=/images%3Fq%3Dpadre%2Bde%2Bfamilia%26svnum%3D10%26hl%3Des%26lr%3D" "Mozilla/4.0 (compatible; MSIE 6.0; Windows NT 5.1; SV1)"
83.50.118.246 - - [13/Dec/2006:09:51:42 -0600] "GET /wp-content/themes/default_es/style.css HTTP/1.1" 200 9885 "http://www.foobar.com/archives/2006/01/19/television-americana/" "Mozilla/4.0 (compatible; MSIE 6.0; Windows NT 5.1; SV1)"
83.50.118.246 - - [13/Dec/2006:09:51:42 -0600] "GET /wp-content/themes/default_es/images/borjanet.png HTTP/1.1" 200 16169 "http://www.foobar.com/archives/2006/01/19/television-americana/" "Mozilla/4.0 (compatible; MSIE 6.0; Windows NT 5.1; SV1)"
83.50.118.246 - - [13/Dec/2006:09:51:43 -0600] "GET /uploads/fglogo.png HTTP/1.1" 200 27895 "http://www.foobar.com/archives/2006/01/19/television-americana/" "Mozilla/4.0 (compatible; MSIE 6.0; Windows NT 5.1; SV1)"
210.173.180.164 - - [13/Dec/2006:09:51:43 -0600] "GET /archives/2003/12/01/no-olvideis-el-lazo-rojo/ HTTP/1.1" 200 18432 "-" "ichiro/2.0 (http://help.goo.ne.jp/door/crawler.html)"
83.50.118.246 - - [13/Dec/2006:09:51:43 -0600] "GET /uploads/TheWestWing.JPG HTTP/1.1" 200 7234 "http://www.foobar.com/archives/2006/01/19/television-americana/" "Mozilla/4.0 (compatible; MSIE 6.0; Windows NT 5.1; SV1)"
83.50.118.246 - - [13/Dec/2006:09:51:43 -0600] "GET /uploads/Dailyshow_logo.jpg HTTP/1.1" 200 13964 "http://www.foobar.com/archives/2006/01/19/television-americana/" "Mozilla/4.0 (compatible; MSIE 6.0; Windows NT 5.1; SV1)"
83.50.118.246 - - [13/Dec/2006:09:51:44 -0600] "GET /uploads/Harvey_Birdman2C_Attorney_at_Law_title.jpg HTTP/1.1" 200 20129 "http://www.foobar.com/archives/2006/01/19/television-americana/" "Mozilla/4.0 (compatible; MSIE 6.0; Windows NT 5.1; SV1)"
83.50.118.246 - - [13/Dec/2006:09:51:44 -0600] "GET /uploads/whoseline.jpg HTTP/1.1" 200 13096 "http://www.foobar.com/archives/2006/01/19/television-americana/" "Mozilla/4.0 (compatible; MSIE 6.0; Windows NT 5.1; SV1)"
83.50.118.246 - - [13/Dec/2006:09:51:44 -0600] "GET /uploads/Birdman.jpg HTTP/1.1" 200 23838 "http://www.foobar.com/archives/2006/01/19/television-americana/" "Mozilla/4.0 (compatible; MSIE 6.0; Windows NT 5.1; SV1)"
83.50.118.246 - - [13/Dec/2006:09:51:44 -0600] "GET /uploads/comedy.png HTTP/1.1" 200 22619 "http://www.foobar.com/archives/2006/01/19/television-americana/" "Mozilla/4.0 (compatible; MSIE 6.0; Windows NT 5.1; SV1)"
83.50.118.246 - - [13/Dec/2006:09:51:45 -0600] "GET /wp-content/themes/default_es/images/kubrickbgcolor.jpg HTTP/1.1" 200 558 "http://www.foobar.com/archives/2006/01/19/television-americana/" "Mozilla/4.0 (compatible; MSIE 6.0; Windows NT 5.1; SV1)"
83.50.118.246 - - [13/Dec/2006:09:51:45 -0600] "GET /wp-content/themes/default_es/images/kubrickbgwide.jpg HTTP/1.1" 200 1020 "http://www.foobar.com/archives/2006/01/19/television-americana/" "Mozilla/4.0 (compatible; MSIE 6.0; Windows NT 5.1; SV1)"
83.50.118.246 - - [13/Dec/2006:09:51:45 -0600] "GET /wp-content/themes/default_es/images/kubrickheader.png HTTP/1.1" 200 3850 "http://www.foobar.com/archives/2006/01/19/television-americana/" "Mozilla/4.0 (compatible; MSIE 6.0; Windows NT 5.1; SV1)"
83.50.118.246 - - [13/Dec/2006:09:51:45 -0600] "GET /wp-content/themes/default_es/images/kubrickfooter.jpg HTTP/1.1" 200 2601 "http://www.foobar.com/archives/2006/01/19/television-americana/" "Mozilla/4.0 (compatible; MSIE 6.0; Windows NT 5.1; SV1)"
62.100.102.226 - - [13/Dec/2006:09:52:20 -0600] "GET /wp-content/themes/default_es/style.css HTTP/1.1" 200 9885 "http://www.foobar.com/archives/2006/02/14/asi-que-quieres-estudiar-en-eeuu/" "Mozilla/4.0 (compatible; MSIE 6.0; Windows NT 5.0; .NET CLR 1.0.3705)"
62.100.102.226 - - [13/Dec/2006:09:52:21 -0600] "GET /archives/2006/02/14/asi-que-quieres-estudiar-en-eeuu/ HTTP/1.1" 200 33908 "-" "Mozilla/4.0 (compatible; MSIE 6.0; Windows NT 5.0; .NET CLR 1.0.3705)"
62.100.102.226 - - [13/Dec/2006:09:52:22 -0600] "GET /wp-content/themes/default_es/images/borjanet.png HTTP/1.1" 200 16169 "http://www.foobar.com/archives/2006/02/14/asi-que-quieres-estudiar-en-eeuu/" "Mozilla/4.0 (compatible; MSIE 6.0; Windows NT 5.0; .NET CLR 1.0.3705)"
62.100.102.226 - - [13/Dec/2006:09:52:22 -0600] "GET /wp-content/themes/default_es/images/kubrickbgcolor.jpg HTTP/1.1" 200 558 "http://www.foobar.com/archives/2006/02/14/asi-que-quieres-estudiar-en-eeuu/" "Mozilla/4.0 (compatible; MSIE 6.0; Windows NT 5.0; .NET CLR 1.0.3705)"
62.100.102.226 - - [13/Dec/2006:09:52:22 -0600] "GET /wp-content/themes/default_es/images/kubrickheader.png HTTP/1.1" 200 3850 "http://www.foobar.com/archives/2006/02/14/asi-que-quieres-estudiar-en-eeuu/" "Mozilla/4.0 (compatible; MSIE 6.0; Windows NT 5.0; .NET CLR 1.0.3705)"
62.100.102.226 - - [13/Dec/2006:09:52:22 -0600] "GET /wp-content/themes/default_es/images/kubrickbgwide.jpg HTTP/1.1" 200 1020 "http://www.foobar.com/archives/2006/02/14/asi-que-quieres-estudiar-en-eeuu/" "Mozilla/4.0 (compatible; MSIE 6.0; Windows NT 5.0; .NET CLR 1.0.3705)"
195.27.215.89 - - [13/Dec/2006:09:52:22 -0600] "GET /archives/2005/08/31/borja-mikes-eurotrip-2005/ HTTP/1.0" 200 23277 "-" "Seekbot/1.0 (http://www.seekbot.net/bot.html) HTTPFetcher/0.3"
62.100.102.226 - - [13/Dec/2006:09:52:23 -0600] "GET /wp-content/themes/default_es/images/kubrickfooter.jpg HTTP/1.1" 200 2601 "http://www.foobar.com/archives/2006/02/14/asi-que-quieres-estudiar-en-eeuu/" "Mozilla/4.0 (compatible; MSIE 6.0; Windows NT 5.0; .NET CLR 1.0.3705)"
198.37.25.204 - - [13/Dec/2006:09:52:51 -0600] "GET /feed/ HTTP/1.1" 304 0 "-" "Mozilla/5.0 (Macintosh; U; PPC Mac OS X; en-us) AppleWebKit/412 (KHTML, like Gecko) Safari/412"
86.147.201.113 - - [13/Dec/2006:09:52:56 -0600] "GET /uploads/Family_guy_logo.png HTTP/1.1" 404 - "http://profile.myspace.com/index.cfm?fuseaction=user.viewprofile&friendid=44953288&MyToken=6d143319-4814-4fe8-baac-e2410b12db44" "Mozilla/4.0 (compatible; MSIE 7.0; Windows NT 5.1; {4A1311AF-E281-F287-3D58-33E8AA235B0E})"
83.38.250.185 - - [13/Dec/2006:09:53:27 -0600] "GET /feed/ HTTP/1.1" 304 0 "-" "Mozilla/4.0 (compatible; Google Desktop)"
80.38.244.54 - - [13/Dec/2006:09:54:42 -0600] "GET /archives/2003/12/25/la-cena-de-nochebuena/ HTTP/1.0" 200 18130 "http://www.google.es/search?hl=es&q=cenas+de+noche+buena&meta=" "Mozilla/4.0 (compatible; MSIE 6.0; Windows 98)"
80.38.244.54 - - [13/Dec/2006:09:54:42 -0600] "GET /wp-content/themes/default_es/style.css HTTP/1.0" 200 9885 "http://www.foobar.com/archives/2003/12/25/la-cena-de-nochebuena/" "Mozilla/4.0 (compatible; MSIE 6.0; Windows 98)"
80.38.244.54 - - [13/Dec/2006:09:54:43 -0600] "GET /wp-content/themes/default_es/images/kubrickbgcolor.jpg HTTP/1.0" 200 558 "http://www.foobar.com/archives/2003/12/25/la-cena-de-nochebuena/" "Mozilla/4.0 (compatible; MSIE 6.0; Windows 98)"
80.38.244.54 - - [13/Dec/2006:09:54:43 -0600] "GET /wp-content/themes/default_es/images/borjanet.png HTTP/1.0" 200 16169 "http://www.foobar.com/archives/2003/12/25/la-cena-de-nochebuena/" "Mozilla/4.0 (compatible; MSIE 6.0; Windows 98)"
80.38.244.54 - - [13/Dec/2006:09:54:44 -0600] "GET /wp-content/themes/default_es/images/kubrickheader.png HTTP/1.0" 200 3850 "http://www.foobar.com/archives/2003/12/25/la-cena-de-nochebuena/" "Mozilla/4.0 (compatible; MSIE 6.0; Windows 98)"
80.38.244.54 - - [13/Dec/2006:09:54:44 -0600] "GET /wp-content/themes/default_es/images/kubrickbgwide.jpg HTTP/1.0" 200 1020 "http://www.foobar.com/archives/2003/12/25/la-cena-de-nochebuena/" "Mozilla/4.0 (compatible; MSIE 6.0; Windows 98)"
80.38.244.54 - - [13/Dec/2006:09:54:44 -0600] "GET /wp-content/themes/default_es/images/kubrickfooter.jpg HTTP/1.0" 200 2601 "http://www.foobar.com/archives/2003/12/25/la-cena-de-nochebuena/" "Mozilla/4.0 (compatible; MSIE 6.0; Windows 98)"
200.148.69.142 - - [13/Dec/2006:09:56:12 -0600] "GET /uploads/whoseline.jpg HTTP/1.1" 304 - "http://nowloaded.org/forum/index.php?&showtopic=7672" "Mozilla/4.0 (compatible; MSIE 6.0; Windows NT 5.1; SV1; MEGAUPLOAD 1.0)"
210.173.180.164 - - [13/Dec/2006:09:56:33 -0600] "GET /archives/2003/11/23/esperando-al-metro/feed/ HTTP/1.1" 200 2938 "-" "ichiro/2.0 (http://help.goo.ne.jp/door/crawler.html)"
212.219.231.1 - - [13/Dec/2006:09:56:46 -0600] "GET /uploads/Family_guy_logo.png HTTP/1.1" 404 - "http://images.google.co.uk/imgres?imgurl=http://www.foobar.com/uploads/Family_guy_logo.png&imgrefurl=http://www.foobar.com/archives/2006/01/19/television-americana/&h=189&w=300&sz=28&tbnid=qlC6Gq_pQxf_tM:&tbnh=73&tbnw=116&hl=en&prev=/images%3Fq%3Dfamily%2Bguy%26start%3D100%26ndsp%3D20%26svnum%3D10%26hl%3Den%26lr%3D%26safe%3Dactive%26sa%3DN&frame=small" "Mozilla/4.0 (compatible; MSIE 6.0; Windows NT 5.1)"
212.219.231.1 - - [13/Dec/2006:09:56:47 -0600] "GET /archives/2006/01/19/television-americana/ HTTP/1.1" 200 22412 "http://images.google.co.uk/imgres?imgurl=http://www.foobar.com/uploads/Family_guy_logo.png&imgrefurl=http://www.foobar.com/archives/2006/01/19/television-americana/&h=189&w=300&sz=28&hl=en&start=109&tbnid=qlC6Gq_pQxf_tM:&tbnh=73&tbnw=116&prev=/images%3Fq%3Dfamily%2Bguy%26start%3D100%26ndsp%3D20%26svnum%3D10%26hl%3Den%26lr%3D%26safe%3Dactive%26sa%3DN" "Mozilla/4.0 (compatible; MSIE 6.0; Windows NT 5.1)"
212.219.231.1 - - [13/Dec/2006:09:56:48 -0600] "GET /uploads/Dailyshow_logo.jpg HTTP/1.1" 200 13964 "http://www.foobar.com/archives/2006/01/19/television-americana/" "Mozilla/4.0 (compatible; MSIE 6.0; Windows NT 5.1)"
212.219.231.1 - - [13/Dec/2006:09:56:49 -0600] "GET /wp-content/themes/default_es/images/borjanet.png HTTP/1.1" 200 16169 "http://www.foobar.com/archives/2006/01/19/television-americana/" "Mozilla/4.0 (compatible; MSIE 6.0; Windows NT 5.1)"
212.219.231.1 - - [13/Dec/2006:09:56:49 -0600] "GET /wp-content/themes/default_es/style.css HTTP/1.1" 200 9885 "http://www.foobar.com/archives/2006/01/19/television-americana/" "Mozilla/4.0 (compatible; MSIE 6.0; Windows NT 5.1)"
212.219.231.1 - - [13/Dec/2006:09:56:49 -0600] "GET /uploads/fglogo.png HTTP/1.1" 200 27895 "http://www.foobar.com/archives/2006/01/19/television-americana/" "Mozilla/4.0 (compatible; MSIE 6.0; Windows NT 5.1)"
212.219.231.1 - - [13/Dec/2006:09:56:50 -0600] "GET /uploads/TheWestWing.JPG HTTP/1.1" 200 7234 "http://www.foobar.com/archives/2006/01/19/television-americana/" "Mozilla/4.0 (compatible; MSIE 6.0; Windows NT 5.1)"
212.219.231.1 - - [13/Dec/2006:09:56:50 -0600] "GET /uploads/Harvey_Birdman2C_Attorney_at_Law_title.jpg HTTP/1.1" 200 20129 "http://www.foobar.com/archives/2006/01/19/television-americana/" "Mozilla/4.0 (compatible; MSIE 6.0; Windows NT 5.1)"
212.219.231.1 - - [13/Dec/2006:09:56:51 -0600] "GET /uploads/Birdman.jpg HTTP/1.1" 200 23838 "http://www.foobar.com/archives/2006/01/19/television-americana/" "Mozilla/4.0 (compatible; MSIE 6.0; Windows NT 5.1)"
212.219.231.1 - - [13/Dec/2006:09:56:51 -0600] "GET /uploads/whoseline.jpg HTTP/1.1" 200 13096 "http://www.foobar.com/archives/2006/01/19/television-americana/" "Mozilla/4.0 (compatible; MSIE 6.0; Windows NT 5.1)"
212.219.231.1 - - [13/Dec/2006:09:56:52 -0600] "GET /uploads/comedy.png HTTP/1.1" 200 22619 "http://www.foobar.com/archives/2006/01/19/television-americana/" "Mozilla/4.0 (compatible; MSIE 6.0; Windows NT 5.1)"
212.219.231.1 - - [13/Dec/2006:09:56:52 -0600] "GET /wp-content/themes/default_es/images/kubrickbgcolor.jpg HTTP/1.1" 200 558 "http://www.foobar.com/archives/2006/01/19/television-americana/" "Mozilla/4.0 (compatible; MSIE 6.0; Windows NT 5.1)"
212.219.231.1 - - [13/Dec/2006:09:56:52 -0600] "GET /wp-content/themes/default_es/images/kubrickbgwide.jpg HTTP/1.1" 200 1020 "http://www.foobar.com/archives/2006/01/19/television-americana/" "Mozilla/4.0 (compatible; MSIE 6.0; Windows NT 5.1)"
212.219.231.1 - - [13/Dec/2006:09:56:52 -0600] "GET /wp-content/themes/default_es/images/kubrickheader.png HTTP/1.1" 200 3850 "http://www.foobar.com/archives/2006/01/19/television-americana/" "Mozilla/4.0 (compatible; MSIE 6.0; Windows NT 5.1)"
212.219.231.1 - - [13/Dec/2006:09:56:52 -0600] "GET /wp-content/themes/default_es/images/kubrickfooter.jpg HTTP/1.1" 200 2601 "http://www.foobar.com/archives/2006/01/19/television-americana/" "Mozilla/4.0 (compatible; MSIE 6.0; Windows NT 5.1)"
74.6.71.187 - - [13/Dec/2006:09:57:11 -0600] "GET /archives/2004/03/12/incertidumbre/ HTTP/1.0" 200 18571 "-" "Mozilla/5.0 (compatible; Yahoo! Slurp; http://help.yahoo.com/help/us/ysearch/slurp)"
210.173.180.164 - - [13/Dec/2006:09:57:35 -0600] "GET /archives/2003/02/11/and-the-nominees-are/feed/ HTTP/1.1" 200 516 "-" "ichiro/2.0 (http://help.goo.ne.jp/door/crawler.html)"
200.16.211.174 - - [13/Dec/2006:09:57:36 -0600] "GET /uploads/Birdman.jpg HTTP/1.0" 200 23838 "http://abuelos-team.com.ar/foro/viewtopic.php?t=989" "Mozilla/4.0 (compatible; MSIE 5.5; Windows NT 5.0; .NET CLR 1.1.4322; .NET CLR 2.0.50727)"
72.14.195.66 - - [13/Dec/2006:09:58:05 -0600] "GET /favicon.ico HTTP/1.1" 404 - "-" "Mozilla/5.0 (Windows; U; Windows NT 5.1; en-US; rv:1.8.0.8) Gecko/20061025 Firefox/1.5.0.8"
80.224.29.161 - - [13/Dec/2006:09:58:15 -0600] "GET /feed/ HTTP/1.0" 304 0 "-" "Liferea/1.0.26 (Linux; http://liferea.sf.net/)"
139.149.1.194 - - [13/Dec/2006:09:59:02 -0600] "GET /feed/ HTTP/1.1" 200 10763 "-" "Mozilla/5.0 (Windows; U; Windows NT 5.1; en-US; rv:1.8.0.6) Gecko/20060728 Firefox/1.5.0.6"
200.161.187.166 - - [13/Dec/2006:09:59:05 -0600] "GET /uploads/whoseline.jpg HTTP/1.1" 200 13096 "http://nowloaded.org/forum/index.php?showtopic=22816" "Mozilla/4.0 (compatible; MSIE 6.0; Windows NT 5.1; SV1; MEGAROTIC 2.0)"
131.202.212.90 - - [13/Dec/2006:09:59:27 -0600] "GET /feed/ HTTP/1.1" 304 0 "-" "NetNewsWire/2.1.1 (Mac OS X; http://ranchero.com/netnewswire/)"
210.173.180.164 - - [13/Dec/2006:09:59:36 -0600] "GET /archives/2003/11/16/muerte-al-spam/feed/ HTTP/1.1" 200 500 "-" "ichiro/2.0 (http://help.goo.ne.jp/door/crawler.html)"
200.31.26.50 - - [13/Dec/2006:10:00:02 -0600] "GET /page/2/ HTTP/1.1" 200 15644 "http://images.google.com/imgres?imgurl=http://people.cs.uchicago.edu/~chliu/photo/dsl-lab/group1.JPG&imgrefurl=http://www.foobar.com/page/2/&h=1440&w=2160&sz=242&hl=es&start=184&tbnid=o1w69sh0X1ENjM:&tbnh=100&tbnw=150&prev=/images%3Fq%3Destudiantes%26start%3D180%26imgsz%3Dxxlarge%26ndsp%3D18%26svnum%3D10%26hl%3Des%26lr%3Dlang_es%26sa%3DN" "Mozilla/4.0 (compatible; MSIE 7.0; Windows NT 5.1; .NET CLR 1.1.4322)"
66.249.65.135 - - [13/Dec/2006:10:00:20 -0600] "GET /archives/2005/04/20/buscando-nuevo-servidor/feed/ HTTP/1.1" 200 6752 "-" "Mozilla/5.0 (compatible; Googlebot/2.1; +http://www.google.com/bot.html)"
67.134.169.25 - - [13/Dec/2006:10:00:24 -0600] "GET /uploads/Family_guy_logo.png HTTP/1.1" 404 - "http://profile.myspace.com/index.cfm?fuseaction=user.viewprofile&friendid=78104542&MyToken=e3059e0c-23ee-4a07-aff1-fde154d56450" "Mozilla/4.0 (compatible; MSIE 6.0; Windows NT 5.0; .NET CLR 1.1.4322; ZangoToolbar 4.8.3)"
212.219.231.1 - - [13/Dec/2006:10:00:26 -0600] "GET /uploads/Family_guy_logo.png HTTP/1.1" 404 - "http://images.google.co.uk/imgres?imgurl=http://www.foobar.com/uploads/Family_guy_logo.png&imgrefurl=http://www.foobar.com/archives/2006/01/19/television-americana/&h=189&w=300&sz=28&tbnid=qlC6Gq_pQxf_tM:&tbnh=73&tbnw=116&hl=en&prev=/images%3Fq%3Dfamily%2Bguy%26start%3D100%26ndsp%3D20%26svnum%3D10%26hl%3Den%26lr%3D%26safe%3Dactive%26sa%3DN&frame=small" "Mozilla/4.0 (compatible; MSIE 6.0; Windows NT 5.1)"
212.219.231.1 - - [13/Dec/2006:10:00:27 -0600] "GET /uploads/Family_guy_logo.png HTTP/1.1" 404 - "http://images.google.co.uk/imgres?imgurl=http://www.foobar.com/uploads/Family_guy_logo.png&imgrefurl=http://www.foobar.com/archives/2006/01/19/television-americana/&h=189&w=300&sz=28&tbnid=qlC6Gq_pQxf_tM:&tbnh=73&tbnw=116&hl=en&prev=/images%3Fq%3Dfamily%2Bguy%26start%3D100%26ndsp%3D20%26svnum%3D10%26hl%3Den%26lr%3D%26safe%3Dactive%26sa%3DN&frame=small" "Mozilla/4.0 (compatible; MSIE 6.0; Windows NT 5.1)"
200.31.26.50 - - [13/Dec/2006:10:00:37 -0600] "GET /page/2/ HTTP/1.1" 200 20024 "http://images.google.com/imgres?imgurl=http://people.cs.uchicago.edu/~chliu/photo/dsl-lab/group1.JPG&imgrefurl=http://www.foobar.com/page/2/&h=1440&w=2160&sz=242&hl=es&start=184&tbnid=o1w69sh0X1ENjM:&tbnh=100&tbnw=150&prev=/images%3Fq%3Destudiantes%26start%3D180%26imgsz%3Dxxlarge%26ndsp%3D18%26svnum%3D10%26hl%3Des%26lr%3Dlang_es%26sa%3DN" "Mozilla/4.0 (compatible; MSIE 7.0; Windows NT 5.1; .NET CLR 1.1.4322)"
195.27.215.89 - - [13/Dec/2006:10:00:41 -0600] "GET /archives/2005/09/ HTTP/1.0" 200 32440 "-" "Seekbot/1.0 (http://www.seekbot.net/bot.html) HTTPFetcher/0.3"
158.42.16.182 - - [13/Dec/2006:10:01:16 -0600] "GET /favicon.ico HTTP/1.1" 404 - "http://www.netvibes.com/" "Mozilla/5.0 (Windows; U; Windows NT 5.1; es-ES; rv:1.8.1) Gecko/20061010 Firefox/2.0"
210.173.180.164 - - [13/Dec/2006:10:03:29 -0600] "GET /archives/2003/11/13/el-trailer-de-emharry-potter-y-el-prisionero-de-azkabanem/feed/ HTTP/1.1" 200 1718 "-" "ichiro/2.0 (http://help.goo.ne.jp/door/crawler.html)"
88.5.199.217 - - [13/Dec/2006:10:03:34 -0600] "GET /archives/2005/10/17/magdalenas/ HTTP/1.1" 200 7858 "http://www.google.es/search?hl=es&q=receta+para+magdalenas&btnG=B%C3%BAsqueda+en+Google&meta=" "Mozilla/5.0 (Windows; U; Windows NT 5.1; es-ES; rv:1.7.6) Gecko/20050303 Firefox/1.0.1"
88.5.199.217 - - [13/Dec/2006:10:03:40 -0600] "GET /wp-content/themes/default_es/style.css HTTP/1.1" 200 9885 "http://www.foobar.com/archives/2005/10/17/magdalenas/" "Mozilla/5.0 (Windows; U; Windows NT 5.1; es-ES; rv:1.7.6) Gecko/20050303 Firefox/1.0.1"
88.5.199.217 - - [13/Dec/2006:10:03:40 -0600] "GET /archives/2005/10/17/magdalenas/ HTTP/1.1" 200 25648 "http://www.google.es/search?hl=es&q=receta+para+magdalenas&btnG=B%C3%BAsqueda+en+Google&meta=" "Mozilla/5.0 (Windows; U; Windows NT 5.1; es-ES; rv:1.7.6) Gecko/20050303 Firefox/1.0.1"
88.5.199.217 - - [13/Dec/2006:10:03:41 -0600] "GET /wp-content/themes/default_es/images/kubrickbgcolor.jpg HTTP/1.1" 200 558 "http://www.foobar.com/archives/2005/10/17/magdalenas/" "Mozilla/5.0 (Windows; U; Windows NT 5.1; es-ES; rv:1.7.6) Gecko/20050303 Firefox/1.0.1"
88.5.199.217 - - [13/Dec/2006:10:03:41 -0600] "GET /wp-content/themes/default_es/images/borjanet.png HTTP/1.1" 200 16169 "http://www.foobar.com/archives/2005/10/17/magdalenas/" "Mozilla/5.0 (Windows; U; Windows NT 5.1; es-ES; rv:1.7.6) Gecko/20050303 Firefox/1.0.1"
88.5.199.217 - - [13/Dec/2006:10:03:41 -0600] "GET /wp-content/themes/default_es/images/kubrickbgwide.jpg HTTP/1.1" 200 1020 "http://www.foobar.com/archives/2005/10/17/magdalenas/" "Mozilla/5.0 (Windows; U; Windows NT 5.1; es-ES; rv:1.7.6) Gecko/20050303 Firefox/1.0.1"
88.5.199.217 - - [13/Dec/2006:10:03:41 -0600] "GET /wp-content/themes/default_es/images/kubrickheader.png HTTP/1.1" 200 3850 "http://www.foobar.com/archives/2005/10/17/magdalenas/" "Mozilla/5.0 (Windows; U; Windows NT 5.1; es-ES; rv:1.7.6) Gecko/20050303 Firefox/1.0.1"
88.5.199.217 - - [13/Dec/2006:10:03:42 -0600] "GET /wp-content/themes/default_es/images/kubrickfooter.jpg HTTP/1.1" 200 2601 "http://www.foobar.com/archives/2005/10/17/magdalenas/" "Mozilla/5.0 (Windows; U; Windows NT 5.1; es-ES; rv:1.7.6) Gecko/20050303 Firefox/1.0.1"
88.5.199.217 - - [13/Dec/2006:10:03:42 -0600] "GET /favicon.ico HTTP/1.1" 404 - "-" "Mozilla/5.0 (Windows; U; Windows NT 5.1; es-ES; rv:1.7.6) Gecko/20050303 Firefox/1.0.1"
121.131.155.98 - - [13/Dec/2006:10:04:03 -0600] "POST /wp-comments-post.php HTTP/1.1" 404 - "http://www.foobar.com/wp-comments-post.php" "Mozilla/4.0 (compatible; MSIE 6.0; Windows NT 5.1; SV1)"
80.58.205.35 - - [13/Dec/2006:10:04:30 -0600] "GET /feed/ HTTP/1.1" 200 10775 "-" "Mozilla/4.0 (compatible; Google Desktop)"
210.173.180.164 - - [13/Dec/2006:10:04:50 -0600] "GET /archives/2003/11/01/vuelta-a-la-carga/ HTTP/1.1" 200 15491 "-" "ichiro/2.0 (http://help.goo.ne.jp/door/crawler.html)"
216.162.17.132 - - [13/Dec/2006:10:04:56 -0600] "GET /uploads/Family_guy_logo.png HTTP/1.0" 404 - "http://images.google.com/imgres?imgurl=http://www.foobar.com/uploads/Family_guy_logo.png&imgrefurl=http://www.foobar.com/archives/2006/01/19/television-americana/&h=189&w=300&sz=28&tbnid=qlC6Gq_pQxf_tM:&tbnh=73&tbnw=116&hl=en&prev=/images%3Fq%3DFAMILY%2BGUY%2BLOGO%26svnum%3D10%26hl%3Den%26lr%3D&frame=small" "Mozilla/4.0 (compatible; MSIE 6.0; Windows NT 5.1; SV1; .NET CLR 1.1.4322; .NET CLR 2.0.50727)"
216.162.17.132 - - [13/Dec/2006:10:04:58 -0600] "GET /archives/2006/01/19/television-americana/ HTTP/1.0" 200 7948 "http://images.google.com/imgres?imgurl=http://www.foobar.com/uploads/Family_guy_logo.png&imgrefurl=http://www.foobar.com/archives/2006/01/19/television-americana/&h=189&w=300&sz=28&hl=en&start=1&tbnid=qlC6Gq_pQxf_tM:&tbnh=73&tbnw=116&prev=/images%3Fq%3DFAMILY%2BGUY%2BLOGO%26svnum%3D10%26hl%3Den%26lr%3D" "Mozilla/4.0 (compatible; MSIE 6.0; Windows NT 5.1; SV1; .NET CLR 1.1.4322; .NET CLR 2.0.50727)"
216.162.17.132 - - [13/Dec/2006:10:04:59 -0600] "GET /archives/2006/01/19/television-americana/ HTTP/1.0" 200 7948 "http://images.google.com/imgres?imgurl=http://www.foobar.com/uploads/Family_guy_logo.png&imgrefurl=http://www.foobar.com/archives/2006/01/19/television-americana/&h=189&w=300&sz=28&hl=en&start=1&tbnid=qlC6Gq_pQxf_tM:&tbnh=73&tbnw=116&prev=/images%3Fq%3DFAMILY%2BGUY%2BLOGO%26svnum%3D10%26hl%3Den%26lr%3D" "Mozilla/4.0 (compatible; MSIE 6.0; Windows NT 5.1; SV1; .NET CLR 1.1.4322; .NET CLR 2.0.50727)"
65.214.44.29 - - [13/Dec/2006:10:05:00 -0600] "GET /weblog/rdf HTTP/1.1" 304 0 "-" "Bloglines/3.1 (http://www.bloglines.com; 27 subscribers)"
24.205.139.56 - - [13/Dec/2006:10:05:03 -0600] "GET /uploads/Birdman.jpg HTTP/1.1" 304 - "http://profile.myspace.com/index.cfm?fuseaction=user.viewprofile&friendid=3002122&MyToken=2bbc39ad-3707-4114-abd3-a28515bcaea8" "Mozilla/4.0 (compatible; MSIE 7.0; Windows NT 5.1; .NET CLR 1.1.4322)"
210.173.180.164 - - [13/Dec/2006:10:06:05 -0600] "GET /weblog/1036390177/index_html HTTP/1.1" 404 - "-" "ichiro/2.0 (http://help.goo.ne.jp/door/crawler.html)"
83.213.159.166 - - [13/Dec/2006:10:06:06 -0600] "GET /feed/ HTTP/1.1" 200 10763 "-" "Mozilla/5.0 (Sage)"
72.14.195.66 - - [13/Dec/2006:10:06:08 -0600] "GET /favicon.ico HTTP/1.1" 404 - "-" "Mozilla/5.0 (Windows; U; Windows NT 5.1; en-US; rv:1.8.0.8) Gecko/20061025 Firefox/1.5.0.8"
85.85.12.22 - - [13/Dec/2006:10:06:16 -0600] "GET /feed/ HTTP/1.1" 200 10763 "-" "Mozilla/5.0 (X11; U; Linux i686; es-ES; rv:1.7.13) Gecko/20060411 Firefox/1.0.8 SUSE/1.0.8-0.2"
212.168.173.12 - - [13/Dec/2006:10:06:26 -0600] "GET /feed/rss2 HTTP/1.1" 304 0 "-" "AlestiFeedBot/0.7 (http://www.alesti.org/; 1 subscriber)"
74.6.72.184 - - [13/Dec/2006:10:07:02 -0600] "GET /archives/2005/10/31/lentejas HTTP/1.0" 200 17053 "-" "Mozilla/5.0 (compatible; Yahoo! Slurp; http://help.yahoo.com/help/us/ysearch/slurp)"
65.214.44.29 - - [13/Dec/2006:10:07:02 -0600] "GET /feed/rss2/ HTTP/1.1" 304 0 "-" "Bloglines/3.1 (http://www.bloglines.com; 14 subscribers)"
85.85.12.22 - - [13/Dec/2006:10:07:03 -0600] "GET /feed/ HTTP/1.1" 200 10763 "-" "Mozilla/5.0 (Sage)"
213.97.131.216 - - [13/Dec/2006:10:07:05 -0600] "GET /feed/atom/ HTTP/1.1" 304 0 "-" "NetNewsWire/2.1.1 (Mac OS X; Lite; http://ranchero.com/netnewswire/)"
217.130.78.71 - - [13/Dec/2006:10:07:10 -0600] "GET /feed/ HTTP/1.0" 304 0 "-" "Liferea/1.0.23 (Linux; es_ES.UTF-8; http://liferea.sf.net/)"
210.173.180.164 - - [13/Dec/2006:10:07:37 -0600] "GET /weblog/1039194692/index_html HTTP/1.1" 404 - "-" "ichiro/2.0 (http://help.goo.ne.jp/door/crawler.html)"
83.58.251.144 - - [13/Dec/2006:10:07:52 -0600] "GET /favicon.ico HTTP/1.1" 404 - "-" "NewzCrawler/1.7 (compatible; MSIE 6.00; Newz Crawler 1.7; http://www.newzcrawler.com/ )"
83.58.251.144 - - [13/Dec/2006:10:07:57 -0600] "GET /weblog/rdf HTTP/1.1" 304 0 "-" "NewzCrawler/1.7 (compatible; MSIE 6.00; Newz Crawler 1.7; http://www.newzcrawler.com/ )"
83.58.251.144 - - [13/Dec/2006:10:08:06 -0600] "GET /archives/2006/05/12/nostalgia-2/feed/ HTTP/1.1" 304 0 "-" "NewzCrawler/1.7 (compatible; MSIE 6.00; Newz Crawler 1.7; http://www.newzcrawler.com/ )"
83.58.251.144 - - [13/Dec/2006:10:08:08 -0600] "GET /archives/2006/11/14/advanced-wookie-laboratories/feed/ HTTP/1.1" 304 0 "-" "NewzCrawler/1.7 (compatible; MSIE 6.00; Newz Crawler 1.7; http://www.newzcrawler.com/ )"
60.191.80.30 - - [13/Dec/2006:10:08:10 -0600] "GET /archives/2005/05/20/je-je-je-pero-que-chispa-tienes-tio/ HTTP/1.1" 200 23305 "-" "OutfoxBot/0.5 (for internet experiments; http://; outfoxbot@gmail.com)"
83.58.251.144 - - [13/Dec/2006:10:08:11 -0600] "GET /archives/2006/11/18/acento-inclasificable/feed/ HTTP/1.1" 304 0 "-" "NewzCrawler/1.7 (compatible; MSIE 6.00; Newz Crawler 1.7; http://www.newzcrawler.com/ )"
83.58.251.144 - - [13/Dec/2006:10:08:19 -0600] "GET /archives/2006/11/26/%c2%bfpor-que-escribes-un-blog/feed/ HTTP/1.1" 304 0 "-" "NewzCrawler/1.7 (compatible; MSIE 6.00; Newz Crawler 1.7; http://www.newzcrawler.com/ )"
80.224.29.161 - - [13/Dec/2006:10:08:23 -0600] "GET /feed/ HTTP/1.0" 304 0 "-" "Liferea/1.0.26 (Linux; http://liferea.sf.net/)"
83.58.251.144 - - [13/Dec/2006:10:08:31 -0600] "GET /archives/2006/11/26/%c2%bfpor-que-lees-mi-blog/feed/ HTTP/1.1" 304 0 "-" "NewzCrawler/1.7 (compatible; MSIE 6.00; Newz Crawler 1.7; http://www.newzcrawler.com/ )"
83.58.251.144 - - [13/Dec/2006:10:08:33 -0600] "GET /archives/2006/11/28/gigantes-en-la-era-del-silicio/feed/ HTTP/1.1" 304 0 "-" "NewzCrawler/1.7 (compatible; MSIE 6.00; Newz Crawler 1.7; http://www.newzcrawler.com/ )"
83.58.251.144 - - [13/Dec/2006:10:08:35 -0600] "GET /archives/2006/12/01/nieve-ahora-si/feed/ HTTP/1.1" 304 0 "-" "NewzCrawler/1.7 (compatible; MSIE 6.00; Newz Crawler 1.7; http://www.newzcrawler.com/ )"
83.58.251.144 - - [13/Dec/2006:10:08:38 -0600] "GET /archives/2006/12/11/pronunciacion/feed/ HTTP/1.1" 304 0 "-" "NewzCrawler/1.7 (compatible; MSIE 6.00; Newz Crawler 1.7; http://www.newzcrawler.com/ )"
201.243.190.177 - - [13/Dec/2006:10:08:56 -0600] "GET /feed/atom/ HTTP/1.1" 304 0 "-" "Mozilla/5.0 (Windows; U; Windows NT 5.1; es-ES; rv:1.8.1) Gecko/20061010 Firefox/2.0"
200.107.8.192 - - [13/Dec/2006:10:09:03 -0600] "GET /wp-content/themes/default_es/style.css HTTP/1.1" 200 9885 "http://216.239.51.104/search?q=cache:tMR0hQlx6lYJ:www.foobar.com/archives/2003/01/20/ppdd-plataforma-para-la-desaparicin-del-director/+dialectos+(visual+basic)&hl=es&gl=ec&ct=clnk&cd=20" "Mozilla/4.0 (compatible; MSIE 6.0; Windows NT 5.1; SV1; .NET CLR 1.1.4322)"
200.107.8.192 - - [13/Dec/2006:10:09:03 -0600] "GET /wp-content/themes/default_es/images/borjanet.png HTTP/1.1" 200 16169 "http://216.239.51.104/search?q=cache:tMR0hQlx6lYJ:www.foobar.com/archives/2003/01/20/ppdd-plataforma-para-la-desaparicin-del-director/+dialectos+(visual+basic)&hl=es&gl=ec&ct=clnk&cd=20" "Mozilla/4.0 (compatible; MSIE 6.0; Windows NT 5.1; SV1; .NET CLR 1.1.4322)"
200.107.8.192 - - [13/Dec/2006:10:09:05 -0600] "GET /wp-content/themes/default_es/images/kubrickbgcolor.jpg HTTP/1.1" 200 558 "http://216.239.51.104/search?q=cache:tMR0hQlx6lYJ:www.foobar.com/archives/2003/01/20/ppdd-plataforma-para-la-desaparicin-del-director/+dialectos+(visual+basic)&hl=es&gl=ec&ct=clnk&cd=20" "Mozilla/4.0 (compatible; MSIE 6.0; Windows NT 5.1; SV1; .NET CLR 1.1.4322)"
200.107.8.192 - - [13/Dec/2006:10:09:05 -0600] "GET /wp-content/themes/default_es/images/kubrickbgwide.jpg HTTP/1.1" 200 1020 "http://216.239.51.104/search?q=cache:tMR0hQlx6lYJ:www.foobar.com/archives/2003/01/20/ppdd-plataforma-para-la-desaparicin-del-director/+dialectos+(visual+basic)&hl=es&gl=ec&ct=clnk&cd=20" "Mozilla/4.0 (compatible; MSIE 6.0; Windows NT 5.1; SV1; .NET CLR 1.1.4322)"
200.107.8.192 - - [13/Dec/2006:10:09:05 -0600] "GET /wp-content/themes/default_es/images/kubrickheader.png HTTP/1.1" 200 3850 "http://216.239.51.104/search?q=cache:tMR0hQlx6lYJ:www.foobar.com/archives/2003/01/20/ppdd-plataforma-para-la-desaparicin-del-director/+dialectos+(visual+basic)&hl=es&gl=ec&ct=clnk&cd=20" "Mozilla/4.0 (compatible; MSIE 6.0; Windows NT 5.1; SV1; .NET CLR 1.1.4322)"
200.107.8.192 - - [13/Dec/2006:10:09:05 -0600] "GET /wp-content/themes/default_es/images/kubrickfooter.jpg HTTP/1.1" 200 2601 "http://216.239.51.104/search?q=cache:tMR0hQlx6lYJ:www.foobar.com/archives/2003/01/20/ppdd-plataforma-para-la-desaparicin-del-director/+dialectos+(visual+basic)&hl=es&gl=ec&ct=clnk&cd=20" "Mozilla/4.0 (compatible; MSIE 6.0; Windows NT 5.1; SV1; .NET CLR 1.1.4322)"
200.148.69.142 - - [13/Dec/2006:10:09:09 -0600] "GET /uploads/whoseline.jpg HTTP/1.1" 304 - "http://nowloaded.org/forum/index.php?&showtopic=7672" "Mozilla/4.0 (compatible; MSIE 6.0; Windows NT 5.1; SV1; MEGAUPLOAD 1.0)"
195.27.215.89 - - [13/Dec/2006:10:09:11 -0600] "GET /archives/2005/09/05/dia-2-londres/ HTTP/1.0" 200 16445 "-" "Seekbot/1.0 (http://www.seekbot.net/bot.html) HTTPFetcher/0.3"
80.24.176.145 - - [13/Dec/2006:10:09:21 -0600] "GET /wp-content/themes/default_es/style.css HTTP/1.1" 200 9885 "http://www.foobar.com/archives/2006/01/19/television-americana/" "Mozilla/4.0 (compatible; MSIE 6.0; Windows NT 5.1; SV1; SIMBAR Enabled; SIMBAR={676A55AD-4889-4de5-AAFE-383C7F37BBD6}; SIMBAR=0)"
80.24.176.145 - - [13/Dec/2006:10:09:21 -0600] "GET /archives/2006/01/19/television-americana/ HTTP/1.1" 200 22407 "http://images.google.es/imgres?imgurl=http://www.foobar.com/uploads/Family_guy_logo.png&imgrefurl=http://www.foobar.com/archives/2006/01/19/television-americana/&h=189&w=300&sz=28&hl=es&start=16&tbnid=qlC6Gq_pQxf_tM:&tbnh=73&tbnw=116&prev=/images%3Fq%3Dpadre%2Bde%2Bfamilia%26svnum%3D10%26hl%3Des%26lr%3D%26sa%3DN" "Mozilla/4.0 (compatible; MSIE 6.0; Windows NT 5.1; SV1; SIMBAR Enabled; SIMBAR={676A55AD-4889-4de5-AAFE-383C7F37BBD6}; SIMBAR=0)"
80.24.176.145 - - [13/Dec/2006:10:09:21 -0600] "GET /wp-content/themes/default_es/images/borjanet.png HTTP/1.1" 200 16169 "http://www.foobar.com/archives/2006/01/19/television-americana/" "Mozilla/4.0 (compatible; MSIE 6.0; Windows NT 5.1; SV1; SIMBAR Enabled; SIMBAR={676A55AD-4889-4de5-AAFE-383C7F37BBD6}; SIMBAR=0)"
80.24.176.145 - - [13/Dec/2006:10:09:22 -0600] "GET /uploads/Dailyshow_logo.jpg HTTP/1.1" 200 13964 "http://www.foobar.com/archives/2006/01/19/television-americana/" "Mozilla/4.0 (compatible; MSIE 6.0; Windows NT 5.1; SV1; SIMBAR Enabled; SIMBAR={676A55AD-4889-4de5-AAFE-383C7F37BBD6}; SIMBAR=0)"
80.24.176.145 - - [13/Dec/2006:10:09:22 -0600] "GET /uploads/fglogo.png HTTP/1.1" 200 27895 "http://www.foobar.com/archives/2006/01/19/television-americana/" "Mozilla/4.0 (compatible; MSIE 6.0; Windows NT 5.1; SV1; SIMBAR Enabled; SIMBAR={676A55AD-4889-4de5-AAFE-383C7F37BBD6}; SIMBAR=0)"
80.24.176.145 - - [13/Dec/2006:10:09:22 -0600] "GET /uploads/TheWestWing.JPG HTTP/1.1" 200 7234 "http://www.foobar.com/archives/2006/01/19/television-americana/" "Mozilla/4.0 (compatible; MSIE 6.0; Windows NT 5.1; SV1; SIMBAR Enabled; SIMBAR={676A55AD-4889-4de5-AAFE-383C7F37BBD6}; SIMBAR=0)"
80.24.176.145 - - [13/Dec/2006:10:09:22 -0600] "GET /uploads/Harvey_Birdman2C_Attorney_at_Law_title.jpg HTTP/1.1" 200 20129 "http://www.foobar.com/archives/2006/01/19/television-americana/" "Mozilla/4.0 (compatible; MSIE 6.0; Windows NT 5.1; SV1; SIMBAR Enabled; SIMBAR={676A55AD-4889-4de5-AAFE-383C7F37BBD6}; SIMBAR=0)"
80.24.176.145 - - [13/Dec/2006:10:09:23 -0600] "GET /uploads/whoseline.jpg HTTP/1.1" 200 13096 "http://www.foobar.com/archives/2006/01/19/television-americana/" "Mozilla/4.0 (compatible; MSIE 6.0; Windows NT 5.1; SV1; SIMBAR Enabled; SIMBAR={676A55AD-4889-4de5-AAFE-383C7F37BBD6}; SIMBAR=0)"
80.24.176.145 - - [13/Dec/2006:10:09:23 -0600] "GET /uploads/Birdman.jpg HTTP/1.1" 200 23838 "http://www.foobar.com/archives/2006/01/19/television-americana/" "Mozilla/4.0 (compatible; MSIE 6.0; Windows NT 5.1; SV1; SIMBAR Enabled; SIMBAR={676A55AD-4889-4de5-AAFE-383C7F37BBD6}; SIMBAR=0)"
80.24.176.145 - - [13/Dec/2006:10:09:23 -0600] "GET /uploads/comedy.png HTTP/1.1" 200 22619 "http://www.foobar.com/archives/2006/01/19/television-americana/" "Mozilla/4.0 (compatible; MSIE 6.0; Windows NT 5.1; SV1; SIMBAR Enabled; SIMBAR={676A55AD-4889-4de5-AAFE-383C7F37BBD6}; SIMBAR=0)"
80.24.176.145 - - [13/Dec/2006:10:09:23 -0600] "GET /wp-content/themes/default_es/images/kubrickbgcolor.jpg HTTP/1.1" 200 558 "http://www.foobar.com/archives/2006/01/19/television-americana/" "Mozilla/4.0 (compatible; MSIE 6.0; Windows NT 5.1; SV1; SIMBAR Enabled; SIMBAR={676A55AD-4889-4de5-AAFE-383C7F37BBD6}; SIMBAR=0)"
80.24.176.145 - - [13/Dec/2006:10:09:24 -0600] "GET /wp-content/themes/default_es/images/kubrickbgwide.jpg HTTP/1.1" 200 1020 "http://www.foobar.com/archives/2006/01/19/television-americana/" "Mozilla/4.0 (compatible; MSIE 6.0; Windows NT 5.1; SV1; SIMBAR Enabled; SIMBAR={676A55AD-4889-4de5-AAFE-383C7F37BBD6}; SIMBAR=0)"
80.24.176.145 - - [13/Dec/2006:10:09:24 -0600] "GET /wp-content/themes/default_es/images/kubrickheader.png HTTP/1.1" 200 3850 "http://www.foobar.com/archives/2006/01/19/television-americana/" "Mozilla/4.0 (compatible; MSIE 6.0; Windows NT 5.1; SV1; SIMBAR Enabled; SIMBAR={676A55AD-4889-4de5-AAFE-383C7F37BBD6}; SIMBAR=0)"
80.24.176.145 - - [13/Dec/2006:10:09:24 -0600] "GET /uploads/Family_guy_logo.png HTTP/1.1" 404 - "http://images.google.es/imgres?imgurl=http://www.foobar.com/uploads/Family_guy_logo.png&imgrefurl=http://www.foobar.com/archives/2006/01/19/television-americana/&h=189&w=300&sz=28&tbnid=qlC6Gq_pQxf_tM:&tbnh=73&tbnw=116&hl=es&prev=/images%3Fq%3Dpadre%2Bde%2Bfamilia%26svnum%3D10%26hl%3Des%26lr%3D%26sa%3DN&frame=small" "Mozilla/4.0 (compatible; MSIE 6.0; Windows NT 5.1; SV1; SIMBAR Enabled; SIMBAR={676A55AD-4889-4de5-AAFE-383C7F37BBD6}; SIMBAR=0)"
80.24.176.145 - - [13/Dec/2006:10:09:24 -0600] "GET /wp-content/themes/default_es/images/kubrickfooter.jpg HTTP/1.1" 200 2601 "http://www.foobar.com/archives/2006/01/19/television-americana/" "Mozilla/4.0 (compatible; MSIE 6.0; Windows NT 5.1; SV1; SIMBAR Enabled; SIMBAR={676A55AD-4889-4de5-AAFE-383C7F37BBD6}; SIMBAR=0)"
80.24.176.145 - - [13/Dec/2006:10:09:25 -0600] "GET /favicon.ico HTTP/1.1" 404 - "-" "Mozilla/4.0 (compatible; MSIE 6.0; Windows NT 5.1; SV1; SIMBAR Enabled; SIMBAR={676A55AD-4889-4de5-AAFE-383C7F37BBD6}; SIMBAR=0)"
80.24.176.145 - - [13/Dec/2006:10:09:25 -0600] "GET /favicon.ico HTTP/1.1" 404 - "-" "Mozilla/4.0 (compatible; MSIE 6.0; Windows NT 5.1; SV1; SIMBAR Enabled; SIMBAR={676A55AD-4889-4de5-AAFE-383C7F37BBD6}; SIMBAR=0)"
80.24.176.145 - - [13/Dec/2006:10:09:27 -0600] "GET /wp-content/themes/default_es/images/kubrickfooter.jpg HTTP/1.1" 200 2601 "http://www.foobar.com/archives/2006/01/19/television-americana/" "Mozilla/4.0 (compatible; MSIE 6.0; Windows NT 5.1; SV1; SIMBAR Enabled; SIMBAR={676A55AD-4889-4de5-AAFE-383C7F37BBD6}; SIMBAR=0)"
65.214.44.29 - - [13/Dec/2006:10:09:34 -0600] "GET /feed/ HTTP/1.1" 304 0 "-" "Bloglines/3.1 (http://www.bloglines.com; 34 subscribers)"
193.189.143.206 - - [13/Dec/2006:10:09:43 -0600] "GET /feed/ HTTP/1.0" 200 10737 "-" "Netvibes (http://www.netvibes.com/; 11 subscribers)"
81.202.208.214 - - [13/Dec/2006:10:09:45 -0600] "GET /favicon.ico HTTP/1.1" 404 - "http://www.netvibes.com/" "Mozilla/5.0 (Windows; U; Windows NT 5.1; es-ES; rv:1.8.0.8) Gecko/20061025 Firefox/1.5.0.8"
130.206.100.134 - - [13/Dec/2006:10:10:34 -0600] "GET / HTTP/1.0" 200 40932 "-" "Mozilla/5.0 (Windows; U; Windows NT 5.1; es-ES; rv:1.8.1) Gecko/20061010 Firefox/2.0 Creative ZENcast v1.01.06"
130.206.100.134 - - [13/Dec/2006:10:10:38 -0600] "GET /favicon.ico HTTP/1.0" 404 - "-" "Mozilla/5.0 (Windows; U; Windows NT 5.1; es-ES; rv:1.8.1) Gecko/20061010 Firefox/2.0 Creative ZENcast v1.01.06"
72.30.252.99 - - [13/Dec/2006:10:10:42 -0600] "GET /archives/2004/11/02/ HTTP/1.0" 200 25045 "-" "Mozilla/5.0 (compatible; Yahoo! Slurp; http://help.yahoo.com/help/us/ysearch/slurp)"
189.169.47.150 - - [13/Dec/2006:10:10:45 -0600] "GET /wp-content/themes/default_es/style.css HTTP/1.1" 200 9885 "http://www.foobar.com/archives/2003/12/25/la-cena-de-nochebuena/" "Mozilla/4.0 (compatible; MSIE 6.0; Windows NT 5.1)"
189.169.47.150 - - [13/Dec/2006:10:10:46 -0600] "GET /archives/2003/12/25/la-cena-de-nochebuena/ HTTP/1.1" 200 18266 "http://www.google.com.mx/search?hl=es&q=cena+de+nochebuena&meta=" "Mozilla/4.0 (compatible; MSIE 6.0; Windows NT 5.1)"
189.169.47.150 - - [13/Dec/2006:10:10:46 -0600] "GET /wp-content/themes/default_es/images/kubrickbgwide.jpg HTTP/1.1" 200 1020 "http://www.foobar.com/archives/2003/12/25/la-cena-de-nochebuena/" "Mozilla/4.0 (compatible; MSIE 6.0; Windows NT 5.1)"
189.169.47.150 - - [13/Dec/2006:10:10:46 -0600] "GET /wp-content/themes/default_es/images/borjanet.png HTTP/1.1" 200 16169 "http://www.foobar.com/archives/2003/12/25/la-cena-de-nochebuena/" "Mozilla/4.0 (compatible; MSIE 6.0; Windows NT 5.1)"
189.169.47.150 - - [13/Dec/2006:10:10:46 -0600] "GET /wp-content/themes/default_es/images/kubrickbgcolor.jpg HTTP/1.1" 200 558 "http://www.foobar.com/archives/2003/12/25/la-cena-de-nochebuena/" "Mozilla/4.0 (compatible; MSIE 6.0; Windows NT 5.1)"
189.169.47.150 - - [13/Dec/2006:10:10:46 -0600] "GET /wp-content/themes/default_es/images/kubrickheader.png HTTP/1.1" 200 3850 "http://www.foobar.com/archives/2003/12/25/la-cena-de-nochebuena/" "Mozilla/4.0 (compatible; MSIE 6.0; Windows NT 5.1)"
189.169.47.150 - - [13/Dec/2006:10:10:46 -0600] "GET /wp-content/themes/default_es/images/kubrickfooter.jpg HTTP/1.1" 200 2601 "http://www.foobar.com/archives/2003/12/25/la-cena-de-nochebuena/" "Mozilla/4.0 (compatible; MSIE 6.0; Windows NT 5.1)"
80.39.209.255 - - [13/Dec/2006:10:11:15 -0600] "GET /wp-content/themes/default_es/style.css HTTP/1.1" 200 9885 "http://www.foobar.com/archives/2005/01/11/y-ahora-repostera/" "Mozilla/4.0 (compatible; MSIE 6.0; Windows NT 5.1)"
80.39.209.255 - - [13/Dec/2006:10:11:17 -0600] "GET /wp-content/themes/default_es/images/borjanet.png HTTP/1.1" 200 16169 "http://www.foobar.com/archives/2005/01/11/y-ahora-repostera/" "Mozilla/4.0 (compatible; MSIE 6.0; Windows NT 5.1)"
80.39.209.255 - - [13/Dec/2006:10:11:17 -0600] "GET /wp-content/themes/default_es/images/kubrickbgcolor.jpg HTTP/1.1" 200 558 "http://www.foobar.com/archives/2005/01/11/y-ahora-repostera/" "Mozilla/4.0 (compatible; MSIE 6.0; Windows NT 5.1)"
