85.136.42.190 - - [13/Dec/2006:06:23:48 -0600] "GET /archives/2006/09/04/aventuras-sino-culinarias/ HTTP/1.1" 200 18731 "http://www.google.es/search?hl=es&q=NORMA+ISO+9002+PARA+ARCHIVOS&meta=" "Mozilla/4.0 (compatible; MSIE 6.0; Windows NT 5.1; SV1)"
85.136.42.190 - - [13/Dec/2006:06:23:48 -0600] "GET /wp-content/themes/default_es/style.css HTTP/1.1" 200 9885 "http://www.foobar.com/archives/2006/09/04/aventuras-sino-culinarias/" "Mozilla/4.0 (compatible; MSIE 6.0; Windows NT 5.1; SV1)"
85.136.42.190 - - [13/Dec/2006:06:23:48 -0600] "GET /wp-content/themes/default_es/images/borjanet.png HTTP/1.1" 200 16169 "http://www.foobar.com/archives/2006/09/04/aventuras-sino-culinarias/" "Mozilla/4.0 (compatible; MSIE 6.0; Windows NT 5.1; SV1)"
85.136.42.190 - - [13/Dec/2006:06:23:48 -0600] "GET /wp-content/themes/default_es/images/kubrickbgcolor.jpg HTTP/1.1" 200 558 "http://www.foobar.com/archives/2006/09/04/aventuras-sino-culinarias/" "Mozilla/4.0 (compatible; MSIE 6.0; Windows NT 5.1; SV1)"
85.136.42.190 - - [13/Dec/2006:06:23:48 -0600] "GET /wp-content/themes/default_es/images/kubrickbgwide.jpg HTTP/1.1" 200 1020 "http://www.foobar.com/archives/2006/09/04/aventuras-sino-culinarias/" "Mozilla/4.0 (compatible; MSIE 6.0; Windows NT 5.1; SV1)"
85.136.42.190 - - [13/Dec/2006:06:23:49 -0600] "GET /uploads/pollo_almendras.jpg HTTP/1.1" 200 27702 "http://www.foobar.com/archives/2006/09/04/aventuras-sino-culinarias/" "Mozilla/4.0 (compatible; MSIE 6.0; Windows NT 5.1; SV1)"
85.136.42.190 - - [13/Dec/2006:06:23:49 -0600] "GET /wp-content/themes/default_es/images/kubrickheader.png HTTP/1.1" 200 3850 "http://www.foobar.com/archives/2006/09/04/aventuras-sino-culinarias/" "Mozilla/4.0 (compatible; MSIE 6.0; Windows NT 5.1; SV1)"
85.136.42.190 - - [13/Dec/2006:06:23:50 -0600] "GET /wp-content/themes/default_es/images/kubrickfooter.jpg HTTP/1.1" 200 2601 "http://www.foobar.com/archives/2006/09/04/aventuras-sino-culinarias/" "Mozilla/4.0 (compatible; MSIE 6.0; Windows NT 5.1; SV1)"
85.136.42.190 - - [13/Dec/2006:06:23:50 -0600] "GET /favicon.ico HTTP/1.1" 404 - "-" "Mozilla/4.0 (compatible; MSIE 6.0; Windows NT 5.1; SV1)"
85.136.42.190 - - [13/Dec/2006:06:23:51 -0600] "GET /favicon.ico HTTP/1.1" 404 - "-" "Mozilla/4.0 (compatible; MSIE 6.0; Windows NT 5.1; SV1)"
72.14.199.5 - - [13/Dec/2006:06:24:03 -0600] "GET /feed/ HTTP/1.1" 304 0 "-" "Feedfetcher-Google; (+http://www.google.com/feedfetcher.html)"
194.224.199.54 - - [13/Dec/2006:06:24:13 -0600] "GET /archives/2004/11/03/bienvenidos-al-circo-de-la-democracia-americana/trackback/ HTTP/1.1" 302 5 "http://www.foobar.com/archives/2004/11/03/bienvenidos-al-circo-de-la-democracia-americana/" "noxtrumbot/1.0 (crawler@noxtrum.com)"
83.191.67.22 - - [13/Dec/2006:06:24:57 -0600] "GET /wp-content/themes/default_es/style.css HTTP/1.1" 200 9885 "http://www.foobar.com/archives/2004/01/13/aberraciones-tipogrficas/" "Opera/9.02 (Windows NT 5.1; U; es-es)"
83.191.67.22 - - [13/Dec/2006:06:24:58 -0600] "GET /archives/2004/01/13/aberraciones-tipogrficas/ HTTP/1.1" 200 37617 "http://www.google.es/search?hl=es&q=TIPOGRAFIA+TINTIN&btnG=B%C3%BAsqueda+en+Google&meta=" "Opera/9.02 (Windows NT 5.1; U; es-es)"
83.191.67.22 - - [13/Dec/2006:06:24:58 -0600] "GET /wp-content/themes/default_es/images/kubrickbgcolor.jpg HTTP/1.1" 200 558 "http://www.foobar.com/archives/2004/01/13/aberraciones-tipogrficas/" "Opera/9.02 (Windows NT 5.1; U; es-es)"
83.191.67.22 - - [13/Dec/2006:06:24:58 -0600] "GET /wp-content/themes/default_es/images/borjanet.png HTTP/1.1" 200 16169 "http://www.foobar.com/archives/2004/01/13/aberraciones-tipogrficas/" "Opera/9.02 (Windows NT 5.1; U; es-es)"
83.191.67.22 - - [13/Dec/2006:06:24:58 -0600] "GET /wp-content/themes/default_es/images/kubrickbgwide.jpg HTTP/1.1" 200 1020 "http://www.foobar.com/archives/2004/01/13/aberraciones-tipogrficas/" "Opera/9.02 (Windows NT 5.1; U; es-es)"
83.191.67.22 - - [13/Dec/2006:06:24:58 -0600] "GET /wp-content/themes/default_es/images/kubrickheader.png HTTP/1.1" 200 3850 "http://www.foobar.com/archives/2004/01/13/aberraciones-tipogrficas/" "Opera/9.02 (Windows NT 5.1; U; es-es)"
83.191.67.22 - - [13/Dec/2006:06:24:59 -0600] "GET /wp-content/themes/default_es/images/borjanet.png HTTP/1.1" 200 16169 "http://www.foobar.com/archives/2004/01/13/aberraciones-tipogrficas/" "Opera/9.02 (Windows NT 5.1; U; es-es)"
83.191.67.22 - - [13/Dec/2006:06:24:59 -0600] "GET /wp-content/themes/default_es/images/kubrickfooter.jpg HTTP/1.1" 200 2601 "http://www.foobar.com/archives/2004/01/13/aberraciones-tipogrficas/" "Opera/9.02 (Windows NT 5.1; U; es-es)"
83.191.67.22 - - [13/Dec/2006:06:25:00 -0600] "GET /favicon.ico HTTP/1.1" 404 - "http://www.foobar.com/archives/2004/01/13/aberraciones-tipogrficas/" "Opera/9.02 (Windows NT 5.1; U; es-es)"
85.84.60.245 - - [13/Dec/2006:06:25:07 -0600] "GET /feed/atom/ HTTP/1.1" 304 0 "-" "Mozilla/5.0 (X11; U; Linux i686; es-ES; rv:1.8.1) Gecko/20060601 Firefox/2.0 (Ubuntu-edgy)"
194.224.199.54 - - [13/Dec/2006:06:25:13 -0600] "GET /archives/2004/11/03/a-la-cama-sin-saber-quien-ha-ganado/feed/ HTTP/1.1" 200 1149 "http://www.foobar.com/archives/2004/11/03/a-la-cama-sin-saber-quien-ha-ganado/" "noxtrumbot/1.0 (crawler@noxtrum.com)"
194.224.199.54 - - [13/Dec/2006:06:26:13 -0600] "GET /archives/2004/11/03/a-la-cama-sin-saber-quien-ha-ganado/trackback/ HTTP/1.1" 302 5 "http://www.foobar.com/archives/2004/11/03/a-la-cama-sin-saber-quien-ha-ganado/" "noxtrumbot/1.0 (crawler@noxtrum.com)"
83.32.53.25 - - [13/Dec/2006:06:27:02 -0600] "GET /favicon.ico HTTP/1.0" 404 - "http://www.netvibes.com/" "Mozilla/5.0 (Windows; U; Windows NT 5.1; es-ES; rv:1.8.0.8) Gecko/20061025 Firefox/1.5.0.8"
194.224.199.54 - - [13/Dec/2006:06:27:13 -0600] "GET /archives/2004/11/02/democracia-de-cartn-piedra/feed/ HTTP/1.1" 200 14016 "http://www.foobar.com/archives/2004/11/02/democracia-de-cartn-piedra/" "noxtrumbot/1.0 (crawler@noxtrum.com)"
195.27.215.89 - - [13/Dec/2006:06:27:16 -0600] "GET /archives/2005/04/20/buscando-nuevo-servidor/ HTTP/1.0" 200 19287 "-" "Seekbot/1.0 (http://www.seekbot.net/bot.html) HTTPFetcher/0.3"
217.124.66.94 - - [13/Dec/2006:06:27:58 -0600] "GET /archives/2005/12/31/buffalo-hot-wings/ HTTP/1.1" 200 19991 "http://www.google.es/search?hl=es&q=alas+de+pollo+al+horno&btnG=B%C3%BAsqueda+en+Google&meta=" "Mozilla/4.0 (compatible; MSIE 6.0; Windows NT 5.1; SV1; .NET CLR 1.1.4322)"
217.124.66.94 - - [13/Dec/2006:06:27:58 -0600] "GET /wp-content/themes/default_es/style.css HTTP/1.1" 200 9885 "http://www.foobar.com/archives/2005/12/31/buffalo-hot-wings/" "Mozilla/4.0 (compatible; MSIE 6.0; Windows NT 5.1; SV1; .NET CLR 1.1.4322)"
217.124.66.94 - - [13/Dec/2006:06:28:00 -0600] "GET /wp-content/themes/default_es/images/borjanet.png HTTP/1.1" 200 16169 "http://www.foobar.com/archives/2005/12/31/buffalo-hot-wings/" "Mozilla/4.0 (compatible; MSIE 6.0; Windows NT 5.1; SV1; .NET CLR 1.1.4322)"
217.124.66.94 - - [13/Dec/2006:06:28:03 -0600] "GET /wp-content/themes/default_es/images/kubrickbgcolor.jpg HTTP/1.1" 200 558 "http://www.foobar.com/archives/2005/12/31/buffalo-hot-wings/" "Mozilla/4.0 (compatible; MSIE 6.0; Windows NT 5.1; SV1; .NET CLR 1.1.4322)"
201.11.15.19 - - [13/Dec/2006:06:28:04 -0600] "GET /uploads/whoseline.jpg HTTP/1.1" 200 13096 "http://nowloaded.org/forum/index.php?showtopic=8815&hl=" "Mozilla/4.0 (compatible; MSIE 6.0; Windows NT 5.1; SV1; MEGAUPLOAD 1.0)"
217.124.66.94 - - [13/Dec/2006:06:28:05 -0600] "GET /wp-content/themes/default_es/images/kubrickbgwide.jpg HTTP/1.1" 200 1020 "http://www.foobar.com/archives/2005/12/31/buffalo-hot-wings/" "Mozilla/4.0 (compatible; MSIE 6.0; Windows NT 5.1; SV1; .NET CLR 1.1.4322)"
217.124.66.94 - - [13/Dec/2006:06:28:05 -0600] "GET /wp-content/themes/default_es/images/kubrickheader.png HTTP/1.1" 200 3850 "http://www.foobar.com/archives/2005/12/31/buffalo-hot-wings/" "Mozilla/4.0 (compatible; MSIE 6.0; Windows NT 5.1; SV1; .NET CLR 1.1.4322)"
217.124.66.94 - - [13/Dec/2006:06:28:05 -0600] "GET /wp-content/themes/default_es/images/kubrickfooter.jpg HTTP/1.1" 200 2601 "http://www.foobar.com/archives/2005/12/31/buffalo-hot-wings/" "Mozilla/4.0 (compatible; MSIE 6.0; Windows NT 5.1; SV1; .NET CLR 1.1.4322)"
194.224.199.54 - - [13/Dec/2006:06:28:13 -0600] "GET /archives/2004/11/02/democracia-de-cartn-piedra/trackback/ HTTP/1.1" 302 5 "http://www.foobar.com/archives/2004/11/02/democracia-de-cartn-piedra/" "noxtrumbot/1.0 (crawler@noxtrum.com)"
80.224.29.161 - - [13/Dec/2006:06:28:15 -0600] "GET /feed/ HTTP/1.0" 304 0 "-" "Liferea/1.0.26 (Linux; http://liferea.sf.net/)"
81.37.1.253 - - [13/Dec/2006:06:28:32 -0600] "GET /archives/2006/01/01/idea-para-2006/feed/ HTTP/1.1" 200 19957 "http://www.google.es/search?hl=es&q=como+insinuarte+con+t+amigo&meta=" "Mozilla/4.0 (compatible; MSIE 6.0; Windows NT 5.1; SV1; .NET CLR 1.0.3705)"
83.38.250.185 - - [13/Dec/2006:06:28:46 -0600] "GET /feed/ HTTP/1.1" 304 0 "-" "Mozilla/4.0 (compatible; Google Desktop)"
83.213.84.163 - - [13/Dec/2006:06:29:02 -0600] "GET /archives/2005/09/10/dia-6-amsterdam/ HTTP/1.1" 200 19182 "http://www.google.es/search?q=asiaticas+sumisas&hl=es&lr=&start=10&sa=N" "Mozilla/4.0 (compatible; MSIE 6.0; Windows NT 5.1; SV1; .NET CLR 1.1.4322)"
83.213.84.163 - - [13/Dec/2006:06:29:02 -0600] "GET /wp-content/themes/default_es/style.css HTTP/1.1" 200 9885 "http://www.foobar.com/archives/2005/09/10/dia-6-amsterdam/" "Mozilla/4.0 (compatible; MSIE 6.0; Windows NT 5.1; SV1; .NET CLR 1.1.4322)"
83.213.84.163 - - [13/Dec/2006:06:29:02 -0600] "GET /wp-content/themes/default_es/images/kubrickbgcolor.jpg HTTP/1.1" 200 558 "http://www.foobar.com/archives/2005/09/10/dia-6-amsterdam/" "Mozilla/4.0 (compatible; MSIE 6.0; Windows NT 5.1; SV1; .NET CLR 1.1.4322)"
83.213.84.163 - - [13/Dec/2006:06:29:03 -0600] "GET /wp-content/themes/default_es/images/kubrickbgwide.jpg HTTP/1.1" 200 1020 "http://www.foobar.com/archives/2005/09/10/dia-6-amsterdam/" "Mozilla/4.0 (compatible; MSIE 6.0; Windows NT 5.1; SV1; .NET CLR 1.1.4322)"
83.213.84.163 - - [13/Dec/2006:06:29:03 -0600] "GET /wp-content/themes/default_es/images/kubrickheader.png HTTP/1.1" 200 3850 "http://www.foobar.com/archives/2005/09/10/dia-6-amsterdam/" "Mozilla/4.0 (compatible; MSIE 6.0; Windows NT 5.1; SV1; .NET CLR 1.1.4322)"
83.213.84.163 - - [13/Dec/2006:06:29:03 -0600] "GET /wp-content/themes/default_es/images/borjanet.png HTTP/1.1" 200 16169 "http://www.foobar.com/archives/2005/09/10/dia-6-amsterdam/" "Mozilla/4.0 (compatible; MSIE 6.0; Windows NT 5.1; SV1; .NET CLR 1.1.4322)"
83.213.84.163 - - [13/Dec/2006:06:29:03 -0600] "GET /wp-content/themes/default_es/images/kubrickfooter.jpg HTTP/1.1" 200 2601 "http://www.foobar.com/archives/2005/09/10/dia-6-amsterdam/" "Mozilla/4.0 (compatible; MSIE 6.0; Windows NT 5.1; SV1; .NET CLR 1.1.4322)"
83.35.134.42 - - [13/Dec/2006:06:29:05 -0600] "GET /feed/ HTTP/1.1" 304 0 "-" "Mozilla/5.0 (Windows; U; Windows NT 5.1; ca; rv:1.8.0.8) Gecko/20061025 Firefox/1.5.0.8"
72.14.199.5 - - [13/Dec/2006:06:29:11 -0600] "GET /weblog/rdf HTTP/1.1" 304 0 "-" "Feedfetcher-Google; (+http://www.google.com/feedfetcher.html)"
194.224.199.54 - - [13/Dec/2006:06:29:14 -0600] "GET /feed/rss2/ HTTP/1.1" 200 10775 "http://www.blogdigger.com/search.jsp?q=author:(Borja%20Sotomayor)" "noxtrumbot/1.0 (crawler@noxtrum.com)"
131.202.212.90 - - [13/Dec/2006:06:29:20 -0600] "GET /feed/ HTTP/1.1" 304 0 "-" "NetNewsWire/2.1.1 (Mac OS X; http://ranchero.com/netnewswire/)"
194.224.199.54 - - [13/Dec/2006:06:30:14 -0600] "GET /archives/2004/09/13/fotos-con-lectores-de-borjanet/feed/ HTTP/1.1" 200 7883 "http://www.foobar.com/archives/2004/09/13/fotos-con-lectores-de-borjanet/" "noxtrumbot/1.0 (crawler@noxtrum.com)"
190.65.69.110 - - [13/Dec/2006:06:30:24 -0600] "GET /feed/atom/ HTTP/1.1" 304 0 "-" "Mozilla/5.0 (Windows; U; Windows NT 5.1; es-AR; rv:1.8.1) Gecko/20061010 Firefox/2.0"
65.214.44.29 - - [13/Dec/2006:06:30:26 -0600] "GET /weblog/rdf HTTP/1.1" 304 0 "-" "Bloglines/3.1 (http://www.bloglines.com; 27 subscribers)"
85.85.12.64 - - [13/Dec/2006:06:31:04 -0600] "GET /archives/2004/06/26/impresionante-cena-de-licenciatura/feed/ HTTP/1.1" 200 15458 "http://www.google.es/search?sourceid=navclient&hl=es&ie=UTF-8&rls=GGLG,GGLG:2006-48,GGLG:es&q=pies+malena+gracia" "Mozilla/4.0 (compatible; MSIE 6.0; Windows 98)"
194.224.199.54 - - [13/Dec/2006:06:31:13 -0600] "GET /archives/2004/09/13/fotos-con-lectores-de-borjanet/trackback/ HTTP/1.1" 302 5 "http://www.foobar.com/archives/2004/09/13/fotos-con-lectores-de-borjanet/" "noxtrumbot/1.0 (crawler@noxtrum.com)"
65.214.44.29 - - [13/Dec/2006:06:31:18 -0600] "GET /feed/rss2/ HTTP/1.1" 304 0 "-" "Bloglines/3.1 (http://www.bloglines.com; 14 subscribers)"
83.58.251.144 - - [13/Dec/2006:06:31:23 -0600] "GET /favicon.ico HTTP/1.1" 404 - "-" "NewzCrawler/1.7 (compatible; MSIE 6.00; Newz Crawler 1.7; http://www.newzcrawler.com/ )"
83.58.251.144 - - [13/Dec/2006:06:31:25 -0600] "GET /weblog/rdf HTTP/1.1" 304 0 "-" "NewzCrawler/1.7 (compatible; MSIE 6.00; Newz Crawler 1.7; http://www.newzcrawler.com/ )"
83.58.251.144 - - [13/Dec/2006:06:31:26 -0600] "GET /archives/2006/05/12/nostalgia-2/feed/ HTTP/1.1" 304 0 "-" "NewzCrawler/1.7 (compatible; MSIE 6.00; Newz Crawler 1.7; http://www.newzcrawler.com/ )"
83.58.251.144 - - [13/Dec/2006:06:31:28 -0600] "GET /archives/2006/11/14/advanced-wookie-laboratories/feed/ HTTP/1.1" 304 0 "-" "NewzCrawler/1.7 (compatible; MSIE 6.00; Newz Crawler 1.7; http://www.newzcrawler.com/ )"
83.58.251.144 - - [13/Dec/2006:06:31:29 -0600] "GET /archives/2006/11/18/acento-inclasificable/feed/ HTTP/1.1" 304 0 "-" "NewzCrawler/1.7 (compatible; MSIE 6.00; Newz Crawler 1.7; http://www.newzcrawler.com/ )"
83.58.251.144 - - [13/Dec/2006:06:31:31 -0600] "GET /archives/2006/11/26/%c2%bfpor-que-escribes-un-blog/feed/ HTTP/1.1" 304 0 "-" "NewzCrawler/1.7 (compatible; MSIE 6.00; Newz Crawler 1.7; http://www.newzcrawler.com/ )"
83.58.251.144 - - [13/Dec/2006:06:31:33 -0600] "GET /archives/2006/11/26/%c2%bfpor-que-lees-mi-blog/feed/ HTTP/1.1" 304 0 "-" "NewzCrawler/1.7 (compatible; MSIE 6.00; Newz Crawler 1.7; http://www.newzcrawler.com/ )"
71.13.239.133 - - [13/Dec/2006:06:31:33 -0600] "GET /uploads/whoseline.jpg HTTP/1.1" 200 13096 "http://profile.myspace.com/index.cfm?fuseaction=user.viewprofile&friendid=11275308&MyToken=cf8fdf61-c12d-4ab0-b4c3-dd7bf055b207" "Mozilla/4.0 (compatible; MSIE 7.0; Windows NT 5.1; Advanced Searchbar; .NET CLR 1.1.4322)"
83.58.251.144 - - [13/Dec/2006:06:31:35 -0600] "GET /archives/2006/11/28/gigantes-en-la-era-del-silicio/feed/ HTTP/1.1" 304 0 "-" "NewzCrawler/1.7 (compatible; MSIE 6.00; Newz Crawler 1.7; http://www.newzcrawler.com/ )"
83.58.251.144 - - [13/Dec/2006:06:31:37 -0600] "GET /archives/2006/12/01/nieve-ahora-si/feed/ HTTP/1.1" 304 0 "-" "NewzCrawler/1.7 (compatible; MSIE 6.00; Newz Crawler 1.7; http://www.newzcrawler.com/ )"
83.58.251.144 - - [13/Dec/2006:06:31:39 -0600] "GET /archives/2006/12/11/pronunciacion/feed/ HTTP/1.1" 304 0 "-" "NewzCrawler/1.7 (compatible; MSIE 6.00; Newz Crawler 1.7; http://www.newzcrawler.com/ )"
213.97.131.216 - - [13/Dec/2006:06:32:11 -0600] "GET /feed/atom/ HTTP/1.1" 304 0 "-" "NetNewsWire/2.1.1 (Mac OS X; Lite; http://ranchero.com/netnewswire/)"
210.173.180.164 - - [13/Dec/2006:06:32:14 -0600] "GET /archives/2004/11/20/lasaiago/feed/ HTTP/1.1" 200 7594 "-" "ichiro/2.0 (http://help.goo.ne.jp/door/crawler.html)"
194.224.199.54 - - [13/Dec/2006:06:32:14 -0600] "GET /archives/2004/09/12/me-han-puesto-la-antitetnica-ah-y-he-vuelto-a-cambiar-el-diseo/feed/ HTTP/1.1" 200 5620 "http://www.foobar.com/archives/2004/09/12/me-han-puesto-la-antitetnica-ah-y-he-vuelto-a-cambiar-el-diseo/" "noxtrumbot/1.0 (crawler@noxtrum.com)"
213.97.131.216 - - [13/Dec/2006:06:32:15 -0600] "GET /favicon.ico HTTP/1.1" 404 - "-" "NetNewsWire/2.1.1 (Mac OS X; Lite; http://ranchero.com/netnewswire/)"
130.206.100.134 - - [13/Dec/2006:06:33:10 -0600] "GET /feed/atom/ HTTP/1.0" 304 0 "-" "AppleSyndication/54"
194.224.199.54 - - [13/Dec/2006:06:33:13 -0600] "GET /archives/2004/09/12/me-han-puesto-la-antitetnica-ah-y-he-vuelto-a-cambiar-el-diseo/trackback/ HTTP/1.1" 302 5 "http://www.foobar.com/archives/2004/09/12/me-han-puesto-la-antitetnica-ah-y-he-vuelto-a-cambiar-el-diseo/" "noxtrumbot/1.0 (crawler@noxtrum.com)"
81.38.8.216 - - [13/Dec/2006:06:33:24 -0600] "GET /feed/ HTTP/1.1" 304 0 "-" "Akregator/1.2.5; librss/remnants"
88.9.123.239 - - [13/Dec/2006:06:33:37 -0600] "GET /uploads/pronunciacion.png HTTP/1.1" 304 - "http://www.foobar.com/" "Mozilla/5.0 (Windows; U; Windows NT 5.1; es-ES; rv:1.8.1) Gecko/20061010 Firefox/2.0"
88.9.123.239 - - [13/Dec/2006:06:33:39 -0600] "GET / HTTP/1.1" 200 41046 "-" "Mozilla/5.0 (Windows; U; Windows NT 5.1; es-ES; rv:1.8.1) Gecko/20061010 Firefox/2.0"
83.42.114.187 - - [13/Dec/2006:06:33:40 -0600] "GET /archives/2005/12/27/eta-eta-basque-basque/ HTTP/1.1" 200 33950 "http://www.google.es/search?hl=es&q=el+desfiladero+de+la+muerte&btnG=B%C3%BAsqueda+en+Google&meta=" "Mozilla/4.0 (compatible; MSIE 6.0; Windows NT 5.1; SV1; .NET CLR 1.1.4322)"
83.42.114.187 - - [13/Dec/2006:06:33:41 -0600] "GET /wp-content/themes/default_es/style.css HTTP/1.1" 200 9885 "http://www.foobar.com/archives/2005/12/27/eta-eta-basque-basque/" "Mozilla/4.0 (compatible; MSIE 6.0; Windows NT 5.1; SV1; .NET CLR 1.1.4322)"
83.42.114.187 - - [13/Dec/2006:06:33:42 -0600] "GET /wp-content/themes/default_es/images/kubrickbgcolor.jpg HTTP/1.1" 200 558 "http://www.foobar.com/archives/2005/12/27/eta-eta-basque-basque/" "Mozilla/4.0 (compatible; MSIE 6.0; Windows NT 5.1; SV1; .NET CLR 1.1.4322)"
83.42.114.187 - - [13/Dec/2006:06:33:42 -0600] "GET /wp-content/themes/default_es/images/borjanet.png HTTP/1.1" 200 16169 "http://www.foobar.com/archives/2005/12/27/eta-eta-basque-basque/" "Mozilla/4.0 (compatible; MSIE 6.0; Windows NT 5.1; SV1; .NET CLR 1.1.4322)"
83.42.114.187 - - [13/Dec/2006:06:33:42 -0600] "GET /wp-content/themes/default_es/images/kubrickbgwide.jpg HTTP/1.1" 200 1020 "http://www.foobar.com/archives/2005/12/27/eta-eta-basque-basque/" "Mozilla/4.0 (compatible; MSIE 6.0; Windows NT 5.1; SV1; .NET CLR 1.1.4322)"
83.42.114.187 - - [13/Dec/2006:06:33:43 -0600] "GET /wp-content/themes/default_es/images/kubrickheader.png HTTP/1.1" 200 3850 "http://www.foobar.com/archives/2005/12/27/eta-eta-basque-basque/" "Mozilla/4.0 (compatible; MSIE 6.0; Windows NT 5.1; SV1; .NET CLR 1.1.4322)"
83.42.114.187 - - [13/Dec/2006:06:33:44 -0600] "GET /wp-content/themes/default_es/images/kubrickfooter.jpg HTTP/1.1" 200 2601 "http://www.foobar.com/archives/2005/12/27/eta-eta-basque-basque/" "Mozilla/4.0 (compatible; MSIE 6.0; Windows NT 5.1; SV1; .NET CLR 1.1.4322)"
210.173.180.164 - - [13/Dec/2006:06:33:45 -0600] "GET /archives/2004/11/20/lasaiago/trackback/ HTTP/1.1" 302 5 "-" "ichiro/2.0 (http://help.goo.ne.jp/door/crawler.html)"
83.42.114.187 - - [13/Dec/2006:06:34:06 -0600] "GET /archives/2005/12/27/eta-eta-basque-basque/feed/ HTTP/1.1" 200 13613 "http://www.google.es/search?hl=es&q=el+desfiladero+de+la+muerte&btnG=B%C3%BAsqueda+en+Google&meta=" "Mozilla/4.0 (compatible; MSIE 6.0; Windows NT 5.1; SV1; .NET CLR 1.1.4322)"
194.224.199.54 - - [13/Dec/2006:06:34:15 -0600] "GET /archives/2004/07/30/ HTTP/1.1" 200 25159 "http://www.foobar.com/archives/2004/09/12/me-han-puesto-la-antitetnica-ah-y-he-vuelto-a-cambiar-el-diseo/" "noxtrumbot/1.0 (crawler@noxtrum.com)"
200.168.47.34 - - [13/Dec/2006:06:34:16 -0600] "GET /uploads/whoseline.jpg HTTP/1.1" 304 - "http://nowloaded.org/forum/index.php?&showtopic=7672" "Mozilla/4.0 (compatible; MSIE 6.0; Windows NT 5.1; SV1; MEGAUPLOAD 1.0)"
194.224.199.54 - - [13/Dec/2006:06:35:14 -0600] "GET /archives/2004/08/16/jaietan/feed/ HTTP/1.1" 200 3884 "http://www.foobar.com/archives/2004/08/16/jaietan/" "noxtrumbot/1.0 (crawler@noxtrum.com)"
64.78.155.100 - - [13/Dec/2006:06:35:25 -0600] "GET /feed/rss2/ HTTP/1.1" 304 0 "-" "NewsGatorOnline/2.0 (http://www.newsgator.com; 1 subscribers)"
210.173.180.164 - - [13/Dec/2006:06:35:28 -0600] "GET /archives/2004/10/page/1/ HTTP/1.1" 200 32056 "-" "ichiro/2.0 (http://help.goo.ne.jp/door/crawler.html)"
195.27.215.89 - - [13/Dec/2006:06:35:29 -0600] "GET /archives/2005/05/ HTTP/1.0" 200 32278 "-" "Seekbot/1.0 (http://www.seekbot.net/bot.html) HTTPFetcher/0.3"
158.42.16.182 - - [13/Dec/2006:06:35:34 -0600] "GET /favicon.ico HTTP/1.1" 404 - "http://www.netvibes.com/" "Mozilla/5.0 (Windows; U; Windows NT 5.1; es-ES; rv:1.8.1) Gecko/20061010 Firefox/2.0"
194.224.199.54 - - [13/Dec/2006:06:36:14 -0600] "GET /archives/2004/08/16/jaietan/trackback/ HTTP/1.1" 302 5 "http://www.foobar.com/archives/2004/08/16/jaietan/" "noxtrumbot/1.0 (crawler@noxtrum.com)"
204.9.177.18 - - [13/Dec/2006:06:36:18 -0600] "GET /feed/atom/ HTTP/1.1" 304 0 "-" "LiveJournal.com (webmaster@livejournal.com; for http://www.livejournal.com/users/borjanet/; 1 readers)"
217.216.29.99 - - [13/Dec/2006:06:36:28 -0600] "GET /feed/ HTTP/1.1" 304 0 "-" "Mozilla/4.0 (compatible; Google Desktop)"
130.206.100.134 - - [13/Dec/2006:06:36:41 -0600] "GET /feed/atom/ HTTP/1.0" 304 0 "-" "Vienna/2.1.0.2108"
82.144.100.35 - - [13/Dec/2006:06:37:00 -0600] "GET /wp-content/themes/default_es/style.css HTTP/1.1" 200 9885 "http://www.foobar.com/archives/category/recetas/" "Mozilla/4.0 (compatible; MSIE 6.0; Windows 98)"
82.144.100.35 - - [13/Dec/2006:06:37:01 -0600] "GET /archives/category/recetas/ HTTP/1.1" 200 31978 "http://www.google.es/search?hl=es&q=recetas+para+el+invierno&meta=" "Mozilla/4.0 (compatible; MSIE 6.0; Windows 98)"
82.144.100.35 - - [13/Dec/2006:06:37:01 -0600] "GET /wp-content/themes/default_es/images/kubrickbgcolor.jpg HTTP/1.1" 200 558 "http://www.foobar.com/archives/category/recetas/" "Mozilla/4.0 (compatible; MSIE 6.0; Windows 98)"
82.144.100.35 - - [13/Dec/2006:06:37:01 -0600] "GET /wp-content/themes/default_es/images/borjanet.png HTTP/1.1" 200 16169 "http://www.foobar.com/archives/category/recetas/" "Mozilla/4.0 (compatible; MSIE 6.0; Windows 98)"
82.144.100.35 - - [13/Dec/2006:06:37:01 -0600] "GET /wp-content/themes/default_es/images/kubrickbg.jpg HTTP/1.1" 200 1047 "http://www.foobar.com/archives/category/recetas/" "Mozilla/4.0 (compatible; MSIE 6.0; Windows 98)"
82.144.100.35 - - [13/Dec/2006:06:37:02 -0600] "GET /wp-content/themes/default_es/images/kubrickheader.png HTTP/1.1" 200 3850 "http://www.foobar.com/archives/category/recetas/" "Mozilla/4.0 (compatible; MSIE 6.0; Windows 98)"
82.144.100.35 - - [13/Dec/2006:06:37:02 -0600] "GET /wp-content/themes/default_es/images/kubrickfooter.jpg HTTP/1.1" 200 2601 "http://www.foobar.com/archives/category/recetas/" "Mozilla/4.0 (compatible; MSIE 6.0; Windows 98)"
194.224.199.54 - - [13/Dec/2006:06:37:16 -0600] "GET /archives/2003/08/page/5/ HTTP/1.1" 200 32258 "http://www.foobar.com/archives/2003/08/page/4/" "noxtrumbot/1.0 (crawler@noxtrum.com)"
201.48.243.84 - - [13/Dec/2006:06:37:20 -0600] "GET /uploads/whoseline.jpg HTTP/1.1" 200 13096 "-" "Mozilla/4.0 (compatible; MSIE 6.0; Windows NT 5.1; SV1; MyIE2; .NET CLR 2.0.50727; Maxthon 2.0)"
217.130.78.71 - - [13/Dec/2006:06:37:23 -0600] "GET /feed/ HTTP/1.0" 304 0 "-" "Liferea/1.0.23 (Linux; es_ES.UTF-8; http://liferea.sf.net/)"
81.202.208.214 - - [13/Dec/2006:06:38:02 -0600] "GET /favicon.ico HTTP/1.1" 404 - "http://www.netvibes.com/" "Mozilla/5.0 (Windows; U; Windows NT 5.1; es-ES; rv:1.8.0.8) Gecko/20061025 Firefox/1.5.0.8"
80.224.29.161 - - [13/Dec/2006:06:38:11 -0600] "GET /feed/ HTTP/1.0" 304 0 "-" "Liferea/1.0.26 (Linux; http://liferea.sf.net/)"
194.224.199.54 - - [13/Dec/2006:06:38:15 -0600] "GET /archives/2003/08/14/australia-da-7-sydney/ HTTP/1.1" 200 17244 "http://www.foobar.com/archives/2003/08/page/4/" "noxtrumbot/1.0 (crawler@noxtrum.com)"
194.224.199.54 - - [13/Dec/2006:06:39:15 -0600] "GET /archives/2003/08/13/australia-da-6-sydney/ HTTP/1.1" 200 14273 "http://www.foobar.com/archives/2003/08/page/4/" "noxtrumbot/1.0 (crawler@noxtrum.com)"
84.123.250.107 - - [13/Dec/2006:06:39:17 -0600] "GET /uploads/Family_guy_logo.png HTTP/1.1" 404 - "http://www.pspain.com/foro/showthread.php?t=47980" "Mozilla/4.0 (compatible; MSIE 6.0; Windows NT 5.1; SV1; InfoPath.1; .NET CLR 2.0.50727; .NET CLR 1.1.4322)"
210.173.180.164 - - [13/Dec/2006:06:39:39 -0600] "GET /archives/2004/10/19/cayendo-en-la-rutina/ HTTP/1.1" 200 32313 "-" "ichiro/2.0 (http://help.goo.ne.jp/door/crawler.html)"
200.98.96.197 - - [13/Dec/2006:06:39:48 -0600] "GET /uploads/whoseline.jpg HTTP/1.1" 200 13096 "http://nowloaded.org/forum/index.php?showtopic=22951" "Mozilla/5.0 (Windows; U; Windows NT 5.1; pt-BR; rv:1.8.1) Gecko/20061010 Firefox/2.0"
190.41.216.238 - - [13/Dec/2006:06:39:56 -0600] "GET /archives/2002/11/11/oda-al-microbot/ HTTP/1.0" 200 16719 "http://es.myweb2.search.yahoo.com/myweb" "Mozilla/4.0 (compatible; MSIE 6.0; Windows NT 5.1)"
190.41.216.238 - - [13/Dec/2006:06:39:57 -0600] "GET /wp-content/themes/default_es/style.css HTTP/1.0" 200 9885 "http://www.foobar.com/archives/2002/11/11/oda-al-microbot/" "Mozilla/4.0 (compatible; MSIE 6.0; Windows NT 5.1)"
190.41.216.238 - - [13/Dec/2006:06:39:58 -0600] "GET /wp-content/themes/default_es/images/kubrickbgcolor.jpg HTTP/1.0" 200 558 "http://www.foobar.com/archives/2002/11/11/oda-al-microbot/" "Mozilla/4.0 (compatible; MSIE 6.0; Windows NT 5.1)"
190.41.216.238 - - [13/Dec/2006:06:39:58 -0600] "GET /wp-content/themes/default_es/images/borjanet.png HTTP/1.0" 200 16169 "http://www.foobar.com/archives/2002/11/11/oda-al-microbot/" "Mozilla/4.0 (compatible; MSIE 6.0; Windows NT 5.1)"
190.41.216.238 - - [13/Dec/2006:06:39:58 -0600] "GET /wp-content/themes/default_es/images/kubrickbgwide.jpg HTTP/1.0" 200 1020 "http://www.foobar.com/archives/2002/11/11/oda-al-microbot/" "Mozilla/4.0 (compatible; MSIE 6.0; Windows NT 5.1)"
190.41.216.238 - - [13/Dec/2006:06:39:58 -0600] "GET /wp-content/themes/default_es/images/kubrickheader.png HTTP/1.0" 200 3850 "http://www.foobar.com/archives/2002/11/11/oda-al-microbot/" "Mozilla/4.0 (compatible; MSIE 6.0; Windows NT 5.1)"
190.41.216.238 - - [13/Dec/2006:06:39:58 -0600] "GET /wp-content/themes/default_es/images/kubrickfooter.jpg HTTP/1.0" 200 2601 "http://www.foobar.com/archives/2002/11/11/oda-al-microbot/" "Mozilla/4.0 (compatible; MSIE 6.0; Windows NT 5.1)"
150.214.189.178 - - [13/Dec/2006:06:40:03 -0600] "GET /archives/2005/09/05/dia-2-londres/ HTTP/1.1" 200 16473 "http://www.google.es/search?hl=es&q=horario+del+british+museum&meta=" "Mozilla/4.0 (compatible; MSIE 6.0; Windows NT 5.0; .NET CLR 1.1.4322)"
150.214.189.178 - - [13/Dec/2006:06:40:03 -0600] "GET /wp-content/themes/default_es/style.css HTTP/1.1" 200 9885 "http://www.foobar.com/archives/2005/09/05/dia-2-londres/" "Mozilla/4.0 (compatible; MSIE 6.0; Windows NT 5.0; .NET CLR 1.1.4322)"
150.214.189.178 - - [13/Dec/2006:06:40:03 -0600] "GET /wp-content/themes/default_es/images/borjanet.png HTTP/1.1" 200 16169 "http://www.foobar.com/archives/2005/09/05/dia-2-londres/" "Mozilla/4.0 (compatible; MSIE 6.0; Windows NT 5.0; .NET CLR 1.1.4322)"
150.214.189.178 - - [13/Dec/2006:06:40:03 -0600] "GET /wp-content/themes/default_es/images/kubrickbgcolor.jpg HTTP/1.1" 200 558 "http://www.foobar.com/archives/2005/09/05/dia-2-londres/" "Mozilla/4.0 (compatible; MSIE 6.0; Windows NT 5.0; .NET CLR 1.1.4322)"
150.214.189.178 - - [13/Dec/2006:06:40:03 -0600] "GET /wp-content/themes/default_es/images/kubrickbgwide.jpg HTTP/1.1" 200 1020 "http://www.foobar.com/archives/2005/09/05/dia-2-londres/" "Mozilla/4.0 (compatible; MSIE 6.0; Windows NT 5.0; .NET CLR 1.1.4322)"
150.214.189.178 - - [13/Dec/2006:06:40:04 -0600] "GET /wp-content/themes/default_es/images/kubrickheader.png HTTP/1.1" 200 3850 "http://www.foobar.com/archives/2005/09/05/dia-2-londres/" "Mozilla/4.0 (compatible; MSIE 6.0; Windows NT 5.0; .NET CLR 1.1.4322)"
150.214.189.178 - - [13/Dec/2006:06:40:04 -0600] "GET /wp-content/themes/default_es/images/kubrickfooter.jpg HTTP/1.1" 200 2601 "http://www.foobar.com/archives/2005/09/05/dia-2-londres/" "Mozilla/4.0 (compatible; MSIE 6.0; Windows NT 5.0; .NET CLR 1.1.4322)"
194.224.199.54 - - [13/Dec/2006:06:40:16 -0600] "GET /archives/2003/08/12/australia-da-5-sydney/ HTTP/1.1" 200 15544 "http://www.foobar.com/archives/2003/08/page/4/" "noxtrumbot/1.0 (crawler@noxtrum.com)"
87.216.179.108 - - [13/Dec/2006:06:40:17 -0600] "GET /wp-content/themes/default_es/style.css HTTP/1.1" 304 - "http://www.foobar.com/archives/2005/10/17/magdalenas/" "Mozilla/4.0 (compatible; MSIE 6.0; Windows NT 5.1; SV1; .NET CLR 1.1.4322)"
87.216.179.108 - - [13/Dec/2006:06:40:18 -0600] "GET /archives/2005/10/17/magdalenas/ HTTP/1.1" 200 25631 "-" "Mozilla/4.0 (compatible; MSIE 6.0; Windows NT 5.1; SV1; .NET CLR 1.1.4322)"
87.216.179.108 - - [13/Dec/2006:06:40:18 -0600] "GET /wp-content/themes/default_es/images/borjanet.png HTTP/1.1" 304 - "http://www.foobar.com/archives/2005/10/17/magdalenas/" "Mozilla/4.0 (compatible; MSIE 6.0; Windows NT 5.1; SV1; .NET CLR 1.1.4322)"
87.216.179.108 - - [13/Dec/2006:06:40:18 -0600] "GET /wp-content/themes/default_es/images/kubrickbgwide.jpg HTTP/1.1" 304 - "http://www.foobar.com/archives/2005/10/17/magdalenas/" "Mozilla/4.0 (compatible; MSIE 6.0; Windows NT 5.1; SV1; .NET CLR 1.1.4322)"
87.216.179.108 - - [13/Dec/2006:06:40:18 -0600] "GET /wp-content/themes/default_es/images/kubrickbgcolor.jpg HTTP/1.1" 304 - "http://www.foobar.com/archives/2005/10/17/magdalenas/" "Mozilla/4.0 (compatible; MSIE 6.0; Windows NT 5.1; SV1; .NET CLR 1.1.4322)"
87.216.179.108 - - [13/Dec/2006:06:40:18 -0600] "GET /wp-content/themes/default_es/images/kubrickheader.png HTTP/1.1" 304 - "http://www.foobar.com/archives/2005/10/17/magdalenas/" "Mozilla/4.0 (compatible; MSIE 6.0; Windows NT 5.1; SV1; .NET CLR 1.1.4322)"
87.216.179.108 - - [13/Dec/2006:06:40:18 -0600] "GET /wp-content/themes/default_es/images/kubrickfooter.jpg HTTP/1.1" 304 - "http://www.foobar.com/archives/2005/10/17/magdalenas/" "Mozilla/4.0 (compatible; MSIE 6.0; Windows NT 5.1; SV1; .NET CLR 1.1.4322)"
88.8.72.126 - - [13/Dec/2006:06:40:57 -0600] "GET /wp-content/themes/default_es/style.css HTTP/1.1" 200 9885 "http://www.foobar.com/archives/2003/12/25/la-cena-de-nochebuena/" "Mozilla/4.0 (compatible; MSIE 6.0; Windows NT 5.1; SV1)"
88.8.72.126 - - [13/Dec/2006:06:40:58 -0600] "GET /archives/2003/12/25/la-cena-de-nochebuena/ HTTP/1.1" 200 18209 "http://www.google.es/" "Mozilla/4.0 (compatible; MSIE 6.0; Windows NT 5.1; SV1)"
88.8.72.126 - - [13/Dec/2006:06:40:59 -0600] "GET /wp-content/themes/default_es/images/borjanet.png HTTP/1.1" 200 16169 "http://www.foobar.com/archives/2003/12/25/la-cena-de-nochebuena/" "Mozilla/4.0 (compatible; MSIE 6.0; Windows NT 5.1; SV1)"
88.8.72.126 - - [13/Dec/2006:06:40:59 -0600] "GET /wp-content/themes/default_es/images/kubrickbgcolor.jpg HTTP/1.1" 200 558 "http://www.foobar.com/archives/2003/12/25/la-cena-de-nochebuena/" "Mozilla/4.0 (compatible; MSIE 6.0; Windows NT 5.1; SV1)"
88.8.72.126 - - [13/Dec/2006:06:40:59 -0600] "GET /wp-content/themes/default_es/images/kubrickbgwide.jpg HTTP/1.1" 200 1020 "http://www.foobar.com/archives/2003/12/25/la-cena-de-nochebuena/" "Mozilla/4.0 (compatible; MSIE 6.0; Windows NT 5.1; SV1)"
88.8.72.126 - - [13/Dec/2006:06:40:59 -0600] "GET /wp-content/themes/default_es/images/kubrickheader.png HTTP/1.1" 200 3850 "http://www.foobar.com/archives/2003/12/25/la-cena-de-nochebuena/" "Mozilla/4.0 (compatible; MSIE 6.0; Windows NT 5.1; SV1)"
88.8.72.126 - - [13/Dec/2006:06:40:59 -0600] "GET /wp-content/themes/default_es/images/kubrickfooter.jpg HTTP/1.1" 200 2601 "http://www.foobar.com/archives/2003/12/25/la-cena-de-nochebuena/" "Mozilla/4.0 (compatible; MSIE 6.0; Windows NT 5.1; SV1)"
194.224.199.54 - - [13/Dec/2006:06:41:15 -0600] "GET /archives/2003/08/11/australia-da-4-sydney/ HTTP/1.1" 200 15883 "http://www.foobar.com/archives/2003/08/page/4/" "noxtrumbot/1.0 (crawler@noxtrum.com)"
210.173.180.164 - - [13/Dec/2006:06:41:24 -0600] "GET /archives/2004/10/05/lista-de-cumpleaos-ah-y-ya-han-llegado-todas-mis-cosas-de-espaa/ HTTP/1.1" 200 16860 "-" "ichiro/2.0 (http://help.goo.ne.jp/door/crawler.html)"
200.216.87.102 - - [13/Dec/2006:06:41:37 -0600] "GET /uploads/whoseline.jpg HTTP/1.1" 200 13096 "http://nowloaded.org/forum/index.php?showtopic=22951" "Mozilla/4.0 (compatible; MSIE 6.0; Windows NT 5.1; SV1; .NET CLR 1.1.4322; MEGAUPLOAD 1.0)"
72.14.199.5 - - [13/Dec/2006:06:42:04 -0600] "GET /feed/rss2/ HTTP/1.1" 304 0 "-" "Feedfetcher-Google; (+http://www.google.com/feedfetcher.html)"
194.224.199.54 - - [13/Dec/2006:06:42:15 -0600] "GET /archives/2003/08/19/australia-da-12-melbourne/feed/ HTTP/1.1" 200 524 "http://www.foobar.com/archives/2003/08/19/australia-da-12-melbourne/" "noxtrumbot/1.0 (crawler@noxtrum.com)"
80.37.72.34 - - [13/Dec/2006:06:42:21 -0600] "GET /archives/2005/11/02/chocolate-a-la-taza/feed/ HTTP/1.1" 200 7508 "http://www.google.es/search?hl=es&q=amigos+del+chocolate&meta=" "Mozilla/4.0 (compatible; MSIE 6.0; Windows NT 5.1; FunWebProducts; SV1)"
65.214.44.29 - - [13/Dec/2006:06:42:46 -0600] "GET /feed/rss2/ HTTP/1.1" 304 0 "-" "Bloglines/3.1 (http://www.bloglines.com; 3 subscribers)"
65.214.44.29 - - [13/Dec/2006:06:42:52 -0600] "GET /feed/ HTTP/1.1" 304 0 "-" "Bloglines/3.1 (http://www.bloglines.com; 8 subscribers)"
65.214.44.29 - - [13/Dec/2006:06:42:53 -0600] "GET /feed/atom/ HTTP/1.1" 304 0 "-" "Bloglines/3.1 (http://www.bloglines.com; 4 subscribers)"
83.32.53.25 - - [13/Dec/2006:06:42:55 -0600] "GET /wp-content/themes/default_es/style.css HTTP/1.0" 200 9885 "http://www.foobar.com/archives/2006/12/11/pronunciacion/" "Mozilla/5.0 (Windows; U; Windows NT 5.1; es-ES; rv:1.8.0.8) Gecko/20061025 Firefox/1.5.0.8"
83.32.53.25 - - [13/Dec/2006:06:42:55 -0600] "GET /archives/2006/12/11/pronunciacion/ HTTP/1.0" 200 16062 "http://www.netvibes.com/" "Mozilla/5.0 (Windows; U; Windows NT 5.1; es-ES; rv:1.8.0.8) Gecko/20061025 Firefox/1.5.0.8"
83.32.53.25 - - [13/Dec/2006:06:42:56 -0600] "GET /wp-content/themes/default_es/images/kubrickbgcolor.jpg HTTP/1.0" 200 558 "http://www.foobar.com/archives/2006/12/11/pronunciacion/" "Mozilla/5.0 (Windows; U; Windows NT 5.1; es-ES; rv:1.8.0.8) Gecko/20061025 Firefox/1.5.0.8"
83.32.53.25 - - [13/Dec/2006:06:42:56 -0600] "GET /uploads/pronunciacion.png HTTP/1.0" 200 2058 "http://www.foobar.com/archives/2006/12/11/pronunciacion/" "Mozilla/5.0 (Windows; U; Windows NT 5.1; es-ES; rv:1.8.0.8) Gecko/20061025 Firefox/1.5.0.8"
83.32.53.25 - - [13/Dec/2006:06:42:56 -0600] "GET /wp-content/themes/default_es/images/kubrickbgwide.jpg HTTP/1.0" 200 1020 "http://www.foobar.com/archives/2006/12/11/pronunciacion/" "Mozilla/5.0 (Windows; U; Windows NT 5.1; es-ES; rv:1.8.0.8) Gecko/20061025 Firefox/1.5.0.8"
83.32.53.25 - - [13/Dec/2006:06:42:56 -0600] "GET /wp-content/themes/default_es/images/kubrickheader.png HTTP/1.0" 200 3850 "http://www.foobar.com/archives/2006/12/11/pronunciacion/" "Mozilla/5.0 (Windows; U; Windows NT 5.1; es-ES; rv:1.8.0.8) Gecko/20061025 Firefox/1.5.0.8"
83.32.53.25 - - [13/Dec/2006:06:42:56 -0600] "GET /wp-content/themes/default_es/images/kubrickfooter.jpg HTTP/1.0" 200 2601 "http://www.foobar.com/archives/2006/12/11/pronunciacion/" "Mozilla/5.0 (Windows; U; Windows NT 5.1; es-ES; rv:1.8.0.8) Gecko/20061025 Firefox/1.5.0.8"
83.32.53.25 - - [13/Dec/2006:06:42:56 -0600] "GET /wp-content/themes/default_es/images/borjanet.png HTTP/1.0" 200 16169 "http://www.foobar.com/archives/2006/12/11/pronunciacion/" "Mozilla/5.0 (Windows; U; Windows NT 5.1; es-ES; rv:1.8.0.8) Gecko/20061025 Firefox/1.5.0.8"
83.32.53.25 - - [13/Dec/2006:06:42:57 -0600] "GET /favicon.ico HTTP/1.0" 404 - "-" "Mozilla/5.0 (Windows; U; Windows NT 5.1; es-ES; rv:1.8.0.8) Gecko/20061025 Firefox/1.5.0.8"
83.32.53.25 - - [13/Dec/2006:06:42:57 -0600] "GET /favicon.ico HTTP/1.0" 404 - "-" "Mozilla/5.0 (Windows; U; Windows NT 5.1; es-ES; rv:1.8.0.8) Gecko/20061025 Firefox/1.5.0.8"
194.224.199.54 - - [13/Dec/2006:06:43:16 -0600] "GET /archives/2003/08/18/australia-da-11-melbourne/feed/ HTTP/1.1" 200 524 "http://www.foobar.com/archives/2003/08/18/australia-da-11-melbourne/" "noxtrumbot/1.0 (crawler@noxtrum.com)"
83.39.93.127 - - [13/Dec/2006:06:43:24 -0600] "GET /wp-content/themes/default_es/style.css HTTP/1.1" 200 9885 "http://www.foobar.com/archives/2005/06/25/el-club-de-la-comedia-el-de-verdad/" "Mozilla/4.0 (compatible; MSIE 6.0; Windows NT 5.1; SV1; .NET CLR 1.0.3705)"
83.39.93.127 - - [13/Dec/2006:06:43:24 -0600] "GET /archives/2005/06/25/el-club-de-la-comedia-el-de-verdad/ HTTP/1.1" 200 20548 "http://www.google.es/search?hl=es&q=mon%C3%B3logo+risa+club+comedia&meta=" "Mozilla/4.0 (compatible; MSIE 6.0; Windows NT 5.1; SV1; .NET CLR 1.0.3705)"
83.39.93.127 - - [13/Dec/2006:06:43:24 -0600] "GET /wp-content/themes/default_es/images/borjanet.png HTTP/1.1" 200 16169 "http://www.foobar.com/archives/2005/06/25/el-club-de-la-comedia-el-de-verdad/" "Mozilla/4.0 (compatible; MSIE 6.0; Windows NT 5.1; SV1; .NET CLR 1.0.3705)"
83.39.93.127 - - [13/Dec/2006:06:43:24 -0600] "GET /wp-content/themes/default_es/images/kubrickbgcolor.jpg HTTP/1.1" 200 558 "http://www.foobar.com/archives/2005/06/25/el-club-de-la-comedia-el-de-verdad/" "Mozilla/4.0 (compatible; MSIE 6.0; Windows NT 5.1; SV1; .NET CLR 1.0.3705)"
83.39.93.127 - - [13/Dec/2006:06:43:25 -0600] "GET /wp-content/themes/default_es/images/kubrickbgwide.jpg HTTP/1.1" 200 1020 "http://www.foobar.com/archives/2005/06/25/el-club-de-la-comedia-el-de-verdad/" "Mozilla/4.0 (compatible; MSIE 6.0; Windows NT 5.1; SV1; .NET CLR 1.0.3705)"
83.39.93.127 - - [13/Dec/2006:06:43:25 -0600] "GET /wp-content/themes/default_es/images/kubrickheader.png HTTP/1.1" 200 3850 "http://www.foobar.com/archives/2005/06/25/el-club-de-la-comedia-el-de-verdad/" "Mozilla/4.0 (compatible; MSIE 6.0; Windows NT 5.1; SV1; .NET CLR 1.0.3705)"
83.39.93.127 - - [13/Dec/2006:06:43:25 -0600] "GET /wp-content/themes/default_es/images/kubrickfooter.jpg HTTP/1.1" 200 2601 "http://www.foobar.com/archives/2005/06/25/el-club-de-la-comedia-el-de-verdad/" "Mozilla/4.0 (compatible; MSIE 6.0; Windows NT 5.1; SV1; .NET CLR 1.0.3705)"
83.37.97.2 - - [13/Dec/2006:06:43:49 -0600] "GET /wp-content/themes/default_es/style.css HTTP/1.1" 200 9885 "http://www.foobar.com/archives/2005/10/17/magdalenas/" "Mozilla/4.0 (compatible; MSIE 6.0; Windows NT 5.0; .NET CLR 1.1.4322)"
83.37.97.2 - - [13/Dec/2006:06:43:50 -0600] "GET /archives/2005/10/17/magdalenas/ HTTP/1.1" 200 25598 "http://www.google.es/search?hl=es&q=RECETA+MAGDALENAS&meta=" "Mozilla/4.0 (compatible; MSIE 6.0; Windows NT 5.0; .NET CLR 1.1.4322)"
83.37.97.2 - - [13/Dec/2006:06:43:51 -0600] "GET /favicon.ico HTTP/1.1" 404 - "-" "Mozilla/4.0 (compatible; MSIE 6.0; Windows NT 5.0; .NET CLR 1.1.4322)"
85.84.60.245 - - [13/Dec/2006:06:43:51 -0600] "GET /feed/atom/ HTTP/1.1" 304 0 "-" "Mozilla/5.0 (X11; U; Linux i686; es-ES; rv:1.8.1) Gecko/20060601 Firefox/2.0 (Ubuntu-edgy)"
83.37.97.2 - - [13/Dec/2006:06:43:51 -0600] "GET /wp-content/themes/default_es/images/borjanet.png HTTP/1.1" 200 16169 "http://www.foobar.com/archives/2005/10/17/magdalenas/" "Mozilla/4.0 (compatible; MSIE 6.0; Windows NT 5.0; .NET CLR 1.1.4322)"
83.37.97.2 - - [13/Dec/2006:06:43:51 -0600] "GET /wp-content/themes/default_es/images/kubrickbgcolor.jpg HTTP/1.1" 200 558 "http://www.foobar.com/archives/2005/10/17/magdalenas/" "Mozilla/4.0 (compatible; MSIE 6.0; Windows NT 5.0; .NET CLR 1.1.4322)"
83.37.97.2 - - [13/Dec/2006:06:43:52 -0600] "GET /wp-content/themes/default_es/images/kubrickbgwide.jpg HTTP/1.1" 200 1020 "http://www.foobar.com/archives/2005/10/17/magdalenas/" "Mozilla/4.0 (compatible; MSIE 6.0; Windows NT 5.0; .NET CLR 1.1.4322)"
83.37.97.2 - - [13/Dec/2006:06:43:52 -0600] "GET /wp-content/themes/default_es/images/kubrickheader.png HTTP/1.1" 200 3850 "http://www.foobar.com/archives/2005/10/17/magdalenas/" "Mozilla/4.0 (compatible; MSIE 6.0; Windows NT 5.0; .NET CLR 1.1.4322)"
83.37.97.2 - - [13/Dec/2006:06:43:52 -0600] "GET /wp-content/themes/default_es/images/kubrickfooter.jpg HTTP/1.1" 200 2601 "http://www.foobar.com/archives/2005/10/17/magdalenas/" "Mozilla/4.0 (compatible; MSIE 6.0; Windows NT 5.0; .NET CLR 1.1.4322)"
195.27.215.89 - - [13/Dec/2006:06:43:59 -0600] "GET /archives/2005/05/07/si-lees-esto-estas-en-el-servidor-nuevo/ HTTP/1.0" 200 11325 "-" "Seekbot/1.0 (http://www.seekbot.net/bot.html) HTTPFetcher/0.3"
194.224.199.54 - - [13/Dec/2006:06:44:16 -0600] "GET /archives/2003/08/18/australia-da-10-sydney/feed/ HTTP/1.1" 200 518 "http://www.foobar.com/archives/2003/08/18/australia-da-10-sydney/" "noxtrumbot/1.0 (crawler@noxtrum.com)"
194.224.199.54 - - [13/Dec/2006:06:45:17 -0600] "GET /archives/2003/08/16/australia-da-9-sydney/feed/ HTTP/1.1" 200 516 "http://www.foobar.com/archives/2003/08/16/australia-da-9-sydney/" "noxtrumbot/1.0 (crawler@noxtrum.com)"
201.24.235.59 - - [13/Dec/2006:06:45:21 -0600] "GET /uploads/whoseline.jpg HTTP/1.1" 200 13096 "http://nowloaded.org/forum/index.php?showtopic=21632&st=20" "Mozilla/4.0 (compatible; MSIE 6.0; Windows NT 5.1; SV1)"
213.96.77.81 - - [13/Dec/2006:06:45:54 -0600] "GET /feed/rss2/ HTTP/1.0" 304 0 "-" "GreatNews/1.0"
194.224.199.54 - - [13/Dec/2006:06:46:17 -0600] "GET /archives/2003/08/15/australia-da-8-sydney/feed/ HTTP/1.1" 200 516 "http://www.foobar.com/archives/2003/08/15/australia-da-8-sydney/" "noxtrumbot/1.0 (crawler@noxtrum.com)"
213.96.77.81 - - [13/Dec/2006:06:46:20 -0600] "GET /favicon.ico HTTP/1.0" 404 - "-" "GreatNews/1.0"
201.81.253.169 - - [13/Dec/2006:06:46:25 -0600] "GET /uploads/whoseline.jpg HTTP/1.1" 200 13096 "http://nowloaded.org/forum/index.php?showtopic=7672" "Mozilla/4.0 (compatible; MSIE 6.0; Windows NT 5.1; SV1; MEGAUPLOAD 1.0)"
60.191.80.30 - - [13/Dec/2006:06:46:27 -0600] "GET /robots.txt HTTP/1.1" 404 - "-" "OutfoxBot/0.5 (for internet experiments; http://; outfoxbot@gmail.com)"
60.191.80.30 - - [13/Dec/2006:06:46:31 -0600] "GET /archives/2006/07/20/back-in-chicago/ HTTP/1.1" 200 13442 "-" "OutfoxBot/0.5 (for internet experiments; http://; outfoxbot@gmail.com)"
210.173.180.164 - - [13/Dec/2006:06:47:01 -0600] "GET /archives/2004/10/27/el-primer-examen-en-ms-de-un-ao/feed/ HTTP/1.1" 200 1630 "-" "ichiro/2.0 (http://help.goo.ne.jp/door/crawler.html)"
193.189.143.195 - - [13/Dec/2006:06:47:09 -0600] "GET /feed/ HTTP/1.0" 200 10737 "-" "Netvibes (http://www.netvibes.com/; 11 subscribers)"
194.224.199.54 - - [13/Dec/2006:06:47:17 -0600] "GET /archives/2006/11/26/%c2%bfpor-que-escribes-un-blog/feed/ HTTP/1.1" 200 2736 "http://www.foobar.com/archives/2006/11/26/%c2%bfpor-que-escribes-un-blog" "noxtrumbot/1.0 (crawler@noxtrum.com)"
193.144.84.188 - - [13/Dec/2006:06:47:27 -0600] "GET /feed/ HTTP/1.1" 200 10763 "-" "Mozilla/5.0 (X11; U; Linux i686; en-US; rv:1.7.10) Gecko/20060927 Firefox/1.0.4 (Debian package 1.0.4-2sarge12)"
88.19.198.102 - - [13/Dec/2006:06:48:08 -0600] "GET /archives/2005/11/02/chocolate-a-la-taza/ HTTP/1.1" 200 18051 "http://www.google.es/search?sourceid=navclient&hl=es&ie=UTF-8&rls=HPEB,HPEB:2006-37,HPEB:es&q=CHOCOLATE+A+LA+TAZA" "Mozilla/4.0 (compatible; MSIE 7.0; Windows NT 5.1; .NET CLR 1.1.4322)"
88.19.198.102 - - [13/Dec/2006:06:48:08 -0600] "GET /wp-content/themes/default_es/images/borjanet.png HTTP/1.1" 200 16169 "http://www.foobar.com/archives/2005/11/02/chocolate-a-la-taza/" "Mozilla/4.0 (compatible; MSIE 7.0; Windows NT 5.1; .NET CLR 1.1.4322)"
88.19.198.102 - - [13/Dec/2006:06:48:09 -0600] "GET /wp-content/themes/default_es/style.css HTTP/1.1" 200 9885 "http://www.foobar.com/archives/2005/11/02/chocolate-a-la-taza/" "Mozilla/4.0 (compatible; MSIE 7.0; Windows NT 5.1; .NET CLR 1.1.4322)"
88.19.198.102 - - [13/Dec/2006:06:48:10 -0600] "GET /wp-content/themes/default_es/images/kubrickbgcolor.jpg HTTP/1.1" 200 558 "http://www.foobar.com/archives/2005/11/02/chocolate-a-la-taza/" "Mozilla/4.0 (compatible; MSIE 7.0; Windows NT 5.1; .NET CLR 1.1.4322)"
88.19.198.102 - - [13/Dec/2006:06:48:10 -0600] "GET /wp-content/themes/default_es/images/kubrickbgwide.jpg HTTP/1.1" 200 1020 "http://www.foobar.com/archives/2005/11/02/chocolate-a-la-taza/" "Mozilla/4.0 (compatible; MSIE 7.0; Windows NT 5.1; .NET CLR 1.1.4322)"
88.19.198.102 - - [13/Dec/2006:06:48:10 -0600] "GET /wp-content/themes/default_es/images/kubrickheader.png HTTP/1.1" 200 3850 "http://www.foobar.com/archives/2005/11/02/chocolate-a-la-taza/" "Mozilla/4.0 (compatible; MSIE 7.0; Windows NT 5.1; .NET CLR 1.1.4322)"
88.19.198.102 - - [13/Dec/2006:06:48:10 -0600] "GET /wp-content/themes/default_es/images/kubrickfooter.jpg HTTP/1.1" 200 2601 "http://www.foobar.com/archives/2005/11/02/chocolate-a-la-taza/" "Mozilla/4.0 (compatible; MSIE 7.0; Windows NT 5.1; .NET CLR 1.1.4322)"
88.19.198.102 - - [13/Dec/2006:06:48:10 -0600] "GET /favicon.ico HTTP/1.1" 404 - "-" "Mozilla/4.0 (compatible; MSIE 7.0; Windows NT 5.1; .NET CLR 1.1.4322)"
194.235.102.214 - - [13/Dec/2006:06:48:12 -0600] "GET /archives/2005/05/14/el-primer-paso-la-propuesta/feed/ HTTP/1.0" 200 9472 "http://www.google.es/search?hl=es&q=felicitaciones+en+un+libro&meta=lr%3Dlang_es" "Mozilla/4.0 (compatible; MSIE 6.0; Windows NT 5.1; SV1; .NET CLR 1.1.4322)"
80.224.29.161 - - [13/Dec/2006:06:48:16 -0600] "GET /feed/ HTTP/1.0" 304 0 "-" "Liferea/1.0.26 (Linux; http://liferea.sf.net/)"
194.224.199.54 - - [13/Dec/2006:06:48:18 -0600] "GET /archives/2005/02/14/una-semana-en-boston/ HTTP/1.1" 404 23030 "http://www.foobar.com/page/4/" "noxtrumbot/1.0 (crawler@noxtrum.com)"
72.14.199.5 - - [13/Dec/2006:06:49:10 -0600] "GET /feed/atom/ HTTP/1.1" 304 0 "-" "Feedfetcher-Google; (+http://www.google.com/feedfetcher.html)"
204.15.20.129 - - [13/Dec/2006:06:49:14 -0600] "GET /feed/ HTTP/1.1" 304 0 "-" "FacebookFeedParser/1.0 (UniversalFeedParser/4.1;) +http://facebook.com/"
194.224.199.54 - - [13/Dec/2006:06:49:18 -0600] "GET /page/5/ HTTP/1.1" 200 38748 "http://www.foobar.com/page/4/" "noxtrumbot/1.0 (crawler@noxtrum.com)"
81.38.8.216 - - [13/Dec/2006:06:49:23 -0600] "GET /feed/ HTTP/1.1" 304 0 "-" "Akregator/1.2.5; librss/remnants"
83.246.70.148 - - [13/Dec/2006:06:49:48 -0600] "GET /feed/rss2/ HTTP/1.1" 200 10775 "-" "rss-bot/1.0 (http://www.plazoo.com)"
88.19.198.102 - - [13/Dec/2006:06:49:52 -0600] "GET /archives/2005/10/31/lentejas/ HTTP/1.1" 200 17060 "http://www.foobar.com/archives/2005/11/02/chocolate-a-la-taza/" "Mozilla/4.0 (compatible; MSIE 7.0; Windows NT 5.1; .NET CLR 1.1.4322)"
60.191.80.30 - - [13/Dec/2006:06:50:11 -0600] "GET /archives/2005/06/25/mi-nuevo-gadget/ HTTP/1.1" 200 19602 "-" "OutfoxBot/0.5 (for internet experiments; http://; outfoxbot@gmail.com)"
194.224.199.54 - - [13/Dec/2006:06:50:19 -0600] "GET /archives/category/life-in-chicago/page/5/ HTTP/1.1" 200 32154 "http://www.foobar.com/archives/category/life-in-chicago/page/4/" "noxtrumbot/1.0 (crawler@noxtrum.com)"
210.173.180.164 - - [13/Dec/2006:06:50:38 -0600] "GET /archives/2004/10/27/el-primer-examen-en-ms-de-un-ao/trackback/ HTTP/1.1" 302 5 "-" "ichiro/2.0 (http://help.goo.ne.jp/door/crawler.html)"
74.6.74.234 - - [13/Dec/2006:06:51:18 -0600] "GET /robots.txt HTTP/1.0" 404 - "-" "Mozilla/5.0 (compatible; Yahoo! Slurp; http://help.yahoo.com/help/us/ysearch/slurp)"
194.224.199.54 - - [13/Dec/2006:06:51:20 -0600] "GET /archives/category/viajes/2003-australia/page/5/ HTTP/1.1" 200 32398 "http://www.foobar.com/archives/category/viajes/2003-australia/page/4/" "noxtrumbot/1.0 (crawler@noxtrum.com)"
74.6.69.78 - - [13/Dec/2006:06:51:22 -0600] "GET /archives/2004/01/13/aberraciones-tipogrficas/ HTTP/1.0" 200 37580 "-" "Mozilla/5.0 (compatible; Yahoo! Slurp; http://help.yahoo.com/help/us/ysearch/slurp)"
88.19.198.102 - - [13/Dec/2006:06:51:44 -0600] "GET /archives/2005/11/02/chocolate-a-la-taza/ HTTP/1.1" 200 17991 "http://www.foobar.com/archives/2005/10/31/lentejas/" "Mozilla/4.0 (compatible; MSIE 7.0; Windows NT 5.1; .NET CLR 1.1.4322)"
88.7.249.134 - - [13/Dec/2006:06:51:51 -0600] "GET /feed/ HTTP/1.1" 304 0 "-" "Feedreader 3.06 (Powered by Newsbrain)"
210.173.180.164 - - [13/Dec/2006:06:51:55 -0600] "GET /archives/2004/10/25/wiki-wiki/feed/ HTTP/1.1" 200 3302 "-" "ichiro/2.0 (http://help.goo.ne.jp/door/crawler.html)"
194.224.199.54 - - [13/Dec/2006:06:52:18 -0600] "GET /archives/category/borjanet/page/5/ HTTP/1.1" 200 28311 "http://www.foobar.com/archives/category/borjanet/page/4/" "noxtrumbot/1.0 (crawler@noxtrum.com)"
195.27.215.89 - - [13/Dec/2006:06:52:32 -0600] "GET /archives/2005/05/09/y-asi-chicos-y-chicas-es-como-nace-un-libro/ HTTP/1.0" 200 35736 "-" "Seekbot/1.0 (http://www.seekbot.net/bot.html) HTTPFetcher/0.3"
64.78.155.100 - - [13/Dec/2006:06:52:40 -0600] "GET /feed/ HTTP/1.1" 304 0 "-" "NewsGatorOnline/2.0 (http://www.newsgator.com; 4 subscribers)"
62.14.207.217 - - [13/Dec/2006:06:52:49 -0600] "GET /wp-content/themes/default_es/style.css HTTP/1.1" 200 9885 "http://www.foobar.com/archives/2005/10/17/magdalenas/" "Mozilla/4.0 (compatible; MSIE 6.0; Windows NT 5.1; .NET CLR 1.1.4322)"
62.14.207.217 - - [13/Dec/2006:06:52:49 -0600] "GET /archives/2005/10/17/magdalenas/ HTTP/1.1" 200 25633 "http://www.google.es/search?hl=es&q=magdalenas&btnG=B%C3%BAsqueda+en+Google&meta=" "Mozilla/4.0 (compatible; MSIE 6.0; Windows NT 5.1; .NET CLR 1.1.4322)"
62.14.207.217 - - [13/Dec/2006:06:52:49 -0600] "GET /wp-content/themes/default_es/images/borjanet.png HTTP/1.1" 200 16169 "http://www.foobar.com/archives/2005/10/17/magdalenas/" "Mozilla/4.0 (compatible; MSIE 6.0; Windows NT 5.1; .NET CLR 1.1.4322)"
62.14.207.217 - - [13/Dec/2006:06:52:50 -0600] "GET /wp-content/themes/default_es/images/kubrickbgwide.jpg HTTP/1.1" 200 1020 "http://www.foobar.com/archives/2005/10/17/magdalenas/" "Mozilla/4.0 (compatible; MSIE 6.0; Windows NT 5.1; .NET CLR 1.1.4322)"
62.14.207.217 - - [13/Dec/2006:06:52:50 -0600] "GET /wp-content/themes/default_es/images/kubrickbgcolor.jpg HTTP/1.1" 200 558 "http://www.foobar.com/archives/2005/10/17/magdalenas/" "Mozilla/4.0 (compatible; MSIE 6.0; Windows NT 5.1; .NET CLR 1.1.4322)"
62.14.207.217 - - [13/Dec/2006:06:52:51 -0600] "GET /wp-content/themes/default_es/images/kubrickheader.png HTTP/1.1" 200 3850 "http://www.foobar.com/archives/2005/10/17/magdalenas/" "Mozilla/4.0 (compatible; MSIE 6.0; Windows NT 5.1; .NET CLR 1.1.4322)"
