83.43.49.69 - - [13/Dec/2006:07:32:48 -0600] "GET /wp-content/themes/default_es/images/kubrickbgcolor.jpg HTTP/1.1" 200 558 "http://www.foobar.com/archives/2006/01/14/meme-avataresco-y-fondopantallesco/" "Mozilla/4.0 (compatible; MSIE 6.0; Windows NT 5.0)"
83.43.49.69 - - [13/Dec/2006:07:32:48 -0600] "GET /uploads/fondo2.png HTTP/1.1" 200 34076 "http://www.foobar.com/archives/2006/01/14/meme-avataresco-y-fondopantallesco/" "Mozilla/4.0 (compatible; MSIE 6.0; Windows NT 5.0)"
83.43.49.69 - - [13/Dec/2006:07:32:49 -0600] "GET /wp-content/themes/default_es/images/kubrickbgwide.jpg HTTP/1.1" 200 1020 "http://www.foobar.com/archives/2006/01/14/meme-avataresco-y-fondopantallesco/" "Mozilla/4.0 (compatible; MSIE 6.0; Windows NT 5.0)"
83.43.49.69 - - [13/Dec/2006:07:32:49 -0600] "GET /wp-content/themes/default_es/images/kubrickheader.png HTTP/1.1" 200 3850 "http://www.foobar.com/archives/2006/01/14/meme-avataresco-y-fondopantallesco/" "Mozilla/4.0 (compatible; MSIE 6.0; Windows NT 5.0)"
83.43.49.69 - - [13/Dec/2006:07:32:50 -0600] "GET /wp-content/themes/default_es/images/kubrickfooter.jpg HTTP/1.1" 200 2601 "http://www.foobar.com/archives/2006/01/14/meme-avataresco-y-fondopantallesco/" "Mozilla/4.0 (compatible; MSIE 6.0; Windows NT 5.0)"
194.224.199.54 - - [13/Dec/2006:07:33:25 -0600] "GET /archives/category/general/page/12/ HTTP/1.1" 200 32313 "http://www.foobar.com/archives/category/general/page/11/" "noxtrumbot/1.0 (crawler@noxtrum.com)"
83.213.141.106 - - [13/Dec/2006:07:33:27 -0600] "GET /wp-content/themes/default_es/style.css HTTP/1.1" 200 9885 "http://www.foobar.com/" "Mozilla/5.0 (Windows; U; Windows NT 5.1; en-US; rv:1.8.0.8) Gecko/20061025 Firefox/1.5.0.8"
83.213.141.106 - - [13/Dec/2006:07:33:28 -0600] "GET / HTTP/1.1" 200 41046 "-" "Mozilla/5.0 (Windows; U; Windows NT 5.1; en-US; rv:1.8.0.8) Gecko/20061025 Firefox/1.5.0.8"
83.213.141.106 - - [13/Dec/2006:07:33:28 -0600] "GET /wp-content/themes/default_es/images/kubrickbgcolor.jpg HTTP/1.1" 200 558 "http://www.foobar.com/" "Mozilla/5.0 (Windows; U; Windows NT 5.1; en-US; rv:1.8.0.8) Gecko/20061025 Firefox/1.5.0.8"
83.213.141.106 - - [13/Dec/2006:07:33:28 -0600] "GET /wp-content/themes/default_es/images/borjanet.png HTTP/1.1" 200 16169 "http://www.foobar.com/" "Mozilla/5.0 (Windows; U; Windows NT 5.1; en-US; rv:1.8.0.8) Gecko/20061025 Firefox/1.5.0.8"
83.213.141.106 - - [13/Dec/2006:07:33:28 -0600] "GET /uploads/pronunciacion.png HTTP/1.1" 200 2058 "http://www.foobar.com/" "Mozilla/5.0 (Windows; U; Windows NT 5.1; en-US; rv:1.8.0.8) Gecko/20061025 Firefox/1.5.0.8"
83.213.141.106 - - [13/Dec/2006:07:33:29 -0600] "GET /wp-content/themes/default_es/images/kubrickbg.jpg HTTP/1.1" 200 1047 "http://www.foobar.com/" "Mozilla/5.0 (Windows; U; Windows NT 5.1; en-US; rv:1.8.0.8) Gecko/20061025 Firefox/1.5.0.8"
83.213.141.106 - - [13/Dec/2006:07:33:29 -0600] "GET /wp-content/themes/default_es/images/kubrickheader.png HTTP/1.1" 200 3850 "http://www.foobar.com/" "Mozilla/5.0 (Windows; U; Windows NT 5.1; en-US; rv:1.8.0.8) Gecko/20061025 Firefox/1.5.0.8"
83.213.141.106 - - [13/Dec/2006:07:33:29 -0600] "GET /wp-content/themes/default_es/images/kubrickfooter.jpg HTTP/1.1" 200 2601 "http://www.foobar.com/" "Mozilla/5.0 (Windows; U; Windows NT 5.1; en-US; rv:1.8.0.8) Gecko/20061025 Firefox/1.5.0.8"
83.213.141.106 - - [13/Dec/2006:07:33:30 -0600] "GET /favicon.ico HTTP/1.1" 404 - "-" "Mozilla/5.0 (Windows; U; Windows NT 5.1; en-US; rv:1.8.0.8) Gecko/20061025 Firefox/1.5.0.8"
210.173.180.164 - - [13/Dec/2006:07:33:38 -0600] "GET /archives/2004/09/29/primer-da-de-clase/trackback/ HTTP/1.1" 302 5 "-" "ichiro/2.0 (http://help.goo.ne.jp/door/crawler.html)"
85.60.138.127 - - [13/Dec/2006:07:33:52 -0600] "GET /favicon.ico HTTP/1.1" 404 - "-" "Mozilla/5.0 (Windows; U; Windows NT 5.1; es-ES; rv:1.8.1) Gecko/20061010 Firefox/2.0"
194.224.199.54 - - [13/Dec/2006:07:34:25 -0600] "GET /archives/category/viajes/page/12/ HTTP/1.1" 200 32534 "http://www.foobar.com/archives/category/viajes/page/11/" "noxtrumbot/1.0 (crawler@noxtrum.com)"
194.224.199.54 - - [13/Dec/2006:07:35:25 -0600] "GET /archives/category/life-in-chicago/page/13/ HTTP/1.1" 200 32710 "http://www.foobar.com/archives/category/life-in-chicago/page/12/" "noxtrumbot/1.0 (crawler@noxtrum.com)"
210.173.180.164 - - [13/Dec/2006:07:35:31 -0600] "GET /archives/2004/09/24/ganando-bricopuntos/feed/ HTTP/1.1" 200 11083 "-" "ichiro/2.0 (http://help.goo.ne.jp/door/crawler.html)"
204.9.177.18 - - [13/Dec/2006:07:36:21 -0600] "GET /feed/atom/ HTTP/1.1" 304 0 "-" "LiveJournal.com (webmaster@livejournal.com; for http://www.livejournal.com/users/borjanet/; 1 readers)"
194.224.199.54 - - [13/Dec/2006:07:36:25 -0600] "GET /archives/category/general/page/13/ HTTP/1.1" 200 32305 "http://www.foobar.com/archives/category/general/page/12/" "noxtrumbot/1.0 (crawler@noxtrum.com)"
130.206.100.134 - - [13/Dec/2006:07:36:42 -0600] "GET /feed/atom/ HTTP/1.0" 304 0 "-" "Vienna/2.1.0.2108"
195.27.215.89 - - [13/Dec/2006:07:36:42 -0600] "GET /archives/2005/05/page/2/ HTTP/1.0" 200 32314 "-" "Seekbot/1.0 (http://www.seekbot.net/bot.html) HTTPFetcher/0.3"
201.23.154.199 - - [13/Dec/2006:07:37:04 -0600] "GET /uploads/whoseline.jpg HTTP/1.1" 200 13096 "http://nowloaded.org/forum/index.php?showtopic=22951" "Mozilla/5.0 (Windows; U; Windows NT 5.1; pt-BR; rv:1.8.0.8) Gecko/20061025 Firefox/1.5.0.8"
81.38.8.216 - - [13/Dec/2006:07:37:24 -0600] "GET /feed/ HTTP/1.1" 304 0 "-" "Akregator/1.2.5; librss/remnants"
194.224.199.54 - - [13/Dec/2006:07:37:26 -0600] "GET /archives/category/viajes/page/13/ HTTP/1.1" 200 32435 "http://www.foobar.com/archives/category/viajes/page/12/" "noxtrumbot/1.0 (crawler@noxtrum.com)"
74.6.73.156 - - [13/Dec/2006:07:37:52 -0600] "GET /archives/2004/07 HTTP/1.0" 200 32251 "-" "Mozilla/5.0 (compatible; Yahoo! Slurp; http://help.yahoo.com/help/us/ysearch/slurp)"
88.8.13.110 - - [13/Dec/2006:07:38:01 -0600] "GET /wp-content/themes/default_es/style.css HTTP/1.1" 200 9885 "http://www.foobar.com/archives/2006/02/19/menuda-semanita-2/" "Mozilla/4.0 (compatible; MSIE 6.0; Windows NT 5.1; SV1; .NET CLR 1.1.4322)"
88.8.13.110 - - [13/Dec/2006:07:38:02 -0600] "GET /archives/2006/02/19/menuda-semanita-2/ HTTP/1.1" 200 24281 "http://www.google.es/search?q=examenes+para+pillar+alumnos&hl=es&rlz=1T4GGLJ_esES176ES176" "Mozilla/4.0 (compatible; MSIE 6.0; Windows NT 5.1; SV1; .NET CLR 1.1.4322)"
88.8.13.110 - - [13/Dec/2006:07:38:02 -0600] "GET /wp-content/themes/default_es/images/kubrickbgcolor.jpg HTTP/1.1" 200 558 "http://www.foobar.com/archives/2006/02/19/menuda-semanita-2/" "Mozilla/4.0 (compatible; MSIE 6.0; Windows NT 5.1; SV1; .NET CLR 1.1.4322)"
88.8.13.110 - - [13/Dec/2006:07:38:02 -0600] "GET /wp-content/themes/default_es/images/borjanet.png HTTP/1.1" 200 16169 "http://www.foobar.com/archives/2006/02/19/menuda-semanita-2/" "Mozilla/4.0 (compatible; MSIE 6.0; Windows NT 5.1; SV1; .NET CLR 1.1.4322)"
88.8.13.110 - - [13/Dec/2006:07:38:02 -0600] "GET /wp-content/themes/default_es/images/kubrickbgwide.jpg HTTP/1.1" 200 1020 "http://www.foobar.com/archives/2006/02/19/menuda-semanita-2/" "Mozilla/4.0 (compatible; MSIE 6.0; Windows NT 5.1; SV1; .NET CLR 1.1.4322)"
88.8.13.110 - - [13/Dec/2006:07:38:03 -0600] "GET /wp-content/themes/default_es/images/kubrickheader.png HTTP/1.1" 200 3850 "http://www.foobar.com/archives/2006/02/19/menuda-semanita-2/" "Mozilla/4.0 (compatible; MSIE 6.0; Windows NT 5.1; SV1; .NET CLR 1.1.4322)"
88.8.13.110 - - [13/Dec/2006:07:38:03 -0600] "GET /wp-content/themes/default_es/images/kubrickfooter.jpg HTTP/1.1" 200 2601 "http://www.foobar.com/archives/2006/02/19/menuda-semanita-2/" "Mozilla/4.0 (compatible; MSIE 6.0; Windows NT 5.1; SV1; .NET CLR 1.1.4322)"
88.8.13.110 - - [13/Dec/2006:07:38:04 -0600] "GET /favicon.ico HTTP/1.1" 404 - "-" "Mozilla/4.0 (compatible; Google Desktop)"
88.8.13.110 - - [13/Dec/2006:07:38:06 -0600] "GET /feed/ HTTP/1.1" 200 10775 "-" "Mozilla/4.0 (compatible; Google Desktop)"
80.224.29.161 - - [13/Dec/2006:07:38:14 -0600] "GET /feed/ HTTP/1.0" 304 0 "-" "Liferea/1.0.26 (Linux; http://liferea.sf.net/)"
217.130.78.71 - - [13/Dec/2006:07:38:30 -0600] "GET /feed/ HTTP/1.0" 304 0 "-" "Liferea/1.0.23 (Linux; es_ES.UTF-8; http://liferea.sf.net/)"
194.224.199.54 - - [13/Dec/2006:07:38:42 -0600] "GET /archives/category/life-in-chicago/page/14/ HTTP/1.1" 200 25395 "http://www.foobar.com/archives/category/life-in-chicago/page/13/" "noxtrumbot/1.0 (crawler@noxtrum.com)"
69.178.60.232 - - [13/Dec/2006:07:39:36 -0600] "GET /uploads/Birdman.jpg HTTP/1.1" 200 23838 "http://profile.myspace.com/index.cfm?fuseaction=user.viewprofile&friendid=12624071" "Mozilla/4.0 (compatible; MSIE 6.0; Windows NT 5.1; SV1; .NET CLR 1.0.3705; .NET CLR 1.1.4322; Media Center PC 4.0)"
194.224.199.54 - - [13/Dec/2006:07:39:40 -0600] "GET /archives/category/general/page/14/ HTTP/1.1" 200 32310 "http://www.foobar.com/archives/category/general/page/13/" "noxtrumbot/1.0 (crawler@noxtrum.com)"
80.38.241.153 - - [13/Dec/2006:07:39:49 -0600] "GET /wp-content/themes/default_es/style.css HTTP/1.1" 200 9885 "http://www.foobar.com/archives/2004/09/01/chicago-da-13/" "Mozilla/4.0 (compatible; MSIE 6.0; Windows NT 5.1; SV1; .NET CLR 1.1.4322)"
80.38.241.153 - - [13/Dec/2006:07:39:50 -0600] "GET /archives/2004/09/01/chicago-da-13/ HTTP/1.1" 200 38443 "http://www.google.es/search?hl=es&sa=X&oi=spell&resnum=1&ct=result&cd=1&q=EGB+significa&spell=1" "Mozilla/4.0 (compatible; MSIE 6.0; Windows NT 5.1; SV1; .NET CLR 1.1.4322)"
80.38.241.153 - - [13/Dec/2006:07:39:50 -0600] "GET /wp-content/themes/default_es/images/kubrickbgcolor.jpg HTTP/1.1" 200 558 "http://www.foobar.com/archives/2004/09/01/chicago-da-13/" "Mozilla/4.0 (compatible; MSIE 6.0; Windows NT 5.1; SV1; .NET CLR 1.1.4322)"
80.38.241.153 - - [13/Dec/2006:07:39:50 -0600] "GET /wp-content/themes/default_es/images/borjanet.png HTTP/1.1" 200 16169 "http://www.foobar.com/archives/2004/09/01/chicago-da-13/" "Mozilla/4.0 (compatible; MSIE 6.0; Windows NT 5.1; SV1; .NET CLR 1.1.4322)"
80.38.241.153 - - [13/Dec/2006:07:39:50 -0600] "GET /wp-content/themes/default_es/images/kubrickfooter.jpg HTTP/1.1" 200 2601 "http://www.foobar.com/archives/2004/09/01/chicago-da-13/" "Mozilla/4.0 (compatible; MSIE 6.0; Windows NT 5.1; SV1; .NET CLR 1.1.4322)"
80.38.241.153 - - [13/Dec/2006:07:39:50 -0600] "GET /wp-content/themes/default_es/images/kubrickbgwide.jpg HTTP/1.1" 200 1020 "http://www.foobar.com/archives/2004/09/01/chicago-da-13/" "Mozilla/4.0 (compatible; MSIE 6.0; Windows NT 5.1; SV1; .NET CLR 1.1.4322)"
80.38.241.153 - - [13/Dec/2006:07:39:50 -0600] "GET /wp-content/themes/default_es/images/kubrickheader.png HTTP/1.1" 200 3850 "http://www.foobar.com/archives/2004/09/01/chicago-da-13/" "Mozilla/4.0 (compatible; MSIE 6.0; Windows NT 5.1; SV1; .NET CLR 1.1.4322)"
80.38.241.153 - - [13/Dec/2006:07:39:51 -0600] "GET /favicon.ico HTTP/1.1" 404 - "-" "-"
194.224.199.54 - - [13/Dec/2006:07:40:43 -0600] "GET /archives/category/viajes/page/14/ HTTP/1.1" 200 32315 "http://www.foobar.com/archives/category/viajes/page/13/" "noxtrumbot/1.0 (crawler@noxtrum.com)"
88.191.13.89 - - [13/Dec/2006:07:41:03 -0600] "GET /feed/ HTTP/1.0" 304 0 "-" "Feedshow/1.0 (http://www.feedshow.com; 1 subscriber)"
60.191.80.30 - - [13/Dec/2006:07:41:53 -0600] "GET /robots.txt HTTP/1.1" 404 - "-" "OutfoxBot/0.5 (for internet experiments; http://; outfoxbot@gmail.com)"
213.96.138.147 - - [13/Dec/2006:07:41:57 -0600] "GET /archives/2005/10/31/lentejas/ HTTP/1.1" 200 17186 "http://www.google.es/custom?domains=www.arecetas.com&q=LENTEJAS&sitesearch=&client=pub-3232389196005710&forid=1&ie=ISO-8859-1&oe=ISO-8859-1&cof=GALT%3A%23008000%3BGL%3A1%3BDIV%3A%23336699%3BVLC%3A663399%3BAH%3Acenter%3BBGC%3AFFFFFF%3BLBGC%3A336699%3BALC%3A0000FF%3BLC%3A0000FF%3BT%3A000000%3BGFNT%3A0000FF%3BGIMP%3A0000FF%3BFORID%3A1%3B&hl=es" "Mozilla/4.0 (compatible; MSIE 6.0; Windows 98; .NET CLR 1.1.4322)"
213.96.138.147 - - [13/Dec/2006:07:41:57 -0600] "GET /wp-content/themes/default_es/style.css HTTP/1.1" 200 9885 "http://www.foobar.com/archives/2005/10/31/lentejas/" "Mozilla/4.0 (compatible; MSIE 6.0; Windows 98; .NET CLR 1.1.4322)"
213.96.138.147 - - [13/Dec/2006:07:41:57 -0600] "GET /wp-content/themes/default_es/images/borjanet.png HTTP/1.1" 200 16169 "http://www.foobar.com/archives/2005/10/31/lentejas/" "Mozilla/4.0 (compatible; MSIE 6.0; Windows 98; .NET CLR 1.1.4322)"
213.96.138.147 - - [13/Dec/2006:07:41:58 -0600] "GET /wp-content/themes/default_es/images/kubrickbgcolor.jpg HTTP/1.1" 200 558 "http://www.foobar.com/archives/2005/10/31/lentejas/" "Mozilla/4.0 (compatible; MSIE 6.0; Windows 98; .NET CLR 1.1.4322)"
213.96.138.147 - - [13/Dec/2006:07:41:58 -0600] "GET /wp-content/themes/default_es/images/kubrickbgwide.jpg HTTP/1.1" 200 1020 "http://www.foobar.com/archives/2005/10/31/lentejas/" "Mozilla/4.0 (compatible; MSIE 6.0; Windows 98; .NET CLR 1.1.4322)"
213.96.138.147 - - [13/Dec/2006:07:41:58 -0600] "GET /wp-content/themes/default_es/images/kubrickheader.png HTTP/1.1" 200 3850 "http://www.foobar.com/archives/2005/10/31/lentejas/" "Mozilla/4.0 (compatible; MSIE 6.0; Windows 98; .NET CLR 1.1.4322)"
213.96.138.147 - - [13/Dec/2006:07:41:58 -0600] "GET /wp-content/themes/default_es/images/kubrickfooter.jpg HTTP/1.1" 200 2601 "http://www.foobar.com/archives/2005/10/31/lentejas/" "Mozilla/4.0 (compatible; MSIE 6.0; Windows 98; .NET CLR 1.1.4322)"
60.191.80.30 - - [13/Dec/2006:07:41:59 -0600] "GET /archives/2003/09/22/impresionante-ltimo-da-en-suiza/ HTTP/1.1" 200 19912 "-" "OutfoxBot/0.5 (for internet experiments; http://; outfoxbot@gmail.com)"
72.14.199.5 - - [13/Dec/2006:07:42:02 -0600] "GET /feed/rss2/ HTTP/1.1" 304 0 "-" "Feedfetcher-Google; (+http://www.google.com/feedfetcher.html)"
80.58.205.35 - - [13/Dec/2006:07:42:42 -0600] "GET /feed/ HTTP/1.1" 304 0 "-" "Mozilla/4.0 (compatible; Google Desktop)"
74.6.69.204 - - [13/Dec/2006:07:42:42 -0600] "GET /archives/2003/08/30/fotos-de-australia/feed/ HTTP/1.0" 200 1112 "-" "Mozilla/5.0 (compatible; Yahoo! Slurp; http://help.yahoo.com/help/us/ysearch/slurp)"
210.173.180.164 - - [13/Dec/2006:07:42:47 -0600] "GET /archives/2004/09/24/ganando-bricopuntos/trackback/ HTTP/1.1" 302 5 "-" "ichiro/2.0 (http://help.goo.ne.jp/door/crawler.html)"
82.158.215.3 - - [13/Dec/2006:07:43:02 -0600] "GET /uploads/Family_guy_logo.png HTTP/1.1" 404 - "http://images.google.es/imgres?imgurl=http://www.foobar.com/uploads/Family_guy_logo.png&imgrefurl=http://www.foobar.com/archives/2006/01/19/television-americana/&h=189&w=300&sz=28&tbnid=qlC6Gq_pQxf_tM:&tbnh=73&tbnw=116&hl=es&prev=/images%3Fq%3Dpadre%2Bde%2Bfamilia%26svnum%3D10%26hl%3Des%26lr%3D&frame=small" "Mozilla/4.0 (compatible; MSIE 6.0; Windows NT 5.1; SV1; .NET CLR 2.0.50727)"
82.158.215.3 - - [13/Dec/2006:07:43:02 -0600] "GET /archives/2006/01/19/television-americana/ HTTP/1.1" 200 7869 "http://images.google.es/imgres?imgurl=http://www.foobar.com/uploads/Family_guy_logo.png&imgrefurl=http://www.foobar.com/archives/2006/01/19/television-americana/&h=189&w=300&sz=28&hl=es&start=16&tbnid=qlC6Gq_pQxf_tM:&tbnh=73&tbnw=116&prev=/images%3Fq%3Dpadre%2Bde%2Bfamilia%26svnum%3D10%26hl%3Des%26lr%3D" "Mozilla/4.0 (compatible; MSIE 6.0; Windows NT 5.1; SV1; .NET CLR 2.0.50727)"
82.158.215.3 - - [13/Dec/2006:07:43:05 -0600] "GET /archives/2006/01/19/television-americana/ HTTP/1.1" 200 7869 "http://images.google.es/imgres?imgurl=http://www.foobar.com/uploads/Family_guy_logo.png&imgrefurl=http://www.foobar.com/archives/2006/01/19/television-americana/&h=189&w=300&sz=28&hl=es&start=16&tbnid=qlC6Gq_pQxf_tM:&tbnh=73&tbnw=116&prev=/images%3Fq%3Dpadre%2Bde%2Bfamilia%26svnum%3D10%26hl%3Des%26lr%3D" "Mozilla/4.0 (compatible; MSIE 6.0; Windows NT 5.1; SV1; .NET CLR 2.0.50727)"
82.158.215.3 - - [13/Dec/2006:07:43:05 -0600] "GET /uploads/Family_guy_logo.png HTTP/1.1" 404 - "http://images.google.es/imgres?imgurl=http://www.foobar.com/uploads/Family_guy_logo.png&imgrefurl=http://www.foobar.com/archives/2006/01/19/television-americana/&h=189&w=300&sz=28&tbnid=qlC6Gq_pQxf_tM:&tbnh=73&tbnw=116&hl=es&prev=/images%3Fq%3Dpadre%2Bde%2Bfamilia%26svnum%3D10%26hl%3Des%26lr%3D&frame=small" "Mozilla/4.0 (compatible; MSIE 6.0; Windows NT 5.1; SV1; .NET CLR 2.0.50727)"
82.158.215.3 - - [13/Dec/2006:07:43:11 -0600] "GET /archives/2006/01/19/television-americana/ HTTP/1.1" 200 7869 "http://images.google.es/imgres?imgurl=http://www.foobar.com/uploads/Family_guy_logo.png&imgrefurl=http://www.foobar.com/archives/2006/01/19/television-americana/&h=189&w=300&sz=28&hl=es&start=16&tbnid=qlC6Gq_pQxf_tM:&tbnh=73&tbnw=116&prev=/images%3Fq%3Dpadre%2Bde%2Bfamilia%26svnum%3D10%26hl%3Des%26lr%3D" "Mozilla/4.0 (compatible; MSIE 6.0; Windows NT 5.1; SV1; .NET CLR 2.0.50727)"
195.27.215.89 - - [13/Dec/2006:07:43:14 -0600] "GET /archives/2005/06/ HTTP/1.0" 200 32143 "-" "Seekbot/1.0 (http://www.seekbot.net/bot.html) HTTPFetcher/0.3"
82.158.215.3 - - [13/Dec/2006:07:43:15 -0600] "GET /uploads/Family_guy_logo.png HTTP/1.1" 404 - "http://images.google.es/imgres?imgurl=http://www.foobar.com/uploads/Family_guy_logo.png&imgrefurl=http://www.foobar.com/archives/2006/01/19/television-americana/&h=189&w=300&sz=28&tbnid=qlC6Gq_pQxf_tM:&tbnh=73&tbnw=116&hl=es&prev=/images%3Fq%3Dpadre%2Bde%2Bfamilia%26svnum%3D10%26hl%3Des%26lr%3D&frame=small" "Mozilla/4.0 (compatible; MSIE 6.0; Windows NT 5.1; SV1; .NET CLR 2.0.50727)"
82.158.215.3 - - [13/Dec/2006:07:43:18 -0600] "GET /archives/2006/01/19/television-americana/ HTTP/1.1" 200 7869 "http://images.google.es/imgres?imgurl=http://www.foobar.com/uploads/Family_guy_logo.png&imgrefurl=http://www.foobar.com/archives/2006/01/19/television-americana/&h=189&w=300&sz=28&hl=es&start=16&tbnid=qlC6Gq_pQxf_tM:&tbnh=73&tbnw=116&prev=/images%3Fq%3Dpadre%2Bde%2Bfamilia%26svnum%3D10%26hl%3Des%26lr%3D" "Mozilla/4.0 (compatible; MSIE 6.0; Windows NT 5.1; SV1; .NET CLR 2.0.50727)"
82.158.215.3 - - [13/Dec/2006:07:43:25 -0600] "GET /archives/2006/01/19/television-americana/ HTTP/1.1" 200 7869 "http://images.google.es/imgres?imgurl=http://www.foobar.com/uploads/Family_guy_logo.png&imgrefurl=http://www.foobar.com/archives/2006/01/19/television-americana/&h=189&w=300&sz=28&hl=es&start=16&tbnid=qlC6Gq_pQxf_tM:&tbnh=73&tbnw=116&prev=/images%3Fq%3Dpadre%2Bde%2Bfamilia%26svnum%3D10%26hl%3Des%26lr%3D" "Mozilla/4.0 (compatible; MSIE 6.0; Windows NT 5.1; SV1; .NET CLR 2.0.50727)"
65.214.44.29 - - [13/Dec/2006:07:43:37 -0600] "GET /feed/ HTTP/1.1" 304 0 "-" "Bloglines/3.1 (http://www.bloglines.com; 8 subscribers)"
65.214.44.29 - - [13/Dec/2006:07:43:38 -0600] "GET /feed/atom/ HTTP/1.1" 304 0 "-" "Bloglines/3.1 (http://www.bloglines.com; 4 subscribers)"
210.173.180.164 - - [13/Dec/2006:07:44:05 -0600] "GET /archives/2004/09/21/ganando-frikipuntos/ HTTP/1.1" 200 16721 "-" "ichiro/2.0 (http://help.goo.ne.jp/door/crawler.html)"
201.32.225.57 - - [13/Dec/2006:07:44:57 -0600] "GET /uploads/whoseline.jpg HTTP/1.1" 200 13096 "http://nowloaded.org/forum/index.php?showtopic=20278" "Mozilla/4.0 (compatible; MSIE 6.0; Windows NT 5.1; SV1; MEGAUPLOAD 1.0)"
193.189.143.228 - - [13/Dec/2006:07:45:22 -0600] "GET /feed/ HTTP/1.0" 200 10737 "-" "Netvibes (http://www.netvibes.com/; 11 subscribers)"
81.202.208.214 - - [13/Dec/2006:07:45:24 -0600] "GET /favicon.ico HTTP/1.1" 404 - "http://www.netvibes.com/" "Mozilla/5.0 (Windows; U; Windows NT 5.1; es-ES; rv:1.8.0.8) Gecko/20061025 Firefox/1.5.0.8"
210.173.180.164 - - [13/Dec/2006:07:45:30 -0600] "GET /archives/2004/09/22/siguen-orientndonos/feed/ HTTP/1.1" 200 12064 "-" "ichiro/2.0 (http://help.goo.ne.jp/door/crawler.html)"
161.116.12.130 - - [13/Dec/2006:07:45:33 -0600] "GET /feed/ HTTP/1.1" 200 10763 "-" "Mozilla/5.0 (X11; U; Linux i686; en-US; rv:1.8.0.8) Gecko/20061115 Thunderbird/1.5.0.8"
137.71.226.54 - - [13/Dec/2006:07:45:36 -0600] "GET /wp-content/themes/default_es/style.css HTTP/1.1" 200 9885 "http://www.foobar.com/" "Mozilla/5.0 (X11; U; Linux i686; en-US; rv:1.8.0.8) Gecko/20061025 Firefox/1.5.0.8"
137.71.226.54 - - [13/Dec/2006:07:45:37 -0600] "GET /wp-content/themes/default_es/images/kubrickbgcolor.jpg HTTP/1.1" 200 558 "http://www.foobar.com/" "Mozilla/5.0 (X11; U; Linux i686; en-US; rv:1.8.0.8) Gecko/20061025 Firefox/1.5.0.8"
137.71.226.54 - - [13/Dec/2006:07:45:37 -0600] "GET / HTTP/1.1" 200 41046 "-" "Mozilla/5.0 (X11; U; Linux i686; en-US; rv:1.8.0.8) Gecko/20061025 Firefox/1.5.0.8"
137.71.226.54 - - [13/Dec/2006:07:45:37 -0600] "GET /uploads/pronunciacion.png HTTP/1.1" 200 2058 "http://www.foobar.com/" "Mozilla/5.0 (X11; U; Linux i686; en-US; rv:1.8.0.8) Gecko/20061025 Firefox/1.5.0.8"
137.71.226.54 - - [13/Dec/2006:07:45:37 -0600] "GET /wp-content/themes/default_es/images/borjanet.png HTTP/1.1" 200 16169 "http://www.foobar.com/" "Mozilla/5.0 (X11; U; Linux i686; en-US; rv:1.8.0.8) Gecko/20061025 Firefox/1.5.0.8"
137.71.226.54 - - [13/Dec/2006:07:45:37 -0600] "GET /wp-content/themes/default_es/images/kubrickbg.jpg HTTP/1.1" 200 1047 "http://www.foobar.com/" "Mozilla/5.0 (X11; U; Linux i686; en-US; rv:1.8.0.8) Gecko/20061025 Firefox/1.5.0.8"
137.71.226.54 - - [13/Dec/2006:07:45:37 -0600] "GET /wp-content/themes/default_es/images/kubrickheader.png HTTP/1.1" 200 3850 "http://www.foobar.com/" "Mozilla/5.0 (X11; U; Linux i686; en-US; rv:1.8.0.8) Gecko/20061025 Firefox/1.5.0.8"
137.71.226.54 - - [13/Dec/2006:07:45:37 -0600] "GET /wp-content/themes/default_es/images/kubrickfooter.jpg HTTP/1.1" 200 2601 "http://www.foobar.com/" "Mozilla/5.0 (X11; U; Linux i686; en-US; rv:1.8.0.8) Gecko/20061025 Firefox/1.5.0.8"
137.71.226.54 - - [13/Dec/2006:07:45:38 -0600] "GET /favicon.ico HTTP/1.1" 404 - "-" "Mozilla/5.0 (X11; U; Linux i686; en-US; rv:1.8.0.8) Gecko/20061025 Firefox/1.5.0.8"
137.71.226.54 - - [13/Dec/2006:07:45:38 -0600] "GET /favicon.ico HTTP/1.1" 404 - "-" "Mozilla/5.0 (X11; U; Linux i686; en-US; rv:1.8.0.8) Gecko/20061025 Firefox/1.5.0.8"
137.71.226.54 - - [13/Dec/2006:07:45:52 -0600] "GET /favicon.ico HTTP/1.1" 404 - "-" "Mozilla/5.0 (X11; U; Linux i686; en-US; rv:1.8.0.8) Gecko/20061025 Firefox/1.5.0.8"
137.71.226.54 - - [13/Dec/2006:07:45:56 -0600] "GET /archives/2006/12/11/pronunciacion/ HTTP/1.1" 200 15974 "http://www.foobar.com/" "Mozilla/5.0 (X11; U; Linux i686; en-US; rv:1.8.0.8) Gecko/20061025 Firefox/1.5.0.8"
137.71.226.54 - - [13/Dec/2006:07:45:56 -0600] "GET /wp-content/themes/default_es/images/kubrickbgwide.jpg HTTP/1.1" 200 1020 "http://www.foobar.com/archives/2006/12/11/pronunciacion/" "Mozilla/5.0 (X11; U; Linux i686; en-US; rv:1.8.0.8) Gecko/20061025 Firefox/1.5.0.8"
210.173.180.164 - - [13/Dec/2006:07:46:57 -0600] "GET /archives/2004/09/22/siguen-orientndonos/trackback/ HTTP/1.1" 302 5 "-" "ichiro/2.0 (http://help.goo.ne.jp/door/crawler.html)"
83.32.53.25 - - [13/Dec/2006:07:47:04 -0600] "GET /favicon.ico HTTP/1.0" 404 - "http://www.netvibes.com/" "Mozilla/5.0 (Windows; U; Windows NT 5.1; es-ES; rv:1.8.0.8) Gecko/20061025 Firefox/1.5.0.8"
60.191.80.30 - - [13/Dec/2006:07:47:12 -0600] "GET /archives/2006/07/16/privaci-%c2%bfque/ HTTP/1.1" 200 19054 "-" "OutfoxBot/0.5 (for internet experiments; http://; outfoxbot@gmail.com)"
212.168.173.12 - - [13/Dec/2006:07:47:24 -0600] "GET /feed/ HTTP/1.1" 304 0 "-" "AlestiFeedBot/0.7 (http://www.alesti.org/; 5 subscribers)"
193.144.84.188 - - [13/Dec/2006:07:47:42 -0600] "GET /feed/ HTTP/1.1" 200 10763 "-" "Mozilla/5.0 (X11; U; Linux i686; en-US; rv:1.7.10) Gecko/20060927 Firefox/1.0.4 (Debian package 1.0.4-2sarge12)"
80.224.29.161 - - [13/Dec/2006:07:48:12 -0600] "GET /feed/ HTTP/1.0" 304 0 "-" "Liferea/1.0.26 (Linux; http://liferea.sf.net/)"
210.173.180.164 - - [13/Dec/2006:07:48:14 -0600] "GET /archives/2004/08/29/chicago-da-10/feed/ HTTP/1.1" 200 13567 "-" "ichiro/2.0 (http://help.goo.ne.jp/door/crawler.html)"
201.81.87.251 - - [13/Dec/2006:07:48:19 -0600] "GET /uploads/whoseline.jpg HTTP/1.1" 200 13096 "http://nowloaded.org/forum/index.php?showtopic=22951" "Mozilla/4.0 (compatible; MSIE 6.0; Windows NT 5.0; .NET CLR 1.1.4322; .NET CLR 2.0.50727)"
200.37.4.2 - - [13/Dec/2006:07:49:03 -0600] "GET /archives/2004/12/01/borjanet-segn-markov/ HTTP/1.0" 200 27854 "http://www.google.com.pe/search?hl=es&q=bajar+tesis+sobre+cadenas+de+markov&meta=lr%3Dlang_es" "Mozilla/4.0 (compatible; MSIE 6.0; Windows NT 5.0)"
200.105.219.47 - - [13/Dec/2006:07:49:12 -0600] "GET /archives/2002/09/08/nuevo-borjanet/feed/ HTTP/1.1" 200 7671 "http://www.google.com.bo/search?hl=es&q=felicidades+por+tu+disertaci%C3%B3n&meta=" "Mozilla/4.0 (compatible; MSIE 6.0; Windows NT 5.1; SV1; .NET CLR 2.0.50727)"
72.14.199.5 - - [13/Dec/2006:07:49:13 -0600] "GET /feed/atom/ HTTP/1.1" 200 9637 "-" "Feedfetcher-Google; (+http://www.google.com/feedfetcher.html)"
195.27.215.89 - - [13/Dec/2006:07:49:16 -0600] "GET /archives/2005/06/10/se-acerca-la-entrega/ HTTP/1.0" 200 18791 "-" "Seekbot/1.0 (http://www.seekbot.net/bot.html) HTTPFetcher/0.3"
210.173.180.164 - - [13/Dec/2006:07:49:52 -0600] "GET /archives/2004/08/29/chicago-da-10/trackback/ HTTP/1.1" 302 5 "-" "ichiro/2.0 (http://help.goo.ne.jp/door/crawler.html)"
204.15.20.159 - - [13/Dec/2006:07:50:04 -0600] "GET /feed/ HTTP/1.1" 304 0 "-" "FacebookFeedParser/1.0 (UniversalFeedParser/4.1;) +http://facebook.com/"
83.33.250.49 - - [13/Dec/2006:07:51:36 -0600] "GET /wp-content/themes/default_es/style.css HTTP/1.1" 200 9885 "http://www.foobar.com/archives/2005/10/17/magdalenas/" "Mozilla/4.0 (compatible; MSIE 6.0; Windows NT 5.1; FunWebProducts; SV1; .NET CLR 1.1.4322)"
83.33.250.49 - - [13/Dec/2006:07:51:36 -0600] "GET /archives/2005/10/17/magdalenas/ HTTP/1.1" 200 25599 "http://www.google.es/search?hl=es&q=magdalenas&meta=" "Mozilla/4.0 (compatible; MSIE 6.0; Windows NT 5.1; FunWebProducts; SV1; .NET CLR 1.1.4322)"
83.33.250.49 - - [13/Dec/2006:07:51:37 -0600] "GET /wp-content/themes/default_es/images/borjanet.png HTTP/1.1" 200 16169 "http://www.foobar.com/archives/2005/10/17/magdalenas/" "Mozilla/4.0 (compatible; MSIE 6.0; Windows NT 5.1; FunWebProducts; SV1; .NET CLR 1.1.4322)"
83.33.250.49 - - [13/Dec/2006:07:51:37 -0600] "GET /wp-content/themes/default_es/images/kubrickbgcolor.jpg HTTP/1.1" 200 558 "http://www.foobar.com/archives/2005/10/17/magdalenas/" "Mozilla/4.0 (compatible; MSIE 6.0; Windows NT 5.1; FunWebProducts; SV1; .NET CLR 1.1.4322)"
83.33.250.49 - - [13/Dec/2006:07:51:37 -0600] "GET /wp-content/themes/default_es/images/kubrickbgwide.jpg HTTP/1.1" 200 1020 "http://www.foobar.com/archives/2005/10/17/magdalenas/" "Mozilla/4.0 (compatible; MSIE 6.0; Windows NT 5.1; FunWebProducts; SV1; .NET CLR 1.1.4322)"
83.33.250.49 - - [13/Dec/2006:07:51:37 -0600] "GET /wp-content/themes/default_es/images/kubrickheader.png HTTP/1.1" 200 3850 "http://www.foobar.com/archives/2005/10/17/magdalenas/" "Mozilla/4.0 (compatible; MSIE 6.0; Windows NT 5.1; FunWebProducts; SV1; .NET CLR 1.1.4322)"
83.33.250.49 - - [13/Dec/2006:07:51:37 -0600] "GET /wp-content/themes/default_es/images/kubrickfooter.jpg HTTP/1.1" 200 2601 "http://www.foobar.com/archives/2005/10/17/magdalenas/" "Mozilla/4.0 (compatible; MSIE 6.0; Windows NT 5.1; FunWebProducts; SV1; .NET CLR 1.1.4322)"
72.30.226.142 - - [13/Dec/2006:07:51:56 -0600] "GET /robots.txt HTTP/1.0" 404 - "-" "Mozilla/5.0 (compatible; Yahoo! Slurp; http://help.yahoo.com/help/us/ysearch/slurp)"
85.85.12.22 - - [13/Dec/2006:07:52:02 -0600] "GET /feed/ HTTP/1.1" 200 10763 "-" "Mozilla/5.0 (X11; U; Linux i686; es-ES; rv:1.7.13) Gecko/20060411 Firefox/1.0.8 SUSE/1.0.8-0.2"
72.30.216.88 - - [13/Dec/2006:07:52:28 -0600] "GET /archives/2006/07/15/el-gobierno-estadounidense-ese-gran-desconocido/ HTTP/1.0" 200 25459 "-" "Mozilla/5.0 (compatible; Yahoo! Slurp; http://help.yahoo.com/help/us/ysearch/slurp)"
193.205.222.22 - - [13/Dec/2006:07:52:37 -0600] "GET /feed/ HTTP/1.0" 304 0 "-" "Liferea/1.0.20 (Linux; es_ES.ISO-8859-15; http://liferea.sf.net/)"
198.37.25.204 - - [13/Dec/2006:07:52:50 -0600] "GET /feed/ HTTP/1.1" 304 0 "-" "Mozilla/5.0 (Macintosh; U; PPC Mac OS X; en-us) AppleWebKit/412 (KHTML, like Gecko) Safari/412"
85.85.12.22 - - [13/Dec/2006:07:52:53 -0600] "GET /feed/ HTTP/1.1" 200 10763 "-" "Mozilla/5.0 (Sage)"
81.38.8.216 - - [13/Dec/2006:07:53:23 -0600] "GET /feed/ HTTP/1.1" 304 0 "-" "Akregator/1.2.5; librss/remnants"
207.255.1.162 - - [13/Dec/2006:07:53:31 -0600] "GET /wp-content/themes/default_es/style.css HTTP/1.1" 200 9885 "http://www.foobar.com/archives/2006/01/19/television-americana/" "Mozilla/4.0 (compatible; MSIE 6.0; Windows NT 5.1; SV1; InfoPath.1)"
207.255.1.162 - - [13/Dec/2006:07:53:31 -0600] "GET /wp-content/themes/default_es/images/borjanet.png HTTP/1.1" 200 16169 "http://www.foobar.com/archives/2006/01/19/television-americana/" "Mozilla/4.0 (compatible; MSIE 6.0; Windows NT 5.1; SV1; InfoPath.1)"
207.255.1.162 - - [13/Dec/2006:07:53:31 -0600] "GET /uploads/Dailyshow_logo.jpg HTTP/1.1" 200 13964 "http://www.foobar.com/archives/2006/01/19/television-americana/" "Mozilla/4.0 (compatible; MSIE 6.0; Windows NT 5.1; SV1; InfoPath.1)"
207.255.1.162 - - [13/Dec/2006:07:53:31 -0600] "GET /archives/2006/01/19/television-americana/ HTTP/1.1" 200 22474 "http://images.google.com/imgres?imgurl=http://www.foobar.com/uploads/Birdman.jpg&imgrefurl=http://www.foobar.com/archives/2006/01/19/television-americana/&h=223&w=252&sz=24&hl=en&start=16&tbnid=wZBBvaJEyEDpKM:&tbnh=98&tbnw=111&prev=/images%3Fq%3Dbirdman%26svnum%3D10%26hl%3Den%26lr%3D%26sa%3DX" "Mozilla/4.0 (compatible; MSIE 6.0; Windows NT 5.1; SV1; InfoPath.1)"
207.255.1.162 - - [13/Dec/2006:07:53:32 -0600] "GET /uploads/TheWestWing.JPG HTTP/1.1" 200 7234 "http://www.foobar.com/archives/2006/01/19/television-americana/" "Mozilla/4.0 (compatible; MSIE 6.0; Windows NT 5.1; SV1; InfoPath.1)"
207.255.1.162 - - [13/Dec/2006:07:53:32 -0600] "GET /uploads/fglogo.png HTTP/1.1" 200 27895 "http://www.foobar.com/archives/2006/01/19/television-americana/" "Mozilla/4.0 (compatible; MSIE 6.0; Windows NT 5.1; SV1; InfoPath.1)"
207.255.1.162 - - [13/Dec/2006:07:53:32 -0600] "GET /uploads/Harvey_Birdman2C_Attorney_at_Law_title.jpg HTTP/1.1" 200 20129 "http://www.foobar.com/archives/2006/01/19/television-americana/" "Mozilla/4.0 (compatible; MSIE 6.0; Windows NT 5.1; SV1; InfoPath.1)"
207.255.1.162 - - [13/Dec/2006:07:53:34 -0600] "GET /uploads/Birdman.jpg HTTP/1.1" 200 0 "http://www.foobar.com/archives/2006/01/19/television-americana/" "Mozilla/4.0 (compatible; MSIE 6.0; Windows NT 5.1; SV1; InfoPath.1)"
207.255.1.162 - - [13/Dec/2006:07:53:34 -0600] "GET /uploads/whoseline.jpg HTTP/1.1" 200 0 "http://www.foobar.com/archives/2006/01/19/television-americana/" "Mozilla/4.0 (compatible; MSIE 6.0; Windows NT 5.1; SV1; InfoPath.1)"
207.255.1.162 - - [13/Dec/2006:07:53:34 -0600] "GET /wp-content/themes/default_es/images/kubrickbgcolor.jpg HTTP/1.1" 200 558 "http://www.foobar.com/archives/2006/01/19/television-americana/" "Mozilla/4.0 (compatible; MSIE 6.0; Windows NT 5.1; SV1; InfoPath.1)"
207.255.1.162 - - [13/Dec/2006:07:53:34 -0600] "GET /wp-content/themes/default_es/images/kubrickbgwide.jpg HTTP/1.1" 200 1020 "http://www.foobar.com/archives/2006/01/19/television-americana/" "Mozilla/4.0 (compatible; MSIE 6.0; Windows NT 5.1; SV1; InfoPath.1)"
207.255.1.162 - - [13/Dec/2006:07:53:34 -0600] "GET /uploads/Birdman.jpg HTTP/1.1" 200 23838 "http://images.google.com/imgres?imgurl=http://www.foobar.com/uploads/Birdman.jpg&imgrefurl=http://www.foobar.com/archives/2006/01/19/television-americana/&h=223&w=252&sz=24&tbnid=wZBBvaJEyEDpKM:&tbnh=98&tbnw=111&hl=en&prev=/images%3Fq%3Dbirdman%26svnum%3D10%26hl%3Den%26lr%3D%26sa%3DX&frame=small" "Mozilla/4.0 (compatible; MSIE 6.0; Windows NT 5.1; SV1; InfoPath.1)"
207.255.1.162 - - [13/Dec/2006:07:53:37 -0600] "GET /uploads/whoseline.jpg HTTP/1.1" 200 13096 "http://www.foobar.com/archives/2006/01/19/television-americana/" "Mozilla/4.0 (compatible; MSIE 6.0; Windows NT 5.1; SV1; InfoPath.1)"
207.255.1.162 - - [13/Dec/2006:07:53:37 -0600] "GET /uploads/comedy.png HTTP/1.1" 200 22619 "http://www.foobar.com/archives/2006/01/19/television-americana/" "Mozilla/4.0 (compatible; MSIE 6.0; Windows NT 5.1; SV1; InfoPath.1)"
207.255.1.162 - - [13/Dec/2006:07:53:37 -0600] "GET /wp-content/themes/default_es/images/kubrickheader.png HTTP/1.1" 200 3850 "http://www.foobar.com/archives/2006/01/19/television-americana/" "Mozilla/4.0 (compatible; MSIE 6.0; Windows NT 5.1; SV1; InfoPath.1)"
207.255.1.162 - - [13/Dec/2006:07:53:37 -0600] "GET /wp-content/themes/default_es/images/kubrickbgwide.jpg HTTP/1.1" 200 1020 "http://www.foobar.com/archives/2006/01/19/television-americana/" "Mozilla/4.0 (compatible; MSIE 6.0; Windows NT 5.1; SV1; InfoPath.1)"
207.255.1.162 - - [13/Dec/2006:07:53:37 -0600] "GET /wp-content/themes/default_es/images/kubrickfooter.jpg HTTP/1.1" 200 2601 "http://www.foobar.com/archives/2006/01/19/television-americana/" "Mozilla/4.0 (compatible; MSIE 6.0; Windows NT 5.1; SV1; InfoPath.1)"
74.6.85.170 - - [13/Dec/2006:07:53:50 -0600] "GET /robots.txt HTTP/1.0" 404 - "-" "Mozilla/5.0 (compatible; Yahoo! Slurp; http://help.yahoo.com/help/us/ysearch/slurp)"
74.6.86.28 - - [13/Dec/2006:07:53:52 -0600] "GET /archives/2004/08/28/chicago-da-9/ HTTP/1.0" 200 26605 "-" "Mozilla/5.0 (compatible; Yahoo! Slurp; http://help.yahoo.com/help/us/ysearch/slurp)"
201.228.121.110 - - [13/Dec/2006:07:54:14 -0600] "GET /archives/2005/02/13/defaced/ HTTP/1.1" 200 17807 "http://www.google.com.co/search?hl=es&q=%22DEFACED%27%22&btnG=B%C3%BAsqueda&meta=" "Mozilla/5.0 (Windows; U; Windows NT 5.1; es-AR; rv:1.8.0.8) Gecko/20061025 Firefox/1.5.0.8"
201.228.121.110 - - [13/Dec/2006:07:54:14 -0600] "GET /wp-content/themes/default_es/style.css HTTP/1.1" 200 9885 "http://www.foobar.com/archives/2005/02/13/defaced/" "Mozilla/5.0 (Windows; U; Windows NT 5.1; es-AR; rv:1.8.0.8) Gecko/20061025 Firefox/1.5.0.8"
82.43.104.144 - - [13/Dec/2006:07:54:14 -0600] "GET /uploads/Family_guy_logo.png HTTP/1.1" 404 - "-" "Mozilla/4.0 (compatible; MSIE 7.0; Windows NT 5.1; .NET CLR 1.1.4322; .NET CLR 2.0.50727)"
201.228.121.110 - - [13/Dec/2006:07:54:15 -0600] "GET /wp-content/themes/default_es/images/kubrickbgcolor.jpg HTTP/1.1" 200 558 "http://www.foobar.com/archives/2005/02/13/defaced/" "Mozilla/5.0 (Windows; U; Windows NT 5.1; es-AR; rv:1.8.0.8) Gecko/20061025 Firefox/1.5.0.8"
201.228.121.110 - - [13/Dec/2006:07:54:15 -0600] "GET /wp-content/themes/default_es/images/kubrickbgwide.jpg HTTP/1.1" 200 1020 "http://www.foobar.com/archives/2005/02/13/defaced/" "Mozilla/5.0 (Windows; U; Windows NT 5.1; es-AR; rv:1.8.0.8) Gecko/20061025 Firefox/1.5.0.8"
201.228.121.110 - - [13/Dec/2006:07:54:15 -0600] "GET /wp-content/themes/default_es/images/borjanet.png HTTP/1.1" 200 16169 "http://www.foobar.com/archives/2005/02/13/defaced/" "Mozilla/5.0 (Windows; U; Windows NT 5.1; es-AR; rv:1.8.0.8) Gecko/20061025 Firefox/1.5.0.8"
201.228.121.110 - - [13/Dec/2006:07:54:15 -0600] "GET /wp-content/themes/default_es/images/kubrickheader.png HTTP/1.1" 200 3850 "http://www.foobar.com/archives/2005/02/13/defaced/" "Mozilla/5.0 (Windows; U; Windows NT 5.1; es-AR; rv:1.8.0.8) Gecko/20061025 Firefox/1.5.0.8"
201.228.121.110 - - [13/Dec/2006:07:54:16 -0600] "GET /wp-content/themes/default_es/images/kubrickfooter.jpg HTTP/1.1" 200 2601 "http://www.foobar.com/archives/2005/02/13/defaced/" "Mozilla/5.0 (Windows; U; Windows NT 5.1; es-AR; rv:1.8.0.8) Gecko/20061025 Firefox/1.5.0.8"
201.228.121.110 - - [13/Dec/2006:07:54:16 -0600] "GET /favicon.ico HTTP/1.1" 404 - "-" "Mozilla/5.0 (Windows; U; Windows NT 5.1; es-AR; rv:1.8.0.8) Gecko/20061025 Firefox/1.5.0.8"
201.228.121.110 - - [13/Dec/2006:07:54:16 -0600] "GET /favicon.ico HTTP/1.1" 404 - "-" "Mozilla/5.0 (Windows; U; Windows NT 5.1; es-AR; rv:1.8.0.8) Gecko/20061025 Firefox/1.5.0.8"
66.249.65.135 - - [13/Dec/2006:07:54:16 -0600] "GET /robots.txt HTTP/1.1" 404 - "-" "Mozilla/5.0 (compatible; Googlebot/2.1; +http://www.google.com/bot.html)"
66.249.65.135 - - [13/Dec/2006:07:54:19 -0600] "GET / HTTP/1.1" 200 41046 "-" "Mozilla/5.0 (compatible; Googlebot/2.1; +http://www.google.com/bot.html)"
210.173.180.164 - - [13/Dec/2006:07:54:20 -0600] "GET /archives/2004/08/27/chicago-da-8/feed/ HTTP/1.1" 200 8950 "-" "ichiro/2.0 (http://help.goo.ne.jp/door/crawler.html)"
201.228.121.110 - - [13/Dec/2006:07:54:34 -0600] "GET /favicon.ico HTTP/1.1" 404 - "-" "Mozilla/5.0 (Windows; U; Windows NT 5.1; es-AR; rv:1.8.0.8) Gecko/20061025 Firefox/1.5.0.8"
201.228.121.110 - - [13/Dec/2006:07:54:46 -0600] "GET /index_unroot.php HTTP/1.1" 404 - "http://www.foobar.com/archives/2005/02/13/defaced/" "Mozilla/5.0 (Windows; U; Windows NT 5.1; es-AR; rv:1.8.0.8) Gecko/20061025 Firefox/1.5.0.8"
201.228.121.110 - - [13/Dec/2006:07:54:47 -0600] "GET /favicon.ico HTTP/1.1" 404 - "-" "Mozilla/5.0 (Windows; U; Windows NT 5.1; es-AR; rv:1.8.0.8) Gecko/20061025 Firefox/1.5.0.8"
74.6.74.234 - - [13/Dec/2006:07:55:08 -0600] "GET /robots.txt HTTP/1.0" 404 - "-" "Mozilla/5.0 (compatible; Yahoo! Slurp; http://help.yahoo.com/help/us/ysearch/slurp)"
74.6.73.188 - - [13/Dec/2006:07:55:10 -0600] "GET /archives/2006/02/01/si-estoy-bien-en-serio-d/ HTTP/1.0" 200 14226 "-" "Mozilla/5.0 (compatible; Yahoo! Slurp; http://help.yahoo.com/help/us/ysearch/slurp)"
210.173.180.164 - - [13/Dec/2006:07:55:34 -0600] "GET /archives/2004/08/27/chicago-da-8/trackback/ HTTP/1.1" 302 5 "-" "ichiro/2.0 (http://help.goo.ne.jp/door/crawler.html)"
195.27.215.89 - - [13/Dec/2006:07:55:44 -0600] "GET /archives/2005/06/26/%C2%ABpues-en-mi-casa-abrimos-las-ventanas-y-ya-esta%C2%BB/ HTTP/1.0" 200 18272 "-" "Seekbot/1.0 (http://www.seekbot.net/bot.html) HTTPFetcher/0.3"
201.79.97.21 - - [13/Dec/2006:07:56:38 -0600] "GET /uploads/whoseline.jpg HTTP/1.1" 200 13096 "http://nowloaded.org/forum/index.php?showtopic=22951" "Mozilla/5.0 (Windows; U; Windows NT 5.1; pt-Br; MEGAUPLOAD 1.0; rv:1.8.1b2) Gecko/20060821 Firefox/2.0b2"
82.43.104.144 - - [13/Dec/2006:07:56:41 -0600] "GET /uploads/Family_guy_logo.png HTTP/1.1" 404 - "-" "Mozilla/4.0 (compatible; MSIE 7.0; Windows NT 5.1; .NET CLR 1.1.4322; .NET CLR 2.0.50727)"
210.173.180.164 - - [13/Dec/2006:07:56:54 -0600] "GET /archives/2004/07/31/perdonales-isaac-pues-no-saben-lo-que-hacen/feed/ HTTP/1.1" 200 3713 "-" "ichiro/2.0 (http://help.goo.ne.jp/door/crawler.html)"
201.228.121.110 - - [13/Dec/2006:07:56:55 -0600] "GET /uploads/pronunciacion.png HTTP/1.1" 200 2058 "http://www.foobar.com/" "Mozilla/5.0 (Windows; U; Windows NT 5.1; es-AR; rv:1.8.0.8) Gecko/20061025 Firefox/1.5.0.8"
201.228.121.110 - - [13/Dec/2006:07:56:56 -0600] "GET /wp-content/themes/default_es/images/kubrickbg.jpg HTTP/1.1" 200 1047 "http://www.foobar.com/" "Mozilla/5.0 (Windows; U; Windows NT 5.1; es-AR; rv:1.8.0.8) Gecko/20061025 Firefox/1.5.0.8"
201.228.121.110 - - [13/Dec/2006:07:56:57 -0600] "GET / HTTP/1.1" 200 41046 "-" "Mozilla/5.0 (Windows; U; Windows NT 5.1; es-AR; rv:1.8.0.8) Gecko/20061025 Firefox/1.5.0.8"
62.14.158.38 - - [13/Dec/2006:07:57:26 -0600] "GET /archives/2005/10/31/lentejas/ HTTP/1.1" 200 17081 "-" "Mozilla/4.0 (compatible; MSIE 6.0; Windows NT 5.1; SV1; HbTools 4.7.1)"
62.14.158.38 - - [13/Dec/2006:07:57:27 -0600] "GET /wp-content/themes/default_es/style.css HTTP/1.1" 200 9885 "http://www.foobar.com/archives/2005/10/31/lentejas/" "Mozilla/4.0 (compatible; MSIE 6.0; Windows NT 5.1; SV1; HbTools 4.7.1)"
62.14.158.38 - - [13/Dec/2006:07:57:27 -0600] "GET /wp-content/themes/default_es/images/borjanet.png HTTP/1.1" 200 16169 "http://www.foobar.com/archives/2005/10/31/lentejas/" "Mozilla/4.0 (compatible; MSIE 6.0; Windows NT 5.1; SV1; HbTools 4.7.1)"
62.14.158.38 - - [13/Dec/2006:07:57:27 -0600] "GET /wp-content/themes/default_es/images/kubrickbgcolor.jpg HTTP/1.1" 200 558 "http://www.foobar.com/archives/2005/10/31/lentejas/" "Mozilla/4.0 (compatible; MSIE 6.0; Windows NT 5.1; SV1; HbTools 4.7.1)"
62.14.158.38 - - [13/Dec/2006:07:57:27 -0600] "GET /wp-content/themes/default_es/images/kubrickbgwide.jpg HTTP/1.1" 200 1020 "http://www.foobar.com/archives/2005/10/31/lentejas/" "Mozilla/4.0 (compatible; MSIE 6.0; Windows NT 5.1; SV1; HbTools 4.7.1)"
62.14.158.38 - - [13/Dec/2006:07:57:28 -0600] "GET /wp-content/themes/default_es/images/kubrickheader.png HTTP/1.1" 200 3850 "http://www.foobar.com/archives/2005/10/31/lentejas/" "Mozilla/4.0 (compatible; MSIE 6.0; Windows NT 5.1; SV1; HbTools 4.7.1)"
62.14.158.38 - - [13/Dec/2006:07:57:28 -0600] "GET /wp-content/themes/default_es/images/kubrickfooter.jpg HTTP/1.1" 200 2601 "http://www.foobar.com/archives/2005/10/31/lentejas/" "Mozilla/4.0 (compatible; MSIE 6.0; Windows NT 5.1; SV1; HbTools 4.7.1)"
87.219.216.73 - - [13/Dec/2006:07:57:29 -0600] "GET /uploads/Family_guy_logo.png HTTP/1.1" 404 - "http://images.google.es/imgres?imgurl=http://www.foobar.com/uploads/Family_guy_logo.png&imgrefurl=http://www.foobar.com/archives/2006/01/19/television-americana/&h=189&w=300&sz=28&tbnid=qlC6Gq_pQxf_tM:&tbnh=73&tbnw=116&hl=es&prev=/images%3Fq%3Dpadre%2Bde%2Bfamilia%26svnum%3D10%26hl%3Des%26lr%3D&frame=small" "Mozilla/4.0 (compatible; MSIE 6.0; Windows NT 5.1; SV1; .NET CLR 1.1.4322)"
87.219.216.73 - - [13/Dec/2006:07:57:30 -0600] "GET /archives/2006/01/19/television-americana/ HTTP/1.1" 200 7869 "http://images.google.es/imgres?imgurl=http://www.foobar.com/uploads/Family_guy_logo.png&imgrefurl=http://www.foobar.com/archives/2006/01/19/television-americana/&h=189&w=300&sz=28&hl=es&start=16&tbnid=qlC6Gq_pQxf_tM:&tbnh=73&tbnw=116&prev=/images%3Fq%3Dpadre%2Bde%2Bfamilia%26svnum%3D10%26hl%3Des%26lr%3D" "Mozilla/4.0 (compatible; MSIE 6.0; Windows NT 5.1; SV1; .NET CLR 1.1.4322)"
87.219.216.73 - - [13/Dec/2006:07:57:33 -0600] "GET /archives/2006/01/19/television-americana/ HTTP/1.1" 200 22409 "http://images.google.es/imgres?imgurl=http://www.foobar.com/uploads/Family_guy_logo.png&imgrefurl=http://www.foobar.com/archives/2006/01/19/television-americana/&h=189&w=300&sz=28&hl=es&start=16&tbnid=qlC6Gq_pQxf_tM:&tbnh=73&tbnw=116&prev=/images%3Fq%3Dpadre%2Bde%2Bfamilia%26svnum%3D10%26hl%3Des%26lr%3D" "Mozilla/4.0 (compatible; MSIE 6.0; Windows NT 5.1; SV1; .NET CLR 1.1.4322)"
87.219.216.73 - - [13/Dec/2006:07:57:34 -0600] "GET /wp-content/themes/default_es/images/borjanet.png HTTP/1.1" 200 16169 "http://www.foobar.com/archives/2006/01/19/television-americana/" "Mozilla/4.0 (compatible; MSIE 6.0; Windows NT 5.1; SV1; .NET CLR 1.1.4322)"
87.219.216.73 - - [13/Dec/2006:07:57:34 -0600] "GET /wp-content/themes/default_es/style.css HTTP/1.1" 200 9885 "http://www.foobar.com/archives/2006/01/19/television-americana/" "Mozilla/4.0 (compatible; MSIE 6.0; Windows NT 5.1; SV1; .NET CLR 1.1.4322)"
87.219.216.73 - - [13/Dec/2006:07:57:34 -0600] "GET /uploads/Dailyshow_logo.jpg HTTP/1.1" 200 13964 "http://www.foobar.com/archives/2006/01/19/television-americana/" "Mozilla/4.0 (compatible; MSIE 6.0; Windows NT 5.1; SV1; .NET CLR 1.1.4322)"
87.219.216.73 - - [13/Dec/2006:07:57:35 -0600] "GET /uploads/Harvey_Birdman2C_Attorney_at_Law_title.jpg HTTP/1.1" 200 20129 "http://www.foobar.com/archives/2006/01/19/television-americana/" "Mozilla/4.0 (compatible; MSIE 6.0; Windows NT 5.1; SV1; .NET CLR 1.1.4322)"
87.219.216.73 - - [13/Dec/2006:07:57:35 -0600] "GET /uploads/fglogo.png HTTP/1.1" 200 27895 "http://www.foobar.com/archives/2006/01/19/television-americana/" "Mozilla/4.0 (compatible; MSIE 6.0; Windows NT 5.1; SV1; .NET CLR 1.1.4322)"
87.219.216.73 - - [13/Dec/2006:07:57:35 -0600] "GET /uploads/TheWestWing.JPG HTTP/1.1" 200 7234 "http://www.foobar.com/archives/2006/01/19/television-americana/" "Mozilla/4.0 (compatible; MSIE 6.0; Windows NT 5.1; SV1; .NET CLR 1.1.4322)"
87.219.216.73 - - [13/Dec/2006:07:57:35 -0600] "GET /uploads/whoseline.jpg HTTP/1.1" 200 13096 "http://www.foobar.com/archives/2006/01/19/television-americana/" "Mozilla/4.0 (compatible; MSIE 6.0; Windows NT 5.1; SV1; .NET CLR 1.1.4322)"
87.219.216.73 - - [13/Dec/2006:07:57:35 -0600] "GET /uploads/Birdman.jpg HTTP/1.1" 200 23838 "http://www.foobar.com/archives/2006/01/19/television-americana/" "Mozilla/4.0 (compatible; MSIE 6.0; Windows NT 5.1; SV1; .NET CLR 1.1.4322)"
87.219.216.73 - - [13/Dec/2006:07:57:36 -0600] "GET /uploads/comedy.png HTTP/1.1" 200 22619 "http://www.foobar.com/archives/2006/01/19/television-americana/" "Mozilla/4.0 (compatible; MSIE 6.0; Windows NT 5.1; SV1; .NET CLR 1.1.4322)"
87.219.216.73 - - [13/Dec/2006:07:57:36 -0600] "GET /wp-content/themes/default_es/images/kubrickheader.png HTTP/1.1" 200 3850 "http://www.foobar.com/archives/2006/01/19/television-americana/" "Mozilla/4.0 (compatible; MSIE 6.0; Windows NT 5.1; SV1; .NET CLR 1.1.4322)"
87.219.216.73 - - [13/Dec/2006:07:57:36 -0600] "GET /wp-content/themes/default_es/images/kubrickbgcolor.jpg HTTP/1.1" 200 558 "http://www.foobar.com/archives/2006/01/19/television-americana/" "Mozilla/4.0 (compatible; MSIE 6.0; Windows NT 5.1; SV1; .NET CLR 1.1.4322)"
87.219.216.73 - - [13/Dec/2006:07:57:36 -0600] "GET /wp-content/themes/default_es/images/kubrickfooter.jpg HTTP/1.1" 200 2601 "http://www.foobar.com/archives/2006/01/19/television-americana/" "Mozilla/4.0 (compatible; MSIE 6.0; Windows NT 5.1; SV1; .NET CLR 1.1.4322)"
87.219.216.73 - - [13/Dec/2006:07:57:36 -0600] "GET /wp-content/themes/default_es/images/kubrickbgwide.jpg HTTP/1.1" 200 1020 "http://www.foobar.com/archives/2006/01/19/television-americana/" "Mozilla/4.0 (compatible; MSIE 6.0; Windows NT 5.1; SV1; .NET CLR 1.1.4322)"
210.173.180.164 - - [13/Dec/2006:07:58:11 -0600] "GET /archives/2004/07/31/perdonales-isaac-pues-no-saben-lo-que-hacen/trackback/ HTTP/1.1" 302 5 "-" "ichiro/2.0 (http://help.goo.ne.jp/door/crawler.html)"
62.43.198.198 - - [13/Dec/2006:07:58:12 -0600] "GET /feed/ HTTP/1.1" 200 10763 "-" "Mozilla/5.0 (Sage)"
80.224.29.161 - - [13/Dec/2006:07:58:21 -0600] "GET /feed/ HTTP/1.0" 304 0 "-" "Liferea/1.0.26 (Linux; http://liferea.sf.net/)"
139.149.1.203 - - [13/Dec/2006:07:58:39 -0600] "GET /feed/ HTTP/1.1" 200 10763 "-" "Mozilla/5.0 (Windows; U; Windows NT 5.1; en-US; rv:1.8.0.6) Gecko/20060728 Firefox/1.5.0.6"
131.202.212.90 - - [13/Dec/2006:07:59:20 -0600] "GET /feed/ HTTP/1.1" 304 0 "-" "NetNewsWire/2.1.1 (Mac OS X; http://ranchero.com/netnewswire/)"
80.58.205.44 - - [13/Dec/2006:07:59:30 -0600] "GET /feed/atom/ HTTP/1.1" 200 9637 "-" "Mozilla/5.0 (Windows; U; Windows NT 5.1; ca; rv:1.8.1) Gecko/20061010 Firefox/2.0"
210.173.180.164 - - [13/Dec/2006:07:59:48 -0600] "GET /archives/2004/07/30/sobre-el-diseo-del-nuevo-borjanet/feed/ HTTP/1.1" 200 3331 "-" "ichiro/2.0 (http://help.goo.ne.jp/door/crawler.html)"
74.6.72.42 - - [13/Dec/2006:07:59:52 -0600] "GET /archives/2006/12/11/pronunciacion/trackback/ HTTP/1.0" 302 0 "-" "Mozilla/5.0 (compatible; Yahoo! Slurp; http://help.yahoo.com/help/us/ysearch/slurp)"
74.6.72.42 - - [13/Dec/2006:07:59:55 -0600] "GET /archives/2006/12/11/pronunciacion/ HTTP/1.0" 200 16039 "-" "Mozilla/5.0 (compatible; Yahoo! Slurp; http://help.yahoo.com/help/us/ysearch/slurp)"
65.214.44.29 - - [13/Dec/2006:08:00:23 -0600] "GET /weblog/rdf HTTP/1.1" 304 0 "-" "Bloglines/3.1 (http://www.bloglines.com; 27 subscribers)"
210.173.180.164 - - [13/Dec/2006:08:00:33 -0600] "GET /archives/2004/07/30/sobre-el-diseo-del-nuevo-borjanet/trackback/ HTTP/1.1" 302 5 "-" "ichiro/2.0 (http://help.goo.ne.jp/door/crawler.html)"
212.55.0.180 - - [13/Dec/2006:08:00:38 -0600] "GET /favicon.ico HTTP/1.1" 404 - "http://www.newsgator.com/ngs/subscriber/WebEd2.aspx?fid=17986" "Mozilla/5.0 (Windows; U; Windows NT 5.1; es-ES; rv:1.8.1) Gecko/20061010 Firefox/2.0"
200.37.4.2 - - [13/Dec/2006:08:00:51 -0600] "GET /archives/2004/12/01/borjanet-segn-markov/ HTTP/1.0" 200 27919 "http://www.google.com.pe/search?hl=es&q=bajar+tesis+sobre+cadenas+de+markov&meta=" "Mozilla/4.0 (compatible; MSIE 6.0; Windows NT 5.0)"
65.214.44.29 - - [13/Dec/2006:08:01:08 -0600] "GET /feed/rss2/ HTTP/1.1" 304 0 "-" "Bloglines/3.1 (http://www.bloglines.com; 14 subscribers)"
74.6.74.99 - - [13/Dec/2006:08:01:34 -0600] "GET /archives/2002/12/15 HTTP/1.0" 200 24939 "-" "Mozilla/5.0 (compatible; Yahoo! Slurp; http://help.yahoo.com/help/us/ysearch/slurp)"
24.231.174.86 - - [13/Dec/2006:08:01:44 -0600] "GET /uploads/whoseline.jpg HTTP/1.1" 304 - "http://profile.myspace.com/index.cfm?fuseaction=user.viewprofile&friendid=11275308&MyToken=ef392678-1427-4335-88de-1471c5624675" "Mozilla/4.0 (compatible; MSIE 6.0; Windows NT 5.1; SV1; .NET CLR 1.1.4322)"
210.173.180.164 - - [13/Dec/2006:08:01:51 -0600] "GET /archives/2004/07/24/se-acercan-las-vacaciones/ HTTP/1.1" 200 28229 "-" "ichiro/2.0 (http://help.goo.ne.jp/door/crawler.html)"
195.27.215.89 - - [13/Dec/2006:08:01:56 -0600] "GET /archives/2005/06/30/dentro-de-nada-en-madrid-y-luego-bilbao/ HTTP/1.0" 200 15681 "-" "Seekbot/1.0 (http://www.seekbot.net/bot.html) HTTPFetcher/0.3"
83.58.251.144 - - [13/Dec/2006:08:02:51 -0600] "GET /favicon.ico HTTP/1.1" 404 - "-" "NewzCrawler/1.7 (compatible; MSIE 6.00; Newz Crawler 1.7; http://www.newzcrawler.com/ )"
83.58.251.144 - - [13/Dec/2006:08:02:52 -0600] "GET /weblog/rdf HTTP/1.1" 304 0 "-" "NewzCrawler/1.7 (compatible; MSIE 6.00; Newz Crawler 1.7; http://www.newzcrawler.com/ )"
83.58.251.144 - - [13/Dec/2006:08:02:54 -0600] "GET /archives/2006/05/12/nostalgia-2/feed/ HTTP/1.1" 304 0 "-" "NewzCrawler/1.7 (compatible; MSIE 6.00; Newz Crawler 1.7; http://www.newzcrawler.com/ )"
83.58.251.144 - - [13/Dec/2006:08:02:55 -0600] "GET /archives/2006/11/14/advanced-wookie-laboratories/feed/ HTTP/1.1" 304 0 "-" "NewzCrawler/1.7 (compatible; MSIE 6.00; Newz Crawler 1.7; http://www.newzcrawler.com/ )"
83.58.251.144 - - [13/Dec/2006:08:02:57 -0600] "GET /archives/2006/11/18/acento-inclasificable/feed/ HTTP/1.1" 304 0 "-" "NewzCrawler/1.7 (compatible; MSIE 6.00; Newz Crawler 1.7; http://www.newzcrawler.com/ )"
83.58.251.144 - - [13/Dec/2006:08:02:58 -0600] "GET /archives/2006/11/26/%c2%bfpor-que-escribes-un-blog/feed/ HTTP/1.1" 304 0 "-" "NewzCrawler/1.7 (compatible; MSIE 6.00; Newz Crawler 1.7; http://www.newzcrawler.com/ )"
83.58.251.144 - - [13/Dec/2006:08:03:00 -0600] "GET /archives/2006/11/26/%c2%bfpor-que-lees-mi-blog/feed/ HTTP/1.1" 304 0 "-" "NewzCrawler/1.7 (compatible; MSIE 6.00; Newz Crawler 1.7; http://www.newzcrawler.com/ )"
