62.97.121.141 - - [13/Dec/2006:00:50:29 -0600] "GET /wp-content/themes/default_es/images/kubrickheader.png HTTP/1.0" 200 3850 "http://www.foobar.com/archives/2003/08/07/cmo-visitar-londres-en-menos-de-12-horas/" "Mozilla/5.0 (Windows; U; Windows NT 5.1; en-US; rv:1.8.1) Gecko/20061010 Firefox/2.0"
62.97.121.141 - - [13/Dec/2006:00:50:30 -0600] "GET /feed/atom/ HTTP/1.0" 200 9604 "-" "Mozilla/5.0 (Windows; U; Windows NT 5.1; en-US; rv:1.8.1) Gecko/20061010 Firefox/2.0"
62.97.121.141 - - [13/Dec/2006:00:50:31 -0600] "GET /wp-content/themes/default_es/images/kubrickfooter.jpg HTTP/1.0" 200 2601 "http://www.foobar.com/archives/2003/08/07/cmo-visitar-londres-en-menos-de-12-horas/" "Mozilla/5.0 (Windows; U; Windows NT 5.1; en-US; rv:1.8.1) Gecko/20061010 Firefox/2.0"
62.97.121.141 - - [13/Dec/2006:00:50:32 -0600] "GET /feed/ HTTP/1.0" 200 10737 "-" "Mozilla/5.0 (Windows; U; Windows NT 5.1; en-US; rv:1.8.1) Gecko/20061010 Firefox/2.0"
62.97.121.141 - - [13/Dec/2006:00:50:32 -0600] "GET /feed/rss/ HTTP/1.0" 200 5869 "-" "Mozilla/5.0 (Windows; U; Windows NT 5.1; en-US; rv:1.8.1) Gecko/20061010 Firefox/2.0"
194.224.199.54 - - [13/Dec/2006:00:51:10 -0600] "GET /archives/2004/09/04/ltimo-post-desde-chicago-hasta-dentro-de-dos-semanas/feed/ HTTP/1.1" 200 1167 "http://www.foobar.com/archives/2004/09/04/ltimo-post-desde-chicago-hasta-dentro-de-dos-semanas/" "noxtrumbot/1.0 (crawler@noxtrum.com)"
210.173.180.164 - - [13/Dec/2006:00:51:52 -0600] "GET /archives/2005/08/31/borja-mikes-eurotrip-2005/feed/ HTTP/1.1" 200 11496 "-" "ichiro/2.0 (http://help.goo.ne.jp/door/crawler.html)"
194.224.199.54 - - [13/Dec/2006:00:52:09 -0600] "GET /archives/2004/09/04/ltimo-post-desde-chicago-hasta-dentro-de-dos-semanas/trackback/ HTTP/1.1" 302 5 "http://www.foobar.com/archives/2004/09/04/ltimo-post-desde-chicago-hasta-dentro-de-dos-semanas/" "noxtrumbot/1.0 (crawler@noxtrum.com)"
64.78.155.100 - - [13/Dec/2006:00:52:43 -0600] "GET /feed/ HTTP/1.1" 304 0 "-" "NewsGatorOnline/2.0 (http://www.newsgator.com; 4 subscribers)"
83.58.251.144 - - [13/Dec/2006:00:52:45 -0600] "GET /favicon.ico HTTP/1.1" 404 - "-" "NewzCrawler/1.7 (compatible; MSIE 6.00; Newz Crawler 1.7; http://www.newzcrawler.com/ )"
83.58.251.144 - - [13/Dec/2006:00:52:46 -0600] "GET /weblog/rdf HTTP/1.1" 304 0 "-" "NewzCrawler/1.7 (compatible; MSIE 6.00; Newz Crawler 1.7; http://www.newzcrawler.com/ )"
83.58.251.144 - - [13/Dec/2006:00:52:48 -0600] "GET /archives/2006/05/12/nostalgia-2/feed/ HTTP/1.1" 304 0 "-" "NewzCrawler/1.7 (compatible; MSIE 6.00; Newz Crawler 1.7; http://www.newzcrawler.com/ )"
83.58.251.144 - - [13/Dec/2006:00:52:49 -0600] "GET /archives/2006/11/14/advanced-wookie-laboratories/feed/ HTTP/1.1" 304 0 "-" "NewzCrawler/1.7 (compatible; MSIE 6.00; Newz Crawler 1.7; http://www.newzcrawler.com/ )"
198.37.25.204 - - [13/Dec/2006:00:52:50 -0600] "GET /feed/ HTTP/1.1" 304 0 "-" "Mozilla/5.0 (Macintosh; U; PPC Mac OS X; en-us) AppleWebKit/412 (KHTML, like Gecko) Safari/412"
83.58.251.144 - - [13/Dec/2006:00:52:51 -0600] "GET /archives/2006/11/18/acento-inclasificable/feed/ HTTP/1.1" 304 0 "-" "NewzCrawler/1.7 (compatible; MSIE 6.00; Newz Crawler 1.7; http://www.newzcrawler.com/ )"
83.58.251.144 - - [13/Dec/2006:00:52:52 -0600] "GET /archives/2006/11/26/%c2%bfpor-que-escribes-un-blog/feed/ HTTP/1.1" 304 0 "-" "NewzCrawler/1.7 (compatible; MSIE 6.00; Newz Crawler 1.7; http://www.newzcrawler.com/ )"
83.58.251.144 - - [13/Dec/2006:00:52:54 -0600] "GET /archives/2006/11/26/%c2%bfpor-que-lees-mi-blog/feed/ HTTP/1.1" 304 0 "-" "NewzCrawler/1.7 (compatible; MSIE 6.00; Newz Crawler 1.7; http://www.newzcrawler.com/ )"
83.58.251.144 - - [13/Dec/2006:00:52:55 -0600] "GET /archives/2006/11/28/gigantes-en-la-era-del-silicio/feed/ HTTP/1.1" 304 0 "-" "NewzCrawler/1.7 (compatible; MSIE 6.00; Newz Crawler 1.7; http://www.newzcrawler.com/ )"
83.58.251.144 - - [13/Dec/2006:00:52:56 -0600] "GET /archives/2006/12/01/nieve-ahora-si/feed/ HTTP/1.1" 304 0 "-" "NewzCrawler/1.7 (compatible; MSIE 6.00; Newz Crawler 1.7; http://www.newzcrawler.com/ )"
83.58.251.144 - - [13/Dec/2006:00:52:58 -0600] "GET /archives/2006/12/11/pronunciacion/feed/ HTTP/1.1" 304 0 "-" "NewzCrawler/1.7 (compatible; MSIE 6.00; Newz Crawler 1.7; http://www.newzcrawler.com/ )"
38.102.128.140 - - [13/Dec/2006:00:53:01 -0600] "GET /feed HTTP/1.1" 304 0 "-" "Mozilla/5.0 (X11; U; Linux i686; en-US; rv:1.2.1; Rojo 1.0; http://www.rojo.com/corporate/help/agg/; Aggregating on behalf of 6 subscriber(s) online at http://www.rojo.com/?feed-id=2396053) Gecko/20021130"
74.6.85.170 - - [13/Dec/2006:00:53:08 -0600] "GET /robots.txt HTTP/1.0" 404 - "-" "Mozilla/5.0 (compatible; Yahoo! Slurp; http://help.yahoo.com/help/us/ysearch/slurp)"
74.6.86.115 - - [13/Dec/2006:00:53:10 -0600] "GET /archives/2003/01/19/nuevas-fotos/ HTTP/1.0" 200 13717 "-" "Mozilla/5.0 (compatible; Yahoo! Slurp; http://help.yahoo.com/help/us/ysearch/slurp)"
194.224.199.54 - - [13/Dec/2006:00:53:12 -0600] "GET /archives/2004/09/04/chicago-da-16/feed/ HTTP/1.1" 200 7942 "http://www.foobar.com/archives/2004/09/04/chicago-da-16/" "noxtrumbot/1.0 (crawler@noxtrum.com)"
210.173.180.164 - - [13/Dec/2006:00:53:26 -0600] "GET /archives/2005/08/31/borja-mikes-eurotrip-2005/trackback/ HTTP/1.1" 302 5 "-" "ichiro/2.0 (http://help.goo.ne.jp/door/crawler.html)"
74.6.74.234 - - [13/Dec/2006:00:53:27 -0600] "GET /robots.txt HTTP/1.0" 404 - "-" "Mozilla/5.0 (compatible; Yahoo! Slurp; http://help.yahoo.com/help/us/ysearch/slurp)"
74.6.72.250 - - [13/Dec/2006:00:53:29 -0600] "GET /faq/ HTTP/1.0" 200 28786 "-" "Mozilla/5.0 (compatible; Yahoo! Slurp; http://help.yahoo.com/help/us/ysearch/slurp)"
71.132.80.94 - - [13/Dec/2006:00:53:36 -0600] "GET /uploads/Family_guy_logo.png HTTP/1.1" 404 - "-" "Mozilla/4.0 (compatible; MSIE 6.0; Windows NT 5.1; SV1; .NET CLR 1.0.3705; .NET CLR 1.1.4322; Media Center PC 4.0; ZangoToolbar 4.8.2; yplus 5.1.02b)"
194.224.199.54 - - [13/Dec/2006:00:54:11 -0600] "GET /archives/2004/09/04/chicago-da-16/trackback/ HTTP/1.1" 302 5 "http://www.foobar.com/archives/2004/09/04/chicago-da-16/" "noxtrumbot/1.0 (crawler@noxtrum.com)"
195.27.215.89 - - [13/Dec/2006:00:54:16 -0600] "GET /archives/2004/10/21/macchiato/ HTTP/1.0" 200 20568 "-" "Seekbot/1.0 (http://www.seekbot.net/bot.html) HTTPFetcher/0.3"
213.97.131.216 - - [13/Dec/2006:00:54:31 -0600] "GET /feed/atom/ HTTP/1.1" 304 0 "-" "NetNewsWire/2.1.1 (Mac OS X; Lite; http://ranchero.com/netnewswire/)"
74.6.86.35 - - [13/Dec/2006:00:54:53 -0600] "GET /archives/2003/12/31/la-prxima-aventura-de-borja-croft-grid-raider/ HTTP/1.0" 200 17169 "-" "Mozilla/5.0 (compatible; Yahoo! Slurp; http://help.yahoo.com/help/us/ysearch/slurp)"
74.6.86.21 - - [13/Dec/2006:00:55:04 -0600] "GET /archives/2003/01/20/ppdd-plataforma-para-la-desaparicin-del-director/ HTTP/1.0" 200 40611 "-" "Mozilla/5.0 (compatible; Yahoo! Slurp; http://help.yahoo.com/help/us/ysearch/slurp)"
194.224.199.54 - - [13/Dec/2006:00:55:12 -0600] "GET /archives/2004/09/03/chicago-da-15/feed/ HTTP/1.1" 200 10853 "http://www.foobar.com/archives/2004/09/03/chicago-da-15/" "noxtrumbot/1.0 (crawler@noxtrum.com)"
65.214.44.160 - - [13/Dec/2006:00:55:32 -0600] "GET /archives/2004/10/19/ HTTP/1.0" 200 24973 "-" "Mozilla/2.0 (compatible; Ask Jeeves/Teoma; +http://about.ask.com/en/docs/about/webmasters.shtml)"
194.224.199.54 - - [13/Dec/2006:00:56:12 -0600] "GET /archives/2004/09/03/chicago-da-15/trackback/ HTTP/1.1" 302 5 "http://www.foobar.com/archives/2004/09/03/chicago-da-15/" "noxtrumbot/1.0 (crawler@noxtrum.com)"
210.173.180.164 - - [13/Dec/2006:00:56:23 -0600] "GET /index.php?s=yalnix HTTP/1.1" 200 28594 "-" "ichiro/2.0 (http://help.goo.ne.jp/door/crawler.html)"
193.144.98.3 - - [13/Dec/2006:00:56:59 -0600] "GET / HTTP/1.0" 200 40932 "-" "Opera/9.02 (Windows NT 5.1; U; en)"
194.224.199.54 - - [13/Dec/2006:00:57:12 -0600] "GET /archives/2004/09/02/chicago-da-14/feed/ HTTP/1.1" 200 1860 "http://www.foobar.com/archives/2004/09/02/chicago-da-14/" "noxtrumbot/1.0 (crawler@noxtrum.com)"
81.38.8.216 - - [13/Dec/2006:00:57:26 -0600] "GET /feed/ HTTP/1.1" 304 0 "-" "Akregator/1.2.5; librss/remnants"
81.37.220.68 - - [13/Dec/2006:00:57:26 -0600] "GET /feed HTTP/1.0" 304 0 "-" "Liferea/1.0.23 (Linux; es_ES.UTF-8; http://liferea.sf.net/)"
193.144.98.3 - - [13/Dec/2006:00:57:38 -0600] "GET /wp-content/themes/default_es/style.css HTTP/1.0" 200 9885 "http://www.foobar.com/" "Opera/9.02 (Windows NT 5.1; U; en)"
74.6.86.20 - - [13/Dec/2006:00:57:47 -0600] "GET /archives/2006/04/page/2/ HTTP/1.0" 200 31634 "-" "Mozilla/5.0 (compatible; Yahoo! Slurp; http://help.yahoo.com/help/us/ysearch/slurp)"
193.144.98.3 - - [13/Dec/2006:00:58:07 -0600] "GET /wp-content/themes/default_es/images/kubrickbgcolor.jpg HTTP/1.0" 200 558 "http://www.foobar.com/" "Opera/9.02 (Windows NT 5.1; U; en)"
193.144.98.3 - - [13/Dec/2006:00:58:08 -0600] "GET /wp-content/themes/default_es/images/kubrickbg.jpg HTTP/1.0" 200 1047 "http://www.foobar.com/" "Opera/9.02 (Windows NT 5.1; U; en)"
193.144.98.3 - - [13/Dec/2006:00:58:08 -0600] "GET /wp-content/themes/default_es/images/kubrickheader.png HTTP/1.0" 200 3850 "http://www.foobar.com/" "Opera/9.02 (Windows NT 5.1; U; en)"
193.144.98.3 - - [13/Dec/2006:00:58:09 -0600] "GET /wp-content/themes/default_es/images/borjanet.png HTTP/1.0" 200 16169 "http://www.foobar.com/" "Opera/9.02 (Windows NT 5.1; U; en)"
193.144.98.3 - - [13/Dec/2006:00:58:10 -0600] "GET /uploads/pronunciacion.png HTTP/1.0" 200 2058 "http://www.foobar.com/" "Opera/9.02 (Windows NT 5.1; U; en)"
194.224.199.54 - - [13/Dec/2006:00:58:12 -0600] "GET /archives/2004/09/02/chicago-da-14/trackback/ HTTP/1.1" 302 5 "http://www.foobar.com/archives/2004/09/02/chicago-da-14/" "noxtrumbot/1.0 (crawler@noxtrum.com)"
190.6.195.79 - - [13/Dec/2006:00:58:47 -0600] "GET /archives/2006/01/19/television-americana/ HTTP/1.1" 200 0 "http://images.google.hn/imgres?imgurl=http://www.foobar.com/uploads/Birdman.jpg&imgrefurl=http://www.foobar.com/archives/2006/01/19/television-americana/&h=223&w=252&sz=24&hl=es&start=16&tbnid=wZBBvaJEyEDpKM:&tbnh=98&tbnw=111&prev=/images%3Fq%3DBirdman%26svnum%3D10%26hl%3Des%26lr%3D%26sa%3DX" "Mozilla/4.0 (compatible; MSIE 6.0; Windows NT 5.1; SV1; .NET CLR 1.1.4322)"
190.6.195.79 - - [13/Dec/2006:00:58:47 -0600] "GET /uploads/Birdman.jpg HTTP/1.1" 200 23838 "http://images.google.hn/imgres?imgurl=http://www.foobar.com/uploads/Birdman.jpg&imgrefurl=http://www.foobar.com/archives/2006/01/19/television-americana/&h=223&w=252&sz=24&tbnid=wZBBvaJEyEDpKM:&tbnh=98&tbnw=111&hl=es&prev=/images%3Fq%3DBirdman%26svnum%3D10%26hl%3Des%26lr%3D%26sa%3DX&frame=small" "Mozilla/4.0 (compatible; MSIE 6.0; Windows NT 5.1; SV1; .NET CLR 1.1.4322)"
74.6.86.159 - - [13/Dec/2006:00:58:50 -0600] "GET /archives/2003/01/28/eminter-poenas-et-tormentaem/ HTTP/1.0" 200 29086 "-" "Mozilla/5.0 (compatible; Yahoo! Slurp; http://help.yahoo.com/help/us/ysearch/slurp)"
190.6.195.79 - - [13/Dec/2006:00:58:55 -0600] "GET /archives/2006/01/19/television-americana/ HTTP/1.1" 200 0 "http://images.google.hn/imgres?imgurl=http://www.foobar.com/uploads/Birdman.jpg&imgrefurl=http://www.foobar.com/archives/2006/01/19/television-americana/&h=223&w=252&sz=24&hl=es&start=16&tbnid=wZBBvaJEyEDpKM:&tbnh=98&tbnw=111&prev=/images%3Fq%3DBirdman%26svnum%3D10%26hl%3Des%26lr%3D%26sa%3DX" "Mozilla/4.0 (compatible; MSIE 6.0; Windows NT 5.1; SV1; .NET CLR 1.1.4322)"
195.27.215.89 - - [13/Dec/2006:00:59:11 -0600] "GET /archives/2004/10/25/ HTTP/1.0" 200 24893 "-" "Seekbot/1.0 (http://www.seekbot.net/bot.html) HTTPFetcher/0.3"
194.224.199.54 - - [13/Dec/2006:00:59:15 -0600] "GET /archives/category/viajes/2005-europa/page/1/ HTTP/1.1" 200 32573 "http://www.foobar.com/archives/category/viajes/2005-europa/page/2/" "noxtrumbot/1.0 (crawler@noxtrum.com)"
131.202.212.90 - - [13/Dec/2006:00:59:19 -0600] "GET /feed/ HTTP/1.1" 304 0 "-" "NetNewsWire/2.1.1 (Mac OS X; http://ranchero.com/netnewswire/)"
193.144.98.3 - - [13/Dec/2006:00:59:55 -0600] "GET /wp-content/themes/default_es/images/kubrickfooter.jpg HTTP/1.0" 200 2601 "http://www.foobar.com/" "Opera/9.02 (Windows NT 5.1; U; en)"
194.224.199.54 - - [13/Dec/2006:01:00:14 -0600] "GET /archives/category/viajes/2005-europa/page/3/ HTTP/1.1" 200 31797 "http://www.foobar.com/archives/category/viajes/2005-europa/page/2/" "noxtrumbot/1.0 (crawler@noxtrum.com)"
210.173.180.164 - - [13/Dec/2006:01:00:30 -0600] "GET /archives/2005/06/17/manuscrito-entregado/ HTTP/1.1" 200 18179 "-" "ichiro/2.0 (http://help.goo.ne.jp/door/crawler.html)"
62.97.121.141 - - [13/Dec/2006:01:01:11 -0600] "GET /favicon.ico HTTP/1.0" 404 - "-" "Mozilla/5.0 (Windows; U; Windows NT 5.1; en-US; rv:1.8.1) Gecko/20061010 Firefox/2.0"
194.224.199.54 - - [13/Dec/2006:01:01:14 -0600] "GET /archives/2006/03/06/acostumbrandome-al-cafe-solo/feed/ HTTP/1.1" 200 12293 "http://www.foobar.com/archives/2006/03/06/acostumbrandome-al-cafe-solo/" "noxtrumbot/1.0 (crawler@noxtrum.com)"
65.214.44.29 - - [13/Dec/2006:01:01:22 -0600] "GET /feed/atom/ HTTP/1.1" 304 0 "-" "Bloglines/3.1 (http://www.bloglines.com; 6 subscribers)"
62.43.198.198 - - [13/Dec/2006:01:01:41 -0600] "GET /feed/ HTTP/1.1" 200 10763 "-" "Mozilla/5.0 (Sage)"
80.224.29.161 - - [13/Dec/2006:01:01:45 -0600] "GET /feed/ HTTP/1.0" 304 0 "-" "Liferea/1.0.26 (Linux; http://liferea.sf.net/)"
65.214.44.160 - - [13/Dec/2006:01:01:56 -0600] "GET /archives/2002/10/28/ HTTP/1.0" 200 25149 "-" "Mozilla/2.0 (compatible; Ask Jeeves/Teoma; +http://about.ask.com/en/docs/about/webmasters.shtml)"
85.84.36.36 - - [13/Dec/2006:01:02:10 -0600] "GET /feed/ HTTP/1.0" 304 0 "-" "Liferea/1.0.23 (Linux; es_ES.UTF-8; http://liferea.sf.net/)"
194.224.199.54 - - [13/Dec/2006:01:02:13 -0600] "GET /archives/2006/03/06/acostumbrandome-al-cafe-solo/trackback/ HTTP/1.1" 302 5 "http://www.foobar.com/archives/2006/03/06/acostumbrandome-al-cafe-solo/" "noxtrumbot/1.0 (crawler@noxtrum.com)"
193.144.98.3 - - [13/Dec/2006:01:02:38 -0600] "GET /favicon.ico HTTP/1.0" 404 - "http://www.foobar.com/" "Opera/9.02 (Windows NT 5.1; U; en)"
210.173.180.164 - - [13/Dec/2006:01:03:16 -0600] "GET /archives/2005/08/28/algo-horrible-tiene-que-ocurrir-manana/feed/ HTTP/1.1" 200 10365 "-" "ichiro/2.0 (http://help.goo.ne.jp/door/crawler.html)"
194.224.199.54 - - [13/Dec/2006:01:03:16 -0600] "GET /archives/category/borjanet/page/1/ HTTP/1.1" 200 32153 "http://www.foobar.com/archives/category/borjanet/page/2/" "noxtrumbot/1.0 (crawler@noxtrum.com)"
195.27.215.89 - - [13/Dec/2006:01:03:44 -0600] "GET /archives/2004/10/26/ HTTP/1.0" 200 25013 "-" "Seekbot/1.0 (http://www.seekbot.net/bot.html) HTTPFetcher/0.3"
194.224.199.54 - - [13/Dec/2006:01:04:14 -0600] "GET /archives/category/borjanet/page/3/ HTTP/1.1" 200 32699 "http://www.foobar.com/archives/category/borjanet/page/2/" "noxtrumbot/1.0 (crawler@noxtrum.com)"
194.224.199.54 - - [13/Dec/2006:01:05:13 -0600] "GET /archives/2006/09/09/%c2%a1feliz-cumpleanos-borjanet/feed/ HTTP/1.1" 200 7367 "http://www.foobar.com/archives/2006/09/09/%c2%a1feliz-cumpleanos-borjanet/" "noxtrumbot/1.0 (crawler@noxtrum.com)"
194.224.199.54 - - [13/Dec/2006:01:06:13 -0600] "GET /archives/2006/09/09/%c2%a1feliz-cumpleanos-borjanet/trackback/ HTTP/1.1" 302 5 "http://www.foobar.com/archives/2006/09/09/%c2%a1feliz-cumpleanos-borjanet/" "noxtrumbot/1.0 (crawler@noxtrum.com)"
210.173.180.164 - - [13/Dec/2006:01:06:29 -0600] "GET /archives/2005/08/28/algo-horrible-tiene-que-ocurrir-manana/trackback/ HTTP/1.1" 302 5 "-" "ichiro/2.0 (http://help.goo.ne.jp/door/crawler.html)"
194.224.199.54 - - [13/Dec/2006:01:07:15 -0600] "GET /archives/2006/01/01/urte-berri-on-gmt-6/ HTTP/1.1" 200 14658 "http://www.foobar.com/archives/2006/01/01/idea-para-2006/" "noxtrumbot/1.0 (crawler@noxtrum.com)"
210.173.180.164 - - [13/Dec/2006:01:07:47 -0600] "GET /archives/2005/08/24/que-noche-mas-friki/feed/ HTTP/1.1" 200 1170 "-" "ichiro/2.0 (http://help.goo.ne.jp/door/crawler.html)"
70.95.87.32 - - [13/Dec/2006:01:07:58 -0600] "GET /wp-content/themes/default_es/style.css HTTP/1.1" 200 9885 "http://www.foobar.com/archives/2006/01/19/television-americana/" "Mozilla/5.0 (Macintosh; U; PPC Mac OS X Mach-O; en-US; rv:1.8.0.3) Gecko/20060426 Firefox/1.5.0.3"
70.95.87.32 - - [13/Dec/2006:01:07:58 -0600] "GET /uploads/whoseline.jpg HTTP/1.1" 200 13096 "http://images.google.com/imgres?imgurl=http://www.foobar.com/uploads/whoseline.jpg&imgrefurl=http://www.foobar.com/archives/2006/01/19/television-americana/&h=150&w=200&sz=13&tbnid=pMI_Wkzn7ZA57M:&tbnh=78&tbnw=104&hl=en&ei=zKZ_RbGbEcjQJPSLud0C&sig2=2PA9ugHheJflIOsbwEQceg&prev=/images%3Fq%3DWho%2527s%2Bline%2Bis%2Bit%2Banyway%2B%26imgsz%3Dsmall%257Cmedium%257Clarge%257Cxlarge%26svnum%3D10%26hl%3Den%26lr%3D%26sa%3DG&frame=small" "Mozilla/5.0 (Macintosh; U; PPC Mac OS X Mach-O; en-US; rv:1.8.0.3) Gecko/20060426 Firefox/1.5.0.3"
70.95.87.32 - - [13/Dec/2006:01:07:58 -0600] "GET /archives/2006/01/19/television-americana/ HTTP/1.1" 200 16187 "http://images.google.com/imgres?imgurl=http://www.foobar.com/uploads/whoseline.jpg&imgrefurl=http://www.foobar.com/archives/2006/01/19/television-americana/&h=150&w=200&sz=13&hl=en&sig2=p8Zm69xOLhhf5VxvfjBDPg&start=18&tbnid=pMI_Wkzn7ZA57M:&tbnh=78&tbnw=104&ei=dKZ_RcyYNrXaJKvq3dIC&prev=/images%3Fq%3DWho%2527s%2Bline%2Bis%2Bit%2Banyway%2B%26imgsz%3Dsmall%257Cmedium%257Clarge%257Cxlarge%26svnum%3D10%26hl%3Den%26lr%3D%26sa%3DG" "Mozilla/5.0 (Macintosh; U; PPC Mac OS X Mach-O; en-US; rv:1.8.0.3) Gecko/20060426 Firefox/1.5.0.3"
70.95.87.32 - - [13/Dec/2006:01:08:01 -0600] "GET /archives/2006/01/19/television-americana/ HTTP/1.1" 200 7869 "http://images.google.com/imgres?imgurl=http://www.foobar.com/uploads/whoseline.jpg&imgrefurl=http://www.foobar.com/archives/2006/01/19/television-americana/&h=150&w=200&sz=13&hl=en&sig2=p8Zm69xOLhhf5VxvfjBDPg&start=18&tbnid=pMI_Wkzn7ZA57M:&tbnh=78&tbnw=104&ei=dKZ_RcyYNrXaJKvq3dIC&prev=/images%3Fq%3DWho%2527s%2Bline%2Bis%2Bit%2Banyway%2B%26imgsz%3Dsmall%257Cmedium%257Clarge%257Cxlarge%26svnum%3D10%26hl%3Den%26lr%3D%26sa%3DG" "Mozilla/5.0 (Macintosh; U; PPC Mac OS X Mach-O; en-US; rv:1.8.0.3) Gecko/20060426 Firefox/1.5.0.3"
194.224.199.54 - - [13/Dec/2006:01:08:14 -0600] "GET /archives/2006/01/01/idea-para-2006/feed/ HTTP/1.1" 200 8074 "http://www.foobar.com/archives/2006/01/01/idea-para-2006/" "noxtrumbot/1.0 (crawler@noxtrum.com)"
195.27.215.89 - - [13/Dec/2006:01:08:28 -0600] "GET /archives/2004/10/26/la-tensin-de-los-exmenes/ HTTP/1.0" 200 16664 "-" "Seekbot/1.0 (http://www.seekbot.net/bot.html) HTTPFetcher/0.3"
80.224.29.161 - - [13/Dec/2006:01:08:31 -0600] "GET /feed/ HTTP/1.0" 304 0 "-" "Liferea/1.0.26 (Linux; http://liferea.sf.net/)"
65.214.44.160 - - [13/Dec/2006:01:08:43 -0600] "GET /archives/2003/01/20/ HTTP/1.0" 200 25181 "-" "Mozilla/2.0 (compatible; Ask Jeeves/Teoma; +http://about.ask.com/en/docs/about/webmasters.shtml)"
194.224.199.54 - - [13/Dec/2006:01:09:14 -0600] "GET /archives/2006/01/01/idea-para-2006/trackback/ HTTP/1.1" 302 5 "http://www.foobar.com/archives/2006/01/01/idea-para-2006/" "noxtrumbot/1.0 (crawler@noxtrum.com)"
66.249.65.135 - - [13/Dec/2006:01:10:15 -0600] "GET /archives/2005/09/07/dia-4-londres/trackback/ HTTP/1.1" 302 5 "-" "Mozilla/5.0 (compatible; Googlebot/2.1; +http://www.google.com/bot.html)"
194.224.199.54 - - [13/Dec/2006:01:10:17 -0600] "GET /archives/2005/05/07/migracion-a-punto-de-terminar/feed/ HTTP/1.1" 200 535 "http://www.foobar.com/archives/2005/05/07/migracion-a-punto-de-terminar/" "noxtrumbot/1.0 (crawler@noxtrum.com)"
66.249.65.135 - - [13/Dec/2006:01:10:17 -0600] "GET /archives/2005/09/07/dia-4-londres/ HTTP/1.1" 200 15926 "-" "Mozilla/5.0 (compatible; Googlebot/2.1; +http://www.google.com/bot.html)"
210.173.180.164 - - [13/Dec/2006:01:10:38 -0600] "GET /archives/2005/08/24/que-noche-mas-friki/trackback/ HTTP/1.1" 302 5 "-" "ichiro/2.0 (http://help.goo.ne.jp/door/crawler.html)"
65.214.44.29 - - [13/Dec/2006:01:10:59 -0600] "GET /feed/rss2/ HTTP/1.1" 304 0 "-" "Bloglines/3.1 (http://www.bloglines.com; 3 subscribers)"
65.214.44.29 - - [13/Dec/2006:01:11:05 -0600] "GET /feed/ HTTP/1.1" 304 0 "-" "Bloglines/3.1 (http://www.bloglines.com; 8 subscribers)"
65.214.44.29 - - [13/Dec/2006:01:11:07 -0600] "GET /feed/atom/ HTTP/1.1" 304 0 "-" "Bloglines/3.1 (http://www.bloglines.com; 4 subscribers)"
194.224.199.54 - - [13/Dec/2006:01:11:14 -0600] "GET /archives/2002/10/04/esas-dichosas-clulas-madre/feed/ HTTP/1.1" 200 1925 "http://www.foobar.com/archives/2002/10/04/esas-dichosas-clulas-madre/" "noxtrumbot/1.0 (crawler@noxtrum.com)"
68.202.10.171 - - [13/Dec/2006:01:11:38 -0600] "GET /wp-content/themes/default_es/style.css HTTP/1.1" 200 9885 "http://www.foobar.com/archives/2006/01/19/television-americana/" "Mozilla/5.0 (Macintosh; U; Intel Mac OS X; en-US; rv:1.8.1) Gecko/20061010 Firefox/2.0"
68.202.10.171 - - [13/Dec/2006:01:11:38 -0600] "GET /wp-content/themes/default_es/images/kubrickbgcolor.jpg HTTP/1.1" 200 558 "http://www.foobar.com/archives/2006/01/19/television-americana/" "Mozilla/5.0 (Macintosh; U; Intel Mac OS X; en-US; rv:1.8.1) Gecko/20061010 Firefox/2.0"
68.202.10.171 - - [13/Dec/2006:01:11:39 -0600] "GET /archives/2006/01/19/television-americana/ HTTP/1.1" 200 22355 "http://images.google.com/imgres?imgurl=http://www.foobar.com/uploads/Family_guy_logo.png&imgrefurl=http://www.foobar.com/archives/2006/01/19/television-americana/&h=189&w=300&sz=28&hl=en&start=1&tbnid=qlC6Gq_pQxf_tM:&tbnh=73&tbnw=116&prev=/images%3Fq%3Dfamily%2Bguy%2Bgame%2Blogo%26svnum%3D10%26hl%3Den%26lr%3D%26sa%3DG" "Mozilla/5.0 (Macintosh; U; Intel Mac OS X; en-US; rv:1.8.1) Gecko/20061010 Firefox/2.0"
68.202.10.171 - - [13/Dec/2006:01:11:39 -0600] "GET /wp-content/themes/default_es/images/borjanet.png HTTP/1.1" 200 16169 "http://www.foobar.com/archives/2006/01/19/television-americana/" "Mozilla/5.0 (Macintosh; U; Intel Mac OS X; en-US; rv:1.8.1) Gecko/20061010 Firefox/2.0"
68.202.10.171 - - [13/Dec/2006:01:11:39 -0600] "GET /uploads/Dailyshow_logo.jpg HTTP/1.1" 200 13964 "http://www.foobar.com/archives/2006/01/19/television-americana/" "Mozilla/5.0 (Macintosh; U; Intel Mac OS X; en-US; rv:1.8.1) Gecko/20061010 Firefox/2.0"
68.202.10.171 - - [13/Dec/2006:01:11:39 -0600] "GET /uploads/TheWestWing.JPG HTTP/1.1" 200 7234 "http://www.foobar.com/archives/2006/01/19/television-americana/" "Mozilla/5.0 (Macintosh; U; Intel Mac OS X; en-US; rv:1.8.1) Gecko/20061010 Firefox/2.0"
68.202.10.171 - - [13/Dec/2006:01:11:39 -0600] "GET /uploads/fglogo.png HTTP/1.1" 200 27895 "http://www.foobar.com/archives/2006/01/19/television-americana/" "Mozilla/5.0 (Macintosh; U; Intel Mac OS X; en-US; rv:1.8.1) Gecko/20061010 Firefox/2.0"
68.202.10.171 - - [13/Dec/2006:01:11:39 -0600] "GET /uploads/Harvey_Birdman2C_Attorney_at_Law_title.jpg HTTP/1.1" 200 20129 "http://www.foobar.com/archives/2006/01/19/television-americana/" "Mozilla/5.0 (Macintosh; U; Intel Mac OS X; en-US; rv:1.8.1) Gecko/20061010 Firefox/2.0"
68.202.10.171 - - [13/Dec/2006:01:11:39 -0600] "GET /uploads/Birdman.jpg HTTP/1.1" 200 23838 "http://www.foobar.com/archives/2006/01/19/television-americana/" "Mozilla/5.0 (Macintosh; U; Intel Mac OS X; en-US; rv:1.8.1) Gecko/20061010 Firefox/2.0"
68.202.10.171 - - [13/Dec/2006:01:11:39 -0600] "GET /uploads/whoseline.jpg HTTP/1.1" 200 13096 "http://www.foobar.com/archives/2006/01/19/television-americana/" "Mozilla/5.0 (Macintosh; U; Intel Mac OS X; en-US; rv:1.8.1) Gecko/20061010 Firefox/2.0"
68.202.10.171 - - [13/Dec/2006:01:11:39 -0600] "GET /uploads/comedy.png HTTP/1.1" 200 22619 "http://www.foobar.com/archives/2006/01/19/television-americana/" "Mozilla/5.0 (Macintosh; U; Intel Mac OS X; en-US; rv:1.8.1) Gecko/20061010 Firefox/2.0"
68.202.10.171 - - [13/Dec/2006:01:11:39 -0600] "GET /wp-content/themes/default_es/images/kubrickbgwide.jpg HTTP/1.1" 200 1020 "http://www.foobar.com/archives/2006/01/19/television-americana/" "Mozilla/5.0 (Macintosh; U; Intel Mac OS X; en-US; rv:1.8.1) Gecko/20061010 Firefox/2.0"
68.202.10.171 - - [13/Dec/2006:01:11:40 -0600] "GET /wp-content/themes/default_es/images/kubrickheader.png HTTP/1.1" 200 3850 "http://www.foobar.com/archives/2006/01/19/television-americana/" "Mozilla/5.0 (Macintosh; U; Intel Mac OS X; en-US; rv:1.8.1) Gecko/20061010 Firefox/2.0"
68.202.10.171 - - [13/Dec/2006:01:11:40 -0600] "GET /wp-content/themes/default_es/images/kubrickfooter.jpg HTTP/1.1" 200 2601 "http://www.foobar.com/archives/2006/01/19/television-americana/" "Mozilla/5.0 (Macintosh; U; Intel Mac OS X; en-US; rv:1.8.1) Gecko/20061010 Firefox/2.0"
194.224.199.54 - - [13/Dec/2006:01:12:17 -0600] "GET /archives/category/cine/page/1/ HTTP/1.1" 200 31696 "http://www.foobar.com/archives/category/cine/page/2/" "noxtrumbot/1.0 (crawler@noxtrum.com)"
88.191.13.89 - - [13/Dec/2006:01:12:53 -0600] "GET /feed/rss2/ HTTP/1.0" 304 0 "-" "Feedshow/1.0 (http://www.feedshow.com; 1 subscriber)"
194.224.199.54 - - [13/Dec/2006:01:13:17 -0600] "GET /archives/category/cine/page/3/ HTTP/1.1" 200 32645 "http://www.foobar.com/archives/category/cine/page/2/" "noxtrumbot/1.0 (crawler@noxtrum.com)"
81.38.8.216 - - [13/Dec/2006:01:13:25 -0600] "GET /feed/ HTTP/1.1" 304 0 "-" "Akregator/1.2.5; librss/remnants"
212.168.173.12 - - [13/Dec/2006:01:13:33 -0600] "GET /feed/ HTTP/1.1" 304 0 "-" "AlestiFeedBot/0.7 (http://www.alesti.org/; 5 subscribers)"
195.27.215.89 - - [13/Dec/2006:01:13:47 -0600] "GET /archives/2004/10/27/el-primer-examen-en-ms-de-un-ao/ HTTP/1.0" 200 15345 "-" "Seekbot/1.0 (http://www.seekbot.net/bot.html) HTTPFetcher/0.3"
194.224.199.54 - - [13/Dec/2006:01:14:16 -0600] "GET /archives/2006/03/06/la-quiniela-2/feed/ HTTP/1.1" 200 2474 "http://www.foobar.com/archives/2006/03/06/la-quiniela-2/" "noxtrumbot/1.0 (crawler@noxtrum.com)"
210.173.180.164 - - [13/Dec/2006:01:14:26 -0600] "GET /archives/2005/08/22/habemus-portada/feed/ HTTP/1.1" 200 7494 "-" "ichiro/2.0 (http://help.goo.ne.jp/door/crawler.html)"
66.249.65.135 - - [13/Dec/2006:01:14:32 -0600] "GET /archives/2003/12/06/el-cumpleaos-de-la-constitucin-ufff-que-pereza-p/feed/ HTTP/1.1" 200 5336 "-" "Mozilla/5.0 (compatible; Googlebot/2.1; +http://www.google.com/bot.html)"
84.123.96.54 - - [13/Dec/2006:01:14:32 -0600] "GET /archives/2004/06/12/vigilar-exmenes-es-aburrido/feed/ HTTP/1.1" 200 22098 "http://www.google.es/search?client=firefox-a&rls=org.mozilla%3Aes-ES%3Aofficial_s&hl=es&q=minimo+de+aprobados&meta=&btnG=B%C3%BAsqueda+en+Google" "Mozilla/5.0 (Windows; U; Windows NT 5.1; es-ES; rv:1.8.1) Gecko/20061010 Firefox/2.0"
212.168.173.12 - - [13/Dec/2006:01:14:40 -0600] "GET /feed/rss2 HTTP/1.1" 304 0 "-" "AlestiFeedBot/0.7 (http://www.alesti.org/; 1 subscriber)"
84.123.96.54 - - [13/Dec/2006:01:14:47 -0600] "GET /archives/2004/06/12/vigilar-exmenes-es-aburrido/feed/ HTTP/1.1" 304 0 "http://www.google.es/search?client=firefox-a&rls=org.mozilla%3Aes-ES%3Aofficial_s&hl=es&q=minimo+de+aprobados&meta=&btnG=B%C3%BAsqueda+en+Google" "Mozilla/5.0 (Windows; U; Windows NT 5.1; es-ES; rv:1.8.1) Gecko/20061010 Firefox/2.0"
84.123.96.54 - - [13/Dec/2006:01:14:54 -0600] "GET /wp-content/themes/default_es/style.css HTTP/1.1" 200 9885 "http://www.foobar.com/archives/2004/06/12/vigilar-exmenes-es-aburrido/" "Mozilla/5.0 (Windows; U; Windows NT 5.1; es-ES; rv:1.8.1) Gecko/20061010 Firefox/2.0"
84.123.96.54 - - [13/Dec/2006:01:14:55 -0600] "GET /archives/2004/06/12/vigilar-exmenes-es-aburrido/ HTTP/1.1" 200 38083 "http://www.google.es/search?client=firefox-a&rls=org.mozilla%3Aes-ES%3Aofficial_s&hl=es&q=minimo+de+aprobados&meta=&btnG=B%C3%BAsqueda+en+Google" "Mozilla/5.0 (Windows; U; Windows NT 5.1; es-ES; rv:1.8.1) Gecko/20061010 Firefox/2.0"
84.123.96.54 - - [13/Dec/2006:01:14:55 -0600] "GET /wp-content/themes/default_es/images/kubrickbgcolor.jpg HTTP/1.1" 200 558 "http://www.foobar.com/archives/2004/06/12/vigilar-exmenes-es-aburrido/" "Mozilla/5.0 (Windows; U; Windows NT 5.1; es-ES; rv:1.8.1) Gecko/20061010 Firefox/2.0"
84.123.96.54 - - [13/Dec/2006:01:14:55 -0600] "GET /wp-content/themes/default_es/images/kubrickfooter.jpg HTTP/1.1" 200 2601 "http://www.foobar.com/archives/2004/06/12/vigilar-exmenes-es-aburrido/" "Mozilla/5.0 (Windows; U; Windows NT 5.1; es-ES; rv:1.8.1) Gecko/20061010 Firefox/2.0"
84.123.96.54 - - [13/Dec/2006:01:14:55 -0600] "GET /wp-content/themes/default_es/images/kubrickheader.png HTTP/1.1" 200 3850 "http://www.foobar.com/archives/2004/06/12/vigilar-exmenes-es-aburrido/" "Mozilla/5.0 (Windows; U; Windows NT 5.1; es-ES; rv:1.8.1) Gecko/20061010 Firefox/2.0"
84.123.96.54 - - [13/Dec/2006:01:14:55 -0600] "GET /wp-content/themes/default_es/images/kubrickbgwide.jpg HTTP/1.1" 200 1020 "http://www.foobar.com/archives/2004/06/12/vigilar-exmenes-es-aburrido/" "Mozilla/5.0 (Windows; U; Windows NT 5.1; es-ES; rv:1.8.1) Gecko/20061010 Firefox/2.0"
84.123.96.54 - - [13/Dec/2006:01:14:56 -0600] "GET /wp-content/themes/default_es/images/borjanet.png HTTP/1.1" 200 16169 "http://www.foobar.com/archives/2004/06/12/vigilar-exmenes-es-aburrido/" "Mozilla/5.0 (Windows; U; Windows NT 5.1; es-ES; rv:1.8.1) Gecko/20061010 Firefox/2.0"
84.123.96.54 - - [13/Dec/2006:01:14:56 -0600] "GET /favicon.ico HTTP/1.1" 404 - "-" "Mozilla/5.0 (Windows; U; Windows NT 5.1; es-ES; rv:1.8.1) Gecko/20061010 Firefox/2.0"
74.6.85.138 - - [13/Dec/2006:01:14:58 -0600] "GET /archives/2006/01/01/idea-para-2006/ HTTP/1.0" 200 33520 "-" "Mozilla/5.0 (compatible; Yahoo! Slurp; http://help.yahoo.com/help/us/ysearch/slurp)"
65.214.44.160 - - [13/Dec/2006:01:15:04 -0600] "GET /archives/2003/08/19/ HTTP/1.0" 200 25053 "-" "Mozilla/2.0 (compatible; Ask Jeeves/Teoma; +http://about.ask.com/en/docs/about/webmasters.shtml)"
212.55.0.180 - - [13/Dec/2006:01:15:11 -0600] "GET /favicon.ico HTTP/1.1" 404 - "http://www.newsgator.com/ngs/subscriber/WebEd2.aspx?fid=825471" "Mozilla/5.0 (Windows; U; Windows NT 5.1; es-ES; rv:1.8.1) Gecko/20061010 Firefox/2.0"
194.224.199.54 - - [13/Dec/2006:01:15:16 -0600] "GET /archives/2006/03/06/la-quiniela-2/trackback/ HTTP/1.1" 302 5 "http://www.foobar.com/archives/2006/03/06/la-quiniela-2/" "noxtrumbot/1.0 (crawler@noxtrum.com)"
129.143.4.66 - - [13/Dec/2006:01:16:08 -0600] "GET /archives/2004/09/27/chili-con-carne/ HTTP/1.1" 200 22192 "http://www.google.es/search?hl=es&q=chili+con+carne&meta=" "Mozilla/4.0 (compatible; MSIE 6.0; Windows NT 5.1)"
129.143.4.66 - - [13/Dec/2006:01:16:08 -0600] "GET /wp-content/themes/default_es/style.css HTTP/1.1" 200 9885 "http://www.foobar.com/archives/2004/09/27/chili-con-carne/" "Mozilla/4.0 (compatible; MSIE 6.0; Windows NT 5.1)"
129.143.4.66 - - [13/Dec/2006:01:16:09 -0600] "GET /wp-content/themes/default_es/images/borjanet.png HTTP/1.1" 200 16169 "http://www.foobar.com/archives/2004/09/27/chili-con-carne/" "Mozilla/4.0 (compatible; MSIE 6.0; Windows NT 5.1)"
129.143.4.66 - - [13/Dec/2006:01:16:09 -0600] "GET /wp-content/themes/default_es/images/kubrickbgcolor.jpg HTTP/1.1" 200 558 "http://www.foobar.com/archives/2004/09/27/chili-con-carne/" "Mozilla/4.0 (compatible; MSIE 6.0; Windows NT 5.1)"
129.143.4.66 - - [13/Dec/2006:01:16:09 -0600] "GET /wp-content/themes/default_es/images/kubrickbgwide.jpg HTTP/1.1" 200 1020 "http://www.foobar.com/archives/2004/09/27/chili-con-carne/" "Mozilla/4.0 (compatible; MSIE 6.0; Windows NT 5.1)"
129.143.4.66 - - [13/Dec/2006:01:16:09 -0600] "GET /wp-content/themes/default_es/images/kubrickheader.png HTTP/1.1" 200 3850 "http://www.foobar.com/archives/2004/09/27/chili-con-carne/" "Mozilla/4.0 (compatible; MSIE 6.0; Windows NT 5.1)"
129.143.4.66 - - [13/Dec/2006:01:16:09 -0600] "GET /wp-content/themes/default_es/images/kubrickfooter.jpg HTTP/1.1" 200 2601 "http://www.foobar.com/archives/2004/09/27/chili-con-carne/" "Mozilla/4.0 (compatible; MSIE 6.0; Windows NT 5.1)"
194.224.199.54 - - [13/Dec/2006:01:16:18 -0600] "GET /archives/2006/03/05/la-quiniela/feed/ HTTP/1.1" 200 4792 "http://www.foobar.com/archives/2006/03/05/la-quiniela/" "noxtrumbot/1.0 (crawler@noxtrum.com)"
66.249.65.135 - - [13/Dec/2006:01:16:18 -0600] "GET /archives/2004/09/13/fotos-con-lectores-de-borjanet/trackback/ HTTP/1.1" 302 5 "-" "Mozilla/5.0 (compatible; Googlebot/2.1; +http://www.google.com/bot.html)"
210.173.180.164 - - [13/Dec/2006:01:16:18 -0600] "GET /archives/2005/08/22/habemus-portada/trackback/ HTTP/1.1" 302 5 "-" "ichiro/2.0 (http://help.goo.ne.jp/door/crawler.html)"
66.249.65.135 - - [13/Dec/2006:01:16:20 -0600] "GET /archives/2004/09/13/fotos-con-lectores-de-borjanet/ HTTP/1.1" 200 18522 "-" "Mozilla/5.0 (compatible; Googlebot/2.1; +http://www.google.com/bot.html)"
212.55.0.180 - - [13/Dec/2006:01:16:43 -0600] "GET /favicon.ico HTTP/1.1" 404 - "http://www.newsgator.com/ngs/subscriber/WebEd2.aspx?fid=825471" "Mozilla/5.0 (Windows; U; Windows NT 5.1; es-ES; rv:1.8.1) Gecko/20061010 Firefox/2.0"
194.224.199.54 - - [13/Dec/2006:01:17:16 -0600] "GET /archives/2006/03/05/la-quiniela/trackback/ HTTP/1.1" 302 5 "http://www.foobar.com/archives/2006/03/05/la-quiniela/" "noxtrumbot/1.0 (crawler@noxtrum.com)"
194.224.199.54 - - [13/Dec/2006:01:18:17 -0600] "GET /archives/2006/01/07/%c2%bfquien-es-jon-stewart/feed/ HTTP/1.1" 200 11673 "http://www.foobar.com/archives/2006/01/07/%c2%bfquien-es-jon-stewart/" "noxtrumbot/1.0 (crawler@noxtrum.com)"
80.224.29.161 - - [13/Dec/2006:01:18:35 -0600] "GET /feed/ HTTP/1.0" 304 0 "-" "Liferea/1.0.26 (Linux; http://liferea.sf.net/)"
195.27.215.89 - - [13/Dec/2006:01:18:36 -0600] "GET /archives/2004/10/29/ HTTP/1.0" 200 26848 "-" "Seekbot/1.0 (http://www.seekbot.net/bot.html) HTTPFetcher/0.3"
210.173.180.164 - - [13/Dec/2006:01:18:49 -0600] "GET /archives/2004/08/21/chicago-dia-2/ HTTP/1.1" 200 23539 "-" "ichiro/2.0 (http://help.goo.ne.jp/door/crawler.html)"
194.224.199.54 - - [13/Dec/2006:01:19:16 -0600] "GET /archives/2006/01/07/%c2%bfquien-es-jon-stewart/trackback/ HTTP/1.1" 302 5 "http://www.foobar.com/archives/2006/01/07/%c2%bfquien-es-jon-stewart/" "noxtrumbot/1.0 (crawler@noxtrum.com)"
200.88.46.58 - - [13/Dec/2006:01:19:42 -0600] "GET /archives/2006/04/19/meme-aleatorio-musical-y-2/ HTTP/1.1" 200 17078 "http://www.foobar.com/archives/2006/04/19/meme-aleatorio-musical-y-2/" "User-Agent: Mozilla/4.0 (compatible; MSIE 6.0; Windows NT 5.1)"
200.88.46.58 - - [13/Dec/2006:01:20:01 -0600] "POST /wp-comments-post.php HTTP/1.1" 200 90 "http://www.foobar.com/archives/2006/04/19/meme-aleatorio-musical-y-2/" "User-Agent: Mozilla/4.0 (compatible; MSIE 6.0; Windows NT 5.1)"
210.173.180.164 - - [13/Dec/2006:01:20:05 -0600] "GET /archives/2005/08/20/primer-aniversario/feed/ HTTP/1.1" 200 3890 "-" "ichiro/2.0 (http://help.goo.ne.jp/door/crawler.html)"
194.224.199.54 - - [13/Dec/2006:01:20:16 -0600] "GET /archives/2006/03/05/meta-cita/feed/ HTTP/1.1" 200 2468 "http://www.foobar.com/archives/2006/03/05/meta-cita/" "noxtrumbot/1.0 (crawler@noxtrum.com)"
74.6.74.234 - - [13/Dec/2006:01:20:56 -0600] "GET /robots.txt HTTP/1.0" 404 - "-" "Mozilla/5.0 (compatible; Yahoo! Slurp; http://help.yahoo.com/help/us/ysearch/slurp)"
74.6.71.59 - - [13/Dec/2006:01:20:58 -0600] "GET /archives/2006/06/30/chicago-amsterdam-madrid/ HTTP/1.0" 200 15049 "-" "Mozilla/5.0 (compatible; Yahoo! Slurp; http://help.yahoo.com/help/us/ysearch/slurp)"
194.224.199.54 - - [13/Dec/2006:01:21:17 -0600] "GET /archives/2006/03/05/meta-cita/trackback/ HTTP/1.1" 302 5 "http://www.foobar.com/archives/2006/03/05/meta-cita/" "noxtrumbot/1.0 (crawler@noxtrum.com)"
210.173.180.164 - - [13/Dec/2006:01:21:20 -0600] "GET /archives/2005/07/page/1/ HTTP/1.1" 200 31744 "-" "ichiro/2.0 (http://help.goo.ne.jp/door/crawler.html)"
65.214.44.160 - - [13/Dec/2006:01:21:22 -0600] "GET /archives/2004/07/05/ HTTP/1.0" 200 25142 "-" "Mozilla/2.0 (compatible; Ask Jeeves/Teoma; +http://about.ask.com/en/docs/about/webmasters.shtml)"
194.224.199.54 - - [13/Dec/2006:01:22:17 -0600] "GET /archives/2006/02/09/cita-2/feed/ HTTP/1.1" 200 2721 "http://www.foobar.com/archives/2006/02/09/cita-2/" "noxtrumbot/1.0 (crawler@noxtrum.com)"
81.36.232.170 - - [13/Dec/2006:01:22:51 -0600] "GET /feed/atom/ HTTP/1.1" 200 9637 "-" "Feedreader 3.07 (Powered by Newsbrain)"
198.37.25.204 - - [13/Dec/2006:01:22:51 -0600] "GET /feed/ HTTP/1.1" 304 0 "-" "Mozilla/5.0 (Macintosh; U; PPC Mac OS X; en-us) AppleWebKit/412 (KHTML, like Gecko) Safari/412"
83.58.251.144 - - [13/Dec/2006:01:23:05 -0600] "GET /favicon.ico HTTP/1.1" 404 - "-" "NewzCrawler/1.7 (compatible; MSIE 6.00; Newz Crawler 1.7; http://www.newzcrawler.com/ )"
83.58.251.144 - - [13/Dec/2006:01:23:07 -0600] "GET /weblog/rdf HTTP/1.1" 304 0 "-" "NewzCrawler/1.7 (compatible; MSIE 6.00; Newz Crawler 1.7; http://www.newzcrawler.com/ )"
83.58.251.144 - - [13/Dec/2006:01:23:08 -0600] "GET /archives/2006/05/12/nostalgia-2/feed/ HTTP/1.1" 304 0 "-" "NewzCrawler/1.7 (compatible; MSIE 6.00; Newz Crawler 1.7; http://www.newzcrawler.com/ )"
83.58.251.144 - - [13/Dec/2006:01:23:09 -0600] "GET /archives/2006/11/14/advanced-wookie-laboratories/feed/ HTTP/1.1" 304 0 "-" "NewzCrawler/1.7 (compatible; MSIE 6.00; Newz Crawler 1.7; http://www.newzcrawler.com/ )"
83.58.251.144 - - [13/Dec/2006:01:23:11 -0600] "GET /archives/2006/11/18/acento-inclasificable/feed/ HTTP/1.1" 304 0 "-" "NewzCrawler/1.7 (compatible; MSIE 6.00; Newz Crawler 1.7; http://www.newzcrawler.com/ )"
83.58.251.144 - - [13/Dec/2006:01:23:12 -0600] "GET /archives/2006/11/26/%c2%bfpor-que-escribes-un-blog/feed/ HTTP/1.1" 304 0 "-" "NewzCrawler/1.7 (compatible; MSIE 6.00; Newz Crawler 1.7; http://www.newzcrawler.com/ )"
83.58.251.144 - - [13/Dec/2006:01:23:14 -0600] "GET /archives/2006/11/26/%c2%bfpor-que-lees-mi-blog/feed/ HTTP/1.1" 304 0 "-" "NewzCrawler/1.7 (compatible; MSIE 6.00; Newz Crawler 1.7; http://www.newzcrawler.com/ )"
195.27.215.89 - - [13/Dec/2006:01:23:17 -0600] "GET /archives/2004/10/29/power-law-powah/ HTTP/1.0" 200 23938 "-" "Seekbot/1.0 (http://www.seekbot.net/bot.html) HTTPFetcher/0.3"
194.224.199.54 - - [13/Dec/2006:01:23:17 -0600] "GET /archives/2006/02/09/cita-2/trackback/ HTTP/1.1" 302 5 "http://www.foobar.com/archives/2006/02/09/cita-2/" "noxtrumbot/1.0 (crawler@noxtrum.com)"
83.58.251.144 - - [13/Dec/2006:01:23:17 -0600] "GET /archives/2006/11/28/gigantes-en-la-era-del-silicio/feed/ HTTP/1.1" 304 0 "-" "NewzCrawler/1.7 (compatible; MSIE 6.00; Newz Crawler 1.7; http://www.newzcrawler.com/ )"
83.58.251.144 - - [13/Dec/2006:01:23:19 -0600] "GET /archives/2006/12/01/nieve-ahora-si/feed/ HTTP/1.1" 304 0 "-" "NewzCrawler/1.7 (compatible; MSIE 6.00; Newz Crawler 1.7; http://www.newzcrawler.com/ )"
83.58.251.144 - - [13/Dec/2006:01:23:21 -0600] "GET /archives/2006/12/11/pronunciacion/feed/ HTTP/1.1" 304 0 "-" "NewzCrawler/1.7 (compatible; MSIE 6.00; Newz Crawler 1.7; http://www.newzcrawler.com/ )"
71.83.160.121 - - [13/Dec/2006:01:23:56 -0600] "GET /uploads/Family_guy_logo.png HTTP/1.1" 404 - "http://profile.myspace.com/index.cfm?fuseaction=user.viewprofile&friendid=80115137" "Mozilla/5.0 (Windows; U; Windows NT 5.1; en-US; rv:1.7.12) Gecko/20050915 Firefox/1.0.7"
72.14.199.5 - - [13/Dec/2006:01:24:01 -0600] "GET /feed/ HTTP/1.1" 304 0 "-" "Feedfetcher-Google; (+http://www.google.com/feedfetcher.html)"
194.224.199.54 - - [13/Dec/2006:01:24:18 -0600] "GET /archives/category/doctorado/cosas-que-nos-ensean-en-el-doctorado/page/1/ HTTP/1.1" 200 33326 "http://www.foobar.com/archives/category/doctorado/cosas-que-nos-ensean-en-el-doctorado/page/2/" "noxtrumbot/1.0 (crawler@noxtrum.com)"
72.14.199.5 - - [13/Dec/2006:01:24:29 -0600] "GET /feed HTTP/1.1" 304 0 "-" "Feedfetcher-Google; (+http://www.google.com/feedfetcher.html)"
74.6.86.13 - - [13/Dec/2006:01:24:31 -0600] "GET /archives/2005/03/page/2/ HTTP/1.0" 200 30861 "-" "Mozilla/5.0 (compatible; Yahoo! Slurp; http://help.yahoo.com/help/us/ysearch/slurp)"
210.173.180.164 - - [13/Dec/2006:01:25:09 -0600] "GET /archives/2005/07/page/3/ HTTP/1.1" 200 27249 "-" "ichiro/2.0 (http://help.goo.ne.jp/door/crawler.html)"
194.224.199.54 - - [13/Dec/2006:01:25:19 -0600] "GET /archives/2005/03/10/mi-kernel/feed/ HTTP/1.1" 200 6024 "http://www.foobar.com/archives/2005/03/10/mi-kernel/" "noxtrumbot/1.0 (crawler@noxtrum.com)"
194.224.199.54 - - [13/Dec/2006:01:26:27 -0600] "GET /archives/category/deusto/page/1/ HTTP/1.1" 200 32531 "http://www.foobar.com/archives/category/deusto/page/2/" "noxtrumbot/1.0 (crawler@noxtrum.com)"
210.173.180.164 - - [13/Dec/2006:01:26:33 -0600] "GET /archives/2005/07/07/7-j/ HTTP/1.1" 200 14220 "-" "ichiro/2.0 (http://help.goo.ne.jp/door/crawler.html)"
80.59.33.98 - - [13/Dec/2006:01:26:40 -0600] "GET /feed/rss2/ HTTP/1.1" 304 0 "-" "Mozilla/5.0 (Windows; U; Windows NT 5.1; en-US; rv:1.8.0.8) Gecko/20061109 Firefox/1.5.0.8 Flock/0.7.8"
80.59.33.98 - - [13/Dec/2006:01:26:40 -0600] "GET /favicon.ico HTTP/1.1" 404 - "-" "Mozilla/5.0 (Windows; U; Windows NT 5.1; en-US; rv:1.8.0.8) Gecko/20061109 Firefox/1.5.0.8 Flock/0.7.8"
204.9.177.18 - - [13/Dec/2006:01:27:05 -0600] "GET /feed/atom/ HTTP/1.1" 304 0 "-" "LiveJournal.com (webmaster@livejournal.com; for http://www.livejournal.com/users/borjanet/; 1 readers)"
194.224.199.54 - - [13/Dec/2006:01:27:25 -0600] "GET /archives/2005/03/11/v-concurso-de-programacin-obfuscada/feed/ HTTP/1.1" 200 3893 "http://www.foobar.com/archives/2005/03/11/v-concurso-de-programacin-obfuscada/" "noxtrumbot/1.0 (crawler@noxtrum.com)"
24.211.21.192 - - [13/Dec/2006:01:27:32 -0600] "GET /uploads/Family_guy_logo.png HTTP/1.1" 404 - "http://profile.myspace.com/index.cfm?fuseaction=user.viewprofile&friendid=30600873" "Mozilla/5.0 (Windows; U; Windows NT 5.1; en-US; rv:1.8.1) Gecko/20061010 Firefox/2.0"
74.6.68.70 - - [13/Dec/2006:01:27:33 -0600] "GET /archives/2005/12/ HTTP/1.0" 200 32069 "-" "Mozilla/5.0 (compatible; Yahoo! Slurp; http://help.yahoo.com/help/us/ysearch/slurp)"
65.214.44.160 - - [13/Dec/2006:01:27:39 -0600] "GET /archives/2004/01/19/ HTTP/1.0" 200 25003 "-" "Mozilla/2.0 (compatible; Ask Jeeves/Teoma; +http://about.ask.com/en/docs/about/webmasters.shtml)"
83.35.134.42 - - [13/Dec/2006:01:27:46 -0600] "GET /feed/ HTTP/1.1" 304 0 "-" "Mozilla/5.0 (Windows; U; Windows NT 5.1; ca; rv:1.8.0.8) Gecko/20061025 Firefox/1.5.0.8"
74.6.86.201 - - [13/Dec/2006:01:27:56 -0600] "GET /archives/2004/09/04/chicago-da-16/ HTTP/1.0" 200 27906 "-" "Mozilla/5.0 (compatible; Yahoo! Slurp; http://help.yahoo.com/help/us/ysearch/slurp)"
195.27.215.89 - - [13/Dec/2006:01:27:58 -0600] "GET /archives/2004/10/page/1/ HTTP/1.0" 200 31950 "-" "Seekbot/1.0 (http://www.seekbot.net/bot.html) HTTPFetcher/0.3"
80.224.29.161 - - [13/Dec/2006:01:28:14 -0600] "GET /feed/ HTTP/1.0" 304 0 "-" "Liferea/1.0.26 (Linux; http://liferea.sf.net/)"
194.224.199.54 - - [13/Dec/2006:01:28:26 -0600] "GET /archives/category/doctorado/page/1/ HTTP/1.1" 200 32478 "http://www.foobar.com/archives/category/doctorado/page/2/" "noxtrumbot/1.0 (crawler@noxtrum.com)"
210.173.180.164 - - [13/Dec/2006:01:28:28 -0600] "GET /archives/2005/07/06/jetlag-sux-p/ HTTP/1.1" 200 19839 "-" "ichiro/2.0 (http://help.goo.ne.jp/door/crawler.html)"
212.145.77.18 - - [13/Dec/2006:01:29:01 -0600] "GET /archives/2005/10/17/recetas-y-complejidad/ HTTP/1.1" 200 20361 "http://www.google.es/search?q=BLOG+DE+RECETAS&hl=es" "Mozilla/4.0 (compatible; MSIE 6.0; Windows NT 5.1; SV1; InfoPath.1; .NET CLR 2.0.50727)"
212.145.77.18 - - [13/Dec/2006:01:29:01 -0600] "GET /wp-content/themes/default_es/style.css HTTP/1.1" 200 9885 "http://www.foobar.com/archives/2005/10/17/recetas-y-complejidad/" "Mozilla/4.0 (compatible; MSIE 6.0; Windows NT 5.1; SV1; InfoPath.1; .NET CLR 2.0.50727)"
212.145.77.18 - - [13/Dec/2006:01:29:01 -0600] "GET /wp-content/themes/default_es/images/borjanet.png HTTP/1.1" 200 16169 "http://www.foobar.com/archives/2005/10/17/recetas-y-complejidad/" "Mozilla/4.0 (compatible; MSIE 6.0; Windows NT 5.1; SV1; InfoPath.1; .NET CLR 2.0.50727)"
212.145.77.18 - - [13/Dec/2006:01:29:02 -0600] "GET /wp-content/themes/default_es/images/kubrickbgwide.jpg HTTP/1.1" 200 1020 "http://www.foobar.com/archives/2005/10/17/recetas-y-complejidad/" "Mozilla/4.0 (compatible; MSIE 6.0; Windows NT 5.1; SV1; InfoPath.1; .NET CLR 2.0.50727)"
212.145.77.18 - - [13/Dec/2006:01:29:02 -0600] "GET /wp-content/themes/default_es/images/kubrickbgcolor.jpg HTTP/1.1" 200 558 "http://www.foobar.com/archives/2005/10/17/recetas-y-complejidad/" "Mozilla/4.0 (compatible; MSIE 6.0; Windows NT 5.1; SV1; InfoPath.1; .NET CLR 2.0.50727)"
212.145.77.18 - - [13/Dec/2006:01:29:02 -0600] "GET /wp-content/themes/default_es/images/kubrickheader.png HTTP/1.1" 200 3850 "http://www.foobar.com/archives/2005/10/17/recetas-y-complejidad/" "Mozilla/4.0 (compatible; MSIE 6.0; Windows NT 5.1; SV1; InfoPath.1; .NET CLR 2.0.50727)"
212.145.77.18 - - [13/Dec/2006:01:29:02 -0600] "GET /wp-content/themes/default_es/images/kubrickfooter.jpg HTTP/1.1" 200 2601 "http://www.foobar.com/archives/2005/10/17/recetas-y-complejidad/" "Mozilla/4.0 (compatible; MSIE 6.0; Windows NT 5.1; SV1; InfoPath.1; .NET CLR 2.0.50727)"
72.14.199.5 - - [13/Dec/2006:01:29:13 -0600] "GET /weblog/rdf HTTP/1.1" 304 0 "-" "Feedfetcher-Google; (+http://www.google.com/feedfetcher.html)"
189.173.37.252 - - [13/Dec/2006:01:29:14 -0600] "GET /wp-content/themes/default_es/style.css HTTP/1.1" 200 9885 "http://www.foobar.com/archives/2004/08/14/antologa-de-la-vagancia/" "Mozilla/4.0 (compatible; MSIE 6.0; Windows NT 5.1; SV1)"
189.173.37.252 - - [13/Dec/2006:01:29:14 -0600] "GET /archives/2004/08/14/antologa-de-la-vagancia/ HTTP/1.1" 200 17959 "http://www.google.com.mx/search?sourceid=navclient&ie=UTF-8&rls=RNWE,RNWE:2006-37,RNWE:en&q=vagancia" "Mozilla/4.0 (compatible; MSIE 6.0; Windows NT 5.1; SV1)"
189.173.37.252 - - [13/Dec/2006:01:29:14 -0600] "GET /wp-content/themes/default_es/images/borjanet.png HTTP/1.1" 200 16169 "http://www.foobar.com/archives/2004/08/14/antologa-de-la-vagancia/" "Mozilla/4.0 (compatible; MSIE 6.0; Windows NT 5.1; SV1)"
189.173.37.252 - - [13/Dec/2006:01:29:15 -0600] "GET /wp-content/themes/default_es/images/kubrickbgcolor.jpg HTTP/1.1" 200 558 "http://www.foobar.com/archives/2004/08/14/antologa-de-la-vagancia/" "Mozilla/4.0 (compatible; MSIE 6.0; Windows NT 5.1; SV1)"
189.173.37.252 - - [13/Dec/2006:01:29:15 -0600] "GET /wp-content/themes/default_es/images/kubrickbgwide.jpg HTTP/1.1" 200 1020 "http://www.foobar.com/archives/2004/08/14/antologa-de-la-vagancia/" "Mozilla/4.0 (compatible; MSIE 6.0; Windows NT 5.1; SV1)"
189.173.37.252 - - [13/Dec/2006:01:29:15 -0600] "GET /wp-content/themes/default_es/images/kubrickheader.png HTTP/1.1" 200 3850 "http://www.foobar.com/archives/2004/08/14/antologa-de-la-vagancia/" "Mozilla/4.0 (compatible; MSIE 6.0; Windows NT 5.1; SV1)"
189.173.37.252 - - [13/Dec/2006:01:29:15 -0600] "GET /wp-content/themes/default_es/images/kubrickfooter.jpg HTTP/1.1" 200 2601 "http://www.foobar.com/archives/2004/08/14/antologa-de-la-vagancia/" "Mozilla/4.0 (compatible; MSIE 6.0; Windows NT 5.1; SV1)"
189.173.37.252 - - [13/Dec/2006:01:29:16 -0600] "GET /favicon.ico HTTP/1.1" 404 - "-" "Mozilla/5.0 (compatible; Google Desktop)"
131.202.212.90 - - [13/Dec/2006:01:29:20 -0600] "GET /feed/ HTTP/1.1" 304 0 "-" "NetNewsWire/2.1.1 (Mac OS X; http://ranchero.com/netnewswire/)"
81.38.8.216 - - [13/Dec/2006:01:29:26 -0600] "GET /feed/ HTTP/1.1" 304 0 "-" "Akregator/1.2.5; librss/remnants"
194.224.199.54 - - [13/Dec/2006:01:29:27 -0600] "GET /archives/category/doctorado/page/3/ HTTP/1.1" 200 32321 "http://www.foobar.com/archives/category/doctorado/page/2/" "noxtrumbot/1.0 (crawler@noxtrum.com)"
65.214.44.29 - - [13/Dec/2006:01:30:18 -0600] "GET /weblog/rdf HTTP/1.1" 304 0 "-" "Bloglines/3.1 (http://www.bloglines.com; 27 subscribers)"
194.224.199.54 - - [13/Dec/2006:01:30:25 -0600] "GET /archives/2006/11/11/la-tesina-a-punto-de-caramelo/feed/ HTTP/1.1" 200 2647 "http://www.foobar.com/archives/2006/11/11/la-tesina-a-punto-de-caramelo/" "noxtrumbot/1.0 (crawler@noxtrum.com)"
65.214.44.29 - - [13/Dec/2006:01:31:14 -0600] "GET /feed/atom/ HTTP/1.1" 304 0 "-" "Bloglines/3.1 (http://www.bloglines.com; 6 subscribers)"
194.224.199.54 - - [13/Dec/2006:01:31:25 -0600] "GET /archives/2006/11/11/la-tesina-a-punto-de-caramelo/trackback/ HTTP/1.1" 302 5 "http://www.foobar.com/archives/2006/11/11/la-tesina-a-punto-de-caramelo/" "noxtrumbot/1.0 (crawler@noxtrum.com)"
72.30.226.203 - - [13/Dec/2006:01:32:11 -0600] "GET /archives/2002/09/26/mil-millones-de-mil-rayos-y-centellas/ HTTP/1.0" 200 13875 "-" "Mozilla/5.0 (compatible; Yahoo! Slurp; http://help.yahoo.com/help/us/ysearch/slurp)"
194.224.199.54 - - [13/Dec/2006:01:32:29 -0600] "GET /archives/2006/09/01/todo-el-mundo-tiene-un-blog/feed/ HTTP/1.1" 200 12926 "http://www.foobar.com/archives/2006/09/01/todo-el-mundo-tiene-un-blog/" "noxtrumbot/1.0 (crawler@noxtrum.com)"
195.27.215.89 - - [13/Dec/2006:01:32:30 -0600] "GET /archives/2004/10/page/2/ HTTP/1.0" 200 30324 "-" "Seekbot/1.0 (http://www.seekbot.net/bot.html) HTTPFetcher/0.3"
212.145.77.18 - - [13/Dec/2006:01:32:43 -0600] "GET /archives/2005/10/17/recetas-y-complejidad/ HTTP/1.1" 200 20350 "http://www.google.es/search?q=BLOG+DE+RECETAS&hl=es" "Mozilla/4.0 (compatible; MSIE 6.0; Windows NT 5.1; SV1; InfoPath.1; .NET CLR 2.0.50727)"
212.145.77.18 - - [13/Dec/2006:01:32:43 -0600] "GET /wp-content/themes/default_es/style.css HTTP/1.1" 304 - "http://www.foobar.com/archives/2005/10/17/recetas-y-complejidad/" "Mozilla/4.0 (compatible; MSIE 6.0; Windows NT 5.1; SV1; InfoPath.1; .NET CLR 2.0.50727)"
212.145.77.18 - - [13/Dec/2006:01:32:43 -0600] "GET /wp-content/themes/default_es/images/borjanet.png HTTP/1.1" 304 - "http://www.foobar.com/archives/2005/10/17/recetas-y-complejidad/" "Mozilla/4.0 (compatible; MSIE 6.0; Windows NT 5.1; SV1; InfoPath.1; .NET CLR 2.0.50727)"
212.145.77.18 - - [13/Dec/2006:01:32:43 -0600] "GET /wp-content/themes/default_es/images/kubrickbgcolor.jpg HTTP/1.1" 304 - "http://www.foobar.com/archives/2005/10/17/recetas-y-complejidad/" "Mozilla/4.0 (compatible; MSIE 6.0; Windows NT 5.1; SV1; InfoPath.1; .NET CLR 2.0.50727)"
212.145.77.18 - - [13/Dec/2006:01:32:43 -0600] "GET /wp-content/themes/default_es/images/kubrickbgwide.jpg HTTP/1.1" 304 - "http://www.foobar.com/archives/2005/10/17/recetas-y-complejidad/" "Mozilla/4.0 (compatible; MSIE 6.0; Windows NT 5.1; SV1; InfoPath.1; .NET CLR 2.0.50727)"
