65.214.44.29 - - [13/Dec/2006:00:00:20 -0600] "GET /weblog/rdf HTTP/1.1" 304 0 "-" "Bloglines/3.1 (http://www.bloglines.com; 27 subscribers)"
194.224.199.54 - - [13/Dec/2006:00:00:22 -0600] "GET /galeria HTTP/1.1" 404 - "http://www.foobar.com/archives/2003/01/19/nuevas-fotos/" "noxtrumbot/1.0 (crawler@noxtrum.com)"
195.27.215.89 - - [13/Dec/2006:00:00:43 -0600] "GET /archives/2004/09/22/ HTTP/1.0" 200 25040 "-" "Seekbot/1.0 (http://www.seekbot.net/bot.html) HTTPFetcher/0.3"
210.173.180.164 - - [13/Dec/2006:00:00:58 -0600] "GET /archives/2004/09/19/de-nuevo-en-chicago/ HTTP/1.1" 200 19465 "-" "ichiro/2.0 (http://help.goo.ne.jp/door/crawler.html)"
65.214.44.29 - - [13/Dec/2006:00:01:22 -0600] "GET /feed/atom/ HTTP/1.1" 304 0 "-" "Bloglines/3.1 (http://www.bloglines.com; 6 subscribers)"
194.224.199.54 - - [13/Dec/2006:00:01:23 -0600] "GET /archives/2003/01/19/nuevas-fotos/feed/ HTTP/1.1" 200 1134 "http://www.foobar.com/archives/2003/01/19/nuevas-fotos/" "noxtrumbot/1.0 (crawler@noxtrum.com)"
74.6.71.97 - - [13/Dec/2006:00:01:29 -0600] "GET /archives/2006/05/12/nostalgia-2/ HTTP/1.0" 200 21555 "-" "Mozilla/5.0 (compatible; Yahoo! Slurp; http://help.yahoo.com/help/us/ysearch/slurp)"
71.108.231.62 - - [13/Dec/2006:00:02:18 -0600] "GET /uploads/Family_guy_logo.png HTTP/1.1" 404 - "http://profile.myspace.com/index.cfm?fuseaction=user.viewprofile&friendid=22067585" "Mozilla/5.0 (Windows; U; Windows NT 5.1; en-US; rv:1.8.0.8) Gecko/20061025 Firefox/1.5.0.8"
212.168.173.12 - - [13/Dec/2006:00:02:22 -0600] "GET /feed/ HTTP/1.1" 304 0 "-" "AlestiFeedBot/0.7 (http://www.alesti.org/; 5 subscribers)"
194.224.199.54 - - [13/Dec/2006:00:02:23 -0600] "GET /archives/2003/01/15/el-5-libro-de-harry-potter-sale-el-21-de-junio/feed/ HTTP/1.1" 200 1621 "http://www.foobar.com/archives/2003/01/15/el-5-libro-de-harry-potter-sale-el-21-de-junio/" "noxtrumbot/1.0 (crawler@noxtrum.com)"
210.173.180.164 - - [13/Dec/2006:00:02:35 -0600] "GET /archives/2005/09/29/en-chicago-de-nuevo-otra-vez-mas/feed/ HTTP/1.1" 200 12956 "-" "ichiro/2.0 (http://help.goo.ne.jp/door/crawler.html)"
212.168.173.12 - - [13/Dec/2006:00:02:43 -0600] "GET /feed/rss2 HTTP/1.1" 304 0 "-" "AlestiFeedBot/0.7 (http://www.alesti.org/; 1 subscriber)"
148.221.168.19 - - [13/Dec/2006:00:02:43 -0600] "GET /uploads/Harvey_Birdman2C_Attorney_at_Law_title.jpg HTTP/1.1" 200 20129 "http://images.google.com.mx/imgres?imgurl=http://www.foobar.com/uploads/Harvey_Birdman2C_Attorney_at_Law_title.jpg&imgrefurl=http://www.foobar.com/archives/2006/01/19/television-americana/&h=225&w=300&sz=20&tbnid=L9H2QkIBtF8szM:&tbnh=87&tbnw=116&hl=es&prev=/images%3Fq%3Dharvey%2Bbirdman%26start%3D20%26ndsp%3D20%26svnum%3D10%26hl%3Des%26lr%3D%26sa%3DN&frame=small" "Mozilla/4.0 (compatible; MSIE 6.0; Windows NT 5.1; SV1)"
148.221.168.19 - - [13/Dec/2006:00:03:10 -0600] "GET /archives/2006/01/19/television-americana/ HTTP/1.1" 200 0 "http://images.google.com.mx/imgres?imgurl=http://www.foobar.com/uploads/Harvey_Birdman2C_Attorney_at_Law_title.jpg&imgrefurl=http://www.foobar.com/archives/2006/01/19/television-americana/&h=225&w=300&sz=20&hl=es&start=22&tbnid=L9H2QkIBtF8szM:&tbnh=87&tbnw=116&prev=/images%3Fq%3Dharvey%2Bbirdman%26start%3D20%26ndsp%3D20%26svnum%3D10%26hl%3Des%26lr%3D%26sa%3DN" "Mozilla/4.0 (compatible; MSIE 6.0; Windows NT 5.1; SV1)"
65.214.44.29 - - [13/Dec/2006:00:03:22 -0600] "GET /feed/ HTTP/1.1" 304 0 "-" "Bloglines/3.1 (http://www.bloglines.com; 34 subscribers)"
194.224.199.54 - - [13/Dec/2006:00:03:24 -0600] "GET /articulos/cine/olvidarlas/view HTTP/1.1" 404 - "http://www.foobar.com/archives/2003/01/12/el-especial-navideo-de-la-guerra-de-las-galaxias/" "noxtrumbot/1.0 (crawler@noxtrum.com)"
72.30.226.142 - - [13/Dec/2006:00:03:52 -0600] "GET /robots.txt HTTP/1.0" 404 - "-" "Mozilla/5.0 (compatible; Yahoo! Slurp; http://help.yahoo.com/help/us/ysearch/slurp)"
72.30.226.141 - - [13/Dec/2006:00:04:24 -0600] "GET / HTTP/1.0" 200 40932 "-" "Mozilla/5.0 (compatible; Yahoo! Slurp; http://help.yahoo.com/help/us/ysearch/slurp)"
194.224.199.54 - - [13/Dec/2006:00:04:25 -0600] "GET /archives/2003/01/12/el-especial-navideo-de-la-guerra-de-las-galaxias/feed/ HTTP/1.1" 200 10866 "http://www.foobar.com/archives/2003/01/12/el-especial-navideo-de-la-guerra-de-las-galaxias/" "noxtrumbot/1.0 (crawler@noxtrum.com)"
210.173.180.164 - - [13/Dec/2006:00:05:05 -0600] "GET /archives/2005/09/29/en-chicago-de-nuevo-otra-vez-mas/trackback/ HTTP/1.1" 302 5 "-" "ichiro/2.0 (http://help.goo.ne.jp/door/crawler.html)"
193.47.80.46 - - [13/Dec/2006:00:05:17 -0600] "GET /archives/2003/04/28/xevian-in-memoriam/ HTTP/1.1" 200 14816 "-" "Exabot/3.0"
65.214.44.160 - - [13/Dec/2006:00:05:22 -0600] "GET /archives/2004/09/22/ HTTP/1.0" 200 25040 "-" "Mozilla/2.0 (compatible; Ask Jeeves/Teoma; +http://about.ask.com/en/docs/about/webmasters.shtml)"
74.6.85.140 - - [13/Dec/2006:00:05:28 -0600] "GET /archives/2003/10/18/buenoy-qu-tal-en-chicago/ HTTP/1.0" 200 22566 "-" "Mozilla/5.0 (compatible; Yahoo! Slurp; http://help.yahoo.com/help/us/ysearch/slurp)"
194.224.199.54 - - [13/Dec/2006:00:05:35 -0600] "GET /weblog/1039991149 HTTP/1.1" 404 - "http://www.foobar.com/archives/2002/12/18/si-turing-levantara-la-cabeza/" "noxtrumbot/1.0 (crawler@noxtrum.com)"
222.76.215.122 - - [13/Dec/2006:00:05:38 -0600] "GET /archives/2002/11/11/oda-al-microbot HTTP/1.1" 200 16793 "-" "Mozilla/4.0 (compatible; MSIE 5.0; Windows NT)"
195.27.215.89 - - [13/Dec/2006:00:05:45 -0600] "GET /archives/2004/09/22/siguen-orientndonos/ HTTP/1.0" 200 26898 "-" "Seekbot/1.0 (http://www.seekbot.net/bot.html) HTTPFetcher/0.3"
222.76.215.122 - - [13/Dec/2006:00:05:45 -0600] "GET / HTTP/1.1" 200 41047 "-" "Mozilla/4.0 (compatible; MSIE 5.0; Windows NT)"
194.224.199.54 - - [13/Dec/2006:00:06:31 -0600] "GET /libros/informatica HTTP/1.1" 404 - "http://www.foobar.com/archives/2002/12/18/si-turing-levantara-la-cabeza/" "noxtrumbot/1.0 (crawler@noxtrum.com)"
72.232.205.122 - - [13/Dec/2006:00:06:48 -0600] "GET /archives/2002/10/21/ms-saludos-desde-madrid/ HTTP/1.1" 200 19912 "-" "-"
88.7.249.134 - - [13/Dec/2006:00:06:58 -0600] "GET /comments/feed/ HTTP/1.1" 200 12280 "-" "Feedreader 3.06 (Powered by Newsbrain)"
74.6.85.213 - - [13/Dec/2006:00:07:14 -0600] "GET /archives/2004/09/05/de-nuevo-en-bilbao-hasta-el-18-de-septiembre/ HTTP/1.0" 200 23851 "-" "Mozilla/5.0 (compatible; Yahoo! Slurp; http://help.yahoo.com/help/us/ysearch/slurp)"
59.10.72.198 - - [13/Dec/2006:00:07:16 -0600] "POST /wp-comments-post.php HTTP/1.0" 200 72 "http://www.foobar.com/archives/2002/10/21/ms-saludos-desde-madrid/" "Opera/9.0 (Windows NT 5.1; U; en)"
210.173.180.164 - - [13/Dec/2006:00:07:18 -0600] "GET /archives/2005/09/25/dia-20-bilbao/feed/ HTTP/1.1" 200 1121 "-" "ichiro/2.0 (http://help.goo.ne.jp/door/crawler.html)"
74.6.87.110 - - [13/Dec/2006:00:07:23 -0600] "GET /archives/2004/09/04/ltimo-post-desde-chicago-hasta-dentro-de-dos-semanas/ HTTP/1.0" 200 14663 "-" "Mozilla/5.0 (compatible; Yahoo! Slurp; http://help.yahoo.com/help/us/ysearch/slurp)"
194.224.199.54 - - [13/Dec/2006:00:07:32 -0600] "GET /archives/2002/12/18/si-turing-levantara-la-cabeza/feed/ HTTP/1.1" 200 15647 "http://www.foobar.com/archives/2002/12/18/si-turing-levantara-la-cabeza/" "noxtrumbot/1.0 (crawler@noxtrum.com)"
71.137.193.241 - - [13/Dec/2006:00:07:39 -0600] "GET /uploads/Family_guy_logo.png HTTP/1.1" 404 - "-" "Mozilla/4.0 (compatible; MSIE 6.0; Windows NT 5.1; SV1; .NET CLR 1.0.3705; Media Center PC 3.1; .NET CLR 1.1.4322)"
60.191.80.48 - - [13/Dec/2006:00:07:56 -0600] "GET /robots.txt HTTP/1.1" 404 - "-" "OutfoxBot/0.5 (for internet experiments; http://; outfoxbot@gmail.com)"
60.191.80.48 - - [13/Dec/2006:00:07:59 -0600] "GET /archives/2005/01/20/el-campo-de-batalla/ HTTP/1.1" 200 33406 "-" "OutfoxBot/0.5 (for internet experiments; http://; outfoxbot@gmail.com)"
194.224.199.54 - - [13/Dec/2006:00:08:33 -0600] "GET /archives/2002/12/15/joer-que-alivio/feed/ HTTP/1.1" 200 507 "http://www.foobar.com/archives/2002/12/15/joer-que-alivio/" "noxtrumbot/1.0 (crawler@noxtrum.com)"
74.6.85.134 - - [13/Dec/2006:00:08:37 -0600] "GET /archives/2004/08/27/chicago-da-8/ HTTP/1.0" 200 22251 "-" "Mozilla/5.0 (compatible; Yahoo! Slurp; http://help.yahoo.com/help/us/ysearch/slurp)"
71.137.193.241 - - [13/Dec/2006:00:08:37 -0600] "GET /uploads/Family_guy_logo.png HTTP/1.1" 404 - "-" "Mozilla/4.0 (compatible; MSIE 6.0; Windows NT 5.1; SV1; .NET CLR 1.0.3705; Media Center PC 3.1; .NET CLR 1.1.4322)"
210.173.180.164 - - [13/Dec/2006:00:08:48 -0600] "GET /archives/2005/09/25/dia-20-bilbao/trackback/ HTTP/1.1" 302 5 "-" "ichiro/2.0 (http://help.goo.ne.jp/door/crawler.html)"
82.44.127.117 - - [13/Dec/2006:00:08:52 -0600] "GET /feed/ HTTP/1.1" 304 0 "-" "Feedreader 3.07 (Powered by Newsbrain)"
72.30.177.91 - - [13/Dec/2006:00:08:56 -0600] "GET /archives/2003/10/05/back-in-the-usa/ HTTP/1.0" 200 18390 "-" "Mozilla/5.0 (compatible; Yahoo! Slurp; http://help.yahoo.com/help/us/ysearch/slurp)"
148.223.143.193 - - [13/Dec/2006:00:09:23 -0600] "GET /wp-content/themes/default_es/style.css HTTP/1.1" 200 9885 "http://www.foobar.com/archives/2004/12/19/en-extremos-opuestos/" "Mozilla/4.0 (compatible; MSIE 7.0; Windows NT 5.1; .NET CLR 1.1.4322)"
148.223.143.193 - - [13/Dec/2006:00:09:23 -0600] "GET /archives/2004/12/19/en-extremos-opuestos/ HTTP/1.1" 200 21208 "http://www.google.com/search?hl=es&q=++FACTOR++VIENTO+EN+LA+TEMPERATURA&btnG=B%C3%BAsqueda&lr=lang_es" "Mozilla/4.0 (compatible; MSIE 7.0; Windows NT 5.1; .NET CLR 1.1.4322)"
148.223.143.193 - - [13/Dec/2006:00:09:24 -0600] "GET /wp-content/themes/default_es/images/borjanet.png HTTP/1.1" 200 16169 "http://www.foobar.com/archives/2004/12/19/en-extremos-opuestos/" "Mozilla/4.0 (compatible; MSIE 7.0; Windows NT 5.1; .NET CLR 1.1.4322)"
148.223.143.193 - - [13/Dec/2006:00:09:24 -0600] "GET /wp-content/themes/default_es/images/kubrickbgcolor.jpg HTTP/1.1" 200 558 "http://www.foobar.com/archives/2004/12/19/en-extremos-opuestos/" "Mozilla/4.0 (compatible; MSIE 7.0; Windows NT 5.1; .NET CLR 1.1.4322)"
148.223.143.193 - - [13/Dec/2006:00:09:24 -0600] "GET /wp-content/themes/default_es/images/kubrickbgwide.jpg HTTP/1.1" 200 1020 "http://www.foobar.com/archives/2004/12/19/en-extremos-opuestos/" "Mozilla/4.0 (compatible; MSIE 7.0; Windows NT 5.1; .NET CLR 1.1.4322)"
148.223.143.193 - - [13/Dec/2006:00:09:24 -0600] "GET /wp-content/themes/default_es/images/kubrickheader.png HTTP/1.1" 200 3850 "http://www.foobar.com/archives/2004/12/19/en-extremos-opuestos/" "Mozilla/4.0 (compatible; MSIE 7.0; Windows NT 5.1; .NET CLR 1.1.4322)"
148.223.143.193 - - [13/Dec/2006:00:09:24 -0600] "GET /wp-content/themes/default_es/images/kubrickfooter.jpg HTTP/1.1" 200 2601 "http://www.foobar.com/archives/2004/12/19/en-extremos-opuestos/" "Mozilla/4.0 (compatible; MSIE 7.0; Windows NT 5.1; .NET CLR 1.1.4322)"
148.223.143.193 - - [13/Dec/2006:00:09:24 -0600] "GET /uploads/weather_01.png HTTP/1.1" 200 54443 "http://www.foobar.com/archives/2004/12/19/en-extremos-opuestos/" "Mozilla/4.0 (compatible; MSIE 7.0; Windows NT 5.1; .NET CLR 1.1.4322)"
148.223.143.193 - - [13/Dec/2006:00:09:25 -0600] "GET /favicon.ico HTTP/1.1" 404 - "-" "Mozilla/4.0 (compatible; MSIE 7.0; Windows NT 5.1; .NET CLR 1.1.4322)"
81.38.8.216 - - [13/Dec/2006:00:09:26 -0600] "GET /feed/ HTTP/1.1" 304 0 "-" "Akregator/1.2.5; librss/remnants"
158.108.16.150 - - [13/Dec/2006:00:09:28 -0600] "GET /wp-content/themes/default_es/style.css HTTP/1.1" 200 9885 "http://www.foobar.com/" "Mozilla/4.0 (compatible; MSIE 6.0; Windows NT 5.1; SV1; .NET CLR 2.0.50727)"
158.108.16.150 - - [13/Dec/2006:00:09:28 -0600] "GET / HTTP/1.1" 200 41046 "-" "Mozilla/4.0 (compatible; MSIE 6.0; Windows NT 5.1; SV1; .NET CLR 2.0.50727)"
158.108.16.150 - - [13/Dec/2006:00:09:29 -0600] "GET /wp-content/themes/default_es/images/borjanet.png HTTP/1.1" 200 16169 "http://www.foobar.com/" "Mozilla/4.0 (compatible; MSIE 6.0; Windows NT 5.1; SV1; .NET CLR 2.0.50727)"
158.108.16.150 - - [13/Dec/2006:00:09:29 -0600] "GET /wp-content/themes/default_es/images/kubrickbg.jpg HTTP/1.1" 200 1047 "http://www.foobar.com/" "Mozilla/4.0 (compatible; MSIE 6.0; Windows NT 5.1; SV1; .NET CLR 2.0.50727)"
158.108.16.150 - - [13/Dec/2006:00:09:29 -0600] "GET /wp-content/themes/default_es/images/kubrickbgcolor.jpg HTTP/1.1" 200 558 "http://www.foobar.com/" "Mozilla/4.0 (compatible; MSIE 6.0; Windows NT 5.1; SV1; .NET CLR 2.0.50727)"
158.108.16.150 - - [13/Dec/2006:00:09:29 -0600] "GET /wp-content/themes/default_es/images/kubrickheader.png HTTP/1.1" 200 3850 "http://www.foobar.com/" "Mozilla/4.0 (compatible; MSIE 6.0; Windows NT 5.1; SV1; .NET CLR 2.0.50727)"
158.108.16.150 - - [13/Dec/2006:00:09:29 -0600] "GET /uploads/pronunciacion.png HTTP/1.1" 200 2058 "http://www.foobar.com/" "Mozilla/4.0 (compatible; MSIE 6.0; Windows NT 5.1; SV1; .NET CLR 2.0.50727)"
194.224.199.54 - - [13/Dec/2006:00:09:32 -0600] "GET /archives/2002/12/06/its-beginning-to-look-a-lot-like-christmas/feed/ HTTP/1.1" 200 1682 "http://www.foobar.com/archives/2002/12/06/its-beginning-to-look-a-lot-like-christmas/" "noxtrumbot/1.0 (crawler@noxtrum.com)"
158.108.16.150 - - [13/Dec/2006:00:09:34 -0600] "GET /wp-content/themes/default_es/images/kubrickfooter.jpg HTTP/1.1" 200 2601 "http://www.foobar.com/" "Mozilla/4.0 (compatible; MSIE 6.0; Windows NT 5.1; SV1; .NET CLR 2.0.50727)"
195.27.215.89 - - [13/Dec/2006:00:10:18 -0600] "GET /archives/2004/09/24/ HTTP/1.0" 200 26517 "-" "Seekbot/1.0 (http://www.seekbot.net/bot.html) HTTPFetcher/0.3"
74.6.71.97 - - [13/Dec/2006:00:10:24 -0600] "GET /archives/2004/09/24/ganando-bricopuntos HTTP/1.0" 200 23664 "-" "Mozilla/5.0 (compatible; Yahoo! Slurp; http://help.yahoo.com/help/us/ysearch/slurp)"
210.173.180.164 - - [13/Dec/2006:00:10:27 -0600] "GET /archives/2005/09/22/dias-10-19-bilbao-o-recordando-mis-anos-en-el-instituto/feed/ HTTP/1.1" 200 3721 "-" "ichiro/2.0 (http://help.goo.ne.jp/door/crawler.html)"
194.224.199.54 - - [13/Dec/2006:00:10:35 -0600] "GET /archives/2002/11/page/1/ HTTP/1.1" 200 32451 "http://www.foobar.com/archives/2002/11/page/2/" "noxtrumbot/1.0 (crawler@noxtrum.com)"
65.214.44.29 - - [13/Dec/2006:00:10:49 -0600] "GET /feed/rss2/ HTTP/1.1" 304 0 "-" "Bloglines/3.1 (http://www.bloglines.com; 3 subscribers)"
65.214.44.29 - - [13/Dec/2006:00:10:55 -0600] "GET /feed/ HTTP/1.1" 304 0 "-" "Bloglines/3.1 (http://www.bloglines.com; 8 subscribers)"
65.182.101.179 - - [13/Dec/2006:00:11:20 -0600] "GET /feed/rss2/ HTTP/1.1" 200 10763 "-" "rezzibo.com rss-atom aggregator"
38.102.128.140 - - [13/Dec/2006:00:11:34 -0600] "GET /feed/ HTTP/1.1" 304 0 "-" "Mozilla/5.0 (X11; U; Linux i686; en-US; rv:1.2.1; Rojo 1.0; http://www.rojo.com/corporate/help/agg/; Aggregating on behalf of 3 subscriber(s) online at http://www.rojo.com/?feed-id=2624410) Gecko/20021130"
194.224.199.54 - - [13/Dec/2006:00:11:35 -0600] "GET /archives/2002/11/01/aqu-faltan-un-par-de-links/ HTTP/1.1" 200 14733 "http://www.foobar.com/archives/2002/11/page/2/" "noxtrumbot/1.0 (crawler@noxtrum.com)"
65.214.44.160 - - [13/Dec/2006:00:11:37 -0600] "GET /archives/category/libro/ HTTP/1.0" 200 31602 "-" "Mozilla/2.0 (compatible; Ask Jeeves/Teoma; +http://about.ask.com/en/docs/about/webmasters.shtml)"
38.102.128.140 - - [13/Dec/2006:00:11:44 -0600] "GET /feed/atom/ HTTP/1.1" 304 0 "-" "Mozilla/5.0 (X11; U; Linux i686; en-US; rv:1.2.1; Rojo 1.0; http://www.rojo.com/corporate/help/agg/; Aggregating on behalf of 1 subscriber(s) online at http://www.rojo.com/?feed-id=2661919) Gecko/20021130"
203.160.1.146 - - [13/Dec/2006:00:11:53 -0600] "POST /wp-comments-post.php HTTP/1.1" 200 - "http://www.foobar.com/archives/2002/10/21/ms-saludos-desde-madrid/" "Opera/9.0 (Windows NT 5.1; U; en)"
213.226.165.163 - - [13/Dec/2006:00:12:27 -0600] "GET /uploads/Family_guy_logo.png HTTP/1.0" 404 - "http://profile.myspace.com/index.cfm?fuseaction=user.viewprofile&friendid=22152957" "Mozilla/4.0 (compatible; MSIE 6.0; Windows NT 5.1; SV1; .NET CLR 1.1.4322; InfoPath.1)"
194.224.199.54 - - [13/Dec/2006:00:12:38 -0600] "GET /archives/2002/11/30/harry-potter-muy-bien-pero-mejorable/feed/ HTTP/1.1" 200 12936 "http://www.foobar.com/archives/2002/11/30/harry-potter-muy-bien-pero-mejorable/" "noxtrumbot/1.0 (crawler@noxtrum.com)"
210.173.180.164 - - [13/Dec/2006:00:12:40 -0600] "GET /archives/2005/09/22/dias-10-19-bilbao-o-recordando-mis-anos-en-el-instituto/trackback/ HTTP/1.1" 302 5 "-" "ichiro/2.0 (http://help.goo.ne.jp/door/crawler.html)"
66.249.65.135 - - [13/Dec/2006:00:12:45 -0600] "GET /archives/2004/06/page/1/ HTTP/1.1" 200 32040 "-" "Mozilla/5.0 (compatible; Googlebot/2.1; +http://www.google.com/bot.html)"
64.136.26.227 - - [13/Dec/2006:00:12:50 -0600] "GET /uploads/Family_guy_logo.png HTTP/1.1" 404 - "http://profile.myspace.com/index.cfm?fuseaction=user.viewprofile&friendid=58574226&MyToken=7f050b66-6a6a-461e-a028-c962ab00625e" "Mozilla/4.0 (compatible; MSIE 6.0; Windows NT 5.1; .NET CLR 1.1.4322)"
194.224.199.54 - - [13/Dec/2006:00:13:36 -0600] "GET /archives/2002/11/26/mortadlie-y-otras-cosas/feed/ HTTP/1.1" 200 517 "http://www.foobar.com/archives/2002/11/26/mortadlie-y-otras-cosas/" "noxtrumbot/1.0 (crawler@noxtrum.com)"
203.40.178.43 - - [13/Dec/2006:00:14:27 -0600] "GET /uploads/Family_guy_logo.png HTTP/1.1" 404 - "http://images.google.com.au/imgres?imgurl=http://www.foobar.com/uploads/Family_guy_logo.png&imgrefurl=http://www.foobar.com/archives/2006/01/19/television-americana/&h=189&w=300&sz=28&tbnid=qlC6Gq_pQxf_tM:&tbnh=73&tbnw=116&hl=en&prev=/images%3Fq%3Dfamily%2Bguy%2B%26start%3D160%26ndsp%3D20%26svnum%3D10%26hl%3Den%26lr%3D%26safe%3Doff%26sa%3DN&frame=small" "Mozilla/5.0 (Windows; U; Windows NT 5.1; en-US; rv:1.8.0.8) Gecko/20061025 Firefox/1.5.0.8"
203.40.178.43 - - [13/Dec/2006:00:14:29 -0600] "GET /favicon.ico HTTP/1.1" 404 - "-" "Mozilla/5.0 (Windows; U; Windows NT 5.1; en-US; rv:1.8.0.8) Gecko/20061025 Firefox/1.5.0.8"
203.40.178.43 - - [13/Dec/2006:00:14:34 -0600] "GET /archives/2006/01/19/television-americana/ HTTP/1.1" 200 14185 "http://images.google.com.au/imgres?imgurl=http://www.foobar.com/uploads/Family_guy_logo.png&imgrefurl=http://www.foobar.com/archives/2006/01/19/television-americana/&h=189&w=300&sz=28&hl=en&start=178&tbnid=qlC6Gq_pQxf_tM:&tbnh=73&tbnw=116&prev=/images%3Fq%3Dfamily%2Bguy%2B%26start%3D160%26ndsp%3D20%26svnum%3D10%26hl%3Den%26lr%3D%26safe%3Doff%26sa%3DN" "Mozilla/5.0 (Windows; U; Windows NT 5.1; en-US; rv:1.8.0.8) Gecko/20061025 Firefox/1.5.0.8"
194.224.199.54 - - [13/Dec/2006:00:14:36 -0600] "GET /archives/2002/11/15/las-nuevas-fotos-de-josuka/feed/ HTTP/1.1" 200 1293 "http://www.foobar.com/archives/2002/11/15/las-nuevas-fotos-de-josuka/" "noxtrumbot/1.0 (crawler@noxtrum.com)"
72.225.234.251 - - [13/Dec/2006:00:15:13 -0600] "GET /uploads/Family_guy_logo.png HTTP/1.1" 404 - "http://profile.myspace.com/index.cfm?fuseaction=user.viewprofile&friendid=107863141" "Mozilla/4.0 (compatible; MSIE 6.0; Windows NT 5.1; SV1; .NET CLR 1.1.4322)"
195.27.215.89 - - [13/Dec/2006:00:15:35 -0600] "GET /archives/2004/09/24/ganando-bricopuntos/ HTTP/1.0" 200 23659 "-" "Seekbot/1.0 (http://www.seekbot.net/bot.html) HTTPFetcher/0.3"
194.224.199.54 - - [13/Dec/2006:00:15:35 -0600] "GET /uploads/pic.pdf HTTP/1.1" 304 - "http://www.foobar.com/archives/2002/11/11/oda-al-microbot/" "noxtrumbot/1.0 (crawler@noxtrum.com)"
74.6.86.26 - - [13/Dec/2006:00:15:51 -0600] "GET /archives/2006/10/12/maximo-guru-espanol-de-las-tecnologias-grid/trackback/ HTTP/1.0" 302 0 "-" "Mozilla/5.0 (compatible; Yahoo! Slurp; http://help.yahoo.com/help/us/ysearch/slurp)"
74.6.86.26 - - [13/Dec/2006:00:16:01 -0600] "GET /archives/2006/10/12/maximo-guru-espanol-de-las-tecnologias-grid/ HTTP/1.0" 200 20311 "-" "Mozilla/5.0 (compatible; Yahoo! Slurp; http://help.yahoo.com/help/us/ysearch/slurp)"
68.42.50.173 - - [13/Dec/2006:00:16:07 -0600] "GET /archives/2006/03/06/acostumbrandome-al-cafe-solo/feed/ HTTP/1.1" 200 12293 "http://www.google.es/search?hl=es&q=starbucks+bilbao&meta=" "Mozilla/4.0 (compatible; MSIE 6.0; Windows NT 5.1; SV1; Hotbar 4.6.1)"
74.6.86.105 - - [13/Dec/2006:00:16:26 -0600] "GET /archives/category/borjanet/page/2/ HTTP/1.0" 200 32407 "-" "Mozilla/5.0 (compatible; Yahoo! Slurp; http://help.yahoo.com/help/us/ysearch/slurp)"
194.224.199.54 - - [13/Dec/2006:00:16:36 -0600] "GET /archives/2002/11/11/oda-al-microbot/feed/ HTTP/1.1" 200 2897 "http://www.foobar.com/archives/2002/11/11/oda-al-microbot/" "noxtrumbot/1.0 (crawler@noxtrum.com)"
83.246.70.148 - - [13/Dec/2006:00:16:53 -0600] "GET /feed/ HTTP/1.1" 200 10775 "-" "rss-bot/1.0 (http://www.plazoo.com)"
24.237.105.59 - - [13/Dec/2006:00:17:15 -0600] "GET /uploads/Birdman.jpg HTTP/1.1" 200 23838 "http://profile.myspace.com/index.cfm?fuseaction=user.viewprofile&friendid=12624071" "Mozilla/4.0 (compatible; MSIE 6.0; Windows NT 5.1)"
194.224.199.54 - - [13/Dec/2006:00:17:36 -0600] "GET /archives/2002/11/04/happy-birthday-to-me/feed/ HTTP/1.1" 200 4910 "http://www.foobar.com/archives/2002/11/04/happy-birthday-to-me/" "noxtrumbot/1.0 (crawler@noxtrum.com)"
65.214.44.160 - - [13/Dec/2006:00:17:54 -0600] "GET /archives/2003/11/01/ HTTP/1.0" 200 24975 "-" "Mozilla/2.0 (compatible; Ask Jeeves/Teoma; +http://about.ask.com/en/docs/about/webmasters.shtml)"
194.224.199.54 - - [13/Dec/2006:00:18:37 -0600] "GET /archives/2002/10/page/1/ HTTP/1.1" 200 32064 "http://www.foobar.com/archives/2002/10/page/2/" "noxtrumbot/1.0 (crawler@noxtrum.com)"
72.232.205.122 - - [13/Dec/2006:00:19:12 -0600] "GET /archives/2002/10/21/ms-saludos-desde-madrid/ HTTP/1.1" 200 19830 "-" "-"
58.22.131.10 - - [13/Dec/2006:00:19:19 -0600] "GET /archives/2005/04/12/chicago-ciudad-sin-ley HTTP/1.1" 200 17794 "-" "Mozilla/4.0 (compatible; MSIE 5.0; Windows NT)"
58.22.131.10 - - [13/Dec/2006:00:19:20 -0600] "GET / HTTP/1.1" 200 41046 "-" "Mozilla/4.0 (compatible; MSIE 5.0; Windows NT)"
75.34.9.255 - - [13/Dec/2006:00:19:30 -0600] "GET /feed/atom/ HTTP/1.1" 304 0 "-" "NetNewsWire/2.1.1 (Mac OS X; Lite; http://ranchero.com/netnewswire/)"
194.224.199.54 - - [13/Dec/2006:00:19:41 -0600] "GET /archives/2002/10/28/nuevos-artculos-de-cine/feed/ HTTP/1.1" 200 1297 "http://www.foobar.com/archives/2002/10/28/nuevos-artculos-de-cine/" "noxtrumbot/1.0 (crawler@noxtrum.com)"
82.76.51.109 - - [13/Dec/2006:00:20:08 -0600] "POST /wp-comments-post.php HTTP/1.0" 200 72 "http://www.foobar.com/archives/2002/10/21/ms-saludos-desde-madrid/" "Opera/9.0 (Windows NT 5.1; U; en)"
195.27.215.89 - - [13/Dec/2006:00:20:08 -0600] "GET /archives/2004/09/27/ HTTP/1.0" 200 24909 "-" "Seekbot/1.0 (http://www.seekbot.net/bot.html) HTTPFetcher/0.3"
194.224.199.54 - - [13/Dec/2006:00:20:38 -0600] "GET /archives/2002/10/17/800-balas/feed/ HTTP/1.1" 200 5724 "http://www.foobar.com/archives/2002/10/17/800-balas/" "noxtrumbot/1.0 (crawler@noxtrum.com)"
194.224.199.54 - - [13/Dec/2006:00:21:38 -0600] "GET /archives/2002/10/14/saludos-desde-madrid/feed/ HTTP/1.1" 200 509 "http://www.foobar.com/archives/2002/10/14/saludos-desde-madrid/" "noxtrumbot/1.0 (crawler@noxtrum.com)"
74.6.86.173 - - [13/Dec/2006:00:22:12 -0600] "GET /archives/2005/11/16/y-ahora-%c2%a1piromanos/ HTTP/1.0" 200 24009 "-" "Mozilla/5.0 (compatible; Yahoo! Slurp; http://help.yahoo.com/help/us/ysearch/slurp)"
83.58.251.144 - - [13/Dec/2006:00:22:24 -0600] "GET /favicon.ico HTTP/1.1" 404 - "-" "NewzCrawler/1.7 (compatible; MSIE 6.00; Newz Crawler 1.7; http://www.newzcrawler.com/ )"
83.58.251.144 - - [13/Dec/2006:00:22:26 -0600] "GET /weblog/rdf HTTP/1.1" 304 0 "-" "NewzCrawler/1.7 (compatible; MSIE 6.00; Newz Crawler 1.7; http://www.newzcrawler.com/ )"
83.58.251.144 - - [13/Dec/2006:00:22:27 -0600] "GET /archives/2006/05/12/nostalgia-2/feed/ HTTP/1.1" 304 0 "-" "NewzCrawler/1.7 (compatible; MSIE 6.00; Newz Crawler 1.7; http://www.newzcrawler.com/ )"
83.58.251.144 - - [13/Dec/2006:00:22:29 -0600] "GET /archives/2006/11/14/advanced-wookie-laboratories/feed/ HTTP/1.1" 304 0 "-" "NewzCrawler/1.7 (compatible; MSIE 6.00; Newz Crawler 1.7; http://www.newzcrawler.com/ )"
83.58.251.144 - - [13/Dec/2006:00:22:30 -0600] "GET /archives/2006/11/18/acento-inclasificable/feed/ HTTP/1.1" 304 0 "-" "NewzCrawler/1.7 (compatible; MSIE 6.00; Newz Crawler 1.7; http://www.newzcrawler.com/ )"
83.58.251.144 - - [13/Dec/2006:00:22:32 -0600] "GET /archives/2006/11/26/%c2%bfpor-que-escribes-un-blog/feed/ HTTP/1.1" 304 0 "-" "NewzCrawler/1.7 (compatible; MSIE 6.00; Newz Crawler 1.7; http://www.newzcrawler.com/ )"
83.58.251.144 - - [13/Dec/2006:00:22:34 -0600] "GET /archives/2006/11/26/%c2%bfpor-que-lees-mi-blog/feed/ HTTP/1.1" 304 0 "-" "NewzCrawler/1.7 (compatible; MSIE 6.00; Newz Crawler 1.7; http://www.newzcrawler.com/ )"
83.58.251.144 - - [13/Dec/2006:00:22:36 -0600] "GET /archives/2006/11/28/gigantes-en-la-era-del-silicio/feed/ HTTP/1.1" 304 0 "-" "NewzCrawler/1.7 (compatible; MSIE 6.00; Newz Crawler 1.7; http://www.newzcrawler.com/ )"
83.58.251.144 - - [13/Dec/2006:00:22:37 -0600] "GET /archives/2006/12/01/nieve-ahora-si/feed/ HTTP/1.1" 304 0 "-" "NewzCrawler/1.7 (compatible; MSIE 6.00; Newz Crawler 1.7; http://www.newzcrawler.com/ )"
194.224.199.54 - - [13/Dec/2006:00:22:40 -0600] "GET /archives/2002/10/08/pues-no-no-me-gustan/feed/ HTTP/1.1" 200 9305 "http://www.foobar.com/archives/2002/10/08/pues-no-no-me-gustan/" "noxtrumbot/1.0 (crawler@noxtrum.com)"
83.58.251.144 - - [13/Dec/2006:00:22:41 -0600] "GET /archives/2006/12/11/pronunciacion/feed/ HTTP/1.1" 304 0 "-" "NewzCrawler/1.7 (compatible; MSIE 6.00; Newz Crawler 1.7; http://www.newzcrawler.com/ )"
75.34.9.255 - - [13/Dec/2006:00:22:41 -0600] "GET /feed/atom/ HTTP/1.1" 304 0 "-" "NetNewsWire/2.1.1 (Mac OS X; Lite; http://ranchero.com/netnewswire/)"
198.37.25.204 - - [13/Dec/2006:00:22:50 -0600] "GET /feed/ HTTP/1.1" 304 0 "-" "Mozilla/5.0 (Macintosh; U; PPC Mac OS X; en-us) AppleWebKit/412 (KHTML, like Gecko) Safari/412"
194.224.199.54 - - [13/Dec/2006:00:23:40 -0600] "GET /archives/2002/09/26/mil-millones-de-mil-rayos-y-centellas/feed/ HTTP/1.1" 200 546 "http://www.foobar.com/archives/2002/09/26/mil-millones-de-mil-rayos-y-centellas/" "noxtrumbot/1.0 (crawler@noxtrum.com)"
198.110.108.153 - - [13/Dec/2006:00:23:46 -0600] "GET /uploads/Family_guy_logo.png HTTP/1.1" 404 - "http://profile.myspace.com/index.cfm?fuseaction=user.viewprofile&friendid=13364296" "Mozilla/4.0 (compatible; MSIE 6.0; Windows NT 5.1; SV1; .NET CLR 1.1.4322; .NET CLR 2.0.50727)"
72.14.199.5 - - [13/Dec/2006:00:24:02 -0600] "GET /feed/ HTTP/1.1" 304 0 "-" "Feedfetcher-Google; (+http://www.google.com/feedfetcher.html)"
65.214.44.160 - - [13/Dec/2006:00:24:08 -0600] "GET /archives/2003/11/19/ HTTP/1.0" 200 24881 "-" "Mozilla/2.0 (compatible; Ask Jeeves/Teoma; +http://about.ask.com/en/docs/about/webmasters.shtml)"
125.248.244.131 - - [13/Dec/2006:00:24:52 -0600] "POST /wp-comments-post.php HTTP/1.0" 200 - "http://www.foobar.com/archives/2002/10/21/ms-saludos-desde-madrid/" "Opera/9.0 (Windows NT 5.1; U; en)"
194.224.199.54 - - [13/Dec/2006:00:24:57 -0600] "GET /archives/2002/09/21/enlace-en-squishdot/feed/ HTTP/1.1" 200 507 "http://www.foobar.com/archives/2002/09/21/enlace-en-squishdot/" "noxtrumbot/1.0 (crawler@noxtrum.com)"
204.9.177.18 - - [13/Dec/2006:00:25:02 -0600] "GET /feed/atom/ HTTP/1.1" 304 0 "-" "LiveJournal.com (webmaster@livejournal.com; for http://www.livejournal.com/users/borjanet/; 1 readers)"
195.27.215.89 - - [13/Dec/2006:00:25:03 -0600] "GET /archives/2004/09/page/3/ HTTP/1.0" 200 32771 "-" "Seekbot/1.0 (http://www.seekbot.net/bot.html) HTTPFetcher/0.3"
71.108.187.82 - - [13/Dec/2006:00:25:05 -0600] "GET /uploads/Family_guy_logo.png HTTP/1.1" 404 - "http://profile.myspace.com/index.cfm?fuseaction=user.viewprofile&friendid=22067585&MyToken=42a376d6-e5e1-4ae5-ba71-92df4d088e75" "Mozilla/4.0 (compatible; MSIE 6.0; Windows NT 5.1; SV1)"
81.38.8.216 - - [13/Dec/2006:00:25:29 -0600] "GET /feed/ HTTP/1.1" 304 0 "-" "Akregator/1.2.5; librss/remnants"
194.224.199.54 - - [13/Dec/2006:00:25:53 -0600] "GET /libros/informatica/ HTTP/1.1" 404 - "http://www.foobar.com/archives/2002/09/18/el-legado-de-dijkstra/" "noxtrumbot/1.0 (crawler@noxtrum.com)"
194.224.199.54 - - [13/Dec/2006:00:26:56 -0600] "GET /archives/2002/09/18/el-legado-de-dijkstra/feed/ HTTP/1.1" 200 5066 "http://www.foobar.com/archives/2002/09/18/el-legado-de-dijkstra/" "noxtrumbot/1.0 (crawler@noxtrum.com)"
82.165.250.50 - - [13/Dec/2006:00:26:58 -0600] "GET /feed/atom/ HTTP/1.0" 200 9604 "-" "FeedBlitz/1.0 (1 subscribers)"
82.165.250.50 - - [13/Dec/2006:00:26:59 -0600] "GET /feed/ HTTP/1.0" 200 10737 "-" "FeedBlitz/1.0 (1 subscribers)"
71.108.187.82 - - [13/Dec/2006:00:27:01 -0600] "GET /uploads/Family_guy_logo.png HTTP/1.1" 404 - "http://profile.myspace.com/index.cfm?fuseaction=user.viewprofile&friendid=22067585" "Mozilla/4.0 (compatible; MSIE 6.0; Windows NT 5.1; SV1)"
81.203.229.111 - - [13/Dec/2006:00:27:13 -0600] "GET /feed/ HTTP/1.1" 200 10763 "-" "Shrook/98t"
83.35.134.42 - - [13/Dec/2006:00:27:30 -0600] "GET /feed/ HTTP/1.1" 304 0 "-" "Mozilla/5.0 (Windows; U; Windows NT 5.1; ca; rv:1.8.0.8) Gecko/20061025 Firefox/1.5.0.8"
74.6.69.219 - - [13/Dec/2006:00:27:51 -0600] "GET /archives/2006/06/23/cursillos-de-julio-de-eside-y-2/ HTTP/1.0" 200 27348 "-" "Mozilla/5.0 (compatible; Yahoo! Slurp; http://help.yahoo.com/help/us/ysearch/slurp)"
194.224.199.54 - - [13/Dec/2006:00:27:55 -0600] "GET /archives/2002/09/11/tener-un-weblog-mola/feed/ HTTP/1.1" 200 1070 "http://www.foobar.com/archives/2002/09/11/tener-un-weblog-mola/" "noxtrumbot/1.0 (crawler@noxtrum.com)"
194.224.199.54 - - [13/Dec/2006:00:28:56 -0600] "GET /archives/2002/09/08/nuevo-borjanet/feed/ HTTP/1.1" 200 7671 "http://www.foobar.com/archives/2002/09/08/nuevo-borjanet/" "noxtrumbot/1.0 (crawler@noxtrum.com)"
200.88.46.58 - - [13/Dec/2006:00:29:06 -0600] "GET /archives/2006/04/19/meme-aleatorio-musical-y-2/ HTTP/1.1" 200 17036 "http://www.foobar.com/archives/2006/04/19/meme-aleatorio-musical-y-2/" "User-Agent: Mozilla/4.0 (compatible; MSIE 6.0; Windows NT 5.1)"
72.14.199.5 - - [13/Dec/2006:00:29:11 -0600] "GET /weblog/rdf HTTP/1.1" 304 0 "-" "Feedfetcher-Google; (+http://www.google.com/feedfetcher.html)"
131.202.212.90 - - [13/Dec/2006:00:29:22 -0600] "GET /feed/ HTTP/1.1" 304 0 "-" "NetNewsWire/2.1.1 (Mac OS X; http://ranchero.com/netnewswire/)"
195.27.215.89 - - [13/Dec/2006:00:29:43 -0600] "GET /archives/2004/10/ HTTP/1.0" 200 31950 "-" "Seekbot/1.0 (http://www.seekbot.net/bot.html) HTTPFetcher/0.3"
194.224.199.54 - - [13/Dec/2006:00:29:57 -0600] "GET /archives/2006/01/10/esto-va-a-molar/feed/ HTTP/1.1" 200 3652 "http://www.foobar.com/archives/2006/01/10/esto-va-a-molar/" "noxtrumbot/1.0 (crawler@noxtrum.com)"
65.214.44.29 - - [13/Dec/2006:00:30:18 -0600] "GET /weblog/rdf HTTP/1.1" 304 0 "-" "Bloglines/3.1 (http://www.bloglines.com; 27 subscribers)"
65.214.44.160 - - [13/Dec/2006:00:30:25 -0600] "GET /archives/2003/09/30/ HTTP/1.0" 200 25083 "-" "Mozilla/2.0 (compatible; Ask Jeeves/Teoma; +http://about.ask.com/en/docs/about/webmasters.shtml)"
194.224.199.54 - - [13/Dec/2006:00:30:57 -0600] "GET /archives/2006/01/10/esto-va-a-molar/trackback/ HTTP/1.1" 302 5 "http://www.foobar.com/archives/2006/01/10/esto-va-a-molar/" "noxtrumbot/1.0 (crawler@noxtrum.com)"
65.214.44.29 - - [13/Dec/2006:00:31:15 -0600] "GET /feed/atom/ HTTP/1.1" 304 0 "-" "Bloglines/3.1 (http://www.bloglines.com; 6 subscribers)"
194.224.199.54 - - [13/Dec/2006:00:31:57 -0600] "GET /page/1/ HTTP/1.1" 200 41179 "http://www.foobar.com/page/2/" "noxtrumbot/1.0 (crawler@noxtrum.com)"
85.84.36.36 - - [13/Dec/2006:00:32:13 -0600] "GET /feed/ HTTP/1.0" 304 0 "-" "Liferea/1.0.23 (Linux; es_ES.UTF-8; http://liferea.sf.net/)"
69.108.136.243 - - [13/Dec/2006:00:32:47 -0600] "GET /uploads/Family_guy_logo.png HTTP/1.1" 404 - "http://profile.myspace.com/index.cfm?fuseaction=user.viewprofile&friendid=22067585&MyToken=b9493218-1c4b-4d28-8545-9d615798589c" "Mozilla/4.0 (compatible; MSIE 7.0; Windows NT 5.1; .NET CLR 1.0.3705; .NET CLR 1.1.4322; Media Center PC 3.1)"
194.224.199.54 - - [13/Dec/2006:00:32:57 -0600] "GET /page/3/ HTTP/1.1" 200 45295 "http://www.foobar.com/page/2/" "noxtrumbot/1.0 (crawler@noxtrum.com)"
84.110.253.212 - - [13/Dec/2006:00:33:26 -0600] "GET /uploads/whoseline.jpg HTTP/1.1" 200 13096 "http://nowloaded.org/forum/index.php?showtopic=22951" "Mozilla/4.0 (compatible; MSIE 7.0; Windows NT 5.1; .NET CLR 1.1.4322; .NET CLR 2.0.50727; MEGAUPLOAD 1.0)"
66.249.65.135 - - [13/Dec/2006:00:33:57 -0600] "GET /archives/2005/06/page/1/ HTTP/1.1" 200 32248 "-" "Mozilla/5.0 (compatible; Googlebot/2.1; +http://www.google.com/bot.html)"
194.224.199.54 - - [13/Dec/2006:00:34:05 -0600] "GET /weblog/1072920905/index_html HTTP/1.1" 404 - "http://www.foobar.com/archives/2004/01/06/amicus-verus-rara-avis-non-volatilis/" "noxtrumbot/1.0 (crawler@noxtrum.com)"
24.238.149.107 - - [13/Dec/2006:00:34:18 -0600] "GET /uploads/Family_guy_logo.png HTTP/1.1" 404 - "http://profile.myspace.com/index.cfm?fuseaction=user.viewprofile&friendID=49946231" "Mozilla/4.0 (compatible; MSIE 6.0; Windows NT 5.1; SV1; ZangoToolbar 4.8.2)"
195.27.215.89 - - [13/Dec/2006:00:34:38 -0600] "GET /archives/2004/10/05/lista-de-cumpleaos-ah-y-ya-han-llegado-todas-mis-cosas-de-espaa/ HTTP/1.0" 200 16784 "-" "Seekbot/1.0 (http://www.seekbot.net/bot.html) HTTPFetcher/0.3"
194.224.199.54 - - [13/Dec/2006:00:35:04 -0600] "GET /archives/2004/01/06/amicus-verus-rara-avis-non-volatilis/feed/ HTTP/1.1" 200 1989 "http://www.foobar.com/archives/2004/01/06/amicus-verus-rara-avis-non-volatilis/" "noxtrumbot/1.0 (crawler@noxtrum.com)"
64.78.155.100 - - [13/Dec/2006:00:35:43 -0600] "GET /feed/rss2/ HTTP/1.1" 304 0 "-" "NewsGatorOnline/2.0 (http://www.newsgator.com; 1 subscribers)"
210.173.180.164 - - [13/Dec/2006:00:35:57 -0600] "GET /archives/2005/09/15/fotos-del-viaje/feed/ HTTP/1.1" 200 5888 "-" "ichiro/2.0 (http://help.goo.ne.jp/door/crawler.html)"
194.224.199.54 - - [13/Dec/2006:00:36:05 -0600] "GET /archives/category/life-in-chicago/page/1/ HTTP/1.1" 200 32017 "http://www.foobar.com/archives/category/life-in-chicago/page/2/" "noxtrumbot/1.0 (crawler@noxtrum.com)"
200.64.95.194 - - [13/Dec/2006:00:36:36 -0600] "GET /wp-content/themes/default_es/style.css HTTP/1.1" 200 9885 "http://www.foobar.com/archives/2006/01/19/television-americana/" "Mozilla/4.0 (compatible; MSIE 6.0; Windows NT 5.1; SV1; .NET CLR 1.1.4322)"
200.64.95.194 - - [13/Dec/2006:00:36:37 -0600] "GET /archives/2006/01/19/television-americana/ HTTP/1.1" 200 22541 "http://images.google.com.mx/imgres?imgurl=http://www.foobar.com/uploads/Family_guy_logo.png&imgrefurl=http://www.foobar.com/archives/2006/01/19/television-americana/&h=189&w=300&sz=28&tbnid=qlC6Gq_pQxf_tM:&tbnh=73&tbnw=116&hl=es&start=15&prev=/images%3Fq%3Dpadre%2Bde%2Bfamilia%26nojs%3D1%26svnum%3D10%26hl%3Des%26lr%3D" "Mozilla/4.0 (compatible; MSIE 6.0; Windows NT 5.1; SV1; .NET CLR 1.1.4322)"
200.64.95.194 - - [13/Dec/2006:00:36:38 -0600] "GET /wp-content/themes/default_es/images/borjanet.png HTTP/1.1" 200 16169 "http://www.foobar.com/archives/2006/01/19/television-americana/" "Mozilla/4.0 (compatible; MSIE 6.0; Windows NT 5.1; SV1; .NET CLR 1.1.4322)"
200.64.95.194 - - [13/Dec/2006:00:36:38 -0600] "GET /uploads/Dailyshow_logo.jpg HTTP/1.1" 200 13964 "http://www.foobar.com/archives/2006/01/19/television-americana/" "Mozilla/4.0 (compatible; MSIE 6.0; Windows NT 5.1; SV1; .NET CLR 1.1.4322)"
200.64.95.194 - - [13/Dec/2006:00:36:43 -0600] "GET /uploads/fglogo.png HTTP/1.1" 200 21488 "http://www.foobar.com/archives/2006/01/19/television-americana/" "Mozilla/4.0 (compatible; MSIE 6.0; Windows NT 5.1; SV1; .NET CLR 1.1.4322)"
65.214.44.160 - - [13/Dec/2006:00:36:45 -0600] "GET /archives/2005/03/03/ HTTP/1.0" 200 25130 "-" "Mozilla/2.0 (compatible; Ask Jeeves/Teoma; +http://about.ask.com/en/docs/about/webmasters.shtml)"
194.224.199.54 - - [13/Dec/2006:00:37:05 -0600] "GET /archives/category/life-in-chicago/page/3/ HTTP/1.1" 200 32467 "http://www.foobar.com/archives/category/life-in-chicago/page/2/" "noxtrumbot/1.0 (crawler@noxtrum.com)"
74.6.69.19 - - [13/Dec/2006:00:37:16 -0600] "GET /archives/2006/10/11/almendras/ HTTP/1.0" 200 18813 "-" "Mozilla/5.0 (compatible; Yahoo! Slurp; http://help.yahoo.com/help/us/ysearch/slurp)"
194.224.199.54 - - [13/Dec/2006:00:38:06 -0600] "GET /archives/2005/08/12/hay-que-mantenerlos-ocupados/feed/ HTTP/1.1" 200 532 "http://www.foobar.com/archives/2005/08/12/hay-que-mantenerlos-ocupados/" "noxtrumbot/1.0 (crawler@noxtrum.com)"
213.60.65.119 - - [13/Dec/2006:00:38:07 -0600] "GET / HTTP/1.1" 200 41046 "-" "Mozilla/5.0 (Windows; U; Windows NT 5.1; es-ES; rv:1.8.1) Gecko/20061010 Firefox/2.0"
213.60.65.119 - - [13/Dec/2006:00:38:08 -0600] "GET /uploads/pronunciacion.png HTTP/1.1" 304 - "http://www.foobar.com/" "Mozilla/5.0 (Windows; U; Windows NT 5.1; es-ES; rv:1.8.1) Gecko/20061010 Firefox/2.0"
210.173.180.164 - - [13/Dec/2006:00:38:30 -0600] "GET /archives/2005/09/15/fotos-del-viaje/trackback/ HTTP/1.1" 302 5 "-" "ichiro/2.0 (http://help.goo.ne.jp/door/crawler.html)"
194.224.199.54 - - [13/Dec/2006:00:39:04 -0600] "GET /archives/2005/08/12/hay-que-mantenerlos-ocupados/trackback/ HTTP/1.1" 302 5 "http://www.foobar.com/archives/2005/08/12/hay-que-mantenerlos-ocupados/" "noxtrumbot/1.0 (crawler@noxtrum.com)"
195.27.215.89 - - [13/Dec/2006:00:39:13 -0600] "GET /archives/2004/10/10/ HTTP/1.0" 200 25025 "-" "Seekbot/1.0 (http://www.seekbot.net/bot.html) HTTPFetcher/0.3"
74.6.85.170 - - [13/Dec/2006:00:39:29 -0600] "GET /robots.txt HTTP/1.0" 404 - "-" "Mozilla/5.0 (compatible; Yahoo! Slurp; http://help.yahoo.com/help/us/ysearch/slurp)"
74.6.86.156 - - [13/Dec/2006:00:39:31 -0600] "GET /archives/2003/01/12/el-especial-navideo-de-la-guerra-de-las-galaxias/ HTTP/1.0" 200 24323 "-" "Mozilla/5.0 (compatible; Yahoo! Slurp; http://help.yahoo.com/help/us/ysearch/slurp)"
85.152.56.155 - - [13/Dec/2006:00:39:41 -0600] "GET /archives/2004/12/25/nochebuena-en-chicago/feed/ HTTP/1.1" 200 8431 "http://www.google.es/search?hl=es&q=las+mejores+baladas+de+nirvana&btnG=B%C3%BAsqueda+en+Google&meta=" "Mozilla/4.0 (compatible; MSIE 6.0; Windows NT 5.1; SV1)"
85.152.56.155 - - [13/Dec/2006:00:40:05 -0600] "GET /wp-content/themes/default_es/style.css HTTP/1.1" 200 9885 "http://www.foobar.com/archives/2004/12/25/nochebuena-en-chicago/" "Mozilla/4.0 (compatible; MSIE 6.0; Windows NT 5.1; SV1)"
85.152.56.155 - - [13/Dec/2006:00:40:05 -0600] "GET /archives/2004/12/25/nochebuena-en-chicago/ HTTP/1.1" 200 22592 "http://www.google.es/search?hl=es&q=las+mejores+baladas+de+nirvana&btnG=B%C3%BAsqueda+en+Google&meta=" "Mozilla/4.0 (compatible; MSIE 6.0; Windows NT 5.1; SV1)"
85.152.56.155 - - [13/Dec/2006:00:40:06 -0600] "GET /wp-content/themes/default_es/images/kubrickbgcolor.jpg HTTP/1.1" 200 558 "http://www.foobar.com/archives/2004/12/25/nochebuena-en-chicago/" "Mozilla/4.0 (compatible; MSIE 6.0; Windows NT 5.1; SV1)"
85.152.56.155 - - [13/Dec/2006:00:40:07 -0600] "GET /wp-content/themes/default_es/images/borjanet.png HTTP/1.1" 200 16169 "http://www.foobar.com/archives/2004/12/25/nochebuena-en-chicago/" "Mozilla/4.0 (compatible; MSIE 6.0; Windows NT 5.1; SV1)"
85.152.56.155 - - [13/Dec/2006:00:40:07 -0600] "GET /wp-content/themes/default_es/images/kubrickbgwide.jpg HTTP/1.1" 200 1020 "http://www.foobar.com/archives/2004/12/25/nochebuena-en-chicago/" "Mozilla/4.0 (compatible; MSIE 6.0; Windows NT 5.1; SV1)"
85.152.56.155 - - [13/Dec/2006:00:40:07 -0600] "GET /wp-content/themes/default_es/images/kubrickheader.png HTTP/1.1" 200 3850 "http://www.foobar.com/archives/2004/12/25/nochebuena-en-chicago/" "Mozilla/4.0 (compatible; MSIE 6.0; Windows NT 5.1; SV1)"
85.152.56.155 - - [13/Dec/2006:00:40:07 -0600] "GET /wp-content/themes/default_es/images/kubrickfooter.jpg HTTP/1.1" 200 2601 "http://www.foobar.com/archives/2004/12/25/nochebuena-en-chicago/" "Mozilla/4.0 (compatible; MSIE 6.0; Windows NT 5.1; SV1)"
194.224.199.54 - - [13/Dec/2006:00:40:13 -0600] "GET /archives/2004/02/06/pasarse-al-otro-bando/feed/ HTTP/1.1" 200 43708 "http://www.foobar.com/archives/2004/02/06/pasarse-al-otro-bando/" "noxtrumbot/1.0 (crawler@noxtrum.com)"
84.19.188.68 - - [13/Dec/2006:00:40:15 -0600] "POST /wp-comments-post.php HTTP/1.1" 404 - "http://www.foobar.com/wp-comments-post.php" "Mozilla/4.0 (compatible; MSIE 5.01; Windows NT 5.0)"
84.19.188.68 - - [13/Dec/2006:00:40:15 -0600] "POST /wp-comments-post.php HTTP/1.1" 404 - "http://www.foobar.com/wp-comments-post.php" "Mozilla/4.0 (compatible; MSIE 5.01; Windows NT 5.0)"
65.214.44.29 - - [13/Dec/2006:00:40:32 -0600] "GET /feed/rss2/ HTTP/1.1" 304 0 "-" "Bloglines/3.1 (http://www.bloglines.com; 3 subscribers)"
209.11.51.35 - - [13/Dec/2006:00:40:33 -0600] "GET /robots.txt HTTP/1.0" 404 - "-" "kinjabot (http://www.kinja.com)"
209.11.51.35 - - [13/Dec/2006:00:40:34 -0600] "GET /feed/atom/ HTTP/1.0" 304 0 "-" "kinjabot (http://www.kinja.com; 2 Readers)"
65.214.44.29 - - [13/Dec/2006:00:40:40 -0600] "GET /feed/atom/ HTTP/1.1" 304 0 "-" "Bloglines/3.1 (http://www.bloglines.com; 4 subscribers)"
65.214.44.29 - - [13/Dec/2006:00:40:40 -0600] "GET /feed/ HTTP/1.1" 304 0 "-" "Bloglines/3.1 (http://www.bloglines.com; 8 subscribers)"
210.173.180.164 - - [13/Dec/2006:00:40:44 -0600] "GET /archives/2005/09/14/no-mas-posts-diarios-hasta-el-23/feed/ HTTP/1.1" 200 534 "-" "ichiro/2.0 (http://help.goo.ne.jp/door/crawler.html)"
66.249.65.135 - - [13/Dec/2006:00:41:00 -0600] "GET /archives/category/viajes/2004-chicago/page/1/ HTTP/1.1" 200 32260 "-" "Mozilla/5.0 (compatible; Googlebot/2.1; +http://www.google.com/bot.html)"
38.102.128.140 - - [13/Dec/2006:00:41:01 -0600] "GET /feed/atom HTTP/1.1" 304 0 "-" "Mozilla/5.0 (X11; U; Linux i686; en-US; rv:1.2.1; Rojo 1.0; http://www.rojo.com/corporate/help/agg/; Aggregating on behalf of 3 subscriber(s) online at http://www.rojo.com/?feed-id=331714) Gecko/20021130"
194.224.199.54 - - [13/Dec/2006:00:41:07 -0600] "GET /weblog/1064953295/index_html HTTP/1.1" 404 - "http://www.foobar.com/archives/2004/02/06/pasarse-al-otro-bando/" "noxtrumbot/1.0 (crawler@noxtrum.com)"
81.38.8.216 - - [13/Dec/2006:00:41:31 -0600] "GET /feed/ HTTP/1.1" 304 0 "-" "Akregator/1.2.5; librss/remnants"
72.14.199.5 - - [13/Dec/2006:00:42:09 -0600] "GET /feed/rss2/ HTTP/1.1" 304 0 "-" "Feedfetcher-Google; (+http://www.google.com/feedfetcher.html)"
194.224.199.54 - - [13/Dec/2006:00:42:10 -0600] "GET /archives/category/viajes/2003-australia/page/1/ HTTP/1.1" 200 32043 "http://www.foobar.com/archives/category/viajes/2003-australia/page/2/" "noxtrumbot/1.0 (crawler@noxtrum.com)"
65.214.44.160 - - [13/Dec/2006:00:43:00 -0600] "GET /archives/2004/09/18/ HTTP/1.0" 200 26507 "-" "Mozilla/2.0 (compatible; Ask Jeeves/Teoma; +http://about.ask.com/en/docs/about/webmasters.shtml)"
194.224.199.54 - - [13/Dec/2006:00:43:09 -0600] "GET /archives/category/viajes/2003-australia/page/3/ HTTP/1.1" 200 32510 "http://www.foobar.com/archives/category/viajes/2003-australia/page/2/" "noxtrumbot/1.0 (crawler@noxtrum.com)"
194.224.199.54 - - [13/Dec/2006:00:44:08 -0600] "GET /archives/2003/09/04/impresiones-finales/feed/ HTTP/1.1" 200 2570 "http://www.foobar.com/archives/2003/09/04/impresiones-finales/" "noxtrumbot/1.0 (crawler@noxtrum.com)"
195.27.215.89 - - [13/Dec/2006:00:44:29 -0600] "GET /archives/2004/10/19/ HTTP/1.0" 200 24973 "-" "Seekbot/1.0 (http://www.seekbot.net/bot.html) HTTPFetcher/0.3"
210.173.180.164 - - [13/Dec/2006:00:44:42 -0600] "GET /archives/2005/09/14/no-mas-posts-diarios-hasta-el-23/trackback/ HTTP/1.1" 302 5 "-" "ichiro/2.0 (http://help.goo.ne.jp/door/crawler.html)"
194.224.199.54 - - [13/Dec/2006:00:45:11 -0600] "GET /archives/category/viajes/2003-cern/page/1/ HTTP/1.1" 200 31989 "http://www.foobar.com/archives/category/viajes/2003-cern/page/2/" "noxtrumbot/1.0 (crawler@noxtrum.com)"
85.60.130.196 - - [13/Dec/2006:00:45:26 -0600] "GET /archives/2003/08/07/cmo-visitar-londres-en-menos-de-12-horas/ HTTP/1.1" 200 16215 "http://www.google.es/search?hl=es&q=blogs+de+londres&meta=" "Mozilla/4.0 (compatible; MSIE 6.0; Windows 98; .NET CLR 1.1.4322)"
85.60.130.196 - - [13/Dec/2006:00:45:27 -0600] "GET /wp-content/themes/default_es/style.css HTTP/1.1" 200 9885 "http://www.foobar.com/archives/2003/08/07/cmo-visitar-londres-en-menos-de-12-horas/" "Mozilla/4.0 (compatible; MSIE 6.0; Windows 98; .NET CLR 1.1.4322)"
85.60.130.196 - - [13/Dec/2006:00:45:28 -0600] "GET /wp-content/themes/default_es/images/borjanet.png HTTP/1.1" 200 16169 "http://www.foobar.com/archives/2003/08/07/cmo-visitar-londres-en-menos-de-12-horas/" "Mozilla/4.0 (compatible; MSIE 6.0; Windows 98; .NET CLR 1.1.4322)"
85.60.130.196 - - [13/Dec/2006:00:45:28 -0600] "GET /wp-content/themes/default_es/images/kubrickbgcolor.jpg HTTP/1.1" 200 558 "http://www.foobar.com/archives/2003/08/07/cmo-visitar-londres-en-menos-de-12-horas/" "Mozilla/4.0 (compatible; MSIE 6.0; Windows 98; .NET CLR 1.1.4322)"
85.60.130.196 - - [13/Dec/2006:00:45:28 -0600] "GET /wp-content/themes/default_es/images/kubrickbgwide.jpg HTTP/1.1" 200 1020 "http://www.foobar.com/archives/2003/08/07/cmo-visitar-londres-en-menos-de-12-horas/" "Mozilla/4.0 (compatible; MSIE 6.0; Windows 98; .NET CLR 1.1.4322)"
85.60.130.196 - - [13/Dec/2006:00:45:28 -0600] "GET /wp-content/themes/default_es/images/kubrickheader.png HTTP/1.1" 200 3850 "http://www.foobar.com/archives/2003/08/07/cmo-visitar-londres-en-menos-de-12-horas/" "Mozilla/4.0 (compatible; MSIE 6.0; Windows 98; .NET CLR 1.1.4322)"
85.60.130.196 - - [13/Dec/2006:00:45:29 -0600] "GET /wp-content/themes/default_es/images/kubrickfooter.jpg HTTP/1.1" 200 2601 "http://www.foobar.com/archives/2003/08/07/cmo-visitar-londres-en-menos-de-12-horas/" "Mozilla/4.0 (compatible; MSIE 6.0; Windows 98; .NET CLR 1.1.4322)"
213.97.131.216 - - [13/Dec/2006:00:46:02 -0600] "GET /feed/atom/ HTTP/1.1" 304 0 "-" "NetNewsWire/2.1.1 (Mac OS X; Lite; http://ranchero.com/netnewswire/)"
194.224.199.54 - - [13/Dec/2006:00:46:09 -0600] "GET /archives/2003/09/15/como-mooola-el-cern/feed/ HTTP/1.1" 200 1597 "http://www.foobar.com/archives/2003/09/15/como-mooola-el-cern/" "noxtrumbot/1.0 (crawler@noxtrum.com)"
210.173.180.164 - - [13/Dec/2006:00:46:23 -0600] "GET /archives/2005/08/page/1/ HTTP/1.1" 200 32491 "-" "ichiro/2.0 (http://help.goo.ne.jp/door/crawler.html)"
194.224.199.54 - - [13/Dec/2006:00:47:11 -0600] "GET /archives/category/viajes/2004-chicago/page/1/ HTTP/1.1" 200 32254 "http://www.foobar.com/archives/category/viajes/2004-chicago/page/2/" "noxtrumbot/1.0 (crawler@noxtrum.com)"
66.249.65.135 - - [13/Dec/2006:00:48:03 -0600] "GET /archives/2005/12/10/pero-que-jodido-es-terminar-el-trimestre/trackback/ HTTP/1.1" 302 5 "-" "Mozilla/5.0 (compatible; Googlebot/2.1; +http://www.google.com/bot.html)"
66.249.65.135 - - [13/Dec/2006:00:48:04 -0600] "GET /archives/2005/12/10/pero-que-jodido-es-terminar-el-trimestre/ HTTP/1.1" 200 20484 "-" "Mozilla/5.0 (compatible; Googlebot/2.1; +http://www.google.com/bot.html)"
194.224.199.54 - - [13/Dec/2006:00:48:12 -0600] "GET /archives/category/viajes/2004-chicago/page/3/ HTTP/1.1" 200 32123 "http://www.foobar.com/archives/category/viajes/2004-chicago/page/2/" "noxtrumbot/1.0 (crawler@noxtrum.com)"
204.15.20.130 - - [13/Dec/2006:00:48:39 -0600] "GET /feed/ HTTP/1.1" 304 0 "-" "FacebookFeedParser/1.0 (UniversalFeedParser/4.1;) +http://facebook.com/"
72.14.199.5 - - [13/Dec/2006:00:49:08 -0600] "GET /feed/atom/ HTTP/1.1" 304 0 "-" "Feedfetcher-Google; (+http://www.google.com/feedfetcher.html)"
194.224.199.54 - - [13/Dec/2006:00:49:10 -0600] "GET /archives/2004/09/05/de-nuevo-en-bilbao-hasta-el-18-de-septiembre/feed/ HTTP/1.1" 200 8528 "http://www.foobar.com/archives/2004/09/05/de-nuevo-en-bilbao-hasta-el-18-de-septiembre/" "noxtrumbot/1.0 (crawler@noxtrum.com)"
65.214.44.160 - - [13/Dec/2006:00:49:15 -0600] "GET /archives/2002/10/04/ HTTP/1.0" 200 25186 "-" "Mozilla/2.0 (compatible; Ask Jeeves/Teoma; +http://about.ask.com/en/docs/about/webmasters.shtml)"
195.27.215.89 - - [13/Dec/2006:00:49:27 -0600] "GET /archives/2004/10/19/cayendo-en-la-rutina/ HTTP/1.0" 200 32218 "-" "Seekbot/1.0 (http://www.seekbot.net/bot.html) HTTPFetcher/0.3"
194.224.199.54 - - [13/Dec/2006:00:50:10 -0600] "GET /archives/2004/09/05/de-nuevo-en-bilbao-hasta-el-18-de-septiembre/trackback/ HTTP/1.1" 302 5 "http://www.foobar.com/archives/2004/09/05/de-nuevo-en-bilbao-hasta-el-18-de-septiembre/" "noxtrumbot/1.0 (crawler@noxtrum.com)"
62.97.121.141 - - [13/Dec/2006:00:50:24 -0600] "GET /archives/2003/08/07/cmo-visitar-londres-en-menos-de-12-horas/ HTTP/1.0" 200 16162 "http://www.google.com/search?sourceid=navclient-ff&ie=UTF-8&rlz=1B2GGGL_enES177&q=visitar+londres" "Mozilla/5.0 (Windows; U; Windows NT 5.1; en-US; rv:1.8.1) Gecko/20061010 Firefox/2.0"
62.97.121.141 - - [13/Dec/2006:00:50:24 -0600] "GET /wp-content/themes/default_es/style.css HTTP/1.0" 200 9885 "http://www.foobar.com/archives/2003/08/07/cmo-visitar-londres-en-menos-de-12-horas/" "Mozilla/5.0 (Windows; U; Windows NT 5.1; en-US; rv:1.8.1) Gecko/20061010 Firefox/2.0"
62.97.121.141 - - [13/Dec/2006:00:50:25 -0600] "GET /wp-content/themes/default_es/images/kubrickbgcolor.jpg HTTP/1.0" 200 558 "http://www.foobar.com/archives/2003/08/07/cmo-visitar-londres-en-menos-de-12-horas/" "Mozilla/5.0 (Windows; U; Windows NT 5.1; en-US; rv:1.8.1) Gecko/20061010 Firefox/2.0"
62.97.121.141 - - [13/Dec/2006:00:50:26 -0600] "GET /wp-content/themes/default_es/images/borjanet.png HTTP/1.0" 200 16169 "http://www.foobar.com/archives/2003/08/07/cmo-visitar-londres-en-menos-de-12-horas/" "Mozilla/5.0 (Windows; U; Windows NT 5.1; en-US; rv:1.8.1) Gecko/20061010 Firefox/2.0"
62.97.121.141 - - [13/Dec/2006:00:50:27 -0600] "GET /wp-content/themes/default_es/images/kubrickbgwide.jpg HTTP/1.0" 200 1020 "http://www.foobar.com/archives/2003/08/07/cmo-visitar-londres-en-menos-de-12-horas/" "Mozilla/5.0 (Windows; U; Windows NT 5.1; en-US; rv:1.8.1) Gecko/20061010 Firefox/2.0"
62.97.121.141 - - [13/Dec/2006:00:50:29 -0600] "GET /favicon.ico HTTP/1.0" 404 - "-" "Mozilla/5.0 (Windows; U; Windows NT 5.1; en-US; rv:1.8.1) Gecko/20061010 Firefox/2.0"
210.173.180.164 - - [13/Dec/2006:00:50:29 -0600] "GET /archives/2005/09/04/dia-1-londres/ HTTP/1.1" 200 16452 "-" "ichiro/2.0 (http://help.goo.ne.jp/door/crawler.html)"
