200.169.200.6 - - [13/Dec/2006:05:30:46 -0600] "GET /uploads/whoseline.jpg HTTP/1.0" 200 13096 "http://nowloaded.org/forum/index.php?showtopic=22951" "Mozilla/5.0 (Windows; U; Windows NT 5.1; pt-BR; rv:1.8.1) Gecko/20061010 Firefox/2.0"
83.58.251.144 - - [13/Dec/2006:05:30:46 -0600] "GET /archives/2006/11/18/acento-inclasificable/feed/ HTTP/1.1" 304 0 "-" "NewzCrawler/1.7 (compatible; MSIE 6.00; Newz Crawler 1.7; http://www.newzcrawler.com/ )"
83.58.251.144 - - [13/Dec/2006:05:30:47 -0600] "GET /archives/2006/11/26/%c2%bfpor-que-escribes-un-blog/feed/ HTTP/1.1" 304 0 "-" "NewzCrawler/1.7 (compatible; MSIE 6.00; Newz Crawler 1.7; http://www.newzcrawler.com/ )"
83.58.251.144 - - [13/Dec/2006:05:30:49 -0600] "GET /archives/2006/11/26/%c2%bfpor-que-lees-mi-blog/feed/ HTTP/1.1" 304 0 "-" "NewzCrawler/1.7 (compatible; MSIE 6.00; Newz Crawler 1.7; http://www.newzcrawler.com/ )"
83.58.251.144 - - [13/Dec/2006:05:30:50 -0600] "GET /archives/2006/11/28/gigantes-en-la-era-del-silicio/feed/ HTTP/1.1" 304 0 "-" "NewzCrawler/1.7 (compatible; MSIE 6.00; Newz Crawler 1.7; http://www.newzcrawler.com/ )"
83.58.251.144 - - [13/Dec/2006:05:30:52 -0600] "GET /archives/2006/12/01/nieve-ahora-si/feed/ HTTP/1.1" 304 0 "-" "NewzCrawler/1.7 (compatible; MSIE 6.00; Newz Crawler 1.7; http://www.newzcrawler.com/ )"
83.58.251.144 - - [13/Dec/2006:05:30:53 -0600] "GET /archives/2006/12/11/pronunciacion/feed/ HTTP/1.1" 304 0 "-" "NewzCrawler/1.7 (compatible; MSIE 6.00; Newz Crawler 1.7; http://www.newzcrawler.com/ )"
65.214.44.29 - - [13/Dec/2006:05:31:05 -0600] "GET /feed/rss2/ HTTP/1.1" 304 0 "-" "Bloglines/3.1 (http://www.bloglines.com; 14 subscribers)"
65.214.44.29 - - [13/Dec/2006:05:31:30 -0600] "GET /feed/atom/ HTTP/1.1" 304 0 "-" "Bloglines/3.1 (http://www.bloglines.com; 6 subscribers)"
194.224.199.54 - - [13/Dec/2006:05:31:44 -0600] "GET /archives/2003/04/02/mi-primera-conferencia/feed/ HTTP/1.1" 200 4182 "http://www.foobar.com/archives/2003/04/02/mi-primera-conferencia/" "noxtrumbot/1.0 (crawler@noxtrum.com)"
210.173.180.164 - - [13/Dec/2006:05:31:55 -0600] "GET /archives/2004/12/18/tortilla-de-patata/feed/ HTTP/1.1" 200 9651 "-" "ichiro/2.0 (http://help.goo.ne.jp/door/crawler.html)"
201.0.74.210 - - [13/Dec/2006:05:32:06 -0600] "GET /uploads/whoseline.jpg HTTP/1.1" 200 13096 "http://nowloaded.org/forum/index.php?showtopic=20278&st=0&" "Mozilla/5.0 (Windows; U; Windows NT 5.1; pt-BR; MEGAUPLOAD 1.0; rv:1.8.0.8) Gecko/20061025 Firefox/1.5.0.8"
204.9.177.18 - - [13/Dec/2006:05:32:16 -0600] "GET /feed/atom/ HTTP/1.1" 304 0 "-" "LiveJournal.com (webmaster@livejournal.com; for http://www.livejournal.com/users/borjanet/; 1 readers)"
194.224.199.54 - - [13/Dec/2006:05:32:44 -0600] "GET /archives/2003/03/10/windoze-sux-debian-rulz-kde-31-rox/feed/ HTTP/1.1" 200 3503 "http://www.foobar.com/archives/2003/03/10/windoze-sux-debian-rulz-kde-31-rox/" "noxtrumbot/1.0 (crawler@noxtrum.com)"
130.206.100.134 - - [13/Dec/2006:05:33:13 -0600] "GET /feed/atom/ HTTP/1.0" 304 0 "-" "AppleSyndication/54"
158.42.16.182 - - [13/Dec/2006:05:33:35 -0600] "GET /favicon.ico HTTP/1.1" 404 - "http://www.netvibes.com/" "Mozilla/5.0 (Windows; U; Windows NT 5.1; es-ES; rv:1.8.1) Gecko/20061010 Firefox/2.0"
194.224.199.54 - - [13/Dec/2006:05:33:44 -0600] "GET /archives/2003/03/08/and-all-that-jazz/feed/ HTTP/1.1" 200 511 "http://www.foobar.com/archives/2003/03/08/and-all-that-jazz/" "noxtrumbot/1.0 (crawler@noxtrum.com)"
65.214.44.29 - - [13/Dec/2006:05:33:46 -0600] "GET /feed/ HTTP/1.1" 304 0 "-" "Bloglines/3.1 (http://www.bloglines.com; 34 subscribers)"
194.224.199.54 - - [13/Dec/2006:05:34:43 -0600] "GET /informatica/boolean/boole-deusto HTTP/1.1" 404 - "http://www.foobar.com/archives/2003/03/04/marzo-te-odio/" "noxtrumbot/1.0 (crawler@noxtrum.com)"
210.173.180.164 - - [13/Dec/2006:05:34:56 -0600] "GET /archives/2004/12/18/tortilla-de-patata/trackback/ HTTP/1.1" 302 5 "-" "ichiro/2.0 (http://help.goo.ne.jp/door/crawler.html)"
195.27.215.89 - - [13/Dec/2006:05:35:14 -0600] "GET /archives/2005/03/27/domingo-de-paella/ HTTP/1.0" 200 14090 "-" "Seekbot/1.0 (http://www.seekbot.net/bot.html) HTTPFetcher/0.3"
194.224.199.54 - - [13/Dec/2006:05:35:44 -0600] "GET /archives/2003/03/04/marzo-te-odio/feed/ HTTP/1.1" 200 1043 "http://www.foobar.com/archives/2003/03/04/marzo-te-odio/" "noxtrumbot/1.0 (crawler@noxtrum.com)"
132.185.240.122 - - [13/Dec/2006:05:35:45 -0600] "GET /uploads/whoseline.jpg HTTP/1.0" 200 13096 "http://images.google.co.uk/imgres?imgurl=http://www.foobar.com/uploads/whoseline.jpg&imgrefurl=http://www.foobar.com/archives/2006/01/19/television-americana/&h=150&w=200&sz=13&tbnid=pMI_Wkzn7ZA57M:&tbnh=78&tbnw=104&hl=en&prev=/images%3Fq%3DWhose%2Bline%2Bis%2Bit%2Banyway%26imgsz%3Dsmall%257Cmedium%257Clarge%257Cxlarge%26svnum%3D10%26hl%3Den%26lr%3D&frame=small" "Mozilla/4.0 (compatible; MSIE 6.0; Windows NT 5.1; .NET CLR 1.1.4322)"
132.185.240.122 - - [13/Dec/2006:05:35:46 -0600] "GET /archives/2006/01/19/television-americana/ HTTP/1.0" 200 16146 "http://images.google.co.uk/imgres?imgurl=http://www.foobar.com/uploads/whoseline.jpg&imgrefurl=http://www.foobar.com/archives/2006/01/19/television-americana/&h=150&w=200&sz=13&hl=en&start=19&tbnid=pMI_Wkzn7ZA57M:&tbnh=78&tbnw=104&prev=/images%3Fq%3DWhose%2Bline%2Bis%2Bit%2Banyway%26imgsz%3Dsmall%257Cmedium%257Clarge%257Cxlarge%26svnum%3D10%26hl%3Den%26lr%3D" "Mozilla/4.0 (compatible; MSIE 6.0; Windows NT 5.1; .NET CLR 1.1.4322)"
132.185.240.122 - - [13/Dec/2006:05:35:49 -0600] "GET /archives/2006/01/19/television-americana/ HTTP/1.0" 200 16146 "http://images.google.co.uk/imgres?imgurl=http://www.foobar.com/uploads/whoseline.jpg&imgrefurl=http://www.foobar.com/archives/2006/01/19/television-americana/&h=150&w=200&sz=13&hl=en&start=19&tbnid=pMI_Wkzn7ZA57M:&tbnh=78&tbnw=104&prev=/images%3Fq%3DWhose%2Bline%2Bis%2Bit%2Banyway%26imgsz%3Dsmall%257Cmedium%257Clarge%257Cxlarge%26svnum%3D10%26hl%3Den%26lr%3D" "Mozilla/4.0 (compatible; MSIE 6.0; Windows NT 5.1; .NET CLR 1.1.4322)"
80.59.42.125 - - [13/Dec/2006:05:36:34 -0600] "GET /wp-content/themes/default_es/style.css HTTP/1.1" 200 9885 "http://www.foobar.com/archives/2003/12/19/unas-navidades-diferentes/" "Mozilla/4.0 (compatible; MSIE 6.0; Windows NT 5.1; SV1; .NET CLR 1.1.4322)"
80.59.42.125 - - [13/Dec/2006:05:36:34 -0600] "GET /archives/2003/12/19/unas-navidades-diferentes/ HTTP/1.1" 200 19764 "http://www.google.com/search?q=navidades&hl=es&lr=&start=90&sa=N" "Mozilla/4.0 (compatible; MSIE 6.0; Windows NT 5.1; SV1; .NET CLR 1.1.4322)"
80.59.42.125 - - [13/Dec/2006:05:36:35 -0600] "GET /wp-content/themes/default_es/images/borjanet.png HTTP/1.1" 200 16169 "http://www.foobar.com/archives/2003/12/19/unas-navidades-diferentes/" "Mozilla/4.0 (compatible; MSIE 6.0; Windows NT 5.1; SV1; .NET CLR 1.1.4322)"
80.59.42.125 - - [13/Dec/2006:05:36:35 -0600] "GET /wp-content/themes/default_es/images/kubrickbgcolor.jpg HTTP/1.1" 200 558 "http://www.foobar.com/archives/2003/12/19/unas-navidades-diferentes/" "Mozilla/4.0 (compatible; MSIE 6.0; Windows NT 5.1; SV1; .NET CLR 1.1.4322)"
80.59.42.125 - - [13/Dec/2006:05:36:35 -0600] "GET /wp-content/themes/default_es/images/kubrickbgwide.jpg HTTP/1.1" 200 1020 "http://www.foobar.com/archives/2003/12/19/unas-navidades-diferentes/" "Mozilla/4.0 (compatible; MSIE 6.0; Windows NT 5.1; SV1; .NET CLR 1.1.4322)"
80.59.42.125 - - [13/Dec/2006:05:36:35 -0600] "GET /wp-content/themes/default_es/images/kubrickheader.png HTTP/1.1" 200 3850 "http://www.foobar.com/archives/2003/12/19/unas-navidades-diferentes/" "Mozilla/4.0 (compatible; MSIE 6.0; Windows NT 5.1; SV1; .NET CLR 1.1.4322)"
80.59.42.125 - - [13/Dec/2006:05:36:36 -0600] "GET /wp-content/themes/default_es/images/kubrickfooter.jpg HTTP/1.1" 200 2601 "http://www.foobar.com/archives/2003/12/19/unas-navidades-diferentes/" "Mozilla/4.0 (compatible; MSIE 6.0; Windows NT 5.1; SV1; .NET CLR 1.1.4322)"
130.206.100.134 - - [13/Dec/2006:05:36:41 -0600] "GET /feed/atom/ HTTP/1.0" 304 0 "-" "Vienna/2.1.0.2108"
194.224.199.54 - - [13/Dec/2006:05:36:45 -0600] "GET /archives/2003/03/02/con-el-proyecto-de-5-a-cuestas/feed/ HTTP/1.1" 200 2055 "http://www.foobar.com/archives/2003/03/02/con-el-proyecto-de-5-a-cuestas/" "noxtrumbot/1.0 (crawler@noxtrum.com)"
200.162.47.194 - - [13/Dec/2006:05:36:48 -0600] "GET /uploads/whoseline.jpg HTTP/1.0" 200 13096 "http://nowloaded.org/forum/index.php?showtopic=22951" "Mozilla/4.0 (compatible; MSIE 7.0; Windows NT 5.1; .NET CLR 1.1.4322; .NET CLR 2.0.50727)"
210.173.180.164 - - [13/Dec/2006:05:37:05 -0600] "GET /archives/2004/12/14/a-night-out-with-the-boys/trackback/ HTTP/1.1" 302 5 "-" "ichiro/2.0 (http://help.goo.ne.jp/door/crawler.html)"
62.57.176.96 - - [13/Dec/2006:05:37:29 -0600] "GET /feed/ HTTP/1.1" 200 10763 "-" "Mozilla/5.0 (Windows; U; Windows NT 5.1; es-ES; rv:1.8.0.8) Gecko/20061025 Thunderbird/1.5.0.8"
194.224.199.54 - - [13/Dec/2006:05:37:43 -0600] "GET /weblog/1039194692/index_html HTTP/1.1" 404 - "http://www.foobar.com/archives/2003/01/06/ya-se-acaban-las-navidades/" "noxtrumbot/1.0 (crawler@noxtrum.com)"
217.130.78.71 - - [13/Dec/2006:05:37:48 -0600] "GET /feed/ HTTP/1.0" 304 0 "-" "Liferea/1.0.23 (Linux; es_ES.UTF-8; http://liferea.sf.net/)"
201.0.6.4 - - [13/Dec/2006:05:38:03 -0600] "GET /uploads/whoseline.jpg HTTP/1.0" 200 13096 "http://nowloaded.org/forum/index.php?showtopic=22951" "Mozilla/4.0 (compatible; MSIE 6.0; Windows NT 5.1; SV1)"
80.224.29.161 - - [13/Dec/2006:05:38:14 -0600] "GET /feed/ HTTP/1.0" 304 0 "-" "Liferea/1.0.26 (Linux; http://liferea.sf.net/)"
194.224.199.54 - - [13/Dec/2006:05:38:43 -0600] "GET /weblog/1037049134/index_html HTTP/1.1" 404 - "http://www.foobar.com/archives/2003/01/06/ya-se-acaban-las-navidades/" "noxtrumbot/1.0 (crawler@noxtrum.com)"
83.52.22.81 - - [13/Dec/2006:05:38:46 -0600] "GET /archives/2005/05/25/no-esta-mal-pero-tampoco-esta-bien-pero-uhm/feed/ HTTP/1.1" 200 22259 "http://www.google.es/search?q=el+sable+laser+de+mace+windu&hl=es&lr=&start=10&sa=N" "Mozilla/4.0 (compatible; MSIE 6.0; Windows NT 5.0)"
84.120.143.146 - - [13/Dec/2006:05:39:17 -0600] "GET /archives/2005/10/31/lentejas/ HTTP/1.1" 200 17218 "http://www.google.es/custom?q=lentejas&client=pub-3225298916884765&forid=1&channel=7487108496&ie=ISO-8859-1&oe=ISO-8859-1&cof=GALT%3A%23008000%3BGL%3A1%3BDIV%3A%23336699%3BVLC%3A663399%3BAH%3Acenter%3BBGC%3AFFFFFF%3BLBGC%3A336699%3BALC%3A0000FF%3BLC%3A0000FF%3BT%3A000000%3BGFNT%3A0000FF%3BGIMP%3A0000FF%3BFORID%3A1%3B&hl=es" "Mozilla/4.0 (compatible; MSIE 6.0; Windows NT 5.1; SV1)"
84.120.143.146 - - [13/Dec/2006:05:39:17 -0600] "GET /wp-content/themes/default_es/style.css HTTP/1.1" 200 9885 "http://www.foobar.com/archives/2005/10/31/lentejas/" "Mozilla/4.0 (compatible; MSIE 6.0; Windows NT 5.1; SV1)"
84.120.143.146 - - [13/Dec/2006:05:39:17 -0600] "GET /wp-content/themes/default_es/images/borjanet.png HTTP/1.1" 200 16169 "http://www.foobar.com/archives/2005/10/31/lentejas/" "Mozilla/4.0 (compatible; MSIE 6.0; Windows NT 5.1; SV1)"
84.120.143.146 - - [13/Dec/2006:05:39:17 -0600] "GET /wp-content/themes/default_es/images/kubrickbgcolor.jpg HTTP/1.1" 200 558 "http://www.foobar.com/archives/2005/10/31/lentejas/" "Mozilla/4.0 (compatible; MSIE 6.0; Windows NT 5.1; SV1)"
84.120.143.146 - - [13/Dec/2006:05:39:18 -0600] "GET /wp-content/themes/default_es/images/kubrickbgwide.jpg HTTP/1.1" 200 1020 "http://www.foobar.com/archives/2005/10/31/lentejas/" "Mozilla/4.0 (compatible; MSIE 6.0; Windows NT 5.1; SV1)"
84.120.143.146 - - [13/Dec/2006:05:39:18 -0600] "GET /wp-content/themes/default_es/images/kubrickheader.png HTTP/1.1" 200 3850 "http://www.foobar.com/archives/2005/10/31/lentejas/" "Mozilla/4.0 (compatible; MSIE 6.0; Windows NT 5.1; SV1)"
84.120.143.146 - - [13/Dec/2006:05:39:18 -0600] "GET /wp-content/themes/default_es/images/kubrickfooter.jpg HTTP/1.1" 200 2601 "http://www.foobar.com/archives/2005/10/31/lentejas/" "Mozilla/4.0 (compatible; MSIE 6.0; Windows NT 5.1; SV1)"
210.173.180.164 - - [13/Dec/2006:05:39:26 -0600] "GET /archives/2004/11/page/1/ HTTP/1.1" 200 32047 "-" "ichiro/2.0 (http://help.goo.ne.jp/door/crawler.html)"
194.224.199.54 - - [13/Dec/2006:05:39:45 -0600] "GET /archives/2003/01/06/ya-se-acaban-las-navidades/feed/ HTTP/1.1" 200 3096 "http://www.foobar.com/archives/2003/01/06/ya-se-acaban-las-navidades/" "noxtrumbot/1.0 (crawler@noxtrum.com)"
85.84.60.245 - - [13/Dec/2006:05:40:23 -0600] "GET /feed/atom/ HTTP/1.1" 200 9637 "-" "Mozilla/5.0 (X11; U; Linux i686; es-ES; rv:1.8.1) Gecko/20060601 Firefox/2.0 (Ubuntu-edgy)"
194.224.71.18 - - [13/Dec/2006:05:40:32 -0600] "GET /wp-content/themes/default_es/style.css HTTP/1.0" 200 9885 "http://www.foobar.com/archives/2004/07/24/se-acercan-las-vacaciones/" "Mozilla/4.0 (compatible; MSIE 6.0; Windows NT 5.1; SV1; .NET CLR 1.1.4322)"
194.224.71.18 - - [13/Dec/2006:05:40:32 -0600] "GET /archives/2004/07/24/se-acercan-las-vacaciones/ HTTP/1.0" 200 28192 "http://www.google.es/search?hl=es&q=carta+de+dimisi%C3%B3n&meta=" "Mozilla/4.0 (compatible; MSIE 6.0; Windows NT 5.1; SV1; .NET CLR 1.1.4322)"
194.224.71.18 - - [13/Dec/2006:05:40:32 -0600] "GET /wp-content/themes/default_es/images/kubrickbgcolor.jpg HTTP/1.0" 200 558 "http://www.foobar.com/archives/2004/07/24/se-acercan-las-vacaciones/" "Mozilla/4.0 (compatible; MSIE 6.0; Windows NT 5.1; SV1; .NET CLR 1.1.4322)"
194.224.71.18 - - [13/Dec/2006:05:40:32 -0600] "GET /wp-content/themes/default_es/images/borjanet.png HTTP/1.0" 200 16169 "http://www.foobar.com/archives/2004/07/24/se-acercan-las-vacaciones/" "Mozilla/4.0 (compatible; MSIE 6.0; Windows NT 5.1; SV1; .NET CLR 1.1.4322)"
194.224.71.18 - - [13/Dec/2006:05:40:33 -0600] "GET /wp-content/themes/default_es/images/kubrickbgwide.jpg HTTP/1.0" 200 1020 "http://www.foobar.com/archives/2004/07/24/se-acercan-las-vacaciones/" "Mozilla/4.0 (compatible; MSIE 6.0; Windows NT 5.1; SV1; .NET CLR 1.1.4322)"
194.224.71.18 - - [13/Dec/2006:05:40:33 -0600] "GET /wp-content/themes/default_es/images/kubrickheader.png HTTP/1.0" 200 3850 "http://www.foobar.com/archives/2004/07/24/se-acercan-las-vacaciones/" "Mozilla/4.0 (compatible; MSIE 6.0; Windows NT 5.1; SV1; .NET CLR 1.1.4322)"
194.224.71.18 - - [13/Dec/2006:05:40:36 -0600] "GET /wp-content/themes/default_es/images/kubrickfooter.jpg HTTP/1.0" 200 2601 "http://www.foobar.com/archives/2004/07/24/se-acercan-las-vacaciones/" "Mozilla/4.0 (compatible; MSIE 6.0; Windows NT 5.1; SV1; .NET CLR 1.1.4322)"
194.224.199.54 - - [13/Dec/2006:05:40:43 -0600] "GET /enlaces/ HTTP/1.1" 404 - "http://www.foobar.com/archives/2002/11/01/aqu-faltan-un-par-de-links/" "noxtrumbot/1.0 (crawler@noxtrum.com)"
81.202.208.214 - - [13/Dec/2006:05:41:35 -0600] "GET /favicon.ico HTTP/1.1" 404 - "http://www.netvibes.com/" "Mozilla/5.0 (Windows; U; Windows NT 5.1; es-ES; rv:1.8.0.8) Gecko/20061025 Firefox/1.5.0.8"
194.224.199.54 - - [13/Dec/2006:05:41:44 -0600] "GET /archives/2002/11/01/aqu-faltan-un-par-de-links/feed/ HTTP/1.1" 200 3003 "http://www.foobar.com/archives/2002/11/01/aqu-faltan-un-par-de-links/" "noxtrumbot/1.0 (crawler@noxtrum.com)"
138.89.16.11 - - [13/Dec/2006:05:41:50 -0600] "GET /uploads/whoseline.jpg HTTP/1.1" 200 13096 "http://profile.myspace.com/index.cfm?fuseaction=user.viewprofile&friendid=7839407&MyToken=41db19d5-e235-417f-8fc6-1a3f965d7be3" "Mozilla/4.0 (compatible; MSIE 7.0; Windows NT 5.1)"
72.14.199.5 - - [13/Dec/2006:05:42:01 -0600] "GET /feed/rss2/ HTTP/1.1" 304 0 "-" "Feedfetcher-Google; (+http://www.google.com/feedfetcher.html)"
210.173.180.164 - - [13/Dec/2006:05:42:02 -0600] "GET /archives/2004/11/page/3/ HTTP/1.1" 200 30732 "-" "ichiro/2.0 (http://help.goo.ne.jp/door/crawler.html)"
83.50.133.162 - - [13/Dec/2006:05:42:08 -0600] "GET /archives/2006/03/06/la-quiniela-2/feed/ HTTP/1.1" 200 2474 "http://www.google.es/search?q=pronosticos++la+quiniela&hl=es&lr=&start=40&sa=N" "Mozilla/4.0 (compatible; MSIE 6.0; Windows NT 5.1; SV1; .NET CLR 1.1.4322)"
195.27.215.89 - - [13/Dec/2006:05:42:25 -0600] "GET /archives/2005/03/31/no-es-buen-tiempo-es-que-nos-vamos-a-oz/ HTTP/1.0" 200 20311 "-" "Seekbot/1.0 (http://www.seekbot.net/bot.html) HTTPFetcher/0.3"
194.224.199.54 - - [13/Dec/2006:05:42:45 -0600] "GET /archives/2002/10/21/ms-saludos-desde-madrid/ HTTP/1.1" 200 19898 "http://www.foobar.com/archives/2002/10/page/1/" "noxtrumbot/1.0 (crawler@noxtrum.com)"
194.224.199.54 - - [13/Dec/2006:05:43:46 -0600] "GET /archives/2006/11/26/%c2%bfpor-que-escribes-un-blog HTTP/1.1" 200 20623 "http://www.foobar.com/page/1/" "noxtrumbot/1.0 (crawler@noxtrum.com)"
84.124.142.80 - - [13/Dec/2006:05:44:08 -0600] "GET /favicon.ico HTTP/1.1" 404 - "-" "Mozilla/5.0 (Windows; U; Windows NT 5.1; es-ES; rv:1.8.1) Gecko/20061010 Firefox/2.0"
81.39.59.215 - - [13/Dec/2006:05:44:41 -0600] "GET /archives/2006/09/25/shortbread-cookies-galletas-de-mantequilla/ HTTP/1.1" 200 19251 "http://www.google.es/search?hl=es&q=GALLETAS+DE+MANTEQUILLA&meta=lr%3Dlang_es" "Mozilla/4.0 (compatible; MSIE 6.0; Windows NT 5.1; SV1; .NET CLR 1.1.4322)"
81.39.59.215 - - [13/Dec/2006:05:44:41 -0600] "GET /wp-content/themes/default_es/style.css HTTP/1.1" 200 9885 "http://www.foobar.com/archives/2006/09/25/shortbread-cookies-galletas-de-mantequilla/" "Mozilla/4.0 (compatible; MSIE 6.0; Windows NT 5.1; SV1; .NET CLR 1.1.4322)"
81.39.59.215 - - [13/Dec/2006:05:44:42 -0600] "GET /wp-content/themes/default_es/images/borjanet.png HTTP/1.1" 200 16169 "http://www.foobar.com/archives/2006/09/25/shortbread-cookies-galletas-de-mantequilla/" "Mozilla/4.0 (compatible; MSIE 6.0; Windows NT 5.1; SV1; .NET CLR 1.1.4322)"
81.39.59.215 - - [13/Dec/2006:05:44:42 -0600] "GET /uploads/galletas_mantequilla.JPG HTTP/1.1" 200 31758 "http://www.foobar.com/archives/2006/09/25/shortbread-cookies-galletas-de-mantequilla/" "Mozilla/4.0 (compatible; MSIE 6.0; Windows NT 5.1; SV1; .NET CLR 1.1.4322)"
81.39.59.215 - - [13/Dec/2006:05:44:43 -0600] "GET /wp-content/themes/default_es/images/kubrickbgwide.jpg HTTP/1.1" 200 1020 "http://www.foobar.com/archives/2006/09/25/shortbread-cookies-galletas-de-mantequilla/" "Mozilla/4.0 (compatible; MSIE 6.0; Windows NT 5.1; SV1; .NET CLR 1.1.4322)"
81.39.59.215 - - [13/Dec/2006:05:44:43 -0600] "GET /wp-content/themes/default_es/images/kubrickbgcolor.jpg HTTP/1.1" 200 558 "http://www.foobar.com/archives/2006/09/25/shortbread-cookies-galletas-de-mantequilla/" "Mozilla/4.0 (compatible; MSIE 6.0; Windows NT 5.1; SV1; .NET CLR 1.1.4322)"
81.39.59.215 - - [13/Dec/2006:05:44:43 -0600] "GET /wp-content/themes/default_es/images/kubrickheader.png HTTP/1.1" 200 3850 "http://www.foobar.com/archives/2006/09/25/shortbread-cookies-galletas-de-mantequilla/" "Mozilla/4.0 (compatible; MSIE 6.0; Windows NT 5.1; SV1; .NET CLR 1.1.4322)"
81.39.59.215 - - [13/Dec/2006:05:44:43 -0600] "GET /wp-content/themes/default_es/images/kubrickfooter.jpg HTTP/1.1" 200 2601 "http://www.foobar.com/archives/2006/09/25/shortbread-cookies-galletas-de-mantequilla/" "Mozilla/4.0 (compatible; MSIE 6.0; Windows NT 5.1; SV1; .NET CLR 1.1.4322)"
194.224.199.54 - - [13/Dec/2006:05:44:46 -0600] "GET /page/4/ HTTP/1.1" 200 38827 "http://www.foobar.com/page/3/" "noxtrumbot/1.0 (crawler@noxtrum.com)"
212.131.231.121 - - [13/Dec/2006:05:44:48 -0600] "GET /wp-content/themes/default_es/style.css HTTP/1.1" 200 9885 "http://www.foobar.com/archives/2005/12/25/nochebuena-internacional/" "Mozilla/4.0 (compatible; MSIE 6.0; Windows NT 5.1; SV1)"
212.131.231.121 - - [13/Dec/2006:05:44:48 -0600] "GET /archives/2005/12/25/nochebuena-internacional/ HTTP/1.1" 200 17629 "http://www.google.it/search?hl=it&q=tradicion+de+la+nochebuena+in+espana&btnG=Cerca&meta=" "Mozilla/4.0 (compatible; MSIE 6.0; Windows NT 5.1; SV1)"
212.131.231.121 - - [13/Dec/2006:05:44:49 -0600] "GET /wp-content/themes/default_es/images/kubrickbgcolor.jpg HTTP/1.1" 200 558 "http://www.foobar.com/archives/2005/12/25/nochebuena-internacional/" "Mozilla/4.0 (compatible; MSIE 6.0; Windows NT 5.1; SV1)"
212.131.231.121 - - [13/Dec/2006:05:44:49 -0600] "GET /wp-content/themes/default_es/images/kubrickbgwide.jpg HTTP/1.1" 200 1020 "http://www.foobar.com/archives/2005/12/25/nochebuena-internacional/" "Mozilla/4.0 (compatible; MSIE 6.0; Windows NT 5.1; SV1)"
212.131.231.121 - - [13/Dec/2006:05:44:49 -0600] "GET /wp-content/themes/default_es/images/kubrickheader.png HTTP/1.1" 200 3850 "http://www.foobar.com/archives/2005/12/25/nochebuena-internacional/" "Mozilla/4.0 (compatible; MSIE 6.0; Windows NT 5.1; SV1)"
212.131.231.121 - - [13/Dec/2006:05:44:49 -0600] "GET /wp-content/themes/default_es/images/borjanet.png HTTP/1.1" 200 16169 "http://www.foobar.com/archives/2005/12/25/nochebuena-internacional/" "Mozilla/4.0 (compatible; MSIE 6.0; Windows NT 5.1; SV1)"
212.131.231.121 - - [13/Dec/2006:05:44:50 -0600] "GET /wp-content/themes/default_es/images/kubrickfooter.jpg HTTP/1.1" 200 2601 "http://www.foobar.com/archives/2005/12/25/nochebuena-internacional/" "Mozilla/4.0 (compatible; MSIE 6.0; Windows NT 5.1; SV1)"
201.58.162.102 - - [13/Dec/2006:05:45:00 -0600] "GET /uploads/whoseline.jpg HTTP/1.0" 200 13096 "http://www.nowloaded.org/forum/index.php?showtopic=22951" "Mozilla/4.0 (compatible; MSIE 6.0; Windows 98)"
85.60.86.252 - - [13/Dec/2006:05:45:17 -0600] "GET /wp-content/themes/default_es/style.css HTTP/1.1" 200 9885 "http://www.foobar.com/archives/2005/10/31/lentejas/" "Mozilla/4.0 (compatible; MSIE 6.0; Windows NT 5.1; SV1; .NET CLR 1.1.4322)"
85.60.86.252 - - [13/Dec/2006:05:45:17 -0600] "GET /archives/2005/10/31/lentejas/ HTTP/1.1" 200 17129 "http://www.google.es/search?hl=es&q=lentejas&meta=" "Mozilla/4.0 (compatible; MSIE 6.0; Windows NT 5.1; SV1; .NET CLR 1.1.4322)"
85.60.86.252 - - [13/Dec/2006:05:45:18 -0600] "GET /wp-content/themes/default_es/images/borjanet.png HTTP/1.1" 200 16169 "http://www.foobar.com/archives/2005/10/31/lentejas/" "Mozilla/4.0 (compatible; MSIE 6.0; Windows NT 5.1; SV1; .NET CLR 1.1.4322)"
85.60.86.252 - - [13/Dec/2006:05:45:18 -0600] "GET /wp-content/themes/default_es/images/kubrickbgcolor.jpg HTTP/1.1" 200 558 "http://www.foobar.com/archives/2005/10/31/lentejas/" "Mozilla/4.0 (compatible; MSIE 6.0; Windows NT 5.1; SV1; .NET CLR 1.1.4322)"
85.60.86.252 - - [13/Dec/2006:05:45:18 -0600] "GET /wp-content/themes/default_es/images/kubrickbgwide.jpg HTTP/1.1" 200 1020 "http://www.foobar.com/archives/2005/10/31/lentejas/" "Mozilla/4.0 (compatible; MSIE 6.0; Windows NT 5.1; SV1; .NET CLR 1.1.4322)"
85.60.86.252 - - [13/Dec/2006:05:45:18 -0600] "GET /wp-content/themes/default_es/images/kubrickheader.png HTTP/1.1" 200 3850 "http://www.foobar.com/archives/2005/10/31/lentejas/" "Mozilla/4.0 (compatible; MSIE 6.0; Windows NT 5.1; SV1; .NET CLR 1.1.4322)"
85.60.86.252 - - [13/Dec/2006:05:45:18 -0600] "GET /wp-content/themes/default_es/images/kubrickfooter.jpg HTTP/1.1" 200 2601 "http://www.foobar.com/archives/2005/10/31/lentejas/" "Mozilla/4.0 (compatible; MSIE 6.0; Windows NT 5.1; SV1; .NET CLR 1.1.4322)"
81.38.8.216 - - [13/Dec/2006:05:45:24 -0600] "GET /feed/ HTTP/1.1" 304 0 "-" "Akregator/1.2.5; librss/remnants"
81.45.248.19 - - [13/Dec/2006:05:45:28 -0600] "GET /archives/2003/12/25/la-cena-de-nochebuena/ HTTP/1.1" 200 18240 "http://www.google.es/search?hl=es&ie=ISO-8859-1&q=cenas+de+nochebuena&meta=" "Mozilla/4.0 (compatible; MSIE 5.01; Windows NT 5.0)"
81.45.248.19 - - [13/Dec/2006:05:45:28 -0600] "GET /wp-content/themes/default_es/style.css HTTP/1.1" 200 9885 "http://www.foobar.com/archives/2003/12/25/la-cena-de-nochebuena/" "Mozilla/4.0 (compatible; MSIE 5.01; Windows NT 5.0)"
81.45.248.19 - - [13/Dec/2006:05:45:28 -0600] "GET /wp-content/themes/default_es/images/borjanet.png HTTP/1.1" 200 16169 "http://www.foobar.com/archives/2003/12/25/la-cena-de-nochebuena/" "Mozilla/4.0 (compatible; MSIE 5.01; Windows NT 5.0)"
81.45.248.19 - - [13/Dec/2006:05:45:29 -0600] "GET /wp-content/themes/default_es/images/kubrickbgcolor.jpg HTTP/1.1" 200 558 "http://www.foobar.com/archives/2003/12/25/la-cena-de-nochebuena/" "Mozilla/4.0 (compatible; MSIE 5.01; Windows NT 5.0)"
81.45.248.19 - - [13/Dec/2006:05:45:29 -0600] "GET /wp-content/themes/default_es/images/kubrickbgwide.jpg HTTP/1.1" 200 1020 "http://www.foobar.com/archives/2003/12/25/la-cena-de-nochebuena/" "Mozilla/4.0 (compatible; MSIE 5.01; Windows NT 5.0)"
81.45.248.19 - - [13/Dec/2006:05:45:29 -0600] "GET /wp-content/themes/default_es/images/kubrickheader.png HTTP/1.1" 200 3850 "http://www.foobar.com/archives/2003/12/25/la-cena-de-nochebuena/" "Mozilla/4.0 (compatible; MSIE 5.01; Windows NT 5.0)"
81.45.248.19 - - [13/Dec/2006:05:45:29 -0600] "GET /wp-content/themes/default_es/images/kubrickfooter.jpg HTTP/1.1" 200 2601 "http://www.foobar.com/archives/2003/12/25/la-cena-de-nochebuena/" "Mozilla/4.0 (compatible; MSIE 5.01; Windows NT 5.0)"
210.173.180.164 - - [13/Dec/2006:05:45:30 -0600] "GET /archives/2004/11/17/pero-las-navidades-no-son-en-diciembre/ HTTP/1.1" 200 20969 "-" "ichiro/2.0 (http://help.goo.ne.jp/door/crawler.html)"
195.93.60.138 - - [13/Dec/2006:05:45:33 -0600] "GET /uploads/Family_guy_logo.png HTTP/1.1" 404 - "http://www.nrw-on.de/userprofil.php?fotoalbum=magic-mushroom" "Mozilla/4.0 (compatible; MSIE 7.0; AOL 9.0; Windows NT 5.1; .NET CLR 1.1.4322)"
194.224.199.54 - - [13/Dec/2006:05:45:47 -0600] "GET /archives/category/life-in-chicago/page/4/ HTTP/1.1" 200 32230 "http://www.foobar.com/archives/category/life-in-chicago/page/3/" "noxtrumbot/1.0 (crawler@noxtrum.com)"
60.191.80.30 - - [13/Dec/2006:05:46:09 -0600] "GET /archives/2006/06/23/cursillos-de-julio-de-eside/ HTTP/1.1" 200 16154 "-" "OutfoxBot/0.5 (for internet experiments; http://; outfoxbot@gmail.com)"
83.43.193.175 - - [13/Dec/2006:05:46:43 -0600] "GET /feed/atom/ HTTP/1.1" 304 0 "-" "Mozilla/5.0 (X11; U; Linux i686; es-ES; rv:1.8.0.8) Gecko/20060802 Mandriva/1.5.0.8-1.1mdv2007.0 (2007.0) Firefox/1.5.0.8"
88.0.232.232 - - [13/Dec/2006:05:46:48 -0600] "GET /wp-content/themes/default_es/style.css HTTP/1.1" 200 9885 "http://www.foobar.com/archives/2005/10/31/lentejas/" "Mozilla/4.0 (compatible; MSIE 6.0; Windows NT 5.1; SV1)"
88.0.232.232 - - [13/Dec/2006:05:46:49 -0600] "GET /archives/2005/10/31/lentejas/ HTTP/1.1" 200 17197 "http://www.google.es/search?q=tipos+de+lentejas&hl=es&lr=&start=10&sa=N" "Mozilla/4.0 (compatible; MSIE 6.0; Windows NT 5.1; SV1)"
88.0.232.232 - - [13/Dec/2006:05:46:49 -0600] "GET /wp-content/themes/default_es/images/kubrickbgcolor.jpg HTTP/1.1" 200 558 "http://www.foobar.com/archives/2005/10/31/lentejas/" "Mozilla/4.0 (compatible; MSIE 6.0; Windows NT 5.1; SV1)"
88.0.232.232 - - [13/Dec/2006:05:46:50 -0600] "GET /wp-content/themes/default_es/images/borjanet.png HTTP/1.1" 200 16169 "http://www.foobar.com/archives/2005/10/31/lentejas/" "Mozilla/4.0 (compatible; MSIE 6.0; Windows NT 5.1; SV1)"
194.224.199.54 - - [13/Dec/2006:05:46:50 -0600] "GET /archives/category/viajes/2003-australia/page/4/ HTTP/1.1" 200 32410 "http://www.foobar.com/archives/category/viajes/2003-australia/page/3/" "noxtrumbot/1.0 (crawler@noxtrum.com)"
88.0.232.232 - - [13/Dec/2006:05:46:50 -0600] "GET /wp-content/themes/default_es/images/kubrickheader.png HTTP/1.1" 200 3850 "http://www.foobar.com/archives/2005/10/31/lentejas/" "Mozilla/4.0 (compatible; MSIE 6.0; Windows NT 5.1; SV1)"
88.0.232.232 - - [13/Dec/2006:05:46:50 -0600] "GET /wp-content/themes/default_es/images/kubrickbgwide.jpg HTTP/1.1" 200 1020 "http://www.foobar.com/archives/2005/10/31/lentejas/" "Mozilla/4.0 (compatible; MSIE 6.0; Windows NT 5.1; SV1)"
88.0.232.232 - - [13/Dec/2006:05:46:50 -0600] "GET /wp-content/themes/default_es/images/kubrickfooter.jpg HTTP/1.1" 200 2601 "http://www.foobar.com/archives/2005/10/31/lentejas/" "Mozilla/4.0 (compatible; MSIE 6.0; Windows NT 5.1; SV1)"
88.0.232.232 - - [13/Dec/2006:05:46:50 -0600] "GET /favicon.ico HTTP/1.1" 404 - "-" "Mozilla/4.0 (compatible; MSIE 6.0; Windows NT 5.1; SV1)"
88.0.232.232 - - [13/Dec/2006:05:46:51 -0600] "GET /favicon.ico HTTP/1.1" 404 - "-" "Mozilla/4.0 (compatible; MSIE 6.0; Windows NT 5.1; SV1)"
210.173.180.164 - - [13/Dec/2006:05:46:58 -0600] "GET /archives/2004/11/08/escalofros/ HTTP/1.1" 200 19770 "-" "ichiro/2.0 (http://help.goo.ne.jp/door/crawler.html)"
83.32.53.25 - - [13/Dec/2006:05:47:19 -0600] "GET /favicon.ico HTTP/1.0" 404 - "http://www.netvibes.com/" "Mozilla/5.0 (Windows; U; Windows NT 5.1; es-ES; rv:1.8.0.8) Gecko/20061025 Firefox/1.5.0.8"
193.144.84.188 - - [13/Dec/2006:05:47:23 -0600] "GET /feed/ HTTP/1.1" 200 10763 "-" "Mozilla/5.0 (X11; U; Linux i686; en-US; rv:1.7.10) Gecko/20060927 Firefox/1.0.4 (Debian package 1.0.4-2sarge12)"
83.52.162.29 - - [13/Dec/2006:05:47:43 -0600] "GET /uploads/Family_guy_logo.png HTTP/1.1" 404 - "-" "Mozilla/5.0 (Windows; U; Windows NT 5.1; es-ES; rv:1.8.0.8) Gecko/20061025 Firefox/1.5.0.8"
62.15.106.6 - - [13/Dec/2006:05:47:46 -0600] "GET /archives/2006/04/19/meme-aleatorio-musical-y-2/ HTTP/1.1" 200 17058 "http://www.foobar.com/archives/2006/04/19/meme-aleatorio-musical-y-2/" "User-Agent: Mozilla/4.0 (compatible; MSIE 6.0; Windows NT 5.1)"
213.162.200.20 - - [13/Dec/2006:05:47:54 -0600] "GET /uploads/Family_guy_logo.png HTTP/1.1" 404 - "http://images.google.com/imgres?imgurl=http://www.foobar.com/uploads/Family_guy_logo.png&imgrefurl=http://www.foobar.com/archives/2006/01/19/television-americana/&h=189&w=300&sz=28&tbnid=qlC6Gq_pQxf_tM:&tbnh=73&tbnw=116&hl=es&prev=/images%3Fq%3Dpadre%2Bde%2Bfamilia%26svnum%3D10%26hl%3Des%26lr%3D%26sa%3DG&frame=small" "Mozilla/5.0 (Windows; U; Win98; es-ES; rv:1.7.5) Gecko/20041108 Firefox/1.0"
213.162.200.20 - - [13/Dec/2006:05:47:56 -0600] "GET /archives/2006/01/19/television-americana/ HTTP/1.1" 200 22476 "http://images.google.com/imgres?imgurl=http://www.foobar.com/uploads/Family_guy_logo.png&imgrefurl=http://www.foobar.com/archives/2006/01/19/television-americana/&h=189&w=300&sz=28&hl=es&start=16&tbnid=qlC6Gq_pQxf_tM:&tbnh=73&tbnw=116&prev=/images%3Fq%3Dpadre%2Bde%2Bfamilia%26svnum%3D10%26hl%3Des%26lr%3D%26sa%3DG" "Mozilla/5.0 (Windows; U; Win98; es-ES; rv:1.7.5) Gecko/20041108 Firefox/1.0"
62.15.106.6 - - [13/Dec/2006:05:47:57 -0600] "POST /wp-comments-post.php HTTP/1.1" 200 90 "http://www.foobar.com/archives/2006/04/19/meme-aleatorio-musical-y-2/" "User-Agent: Mozilla/4.0 (compatible; MSIE 6.0; Windows NT 5.1)"
213.162.200.20 - - [13/Dec/2006:05:47:59 -0600] "GET /uploads/Family_guy_logo.png HTTP/1.1" 404 - "http://images.google.com/imgres?imgurl=http://www.foobar.com/uploads/Family_guy_logo.png&imgrefurl=http://www.foobar.com/archives/2006/01/19/television-americana/&h=189&w=300&sz=28&tbnid=qlC6Gq_pQxf_tM:&tbnh=73&tbnw=116&hl=es&prev=/images%3Fq%3Dpadre%2Bde%2Bfamilia%26svnum%3D10%26hl%3Des%26lr%3D%26sa%3DG&frame=small" "Mozilla/5.0 (Windows; U; Win98; es-ES; rv:1.7.5) Gecko/20041108 Firefox/1.0"
213.162.200.20 - - [13/Dec/2006:05:48:00 -0600] "GET /favicon.ico HTTP/1.1" 404 - "-" "Mozilla/5.0 (Windows; U; Win98; es-ES; rv:1.7.5) Gecko/20041108 Firefox/1.0"
80.36.81.43 - - [13/Dec/2006:05:48:03 -0600] "GET /archives/2005/11/02/chocolate-a-la-taza/ HTTP/1.0" 200 17919 "http://www.google.es/search?hl=es&q=tazas+para+el++chocolate&meta=" "Mozilla/4.0 (compatible; MSIE 6.0; Windows NT 5.1; SV1; HbTools 4.8.0)"
210.173.180.164 - - [13/Dec/2006:05:48:04 -0600] "GET /archives/2004/11/07/tras-el-cumpleaos/ HTTP/1.1" 200 17899 "-" "ichiro/2.0 (http://help.goo.ne.jp/door/crawler.html)"
194.224.199.54 - - [13/Dec/2006:05:48:09 -0600] "GET /archives/category/viajes/2004-chicago/page/4/ HTTP/1.1" 200 30015 "http://www.foobar.com/archives/category/viajes/2004-chicago/page/3/" "noxtrumbot/1.0 (crawler@noxtrum.com)"
80.224.29.161 - - [13/Dec/2006:05:48:17 -0600] "GET /feed/ HTTP/1.0" 304 0 "-" "Liferea/1.0.26 (Linux; http://liferea.sf.net/)"
74.6.74.234 - - [13/Dec/2006:05:48:48 -0600] "GET /robots.txt HTTP/1.0" 404 - "-" "Mozilla/5.0 (compatible; Yahoo! Slurp; http://help.yahoo.com/help/us/ysearch/slurp)"
74.6.67.149 - - [13/Dec/2006:05:48:54 -0600] "GET /archives/2004/03/26/qu-tal-en-suiza-frio HTTP/1.0" 200 16975 "-" "Mozilla/5.0 (compatible; Yahoo! Slurp; http://help.yahoo.com/help/us/ysearch/slurp)"
194.224.199.54 - - [13/Dec/2006:05:49:08 -0600] "GET /archives/category/borjanet/page/4/ HTTP/1.1" 200 32215 "http://www.foobar.com/archives/category/borjanet/page/3/" "noxtrumbot/1.0 (crawler@noxtrum.com)"
213.162.200.20 - - [13/Dec/2006:05:49:08 -0600] "GET /archives/2006/01/19/television-americana/ HTTP/1.1" 200 22355 "http://images.google.com/imgres?imgurl=http://www.foobar.com/uploads/Family_guy_logo.png&imgrefurl=http://www.foobar.com/archives/2006/01/19/television-americana/&h=189&w=300&sz=28&hl=es&start=16&tbnid=qlC6Gq_pQxf_tM:&tbnh=73&tbnw=116&prev=/images%3Fq%3Dpadre%2Bde%2Bfamilia%26svnum%3D10%26hl%3Des%26lr%3D%26sa%3DG" "Mozilla/5.0 (Windows; U; Win98; es-ES; rv:1.7.5) Gecko/20041108 Firefox/1.0"
72.14.199.5 - - [13/Dec/2006:05:49:10 -0600] "GET /feed/atom/ HTTP/1.1" 304 0 "-" "Feedfetcher-Google; (+http://www.google.com/feedfetcher.html)"
195.27.215.89 - - [13/Dec/2006:05:49:13 -0600] "GET /archives/2005/03/page/1/ HTTP/1.0" 200 32701 "-" "Seekbot/1.0 (http://www.seekbot.net/bot.html) HTTPFetcher/0.3"
74.6.69.13 - - [13/Dec/2006:05:49:14 -0600] "GET /archives/2005/08/22/habemus-portada/ HTTP/1.0" 200 18468 "-" "Mozilla/5.0 (compatible; Yahoo! Slurp; http://help.yahoo.com/help/us/ysearch/slurp)"
60.191.80.30 - - [13/Dec/2006:05:49:21 -0600] "GET /archives/category/viajes/page/2/ HTTP/1.1" 200 32196 "-" "OutfoxBot/0.5 (for internet experiments; http://; outfoxbot@gmail.com)"
204.15.20.159 - - [13/Dec/2006:05:49:25 -0600] "GET /feed/ HTTP/1.1" 304 0 "-" "FacebookFeedParser/1.0 (UniversalFeedParser/4.1;) +http://facebook.com/"
194.224.199.54 - - [13/Dec/2006:05:50:06 -0600] "GET /archives/2006/01/01/urte-berri-on-gmt-6/feed/ HTTP/1.1" 200 510 "http://www.foobar.com/archives/2006/01/01/urte-berri-on-gmt-6/" "noxtrumbot/1.0 (crawler@noxtrum.com)"
210.173.180.164 - - [13/Dec/2006:05:50:19 -0600] "GET /archives/2004/11/03/ya-es-oficial-estamos-de-mierda-hasta-el-cuello/ HTTP/1.1" 200 20304 "-" "ichiro/2.0 (http://help.goo.ne.jp/door/crawler.html)"
194.224.199.54 - - [13/Dec/2006:05:51:05 -0600] "GET /archives/2006/01/01/urte-berri-on-gmt-6/trackback/ HTTP/1.1" 302 5 "http://www.foobar.com/archives/2006/01/01/urte-berri-on-gmt-6/" "noxtrumbot/1.0 (crawler@noxtrum.com)"
74.6.70.44 - - [13/Dec/2006:05:51:21 -0600] "GET /archives/2006/03/19/%C2%A1ya-ta HTTP/1.0" 200 18522 "-" "Mozilla/5.0 (compatible; Yahoo! Slurp; http://help.yahoo.com/help/us/ysearch/slurp)"
194.224.199.54 - - [13/Dec/2006:05:52:06 -0600] "GET /archives/category/cine/page/4/ HTTP/1.1" 200 31930 "http://www.foobar.com/archives/category/cine/page/3/" "noxtrumbot/1.0 (crawler@noxtrum.com)"
210.173.180.164 - - [13/Dec/2006:05:52:22 -0600] "GET /archives/2004/11/30/estructuras-matemticas-con-sentido-del-humor/feed/ HTTP/1.1" 200 10599 "-" "ichiro/2.0 (http://help.goo.ne.jp/door/crawler.html)"
201.32.142.244 - - [13/Dec/2006:05:52:42 -0600] "GET /uploads/whoseline.jpg HTTP/1.1" 200 13096 "http://nowloaded.org/forum/index.php?showtopic=22951" "Mozilla/5.0 (Windows; U; Windows NT 5.1; pt-BR; Alexa; rv:1.8.1) Gecko/20061010 Firefox/2.0"
198.37.25.204 - - [13/Dec/2006:05:52:50 -0600] "GET /feed/ HTTP/1.1" 304 0 "-" "Mozilla/5.0 (Macintosh; U; PPC Mac OS X; en-us) AppleWebKit/412 (KHTML, like Gecko) Safari/412"
195.64.186.9 - - [13/Dec/2006:05:53:02 -0600] "GET /archives/2003/12/25/la-cena-de-nochebuena/ HTTP/1.0" 200 18317 "http://www.google.es/search?hl=es&sa=X&oi=spell&resnum=0&ct=result&cd=1&q=cena+de+nochebuena&spell=1" "Mozilla/4.0 (compatible; MSIE 6.0; Windows NT 5.1)"
195.64.186.9 - - [13/Dec/2006:05:53:02 -0600] "GET /wp-content/themes/default_es/style.css HTTP/1.0" 200 9885 "http://www.foobar.com/archives/2003/12/25/la-cena-de-nochebuena/" "Mozilla/4.0 (compatible; MSIE 6.0; Windows NT 5.1)"
195.64.186.9 - - [13/Dec/2006:05:53:03 -0600] "GET /wp-content/themes/default_es/images/borjanet.png HTTP/1.0" 200 16169 "http://www.foobar.com/archives/2003/12/25/la-cena-de-nochebuena/" "Mozilla/4.0 (compatible; MSIE 6.0; Windows NT 5.1)"
195.64.186.9 - - [13/Dec/2006:05:53:03 -0600] "GET /wp-content/themes/default_es/images/kubrickbgcolor.jpg HTTP/1.0" 200 558 "http://www.foobar.com/archives/2003/12/25/la-cena-de-nochebuena/" "Mozilla/4.0 (compatible; MSIE 6.0; Windows NT 5.1)"
195.64.186.9 - - [13/Dec/2006:05:53:03 -0600] "GET /wp-content/themes/default_es/images/kubrickbgwide.jpg HTTP/1.0" 200 1020 "http://www.foobar.com/archives/2003/12/25/la-cena-de-nochebuena/" "Mozilla/4.0 (compatible; MSIE 6.0; Windows NT 5.1)"
195.64.186.9 - - [13/Dec/2006:05:53:03 -0600] "GET /wp-content/themes/default_es/images/kubrickheader.png HTTP/1.0" 200 3850 "http://www.foobar.com/archives/2003/12/25/la-cena-de-nochebuena/" "Mozilla/4.0 (compatible; MSIE 6.0; Windows NT 5.1)"
195.64.186.9 - - [13/Dec/2006:05:53:03 -0600] "GET /wp-content/themes/default_es/images/kubrickfooter.jpg HTTP/1.0" 200 2601 "http://www.foobar.com/archives/2003/12/25/la-cena-de-nochebuena/" "Mozilla/4.0 (compatible; MSIE 6.0; Windows NT 5.1)"
194.224.199.54 - - [13/Dec/2006:05:53:08 -0600] "GET /archives/category/doctorado/page/4/ HTTP/1.1" 200 33004 "http://www.foobar.com/archives/category/doctorado/page/3/" "noxtrumbot/1.0 (crawler@noxtrum.com)"
210.173.180.164 - - [13/Dec/2006:05:53:38 -0600] "GET /archives/2004/11/30/estructuras-matemticas-con-sentido-del-humor/trackback/ HTTP/1.1" 302 5 "-" "ichiro/2.0 (http://help.goo.ne.jp/door/crawler.html)"
200.161.1.94 - - [13/Dec/2006:05:53:45 -0600] "GET /uploads/whoseline.jpg HTTP/1.1" 200 13096 "http://nowloaded.org/forum/index.php?showtopic=20278&pid=255158&st=0&#entry255158" "Mozilla/4.0 (compatible; MSIE 6.0; Windows NT 5.1; SV1)"
194.224.199.54 - - [13/Dec/2006:05:54:07 -0600] "GET /archives/category/general/page/4/ HTTP/1.1" 200 32054 "http://www.foobar.com/archives/category/general/page/3/" "noxtrumbot/1.0 (crawler@noxtrum.com)"
158.42.16.182 - - [13/Dec/2006:05:54:14 -0600] "GET /favicon.ico HTTP/1.1" 404 - "http://www.netvibes.com/" "Mozilla/5.0 (Windows; U; Windows NT 5.1; es-ES; rv:1.8.1) Gecko/20061010 Firefox/2.0"
84.122.88.137 - - [13/Dec/2006:05:54:59 -0600] "GET /feed/ HTTP/1.1" 304 0 "-" "Akregator/1.2.2; librss/remnants"
80.33.196.117 - - [13/Dec/2006:05:55:00 -0600] "GET /wp-content/themes/default_es/style.css HTTP/1.1" 200 9885 "http://www.foobar.com/archives/2005/11/02/chocolate-a-la-taza/" "Mozilla/4.0 (compatible; MSIE 7.0; Windows NT 5.1)"
80.33.196.117 - - [13/Dec/2006:05:55:01 -0600] "GET /archives/2005/11/02/chocolate-a-la-taza/ HTTP/1.1" 200 18068 "http://www.google.es/search?hl=es&q=RECETA+CHOCOLATE+TAZA&meta=" "Mozilla/4.0 (compatible; MSIE 7.0; Windows NT 5.1)"
80.33.196.117 - - [13/Dec/2006:05:55:01 -0600] "GET /wp-content/themes/default_es/images/borjanet.png HTTP/1.1" 200 16169 "http://www.foobar.com/archives/2005/11/02/chocolate-a-la-taza/" "Mozilla/4.0 (compatible; MSIE 7.0; Windows NT 5.1)"
80.33.196.117 - - [13/Dec/2006:05:55:02 -0600] "GET /wp-content/themes/default_es/images/kubrickbgcolor.jpg HTTP/1.1" 200 558 "http://www.foobar.com/archives/2005/11/02/chocolate-a-la-taza/" "Mozilla/4.0 (compatible; MSIE 7.0; Windows NT 5.1)"
80.33.196.117 - - [13/Dec/2006:05:55:02 -0600] "GET /wp-content/themes/default_es/images/kubrickbgwide.jpg HTTP/1.1" 200 1020 "http://www.foobar.com/archives/2005/11/02/chocolate-a-la-taza/" "Mozilla/4.0 (compatible; MSIE 7.0; Windows NT 5.1)"
80.33.196.117 - - [13/Dec/2006:05:55:02 -0600] "GET /wp-content/themes/default_es/images/kubrickfooter.jpg HTTP/1.1" 200 2601 "http://www.foobar.com/archives/2005/11/02/chocolate-a-la-taza/" "Mozilla/4.0 (compatible; MSIE 7.0; Windows NT 5.1)"
80.33.196.117 - - [13/Dec/2006:05:55:02 -0600] "GET /wp-content/themes/default_es/images/kubrickheader.png HTTP/1.1" 200 3850 "http://www.foobar.com/archives/2005/11/02/chocolate-a-la-taza/" "Mozilla/4.0 (compatible; MSIE 7.0; Windows NT 5.1)"
80.33.196.117 - - [13/Dec/2006:05:55:02 -0600] "GET /favicon.ico HTTP/1.1" 404 - "-" "Mozilla/4.0 (compatible; MSIE 7.0; Windows NT 5.1)"
194.224.199.54 - - [13/Dec/2006:05:55:07 -0600] "GET /archives/category/informatica/page/4/ HTTP/1.1" 200 32656 "http://www.foobar.com/archives/category/informatica/page/3/" "noxtrumbot/1.0 (crawler@noxtrum.com)"
195.235.227.10 - - [13/Dec/2006:05:55:17 -0600] "GET /wp-content/themes/default_es/style.css HTTP/1.0" 200 9885 "http://www.foobar.com/archives/2004/11/30/estructuras-matemticas-con-sentido-del-humor/" "Mozilla/5.0 (Windows; U; Windows NT 5.0; es-ES; rv:1.8.0.8) Gecko/20061025 Firefox/1.5.0.8"
195.235.227.10 - - [13/Dec/2006:05:55:18 -0600] "GET /archives/2004/11/30/estructuras-matemticas-con-sentido-del-humor/ HTTP/1.0" 200 32632 "http://www.google.es/search?hl=es&as_qdr=m3&q=blog+matematicas&as_qdr=m3&btnG=B%C3%BAsqueda&meta=" "Mozilla/5.0 (Windows; U; Windows NT 5.0; es-ES; rv:1.8.0.8) Gecko/20061025 Firefox/1.5.0.8"
80.26.99.206 - - [13/Dec/2006:05:55:24 -0600] "GET /uploads/Family_guy_logo.png HTTP/1.1" 404 - "http://www.pspain.com/foro/showthread.php?t=47945" "Mozilla/5.0 (Windows; U; Windows NT 5.1; es-ES; rv:1.8.0.8) Gecko/20061025 Firefox/1.5.0.8"
195.235.227.10 - - [13/Dec/2006:05:55:25 -0600] "GET /wp-content/themes/default_es/images/borjanet.png HTTP/1.0" 200 16169 "http://www.foobar.com/archives/2004/11/30/estructuras-matemticas-con-sentido-del-humor/" "Mozilla/5.0 (Windows; U; Windows NT 5.0; es-ES; rv:1.8.0.8) Gecko/20061025 Firefox/1.5.0.8"
195.235.227.10 - - [13/Dec/2006:05:55:26 -0600] "GET /uploads/markov.png HTTP/1.0" 200 25991 "http://www.foobar.com/archives/2004/11/30/estructuras-matemticas-con-sentido-del-humor/" "Mozilla/5.0 (Windows; U; Windows NT 5.0; es-ES; rv:1.8.0.8) Gecko/20061025 Firefox/1.5.0.8"
195.235.227.10 - - [13/Dec/2006:05:55:35 -0600] "GET /favicon.ico HTTP/1.0" 404 - "-" "Mozilla/5.0 (Windows; U; Windows NT 5.0; es-ES; rv:1.8.0.8) Gecko/20061025 Firefox/1.5.0.8"
195.235.227.10 - - [13/Dec/2006:05:55:39 -0600] "GET /wp-content/themes/default_es/images/kubrickbgcolor.jpg HTTP/1.0" 200 558 "http://www.foobar.com/archives/2004/11/30/estructuras-matemticas-con-sentido-del-humor/" "Mozilla/5.0 (Windows; U; Windows NT 5.0; es-ES; rv:1.8.0.8) Gecko/20061025 Firefox/1.5.0.8"
195.235.227.10 - - [13/Dec/2006:05:55:39 -0600] "GET /wp-content/themes/default_es/images/kubrickheader.png HTTP/1.0" 200 3850 "http://www.foobar.com/archives/2004/11/30/estructuras-matemticas-con-sentido-del-humor/" "Mozilla/5.0 (Windows; U; Windows NT 5.0; es-ES; rv:1.8.0.8) Gecko/20061025 Firefox/1.5.0.8"
195.235.227.10 - - [13/Dec/2006:05:55:40 -0600] "GET /wp-content/themes/default_es/images/kubrickbgwide.jpg HTTP/1.0" 200 1020 "http://www.foobar.com/archives/2004/11/30/estructuras-matemticas-con-sentido-del-humor/" "Mozilla/5.0 (Windows; U; Windows NT 5.0; es-ES; rv:1.8.0.8) Gecko/20061025 Firefox/1.5.0.8"
195.235.227.10 - - [13/Dec/2006:05:55:40 -0600] "GET /wp-content/themes/default_es/images/kubrickfooter.jpg HTTP/1.0" 200 2601 "http://www.foobar.com/archives/2004/11/30/estructuras-matemticas-con-sentido-del-humor/" "Mozilla/5.0 (Windows; U; Windows NT 5.0; es-ES; rv:1.8.0.8) Gecko/20061025 Firefox/1.5.0.8"
130.206.100.135 - - [13/Dec/2006:05:55:57 -0600] "GET /archives/2006/06/23/cursillos-de-julio-de-eside-y-2/ HTTP/1.0" 200 27259 "-" "Mozilla/5.0 (Windows; U; Windows NT 5.1; es-ES; rv:1.8.1) Gecko/20061010 Firefox/2.0"
130.206.100.135 - - [13/Dec/2006:05:55:57 -0600] "GET /wp-content/themes/default_es/images/kubrickbgwide.jpg HTTP/1.0" 304 - "http://www.foobar.com/archives/2006/06/23/cursillos-de-julio-de-eside-y-2/" "Mozilla/5.0 (Windows; U; Windows NT 5.1; es-ES; rv:1.8.1) Gecko/20061010 Firefox/2.0"
130.206.100.135 - - [13/Dec/2006:05:55:58 -0600] "GET /favicon.ico HTTP/1.0" 404 - "-" "Mozilla/5.0 (Windows; U; Windows NT 5.1; es-ES; rv:1.8.1) Gecko/20061010 Firefox/2.0"
200.112.119.17 - - [13/Dec/2006:05:56:05 -0600] "GET /wp-content/themes/default_es/style.css HTTP/1.1" 200 9885 "http://www.foobar.com/archives/2003/05/16/mi-ltimo-da-de-clase/" "Mozilla/4.0 (compatible; MSIE 6.0; Windows NT 5.1; SV1)"
200.112.119.17 - - [13/Dec/2006:05:56:07 -0600] "GET /archives/2003/05/16/mi-ltimo-da-de-clase/ HTTP/1.1" 200 15269 "http://www.google.cl/search?hl=es&q=ultimo+dia+de+clases&meta=" "Mozilla/4.0 (compatible; MSIE 6.0; Windows NT 5.1; SV1)"
200.112.119.17 - - [13/Dec/2006:05:56:07 -0600] "GET /wp-content/themes/default_es/images/borjanet.png HTTP/1.1" 200 16169 "http://www.foobar.com/archives/2003/05/16/mi-ltimo-da-de-clase/" "Mozilla/4.0 (compatible; MSIE 6.0; Windows NT 5.1; SV1)"
194.224.199.54 - - [13/Dec/2006:05:56:07 -0600] "GET /archives/2006/04/12/that-old-bilbao/ HTTP/1.1" 200 17284 "http://www.foobar.com/archives/category/misc/page/1/" "noxtrumbot/1.0 (crawler@noxtrum.com)"
200.112.119.17 - - [13/Dec/2006:05:56:07 -0600] "GET /wp-content/themes/default_es/images/kubrickbgcolor.jpg HTTP/1.1" 200 558 "http://www.foobar.com/archives/2003/05/16/mi-ltimo-da-de-clase/" "Mozilla/4.0 (compatible; MSIE 6.0; Windows NT 5.1; SV1)"
200.112.119.17 - - [13/Dec/2006:05:56:08 -0600] "GET /wp-content/themes/default_es/images/kubrickbgwide.jpg HTTP/1.1" 200 1020 "http://www.foobar.com/archives/2003/05/16/mi-ltimo-da-de-clase/" "Mozilla/4.0 (compatible; MSIE 6.0; Windows NT 5.1; SV1)"
200.112.119.17 - - [13/Dec/2006:05:56:08 -0600] "GET /wp-content/themes/default_es/images/kubrickheader.png HTTP/1.1" 200 3850 "http://www.foobar.com/archives/2003/05/16/mi-ltimo-da-de-clase/" "Mozilla/4.0 (compatible; MSIE 6.0; Windows NT 5.1; SV1)"
200.112.119.17 - - [13/Dec/2006:05:56:08 -0600] "GET /wp-content/themes/default_es/images/kubrickfooter.jpg HTTP/1.1" 200 2601 "http://www.foobar.com/archives/2003/05/16/mi-ltimo-da-de-clase/" "Mozilla/4.0 (compatible; MSIE 6.0; Windows NT 5.1; SV1)"
195.64.186.9 - - [13/Dec/2006:05:56:13 -0600] "GET /archives/2003/12/25/la-cena-de-nochebuena/feed/ HTTP/1.0" 200 1273 "http://www.google.es/search?q=cena+de+nochebuena&hl=es&lr=&start=10&sa=N" "Mozilla/4.0 (compatible; MSIE 6.0; Windows NT 5.1)"
195.27.215.89 - - [13/Dec/2006:05:56:38 -0600] "GET /archives/2005/03/page/2/ HTTP/1.0" 200 30861 "-" "Seekbot/1.0 (http://www.seekbot.net/bot.html) HTTPFetcher/0.3"
195.55.130.65 - - [13/Dec/2006:05:56:54 -0600] "GET /wp-content/themes/default_es/style.css HTTP/1.1" 200 9885 "http://www.foobar.com/archives/2005/09/15/fotos-del-viaje/" "Mozilla/5.0 (Windows; U; Windows NT 5.1; es-ES; rv:1.8.0.1) Gecko/20060111 Firefox/1.5.0.1"
195.55.130.65 - - [13/Dec/2006:05:56:55 -0600] "GET /archives/2005/09/15/fotos-del-viaje/ HTTP/1.1" 200 18881 "http://www.google.es/search?q=blog+de+fotos&start=0&ie=utf-8&oe=utf-8&client=firefox-a&rls=org.mozilla:es-ES:official" "Mozilla/5.0 (Windows; U; Windows NT 5.1; es-ES; rv:1.8.0.1) Gecko/20060111 Firefox/1.5.0.1"
195.55.130.65 - - [13/Dec/2006:05:56:55 -0600] "GET /wp-content/themes/default_es/images/kubrickbgcolor.jpg HTTP/1.1" 200 558 "http://www.foobar.com/archives/2005/09/15/fotos-del-viaje/" "Mozilla/5.0 (Windows; U; Windows NT 5.1; es-ES; rv:1.8.0.1) Gecko/20060111 Firefox/1.5.0.1"
195.55.130.65 - - [13/Dec/2006:05:56:55 -0600] "GET /wp-content/themes/default_es/images/borjanet.png HTTP/1.1" 200 16169 "http://www.foobar.com/archives/2005/09/15/fotos-del-viaje/" "Mozilla/5.0 (Windows; U; Windows NT 5.1; es-ES; rv:1.8.0.1) Gecko/20060111 Firefox/1.5.0.1"
195.55.130.65 - - [13/Dec/2006:05:56:55 -0600] "GET /wp-content/themes/default_es/images/kubrickbgwide.jpg HTTP/1.1" 200 1020 "http://www.foobar.com/archives/2005/09/15/fotos-del-viaje/" "Mozilla/5.0 (Windows; U; Windows NT 5.1; es-ES; rv:1.8.0.1) Gecko/20060111 Firefox/1.5.0.1"
195.55.130.65 - - [13/Dec/2006:05:56:55 -0600] "GET /wp-content/themes/default_es/images/kubrickheader.png HTTP/1.1" 200 3850 "http://www.foobar.com/archives/2005/09/15/fotos-del-viaje/" "Mozilla/5.0 (Windows; U; Windows NT 5.1; es-ES; rv:1.8.0.1) Gecko/20060111 Firefox/1.5.0.1"
195.55.130.65 - - [13/Dec/2006:05:56:56 -0600] "GET /wp-content/themes/default_es/images/kubrickfooter.jpg HTTP/1.1" 200 2601 "http://www.foobar.com/archives/2005/09/15/fotos-del-viaje/" "Mozilla/5.0 (Windows; U; Windows NT 5.1; es-ES; rv:1.8.0.1) Gecko/20060111 Firefox/1.5.0.1"
195.55.130.65 - - [13/Dec/2006:05:56:56 -0600] "GET /favicon.ico HTTP/1.1" 404 - "-" "Mozilla/5.0 (Windows; U; Windows NT 5.1; es-ES; rv:1.8.0.1) Gecko/20060111 Firefox/1.5.0.1"
194.224.199.54 - - [13/Dec/2006:05:57:07 -0600] "GET /archives/category/misc/page/4/ HTTP/1.1" 200 28757 "http://www.foobar.com/archives/category/misc/page/3/" "noxtrumbot/1.0 (crawler@noxtrum.com)"
194.224.199.54 - - [13/Dec/2006:05:58:08 -0600] "GET /archives/category/viajes/page/4/ HTTP/1.1" 200 32120 "http://www.foobar.com/archives/category/viajes/page/3/" "noxtrumbot/1.0 (crawler@noxtrum.com)"
80.224.29.161 - - [13/Dec/2006:05:58:16 -0600] "GET /feed/ HTTP/1.0" 304 0 "-" "Liferea/1.0.26 (Linux; http://liferea.sf.net/)"
139.149.1.203 - - [13/Dec/2006:05:58:17 -0600] "GET /feed/ HTTP/1.1" 200 10763 "-" "Mozilla/5.0 (Windows; U; Windows NT 5.1; en-US; rv:1.8.0.6) Gecko/20060728 Firefox/1.5.0.6"
210.173.180.164 - - [13/Dec/2006:05:58:55 -0600] "GET /archives/2004/11/25/nieve/feed/ HTTP/1.1" 200 4031 "-" "ichiro/2.0 (http://help.goo.ne.jp/door/crawler.html)"
81.37.220.68 - - [13/Dec/2006:05:58:56 -0600] "GET /feed HTTP/1.0" 304 0 "-" "Liferea/1.0.23 (Linux; es_ES.UTF-8; http://liferea.sf.net/)"
194.224.199.54 - - [13/Dec/2006:05:59:06 -0600] "GET /archives/2006/02/03/second-city/feed/ HTTP/1.1" 200 1102 "http://www.foobar.com/archives/2006/02/03/second-city/" "noxtrumbot/1.0 (crawler@noxtrum.com)"
131.202.212.90 - - [13/Dec/2006:05:59:20 -0600] "GET /feed/ HTTP/1.1" 304 0 "-" "NetNewsWire/2.1.1 (Mac OS X; http://ranchero.com/netnewswire/)"
201.235.234.156 - - [13/Dec/2006:05:59:29 -0600] "GET /wp-content/themes/default_es/style.css HTTP/1.1" 200 9885 "http://www.foobar.com/archives/2005/09/09/dia-5-londres/" "Mozilla/4.0 (compatible; MSIE 6.0; Windows NT 5.1; SV1; Alexa Toolbar)"
201.235.234.156 - - [13/Dec/2006:05:59:29 -0600] "GET /archives/2005/09/09/dia-5-londres/ HTTP/1.1" 200 19792 "http://www.google.com.ar/search?hl=es&q=El+teatro+isabelino&meta=" "Mozilla/4.0 (compatible; MSIE 6.0; Windows NT 5.1; SV1; Alexa Toolbar)"
