80.59.221.182 - - [13/Dec/2006:09:23:30 -0600] "GET /wp-content/themes/default_es/images/borjanet.png HTTP/1.1" 200 16169 "http://www.foobar.com/archives/2006/02/04/mi-nuevo-juguete/" "Mozilla/4.0 (compatible; MSIE 7.0; Windows NT 5.1; .NET CLR 1.1.4322)"
80.59.221.182 - - [13/Dec/2006:09:23:30 -0600] "GET /wp-content/themes/default_es/images/kubrickbgcolor.jpg HTTP/1.1" 200 558 "http://www.foobar.com/archives/2006/02/04/mi-nuevo-juguete/" "Mozilla/4.0 (compatible; MSIE 7.0; Windows NT 5.1; .NET CLR 1.1.4322)"
80.59.221.182 - - [13/Dec/2006:09:23:30 -0600] "GET /wp-content/themes/default_es/images/kubrickheader.png HTTP/1.1" 200 3850 "http://www.foobar.com/archives/2006/02/04/mi-nuevo-juguete/" "Mozilla/4.0 (compatible; MSIE 7.0; Windows NT 5.1; .NET CLR 1.1.4322)"
80.59.221.182 - - [13/Dec/2006:09:23:30 -0600] "GET /wp-content/themes/default_es/images/kubrickbgwide.jpg HTTP/1.1" 200 1020 "http://www.foobar.com/archives/2006/02/04/mi-nuevo-juguete/" "Mozilla/4.0 (compatible; MSIE 7.0; Windows NT 5.1; .NET CLR 1.1.4322)"
80.59.221.182 - - [13/Dec/2006:09:23:30 -0600] "GET /uploads/espresso.jpg HTTP/1.1" 200 23864 "http://www.foobar.com/archives/2006/02/04/mi-nuevo-juguete/" "Mozilla/4.0 (compatible; MSIE 7.0; Windows NT 5.1; .NET CLR 1.1.4322)"
80.59.221.182 - - [13/Dec/2006:09:23:30 -0600] "GET /wp-content/themes/default_es/images/kubrickfooter.jpg HTTP/1.1" 200 2601 "http://www.foobar.com/archives/2006/02/04/mi-nuevo-juguete/" "Mozilla/4.0 (compatible; MSIE 7.0; Windows NT 5.1; .NET CLR 1.1.4322)"
212.55.0.180 - - [13/Dec/2006:09:23:30 -0600] "GET /favicon.ico HTTP/1.1" 404 - "http://www.newsgator.com/ngs/subscriber/WebEd2.aspx?fid=310864" "Mozilla/5.0 (Windows; U; Windows NT 5.1; es-ES; rv:1.8.1) Gecko/20061010 Firefox/2.0"
80.59.221.182 - - [13/Dec/2006:09:23:31 -0600] "GET /favicon.ico HTTP/1.1" 404 - "-" "Mozilla/4.0 (compatible; MSIE 7.0; Windows NT 5.1; .NET CLR 1.1.4322)"
74.6.85.230 - - [13/Dec/2006:09:23:37 -0600] "GET /articulos/cine/villanos/view HTTP/1.0" 404 - "-" "Mozilla/5.0 (compatible; Yahoo! Slurp; http://help.yahoo.com/help/us/ysearch/slurp)"
72.14.199.5 - - [13/Dec/2006:09:24:02 -0600] "GET /feed/ HTTP/1.1" 304 0 "-" "Feedfetcher-Google; (+http://www.google.com/feedfetcher.html)"
213.97.176.44 - - [13/Dec/2006:09:24:34 -0600] "GET /feed/rss2/ HTTP/1.1" 304 0 "-" "Mozilla/5.0 (Macintosh; U; PPC Mac OS X Mach-O; es-AR; rv:1.8.1) Gecko/20061010 Firefox/2.0"
210.173.180.164 - - [13/Dec/2006:09:24:35 -0600] "GET /archives/2004/01/01/la-arbitraria-felicidad-de-nochevieja/ HTTP/1.1" 200 20016 "-" "ichiro/2.0 (http://help.goo.ne.jp/door/crawler.html)"
201.26.78.66 - - [13/Dec/2006:09:25:18 -0600] "GET /uploads/whoseline.jpg HTTP/1.1" 200 13096 "http://nowloaded.org/forum/index.php?showtopic=22951&st=0" "Mozilla/5.0 (Windows; U; Windows NT 5.1; pt-BR; rv:1.8.1) Gecko/20061010 Firefox/2.0"
212.55.0.180 - - [13/Dec/2006:09:25:19 -0600] "GET /favicon.ico HTTP/1.1" 404 - "http://www.newsgator.com/ngs/subscriber/WebEd2.aspx?fid=310864" "Mozilla/5.0 (Windows; U; Windows NT 5.1; es-ES; rv:1.8.1) Gecko/20061010 Firefox/2.0"
60.191.80.30 - - [13/Dec/2006:09:26:03 -0600] "GET /archives/2003/08/26/australia-da-19-sydney/ HTTP/1.1" 200 17308 "-" "OutfoxBot/0.5 (for internet experiments; http://; outfoxbot@gmail.com)"
60.191.80.30 - - [13/Dec/2006:09:26:06 -0600] "GET /archives/2004/04/08/todo-el-da-en-pijama/ HTTP/1.1" 200 16591 "-" "OutfoxBot/0.5 (for internet experiments; http://; outfoxbot@gmail.com)"
65.214.44.29 - - [13/Dec/2006:09:26:15 -0600] "GET /feed/ HTTP/1.1" 304 0 "-" "Bloglines/3.1 (http://www.bloglines.com; 34 subscribers)"
65.26.156.41 - - [13/Dec/2006:09:26:48 -0600] "GET /uploads/Family_guy_logo.png HTTP/1.1" 404 - "http://profile.myspace.com/index.cfm?fuseaction=user.viewprofile&friendid=15711520" "Mozilla/4.0 (compatible; MSIE 7.0; Windows NT 5.1; FunWebProducts)"
210.173.180.164 - - [13/Dec/2006:09:26:51 -0600] "GET /archives/2004/01/20/peazo-visita-a-stanford/feed/ HTTP/1.1" 200 7801 "-" "ichiro/2.0 (http://help.goo.ne.jp/door/crawler.html)"
60.191.80.30 - - [13/Dec/2006:09:27:23 -0600] "GET /archives/2002/11/11/oda-al-microbot/ HTTP/1.1" 200 16816 "-" "OutfoxBot/0.5 (for internet experiments; http://; outfoxbot@gmail.com)"
60.191.80.30 - - [13/Dec/2006:09:27:26 -0600] "GET /archives/2003/05/12/mi-ltima-semana-de-clase/ HTTP/1.1" 200 14088 "-" "OutfoxBot/0.5 (for internet experiments; http://; outfoxbot@gmail.com)"
207.159.188.122 - - [13/Dec/2006:09:28:10 -0600] "GET /uploads/whoseline.jpg HTTP/1.1" 200 13096 "http://profile.myspace.com/index.cfm?fuseaction=user.viewprofile&friendid=7839407" "Mozilla/4.0 (compatible; MSIE 6.0; Windows NT 5.1; SV1; .NET CLR 1.1.4322)"
80.224.29.161 - - [13/Dec/2006:09:28:23 -0600] "GET /feed/ HTTP/1.0" 304 0 "-" "Liferea/1.0.26 (Linux; http://liferea.sf.net/)"
195.27.215.89 - - [13/Dec/2006:09:28:23 -0600] "GET /archives/2005/08/17/habemus-amazon/ HTTP/1.0" 200 15855 "-" "Seekbot/1.0 (http://www.seekbot.net/bot.html) HTTPFetcher/0.3"
81.202.208.214 - - [13/Dec/2006:09:28:26 -0600] "GET /favicon.ico HTTP/1.1" 404 - "http://www.netvibes.com/" "Mozilla/5.0 (Windows; U; Windows NT 5.1; es-ES; rv:1.8.0.8) Gecko/20061025 Firefox/1.5.0.8"
210.173.180.164 - - [13/Dec/2006:09:28:40 -0600] "GET /weblog/1073990749/index_html HTTP/1.1" 404 - "-" "ichiro/2.0 (http://help.goo.ne.jp/door/crawler.html)"
72.14.199.5 - - [13/Dec/2006:09:29:11 -0600] "GET /weblog/rdf HTTP/1.1" 304 0 "-" "Feedfetcher-Google; (+http://www.google.com/feedfetcher.html)"
65.26.156.41 - - [13/Dec/2006:09:29:16 -0600] "GET /uploads/Family_guy_logo.png HTTP/1.1" 404 - "http://profile.myspace.com/index.cfm?fuseaction=user.viewprofile&friendid=15711520&MyToken=39f2083a-8733-44fb-b1e9-962d90f8f0b6" "Mozilla/4.0 (compatible; MSIE 7.0; Windows NT 5.1; FunWebProducts)"
131.202.212.90 - - [13/Dec/2006:09:29:20 -0600] "GET /feed/ HTTP/1.1" 304 0 "-" "NetNewsWire/2.1.1 (Mac OS X; http://ranchero.com/netnewswire/)"
217.216.29.99 - - [13/Dec/2006:09:29:22 -0600] "GET /feed/ HTTP/1.1" 304 0 "-" "Mozilla/4.0 (compatible; Google Desktop)"
83.35.134.42 - - [13/Dec/2006:09:29:52 -0600] "GET /feed/ HTTP/1.1" 304 0 "-" "Mozilla/5.0 (Windows; U; Windows NT 5.1; ca; rv:1.8.0.8) Gecko/20061025 Firefox/1.5.0.8"
83.46.198.225 - - [13/Dec/2006:09:30:08 -0600] "GET /feed/atom/ HTTP/1.1" 304 0 "-" "Mozilla/5.0 (Macintosh; U; PPC Mac OS X; en-us) AppleWebKit/412 (KHTML, like Gecko) Safari/412"
190.65.69.110 - - [13/Dec/2006:09:30:58 -0600] "GET /feed/atom/ HTTP/1.1" 304 0 "-" "Mozilla/5.0 (Windows; U; Windows NT 5.1; es-AR; rv:1.8.1) Gecko/20061010 Firefox/2.0"
213.96.77.81 - - [13/Dec/2006:09:31:34 -0600] "GET /feed/rss2/ HTTP/1.0" 304 0 "-" "GreatNews/1.0"
213.96.77.81 - - [13/Dec/2006:09:31:47 -0600] "GET /favicon.ico HTTP/1.0" 404 - "-" "GreatNews/1.0"
213.172.54.210 - - [13/Dec/2006:09:31:50 -0600] "GET /feed/ HTTP/1.1" 304 0 "-" "Feedreader 3.05 (Powered by Newsbrain)"
69.108.136.243 - - [13/Dec/2006:09:31:59 -0600] "GET /uploads/Family_guy_logo.png HTTP/1.1" 404 - "http://profile.myspace.com/index.cfm?fuseaction=user.viewprofile&friendid=22067585" "Mozilla/4.0 (compatible; MSIE 7.0; Windows NT 5.1; .NET CLR 1.0.3705; .NET CLR 1.1.4322; Media Center PC 3.1)"
200.28.42.199 - - [13/Dec/2006:09:32:29 -0600] "GET /uploads/whoseline.jpg HTTP/1.1" 200 13096 "http://nowloaded.org/forum/index.php?showtopic=22951" "Mozilla/5.0 (Windows; U; Windows NT 5.1; es-ES; rv:1.8.0.8) Gecko/20061025 Firefox/1.5.0.8"
69.108.136.243 - - [13/Dec/2006:09:32:48 -0600] "GET /uploads/Family_guy_logo.png HTTP/1.1" 404 - "http://profile.myspace.com/index.cfm?fuseaction=user.viewprofile&friendid=22067585" "Mozilla/4.0 (compatible; MSIE 7.0; Windows NT 5.1; .NET CLR 1.0.3705; .NET CLR 1.1.4322; Media Center PC 3.1)"
75.34.9.255 - - [13/Dec/2006:09:33:12 -0600] "GET /feed/atom/ HTTP/1.1" 304 0 "-" "NetNewsWire/2.1.1 (Mac OS X; Lite; http://ranchero.com/netnewswire/)"
213.98.52.58 - - [13/Dec/2006:09:34:17 -0600] "GET /feed/ HTTP/1.1" 304 0 "-" "SharpReader/0.9.7.0 (.NET CLR 1.1.4322.2032; WinNT 5.1.2600.0)"
63.227.180.47 - - [13/Dec/2006:09:34:28 -0600] "GET /uploads/Family_guy_logo.png HTTP/1.1" 404 - "http://profile.myspace.com/index.cfm?fuseaction=user.viewprofile&friendid=78104542" "Mozilla/4.0 (compatible; MSIE 6.0; Windows NT 5.1; SV1)"
74.6.85.228 - - [13/Dec/2006:09:35:18 -0600] "GET /archives/2003/12/page/2/ HTTP/1.0" 200 27132 "-" "Mozilla/5.0 (compatible; Yahoo! Slurp; http://help.yahoo.com/help/us/ysearch/slurp)"
201.8.217.165 - - [13/Dec/2006:09:35:19 -0600] "GET /uploads/whoseline.jpg HTTP/1.1" 200 13096 "http://nowloaded.org/forum/index.php?showtopic=22948" "Mozilla/5.0 (Windows; U; Windows NT 5.1; pt-BR; rv:1.8.0.8) Gecko/20061025 Firefox/1.5.0.8"
68.43.24.139 - - [13/Dec/2006:09:35:33 -0600] "GET /uploads/Family_guy_logo.png HTTP/1.1" 404 - "http://profile.myspace.com/index.cfm?fuseaction=user.viewprofile&friendid=85016796" "Mozilla/4.0 (compatible; MSIE 6.0; Windows NT 5.1; SV1; .NET CLR 1.0.3705; .NET CLR 1.1.4322; Media Center PC 3.1)"
201.42.185.152 - - [13/Dec/2006:09:36:12 -0600] "GET /uploads/whoseline.jpg HTTP/1.1" 200 13096 "http://nowloaded.org/forum/index.php?showtopic=20371&st=60" "Mozilla/5.0 (Windows; U; Windows NT 5.1; pt-BR; rv:1.8.1) Gecko/20061010 Firefox/2.0"
212.97.177.196 - - [13/Dec/2006:09:36:39 -0600] "GET /wp-content/themes/default_es/style.css HTTP/1.1" 200 9885 "http://www.foobar.com/archives/2005/10/17/magdalenas/" "Mozilla/4.0 (compatible; MSIE 6.0; Windows NT 5.1; SV1; .NET CLR 1.0.3705; .NET CLR 1.1.4322; Media Center PC 4.0)"
212.97.177.196 - - [13/Dec/2006:09:36:39 -0600] "GET /archives/2005/10/17/magdalenas/ HTTP/1.1" 200 25732 "-" "Mozilla/4.0 (compatible; MSIE 6.0; Windows NT 5.1; SV1; .NET CLR 1.0.3705; .NET CLR 1.1.4322; Media Center PC 4.0)"
212.97.177.196 - - [13/Dec/2006:09:36:40 -0600] "GET /wp-content/themes/default_es/images/kubrickbgcolor.jpg HTTP/1.1" 200 558 "http://www.foobar.com/archives/2005/10/17/magdalenas/" "Mozilla/4.0 (compatible; MSIE 6.0; Windows NT 5.1; SV1; .NET CLR 1.0.3705; .NET CLR 1.1.4322; Media Center PC 4.0)"
212.97.177.196 - - [13/Dec/2006:09:36:40 -0600] "GET /wp-content/themes/default_es/images/borjanet.png HTTP/1.1" 200 16169 "http://www.foobar.com/archives/2005/10/17/magdalenas/" "Mozilla/4.0 (compatible; MSIE 6.0; Windows NT 5.1; SV1; .NET CLR 1.0.3705; .NET CLR 1.1.4322; Media Center PC 4.0)"
212.97.177.196 - - [13/Dec/2006:09:36:40 -0600] "GET /wp-content/themes/default_es/images/kubrickbgwide.jpg HTTP/1.1" 200 1020 "http://www.foobar.com/archives/2005/10/17/magdalenas/" "Mozilla/4.0 (compatible; MSIE 6.0; Windows NT 5.1; SV1; .NET CLR 1.0.3705; .NET CLR 1.1.4322; Media Center PC 4.0)"
212.97.177.196 - - [13/Dec/2006:09:36:40 -0600] "GET /wp-content/themes/default_es/images/kubrickheader.png HTTP/1.1" 200 3850 "http://www.foobar.com/archives/2005/10/17/magdalenas/" "Mozilla/4.0 (compatible; MSIE 6.0; Windows NT 5.1; SV1; .NET CLR 1.0.3705; .NET CLR 1.1.4322; Media Center PC 4.0)"
212.97.177.196 - - [13/Dec/2006:09:36:40 -0600] "GET /wp-content/themes/default_es/images/kubrickfooter.jpg HTTP/1.1" 200 2601 "http://www.foobar.com/archives/2005/10/17/magdalenas/" "Mozilla/4.0 (compatible; MSIE 6.0; Windows NT 5.1; SV1; .NET CLR 1.0.3705; .NET CLR 1.1.4322; Media Center PC 4.0)"
195.27.215.89 - - [13/Dec/2006:09:36:55 -0600] "GET /archives/2005/08/24/que-noche-mas-friki/ HTTP/1.0" 200 16540 "-" "Seekbot/1.0 (http://www.seekbot.net/bot.html) HTTPFetcher/0.3"
210.173.180.164 - - [13/Dec/2006:09:36:56 -0600] "GET /weblog/1063105718/index_html HTTP/1.1" 404 - "-" "ichiro/2.0 (http://help.goo.ne.jp/door/crawler.html)"
212.8.110.98 - - [13/Dec/2006:09:36:56 -0600] "GET / HTTP/1.0" 200 40932 "http://www.bilbao.bi/punto/294/tiendas/ropa/" "Mozilla/4.0 (compatible; MSIE 6.0; Windows NT 5.1; SV1; InfoPath.1; .NET CLR 2.0.50727)"
212.8.110.238 - - [13/Dec/2006:09:36:56 -0600] "GET /wp-content/themes/default_es/style.css HTTP/1.0" 200 9885 "http://www.foobar.com/" "Mozilla/4.0 (compatible; MSIE 6.0; Windows NT 5.1; SV1; InfoPath.1; .NET CLR 2.0.50727)"
212.8.110.238 - - [13/Dec/2006:09:36:56 -0600] "GET /uploads/pronunciacion.png HTTP/1.0" 200 2058 "http://www.foobar.com/" "Mozilla/4.0 (compatible; MSIE 6.0; Windows NT 5.1; SV1; InfoPath.1; .NET CLR 2.0.50727)"
212.8.110.98 - - [13/Dec/2006:09:36:57 -0600] "GET /wp-content/themes/default_es/images/borjanet.png HTTP/1.0" 200 16169 "http://www.foobar.com/" "Mozilla/4.0 (compatible; MSIE 6.0; Windows NT 5.1; SV1; InfoPath.1; .NET CLR 2.0.50727)"
212.8.110.238 - - [13/Dec/2006:09:36:57 -0600] "GET /wp-content/themes/default_es/images/kubrickheader.png HTTP/1.0" 200 3850 "http://www.foobar.com/" "Mozilla/4.0 (compatible; MSIE 6.0; Windows NT 5.1; SV1; InfoPath.1; .NET CLR 2.0.50727)"
212.8.110.238 - - [13/Dec/2006:09:36:57 -0600] "GET /wp-content/themes/default_es/images/kubrickbgcolor.jpg HTTP/1.0" 200 558 "http://www.foobar.com/" "Mozilla/4.0 (compatible; MSIE 6.0; Windows NT 5.1; SV1; InfoPath.1; .NET CLR 2.0.50727)"
212.8.110.98 - - [13/Dec/2006:09:36:57 -0600] "GET /wp-content/themes/default_es/images/kubrickbg.jpg HTTP/1.0" 200 1047 "http://www.foobar.com/" "Mozilla/4.0 (compatible; MSIE 6.0; Windows NT 5.1; SV1; InfoPath.1; .NET CLR 2.0.50727)"
212.8.110.238 - - [13/Dec/2006:09:36:58 -0600] "GET /wp-content/themes/default_es/images/kubrickfooter.jpg HTTP/1.0" 200 2601 "http://www.foobar.com/" "Mozilla/4.0 (compatible; MSIE 6.0; Windows NT 5.1; SV1; InfoPath.1; .NET CLR 2.0.50727)"
83.58.251.144 - - [13/Dec/2006:09:37:00 -0600] "GET /favicon.ico HTTP/1.1" 404 - "-" "NewzCrawler/1.7 (compatible; MSIE 6.00; Newz Crawler 1.7; http://www.newzcrawler.com/ )"
83.58.251.144 - - [13/Dec/2006:09:37:02 -0600] "GET /weblog/rdf HTTP/1.1" 304 0 "-" "NewzCrawler/1.7 (compatible; MSIE 6.00; Newz Crawler 1.7; http://www.newzcrawler.com/ )"
68.43.24.139 - - [13/Dec/2006:09:37:03 -0600] "GET /uploads/Family_guy_logo.png HTTP/1.1" 404 - "http://profile.myspace.com/index.cfm?fuseaction=user.viewprofile&friendid=85016796" "Mozilla/4.0 (compatible; MSIE 6.0; Windows NT 5.1; SV1; .NET CLR 1.0.3705; .NET CLR 1.1.4322; Media Center PC 3.1)"
83.58.251.144 - - [13/Dec/2006:09:37:08 -0600] "GET /archives/2006/05/12/nostalgia-2/feed/ HTTP/1.1" 304 0 "-" "NewzCrawler/1.7 (compatible; MSIE 6.00; Newz Crawler 1.7; http://www.newzcrawler.com/ )"
83.58.251.144 - - [13/Dec/2006:09:37:10 -0600] "GET /archives/2006/11/14/advanced-wookie-laboratories/feed/ HTTP/1.1" 304 0 "-" "NewzCrawler/1.7 (compatible; MSIE 6.00; Newz Crawler 1.7; http://www.newzcrawler.com/ )"
83.58.251.144 - - [13/Dec/2006:09:37:19 -0600] "GET /archives/2006/11/18/acento-inclasificable/feed/ HTTP/1.1" 304 0 "-" "NewzCrawler/1.7 (compatible; MSIE 6.00; Newz Crawler 1.7; http://www.newzcrawler.com/ )"
83.58.251.144 - - [13/Dec/2006:09:37:24 -0600] "GET /archives/2006/11/26/%c2%bfpor-que-escribes-un-blog/feed/ HTTP/1.1" 304 0 "-" "NewzCrawler/1.7 (compatible; MSIE 6.00; Newz Crawler 1.7; http://www.newzcrawler.com/ )"
216.211.75.44 - - [13/Dec/2006:09:37:25 -0600] "GET /uploads/Family_guy_logo.png HTTP/1.1" 404 - "http://profile.myspace.com/index.cfm?fuseaction=user.viewprofile&friendid=44953288" "Mozilla/4.0 (compatible; MSIE 7.0; Windows NT 5.1; FunWebProducts; (R1 1.5); .NET CLR 1.1.4322; IEMB3; IEMB3)"
83.58.251.144 - - [13/Dec/2006:09:37:27 -0600] "GET /archives/2006/11/26/%c2%bfpor-que-lees-mi-blog/feed/ HTTP/1.1" 304 0 "-" "NewzCrawler/1.7 (compatible; MSIE 6.00; Newz Crawler 1.7; http://www.newzcrawler.com/ )"
83.58.251.144 - - [13/Dec/2006:09:37:29 -0600] "GET /archives/2006/11/28/gigantes-en-la-era-del-silicio/feed/ HTTP/1.1" 304 0 "-" "NewzCrawler/1.7 (compatible; MSIE 6.00; Newz Crawler 1.7; http://www.newzcrawler.com/ )"
83.58.251.144 - - [13/Dec/2006:09:37:31 -0600] "GET /archives/2006/12/01/nieve-ahora-si/feed/ HTTP/1.1" 304 0 "-" "NewzCrawler/1.7 (compatible; MSIE 6.00; Newz Crawler 1.7; http://www.newzcrawler.com/ )"
83.58.251.144 - - [13/Dec/2006:09:37:33 -0600] "GET /archives/2006/12/11/pronunciacion/feed/ HTTP/1.1" 304 0 "-" "NewzCrawler/1.7 (compatible; MSIE 6.00; Newz Crawler 1.7; http://www.newzcrawler.com/ )"
217.130.78.71 - - [13/Dec/2006:09:37:46 -0600] "GET /feed/ HTTP/1.0" 304 0 "-" "Liferea/1.0.23 (Linux; es_ES.UTF-8; http://liferea.sf.net/)"
190.57.108.203 - - [13/Dec/2006:09:37:46 -0600] "GET /wp-content/themes/default_es/style.css HTTP/1.1" 200 9885 "http://www.foobar.com/archives/2005/10/17/magdalenas/" "Mozilla/4.0 (compatible; MSIE 6.0; Windows NT 5.1; SV1)"
190.57.108.203 - - [13/Dec/2006:09:37:46 -0600] "GET /archives/2005/10/17/magdalenas/ HTTP/1.1" 200 25608 "http://www.google.com.gt/search?hl=es&q=+receta+de+magdalenas&btnG=B%C3%BAsqueda&lr=" "Mozilla/4.0 (compatible; MSIE 6.0; Windows NT 5.1; SV1)"
190.57.108.203 - - [13/Dec/2006:09:37:47 -0600] "GET /wp-content/themes/default_es/images/borjanet.png HTTP/1.1" 200 16169 "http://www.foobar.com/archives/2005/10/17/magdalenas/" "Mozilla/4.0 (compatible; MSIE 6.0; Windows NT 5.1; SV1)"
190.57.108.203 - - [13/Dec/2006:09:37:47 -0600] "GET /wp-content/themes/default_es/images/kubrickbgcolor.jpg HTTP/1.1" 200 558 "http://www.foobar.com/archives/2005/10/17/magdalenas/" "Mozilla/4.0 (compatible; MSIE 6.0; Windows NT 5.1; SV1)"
190.57.108.203 - - [13/Dec/2006:09:37:47 -0600] "GET /wp-content/themes/default_es/images/kubrickbgwide.jpg HTTP/1.1" 200 1020 "http://www.foobar.com/archives/2005/10/17/magdalenas/" "Mozilla/4.0 (compatible; MSIE 6.0; Windows NT 5.1; SV1)"
190.57.108.203 - - [13/Dec/2006:09:37:47 -0600] "GET /wp-content/themes/default_es/images/kubrickheader.png HTTP/1.1" 200 3850 "http://www.foobar.com/archives/2005/10/17/magdalenas/" "Mozilla/4.0 (compatible; MSIE 6.0; Windows NT 5.1; SV1)"
190.57.108.203 - - [13/Dec/2006:09:37:47 -0600] "GET /wp-content/themes/default_es/images/kubrickfooter.jpg HTTP/1.1" 200 2601 "http://www.foobar.com/archives/2005/10/17/magdalenas/" "Mozilla/4.0 (compatible; MSIE 6.0; Windows NT 5.1; SV1)"
217.126.150.245 - - [13/Dec/2006:09:38:20 -0600] "GET /feed/ HTTP/1.1" 200 10763 "-" "Mozilla/5.0 (Windows; U; Windows NT 6.0; es-ES; rv:1.8.0.8) Gecko/20061025 Thunderbird/1.5.0.8"
80.224.29.161 - - [13/Dec/2006:09:38:28 -0600] "GET /feed/ HTTP/1.0" 304 0 "-" "Liferea/1.0.26 (Linux; http://liferea.sf.net/)"
70.150.64.162 - - [13/Dec/2006:09:38:50 -0600] "GET /uploads/Family_guy_logo.png HTTP/1.1" 404 - "http://images.google.com/imgres?imgurl=http://www.foobar.com/uploads/Family_guy_logo.png&imgrefurl=http://www.foobar.com/archives/2006/01/19/television-americana/&h=189&w=300&sz=28&tbnid=qlC6Gq_pQxf_tM:&tbnh=73&tbnw=116&hl=en&prev=/images%3Fq%3Dfamily%2Bguy%2Blogo&frame=small" "Mozilla/4.0 (compatible; MSIE 6.0; Windows NT 5.1; SV1; .NET CLR 1.1.4322; .NET CLR 2.0.50727)"
70.150.64.162 - - [13/Dec/2006:09:38:51 -0600] "GET /archives/2006/01/19/television-americana/ HTTP/1.1" 200 0 "http://images.google.com/imgres?imgurl=http://www.foobar.com/uploads/Family_guy_logo.png&imgrefurl=http://www.foobar.com/archives/2006/01/19/television-americana/&h=189&w=300&sz=28&tbnid=qlC6Gq_pQxf_tM:&tbnh=73&tbnw=116&prev=/images%3Fq%3Dfamily%2Bguy%2Blogo&start=1&sa=X&oi=images&ct=image&cd=1" "Mozilla/4.0 (compatible; MSIE 6.0; Windows NT 5.1; SV1; .NET CLR 1.1.4322; .NET CLR 2.0.50727)"
70.150.64.162 - - [13/Dec/2006:09:38:54 -0600] "GET /wp-content/themes/default_es/style.css HTTP/1.1" 200 9885 "http://www.foobar.com/archives/2006/01/19/television-americana/" "Mozilla/4.0 (compatible; MSIE 6.0; Windows NT 5.1; SV1; .NET CLR 1.1.4322; .NET CLR 2.0.50727)"
70.150.64.162 - - [13/Dec/2006:09:38:55 -0600] "GET /wp-content/themes/default_es/images/borjanet.png HTTP/1.1" 200 16169 "http://www.foobar.com/archives/2006/01/19/television-americana/" "Mozilla/4.0 (compatible; MSIE 6.0; Windows NT 5.1; SV1; .NET CLR 1.1.4322; .NET CLR 2.0.50727)"
70.150.64.162 - - [13/Dec/2006:09:38:55 -0600] "GET /archives/2006/01/19/television-americana/ HTTP/1.1" 200 22332 "http://images.google.com/imgres?imgurl=http://www.foobar.com/uploads/Family_guy_logo.png&imgrefurl=http://www.foobar.com/archives/2006/01/19/television-americana/&h=189&w=300&sz=28&tbnid=qlC6Gq_pQxf_tM:&tbnh=73&tbnw=116&prev=/images%3Fq%3Dfamily%2Bguy%2Blogo&start=1&sa=X&oi=images&ct=image&cd=1" "Mozilla/4.0 (compatible; MSIE 6.0; Windows NT 5.1; SV1; .NET CLR 1.1.4322; .NET CLR 2.0.50727)"
70.150.64.162 - - [13/Dec/2006:09:38:55 -0600] "GET /uploads/Dailyshow_logo.jpg HTTP/1.1" 200 13964 "http://www.foobar.com/archives/2006/01/19/television-americana/" "Mozilla/4.0 (compatible; MSIE 6.0; Windows NT 5.1; SV1; .NET CLR 1.1.4322; .NET CLR 2.0.50727)"
210.173.180.164 - - [13/Dec/2006:09:38:55 -0600] "GET /weblog/1063637011/index_html HTTP/1.1" 404 - "-" "ichiro/2.0 (http://help.goo.ne.jp/door/crawler.html)"
70.150.64.162 - - [13/Dec/2006:09:38:55 -0600] "GET /uploads/TheWestWing.JPG HTTP/1.1" 200 7234 "http://www.foobar.com/archives/2006/01/19/television-americana/" "Mozilla/4.0 (compatible; MSIE 6.0; Windows NT 5.1; SV1; .NET CLR 1.1.4322; .NET CLR 2.0.50727)"
70.150.64.162 - - [13/Dec/2006:09:38:55 -0600] "GET /uploads/fglogo.png HTTP/1.1" 200 27895 "http://www.foobar.com/archives/2006/01/19/television-americana/" "Mozilla/4.0 (compatible; MSIE 6.0; Windows NT 5.1; SV1; .NET CLR 1.1.4322; .NET CLR 2.0.50727)"
70.150.64.162 - - [13/Dec/2006:09:38:56 -0600] "GET /uploads/Harvey_Birdman2C_Attorney_at_Law_title.jpg HTTP/1.1" 200 20129 "http://www.foobar.com/archives/2006/01/19/television-americana/" "Mozilla/4.0 (compatible; MSIE 6.0; Windows NT 5.1; SV1; .NET CLR 1.1.4322; .NET CLR 2.0.50727)"
70.150.64.162 - - [13/Dec/2006:09:38:56 -0600] "GET /uploads/Birdman.jpg HTTP/1.1" 200 23838 "http://www.foobar.com/archives/2006/01/19/television-americana/" "Mozilla/4.0 (compatible; MSIE 6.0; Windows NT 5.1; SV1; .NET CLR 1.1.4322; .NET CLR 2.0.50727)"
70.150.64.162 - - [13/Dec/2006:09:38:56 -0600] "GET /uploads/whoseline.jpg HTTP/1.1" 200 13096 "http://www.foobar.com/archives/2006/01/19/television-americana/" "Mozilla/4.0 (compatible; MSIE 6.0; Windows NT 5.1; SV1; .NET CLR 1.1.4322; .NET CLR 2.0.50727)"
70.150.64.162 - - [13/Dec/2006:09:38:56 -0600] "GET /uploads/comedy.png HTTP/1.1" 200 22619 "http://www.foobar.com/archives/2006/01/19/television-americana/" "Mozilla/4.0 (compatible; MSIE 6.0; Windows NT 5.1; SV1; .NET CLR 1.1.4322; .NET CLR 2.0.50727)"
70.150.64.162 - - [13/Dec/2006:09:38:56 -0600] "GET /wp-content/themes/default_es/images/kubrickbgcolor.jpg HTTP/1.1" 200 558 "http://www.foobar.com/archives/2006/01/19/television-americana/" "Mozilla/4.0 (compatible; MSIE 6.0; Windows NT 5.1; SV1; .NET CLR 1.1.4322; .NET CLR 2.0.50727)"
70.150.64.162 - - [13/Dec/2006:09:38:56 -0600] "GET /wp-content/themes/default_es/images/kubrickbgwide.jpg HTTP/1.1" 200 1020 "http://www.foobar.com/archives/2006/01/19/television-americana/" "Mozilla/4.0 (compatible; MSIE 6.0; Windows NT 5.1; SV1; .NET CLR 1.1.4322; .NET CLR 2.0.50727)"
70.150.64.162 - - [13/Dec/2006:09:38:56 -0600] "GET /wp-content/themes/default_es/images/kubrickheader.png HTTP/1.1" 200 3850 "http://www.foobar.com/archives/2006/01/19/television-americana/" "Mozilla/4.0 (compatible; MSIE 6.0; Windows NT 5.1; SV1; .NET CLR 1.1.4322; .NET CLR 2.0.50727)"
70.150.64.162 - - [13/Dec/2006:09:38:56 -0600] "GET /wp-content/themes/default_es/images/kubrickfooter.jpg HTTP/1.1" 200 2601 "http://www.foobar.com/archives/2006/01/19/television-americana/" "Mozilla/4.0 (compatible; MSIE 6.0; Windows NT 5.1; SV1; .NET CLR 1.1.4322; .NET CLR 2.0.50727)"
202.160.179.38 - - [13/Dec/2006:09:40:06 -0600] "GET /robots.txt HTTP/1.0" 404 - "-" "Mozilla/5.0 (compatible; Yahoo! Slurp China; http://misc.yahoo.com.cn/help.html)"
202.160.178.227 - - [13/Dec/2006:09:40:09 -0600] "GET / HTTP/1.0" 200 40932 "-" "Mozilla/5.0 (compatible; Yahoo! Slurp China; http://misc.yahoo.com.cn/help.html)"
65.214.44.29 - - [13/Dec/2006:09:40:12 -0600] "GET /weblog/rdf HTTP/1.1" 304 0 "-" "Bloglines/3.1 (http://www.bloglines.com; 27 subscribers)"
204.9.177.18 - - [13/Dec/2006:09:40:25 -0600] "GET /feed/atom/ HTTP/1.1" 304 0 "-" "LiveJournal.com (webmaster@livejournal.com; for http://www.livejournal.com/users/borjanet/; 1 readers)"
158.42.16.182 - - [13/Dec/2006:09:40:38 -0600] "GET /favicon.ico HTTP/1.1" 404 - "http://www.netvibes.com/" "Mozilla/5.0 (Windows; U; Windows NT 5.1; es-ES; rv:1.8.1) Gecko/20061010 Firefox/2.0"
80.58.205.36 - - [13/Dec/2006:09:40:43 -0600] "GET /archives/2006/05/03/interviu/feed/ HTTP/1.1" 200 3714 "http://www.google.es/search?q=interviu&gbv=2&ndsp=20&hl=es&lr=&client=firefox-a&rls=org.mozilla::official_s&start=20&sa=N" "Mozilla/5.0 (Windows; U; Win98; es-ES; rv:1.8.1) Gecko/20061010 Firefox/2.0"
190.40.225.129 - - [13/Dec/2006:09:40:43 -0600] "GET /archives/2004/06/12/vigilar-exmenes-es-aburrido/feed/ HTTP/1.1" 200 22098 "http://www.google.com.pe/search?q=campana+de+gauss+ejemplos&hl=es&lr=&start=30&sa=N" "Mozilla/4.0 (compatible; MSIE 6.0; Windows NT 5.1; SV1)"
80.58.205.36 - - [13/Dec/2006:09:40:45 -0600] "GET /favicon.ico HTTP/1.1" 404 - "-" "Mozilla/5.0 (Windows; U; Win98; es-ES; rv:1.8.1) Gecko/20061010 Firefox/2.0"
83.46.198.225 - - [13/Dec/2006:09:40:48 -0600] "GET /feed/atom/ HTTP/1.1" 304 0 "-" "Mozilla/5.0 (Macintosh; U; PPC Mac OS X; en-us) AppleWebKit/412 (KHTML, like Gecko) Safari/412"
210.173.180.164 - - [13/Dec/2006:09:40:59 -0600] "GET /weblog/1066471407/index_html HTTP/1.1" 404 - "-" "ichiro/2.0 (http://help.goo.ne.jp/door/crawler.html)"
200.13.105.107 - - [13/Dec/2006:09:41:03 -0600] "GET /archives/2004/09/04/chicago-da-16/feed/ HTTP/1.1" 200 7942 "-" "Opera/9.01 (Macintosh; PPC Mac OS X; U; en)"
65.214.44.29 - - [13/Dec/2006:09:41:35 -0600] "GET /feed/rss2/ HTTP/1.1" 304 0 "-" "Bloglines/3.1 (http://www.bloglines.com; 14 subscribers)"
212.89.2.250 - - [13/Dec/2006:09:41:51 -0600] "GET /archives/2005/06/25/el-club-de-la-comedia-el-de-verdad/ HTTP/1.1" 200 20473 "http://www.google.es/search?q=monologo+del+club+de+la+comedia+&hl=es&lr=&start=10&sa=N" "Mozilla/5.0 (Windows; U; Windows NT 5.1; es-ES; rv:1.8.0.8) Gecko/20061025 Firefox/1.5.0.8"
212.89.2.250 - - [13/Dec/2006:09:41:51 -0600] "GET /wp-content/themes/default_es/style.css HTTP/1.1" 200 9885 "http://www.foobar.com/archives/2005/06/25/el-club-de-la-comedia-el-de-verdad/" "Mozilla/5.0 (Windows; U; Windows NT 5.1; es-ES; rv:1.8.0.8) Gecko/20061025 Firefox/1.5.0.8"
212.89.2.250 - - [13/Dec/2006:09:41:52 -0600] "GET /wp-content/themes/default_es/images/kubrickbgcolor.jpg HTTP/1.1" 200 558 "http://www.foobar.com/archives/2005/06/25/el-club-de-la-comedia-el-de-verdad/" "Mozilla/5.0 (Windows; U; Windows NT 5.1; es-ES; rv:1.8.0.8) Gecko/20061025 Firefox/1.5.0.8"
212.89.2.250 - - [13/Dec/2006:09:41:52 -0600] "GET /wp-content/themes/default_es/images/borjanet.png HTTP/1.1" 200 16169 "http://www.foobar.com/archives/2005/06/25/el-club-de-la-comedia-el-de-verdad/" "Mozilla/5.0 (Windows; U; Windows NT 5.1; es-ES; rv:1.8.0.8) Gecko/20061025 Firefox/1.5.0.8"
212.89.2.250 - - [13/Dec/2006:09:41:52 -0600] "GET /wp-content/themes/default_es/images/kubrickbgwide.jpg HTTP/1.1" 200 1020 "http://www.foobar.com/archives/2005/06/25/el-club-de-la-comedia-el-de-verdad/" "Mozilla/5.0 (Windows; U; Windows NT 5.1; es-ES; rv:1.8.0.8) Gecko/20061025 Firefox/1.5.0.8"
212.89.2.250 - - [13/Dec/2006:09:41:52 -0600] "GET /wp-content/themes/default_es/images/kubrickheader.png HTTP/1.1" 200 3850 "http://www.foobar.com/archives/2005/06/25/el-club-de-la-comedia-el-de-verdad/" "Mozilla/5.0 (Windows; U; Windows NT 5.1; es-ES; rv:1.8.0.8) Gecko/20061025 Firefox/1.5.0.8"
212.89.2.250 - - [13/Dec/2006:09:41:52 -0600] "GET /wp-content/themes/default_es/images/kubrickfooter.jpg HTTP/1.1" 200 2601 "http://www.foobar.com/archives/2005/06/25/el-club-de-la-comedia-el-de-verdad/" "Mozilla/5.0 (Windows; U; Windows NT 5.1; es-ES; rv:1.8.0.8) Gecko/20061025 Firefox/1.5.0.8"
212.89.2.250 - - [13/Dec/2006:09:41:52 -0600] "GET /favicon.ico HTTP/1.1" 404 - "-" "Mozilla/5.0 (Windows; U; Windows NT 5.1; es-ES; rv:1.8.0.8) Gecko/20061025 Firefox/1.5.0.8"
72.14.199.5 - - [13/Dec/2006:09:42:03 -0600] "GET /feed/rss2/ HTTP/1.1" 304 0 "-" "Feedfetcher-Google; (+http://www.google.com/feedfetcher.html)"
212.89.2.250 - - [13/Dec/2006:09:42:27 -0600] "GET /favicon.ico HTTP/1.1" 404 - "-" "Mozilla/5.0 (Windows; U; Windows NT 5.1; es-ES; rv:1.8.0.8) Gecko/20061025 Firefox/1.5.0.8"
210.173.180.164 - - [13/Dec/2006:09:42:30 -0600] "GET /archives/2003/12/31/la-prxima-aventura-de-borja-croft-grid-raider/feed/ HTTP/1.1" 200 5209 "-" "ichiro/2.0 (http://help.goo.ne.jp/door/crawler.html)"
66.68.187.239 - - [13/Dec/2006:09:42:36 -0600] "GET /favicon.ico HTTP/1.1" 404 - "-" "Mozilla/5.0 (Windows; U; Windows NT 5.1; en-US; rv:1.8.0.8) Gecko/20061025 Firefox/1.5.0.8"
83.165.1.53 - - [13/Dec/2006:09:43:23 -0600] "GET /wp-content/themes/default_es/style.css HTTP/1.1" 200 9885 "-" "Mozilla/4.0 (compatible; MSIE 7.0; Windows NT 5.1)"
83.165.1.53 - - [13/Dec/2006:09:43:23 -0600] "GET /archives/2006/02/14/asi-que-quieres-estudiar-en-eeuu/ HTTP/1.1" 200 33921 "-" "Mozilla/4.0 (compatible; MSIE 7.0; Windows NT 5.1)"
83.165.1.53 - - [13/Dec/2006:09:43:24 -0600] "GET /wp-content/themes/default_es/images/borjanet.png HTTP/1.1" 200 16169 "-" "Mozilla/4.0 (compatible; MSIE 7.0; Windows NT 5.1)"
83.165.1.53 - - [13/Dec/2006:09:43:24 -0600] "GET /wp-content/themes/default_es/images/kubrickbgcolor.jpg HTTP/1.1" 200 558 "-" "Mozilla/4.0 (compatible; MSIE 7.0; Windows NT 5.1)"
83.165.1.53 - - [13/Dec/2006:09:43:24 -0600] "GET /wp-content/themes/default_es/images/kubrickbgwide.jpg HTTP/1.1" 200 1020 "-" "Mozilla/4.0 (compatible; MSIE 7.0; Windows NT 5.1)"
83.165.1.53 - - [13/Dec/2006:09:43:24 -0600] "GET /wp-content/themes/default_es/images/kubrickheader.png HTTP/1.1" 200 3850 "-" "Mozilla/4.0 (compatible; MSIE 7.0; Windows NT 5.1)"
83.165.1.53 - - [13/Dec/2006:09:43:25 -0600] "GET /wp-content/themes/default_es/images/kubrickfooter.jpg HTTP/1.1" 200 2601 "-" "Mozilla/4.0 (compatible; MSIE 7.0; Windows NT 5.1)"
83.165.1.53 - - [13/Dec/2006:09:43:25 -0600] "GET /favicon.ico HTTP/1.1" 404 - "-" "Mozilla/4.0 (compatible; MSIE 7.0; Windows NT 5.1)"
82.110.181.146 - - [13/Dec/2006:09:43:31 -0600] "GET /uploads/Family_guy_logo.png HTTP/1.1" 404 - "http://images.google.co.uk/imgres?imgurl=http://www.foobar.com/uploads/Family_guy_logo.png&imgrefurl=http://www.foobar.com/archives/2006/01/19/television-americana/&h=189&w=300&sz=28&tbnid=qlC6Gq_pQxf_tM:&tbnh=73&tbnw=116&hl=en&prev=/images%3Fq%3Dfamily%2Bguy%2Blogo%26svnum%3D10%26hl%3Den%26lr%3D&frame=small" "Mozilla/4.0 (compatible; MSIE 6.0; Windows NT 5.1; SV1; .NET CLR 1.1.4322)"
82.110.181.146 - - [13/Dec/2006:09:43:32 -0600] "GET /archives/2006/01/19/television-americana/ HTTP/1.1" 200 16187 "http://images.google.co.uk/imgres?imgurl=http://www.foobar.com/uploads/Family_guy_logo.png&imgrefurl=http://www.foobar.com/archives/2006/01/19/television-americana/&h=189&w=300&sz=28&hl=en&start=1&tbnid=qlC6Gq_pQxf_tM:&tbnh=73&tbnw=116&prev=/images%3Fq%3Dfamily%2Bguy%2Blogo%26svnum%3D10%26hl%3Den%26lr%3D" "Mozilla/4.0 (compatible; MSIE 6.0; Windows NT 5.1; SV1; .NET CLR 1.1.4322)"
82.110.181.146 - - [13/Dec/2006:09:43:36 -0600] "GET /wp-content/themes/default_es/style.css HTTP/1.1" 200 9885 "http://www.foobar.com/archives/2006/01/19/television-americana/" "Mozilla/4.0 (compatible; MSIE 6.0; Windows NT 5.1; SV1; .NET CLR 1.1.4322)"
82.110.181.146 - - [13/Dec/2006:09:43:36 -0600] "GET /archives/2006/01/19/television-americana/ HTTP/1.1" 200 22376 "http://images.google.co.uk/imgres?imgurl=http://www.foobar.com/uploads/Family_guy_logo.png&imgrefurl=http://www.foobar.com/archives/2006/01/19/television-americana/&h=189&w=300&sz=28&hl=en&start=1&tbnid=qlC6Gq_pQxf_tM:&tbnh=73&tbnw=116&prev=/images%3Fq%3Dfamily%2Bguy%2Blogo%26svnum%3D10%26hl%3Den%26lr%3D" "Mozilla/4.0 (compatible; MSIE 6.0; Windows NT 5.1; SV1; .NET CLR 1.1.4322)"
72.232.37.2 - - [13/Dec/2006:09:43:42 -0600] "GET /archives/2003/03/20/la-lcura-del-rey-jorge/ HTTP/1.1" 200 23048 "-" "-"
212.89.2.250 - - [13/Dec/2006:09:44:02 -0600] "GET /favicon.ico HTTP/1.1" 404 - "-" "Mozilla/5.0 (Windows; U; Windows NT 5.1; es-ES; rv:1.8.0.8) Gecko/20061025 Firefox/1.5.0.8"
88.12.251.129 - - [13/Dec/2006:09:44:03 -0600] "GET /feed/rss2/ HTTP/1.1" 304 0 "-" "Windows-RSS-Platform/1.0 (MSIE 7.0; Windows NT 5.1)"
212.89.2.250 - - [13/Dec/2006:09:44:18 -0600] "GET /archives/2005/06/25/mi-nuevo-gadget/ HTTP/1.1" 200 19679 "http://www.foobar.com/archives/2005/06/25/el-club-de-la-comedia-el-de-verdad/" "Mozilla/5.0 (Windows; U; Windows NT 5.1; es-ES; rv:1.8.0.8) Gecko/20061025 Firefox/1.5.0.8"
212.89.2.250 - - [13/Dec/2006:09:44:18 -0600] "GET /uploads/zen.jpg HTTP/1.1" 200 10304 "http://www.foobar.com/archives/2005/06/25/mi-nuevo-gadget/" "Mozilla/5.0 (Windows; U; Windows NT 5.1; es-ES; rv:1.8.0.8) Gecko/20061025 Firefox/1.5.0.8"
212.55.0.180 - - [13/Dec/2006:09:44:20 -0600] "GET /favicon.ico HTTP/1.1" 404 - "http://www.newsgator.com/ngs/subscriber/WebEd2.aspx?fid=522991" "Mozilla/5.0 (Windows; U; Windows NT 5.1; es-ES; rv:1.8.1) Gecko/20061010 Firefox/2.0"
75.25.97.99 - - [13/Dec/2006:09:44:21 -0600] "GET /uploads/Family_guy_logo.png HTTP/1.1" 404 - "http://profile.myspace.com/index.cfm?fuseaction=user.viewprofile&friendid=20188994" "Mozilla/4.0 (compatible; MSIE 6.0; Windows NT 5.1; SV1; .NET CLR 1.0.3705; .NET CLR 1.1.4322; Media Center PC 4.0)"
195.27.215.89 - - [13/Dec/2006:09:44:35 -0600] "GET /archives/2005/08/28/algo-horrible-tiene-que-ocurrir-manana/ HTTP/1.0" 200 23155 "-" "Seekbot/1.0 (http://www.seekbot.net/bot.html) HTTPFetcher/0.3"
212.55.0.180 - - [13/Dec/2006:09:44:40 -0600] "GET /favicon.ico HTTP/1.1" 404 - "http://www.newsgator.com/ngs/subscriber/WebEd2.aspx?fid=522991" "Mozilla/5.0 (Windows; U; Windows NT 5.1; es-ES; rv:1.8.1) Gecko/20061010 Firefox/2.0"
38.116.192.97 - - [13/Dec/2006:09:44:40 -0600] "GET /uploads/Family_guy_logo.png HTTP/1.1" 404 - "http://images.google.ca/imgres?imgurl=http://www.foobar.com/uploads/Family_guy_logo.png&imgrefurl=http://www.foobar.com/archives/2006/01/19/television-americana/&h=189&w=300&sz=28&tbnid=qlC6Gq_pQxf_tM:&tbnh=73&tbnw=116&hl=en&prev=/images%3Fq%3DFamily%2BGuy%252Blogo%26svnum%3D10%26hl%3Den%26lr%3D&frame=small" "Mozilla/4.0 (compatible; MSIE 6.0; Windows NT 5.0)"
65.214.44.29 - - [13/Dec/2006:09:44:43 -0600] "GET /feed/ HTTP/1.1" 304 0 "-" "Bloglines/3.1 (http://www.bloglines.com; 34 subscribers)"
38.116.192.97 - - [13/Dec/2006:09:44:46 -0600] "GET /archives/2006/01/19/television-americana/ HTTP/1.1" 200 22412 "http://images.google.ca/imgres?imgurl=http://www.foobar.com/uploads/Family_guy_logo.png&imgrefurl=http://www.foobar.com/archives/2006/01/19/television-americana/&h=189&w=300&sz=28&hl=en&start=1&tbnid=qlC6Gq_pQxf_tM:&tbnh=73&tbnw=116&prev=/images%3Fq%3DFamily%2BGuy%252Blogo%26svnum%3D10%26hl%3Den%26lr%3D" "Mozilla/4.0 (compatible; MSIE 6.0; Windows NT 5.0)"
201.66.170.180 - - [13/Dec/2006:09:44:48 -0600] "GET /uploads/whoseline.jpg HTTP/1.1" 200 13096 "http://nowloaded.org/forum/index.php?showtopic=22951" "Mozilla/5.0 (Windows; U; Win98; pt-BR; Alexa; rv:1.8.0.6) Gecko/20060728 Firefox/1.5.0.6"
38.116.192.97 - - [13/Dec/2006:09:44:49 -0600] "GET /archives/2006/01/19/television-americana/ HTTP/1.1" 200 22433 "http://images.google.ca/imgres?imgurl=http://www.foobar.com/uploads/Family_guy_logo.png&imgrefurl=http://www.foobar.com/archives/2006/01/19/television-americana/&h=189&w=300&sz=28&hl=en&start=1&tbnid=qlC6Gq_pQxf_tM:&tbnh=73&tbnw=116&prev=/images%3Fq%3DFamily%2BGuy%252Blogo%26svnum%3D10%26hl%3Den%26lr%3D" "Mozilla/4.0 (compatible; MSIE 6.0; Windows NT 5.0)"
212.55.0.180 - - [13/Dec/2006:09:44:57 -0600] "GET /favicon.ico HTTP/1.1" 404 - "http://www.newsgator.com/ngs/subscriber/WebEd2.aspx?fid=36103" "Mozilla/5.0 (Windows; U; Windows NT 5.1; es-ES; rv:1.8.1) Gecko/20061010 Firefox/2.0"
210.173.180.164 - - [13/Dec/2006:09:45:01 -0600] "GET /archives/2003/06/10/ya-he-defendido-el-proyecto/feed/ HTTP/1.1" 200 958 "-" "ichiro/2.0 (http://help.goo.ne.jp/door/crawler.html)"
212.55.0.180 - - [13/Dec/2006:09:45:04 -0600] "GET /favicon.ico HTTP/1.1" 404 - "http://www.newsgator.com/ngs/subscriber/WebEd2.aspx?fid=36103" "Mozilla/5.0 (Windows; U; Windows NT 5.1; es-ES; rv:1.8.1) Gecko/20061010 Firefox/2.0"
212.55.0.180 - - [13/Dec/2006:09:45:14 -0600] "GET /favicon.ico HTTP/1.1" 404 - "http://www.newsgator.com/ngs/subscriber/WebEd2.aspx?fid=35905" "Mozilla/5.0 (Windows; U; Windows NT 5.1; es-ES; rv:1.8.1) Gecko/20061010 Firefox/2.0"
83.34.199.29 - - [13/Dec/2006:09:45:19 -0600] "GET /wp-content/themes/default_es/style.css HTTP/1.1" 200 9885 "http://www.foobar.com/archives/2004/12/14/a-night-out-with-the-boys/" "Mozilla/4.0 (compatible; MSIE 6.0; Windows NT 5.1; SV1; .NET CLR 1.1.4322; AVPersonalSerial 60042b541c3965fe538b41f72ea61c4709e47761; .NET CLR 2.0.50727)"
83.34.199.29 - - [13/Dec/2006:09:45:20 -0600] "GET /archives/2004/12/14/a-night-out-with-the-boys/ HTTP/1.1" 200 23083 "http://www.google.es/search?hl=es&q=+%C2%BFcuanto+vale+una+entrada+para+el+baloncesto+en+espa%C3%B1a%3F&btnG=B%C3%BAsqueda&meta=" "Mozilla/4.0 (compatible; MSIE 6.0; Windows NT 5.1; SV1; .NET CLR 1.1.4322; AVPersonalSerial 60042b541c3965fe538b41f72ea61c4709e47761; .NET CLR 2.0.50727)"
83.34.199.29 - - [13/Dec/2006:09:45:21 -0600] "GET /wp-content/themes/default_es/images/kubrickbgcolor.jpg HTTP/1.1" 200 558 "http://www.foobar.com/archives/2004/12/14/a-night-out-with-the-boys/" "Mozilla/4.0 (compatible; MSIE 6.0; Windows NT 5.1; SV1; .NET CLR 1.1.4322; AVPersonalSerial 60042b541c3965fe538b41f72ea61c4709e47761; .NET CLR 2.0.50727)"
83.34.199.29 - - [13/Dec/2006:09:45:21 -0600] "GET /wp-content/themes/default_es/images/kubrickbgwide.jpg HTTP/1.1" 200 1020 "http://www.foobar.com/archives/2004/12/14/a-night-out-with-the-boys/" "Mozilla/4.0 (compatible; MSIE 6.0; Windows NT 5.1; SV1; .NET CLR 1.1.4322; AVPersonalSerial 60042b541c3965fe538b41f72ea61c4709e47761; .NET CLR 2.0.50727)"
83.34.199.29 - - [13/Dec/2006:09:45:21 -0600] "GET /wp-content/themes/default_es/images/borjanet.png HTTP/1.1" 200 16169 "http://www.foobar.com/archives/2004/12/14/a-night-out-with-the-boys/" "Mozilla/4.0 (compatible; MSIE 6.0; Windows NT 5.1; SV1; .NET CLR 1.1.4322; AVPersonalSerial 60042b541c3965fe538b41f72ea61c4709e47761; .NET CLR 2.0.50727)"
83.34.199.29 - - [13/Dec/2006:09:45:21 -0600] "GET /wp-content/themes/default_es/images/kubrickheader.png HTTP/1.1" 200 3850 "http://www.foobar.com/archives/2004/12/14/a-night-out-with-the-boys/" "Mozilla/4.0 (compatible; MSIE 6.0; Windows NT 5.1; SV1; .NET CLR 1.1.4322; AVPersonalSerial 60042b541c3965fe538b41f72ea61c4709e47761; .NET CLR 2.0.50727)"
83.34.199.29 - - [13/Dec/2006:09:45:21 -0600] "GET /wp-content/themes/default_es/images/kubrickfooter.jpg HTTP/1.1" 200 2601 "http://www.foobar.com/archives/2004/12/14/a-night-out-with-the-boys/" "Mozilla/4.0 (compatible; MSIE 6.0; Windows NT 5.1; SV1; .NET CLR 1.1.4322; AVPersonalSerial 60042b541c3965fe538b41f72ea61c4709e47761; .NET CLR 2.0.50727)"
81.202.45.22 - - [13/Dec/2006:09:45:26 -0600] "GET /uploads/Family_guy_logo.png HTTP/1.1" 404 - "http://images.google.es/imgres?imgurl=http://www.foobar.com/uploads/Family_guy_logo.png&imgrefurl=http://www.foobar.com/archives/2006/01/19/television-americana/&h=189&w=300&sz=28&tbnid=qlC6Gq_pQxf_tM:&tbnh=73&tbnw=116&hl=es&prev=/images%3Fq%3Dfamily%2Bguy%2Blogo&frame=small" "Mozilla/5.0 (Windows; U; Windows NT 5.1; es-ES; rv:1.8.1) Gecko/20061010 Googlebot 2.1"
81.202.45.22 - - [13/Dec/2006:09:45:27 -0600] "GET /favicon.ico HTTP/1.1" 404 - "-" "Mozilla/5.0 (Windows; U; Windows NT 5.1; es-ES; rv:1.8.1) Gecko/20061010 Googlebot 2.1"
81.202.45.22 - - [13/Dec/2006:09:45:27 -0600] "GET /archives/2006/01/19/television-americana/ HTTP/1.1" 200 7869 "http://images.google.es/imgres?imgurl=http://www.foobar.com/uploads/Family_guy_logo.png&imgrefurl=http://www.foobar.com/archives/2006/01/19/television-americana/&h=189&w=300&sz=28&tbnid=qlC6Gq_pQxf_tM:&tbnh=73&tbnw=116&prev=/images%3Fq%3Dfamily%2Bguy%2Blogo&start=1&sa=X&oi=images&ct=image&cd=1" "Mozilla/5.0 (Windows; U; Windows NT 5.1; es-ES; rv:1.8.1) Gecko/20061010 Googlebot 2.1"
81.202.45.22 - - [13/Dec/2006:09:45:29 -0600] "GET /archives/2006/01/19/television-americana/ HTTP/1.1" 200 7869 "http://images.google.es/imgres?imgurl=http://www.foobar.com/uploads/Family_guy_logo.png&imgrefurl=http://www.foobar.com/archives/2006/01/19/television-americana/&h=189&w=300&sz=28&tbnid=qlC6Gq_pQxf_tM:&tbnh=73&tbnw=116&prev=/images%3Fq%3Dfamily%2Bguy%2Blogo&start=1&sa=X&oi=images&ct=image&cd=1" "Mozilla/5.0 (Windows; U; Windows NT 5.1; es-ES; rv:1.8.1) Gecko/20061010 Googlebot 2.1"
212.55.0.180 - - [13/Dec/2006:09:45:32 -0600] "GET /favicon.ico HTTP/1.1" 404 - "http://www.newsgator.com/ngs/subscriber/WebEd2.aspx?fid=35905" "Mozilla/5.0 (Windows; U; Windows NT 5.1; es-ES; rv:1.8.1) Gecko/20061010 Firefox/2.0"
81.44.165.207 - - [13/Dec/2006:09:45:40 -0600] "GET /wp-content/themes/default_es/style.css HTTP/1.1" 200 9885 "http://www.foobar.com/archives/2004/12/25/nochebuena-en-chicago/" "Mozilla/4.0 (compatible; MSIE 6.0; Windows NT 5.1; SV1; .NET CLR 1.1.4322)"
81.44.165.207 - - [13/Dec/2006:09:45:41 -0600] "GET /archives/2004/12/25/nochebuena-en-chicago/ HTTP/1.1" 200 22568 "http://www.google.es/search?hl=es&q=recetas+para+noche+buena+y+fin+de+a%C3%B1o&meta=" "Mozilla/4.0 (compatible; MSIE 6.0; Windows NT 5.1; SV1; .NET CLR 1.1.4322)"
81.44.165.207 - - [13/Dec/2006:09:45:42 -0600] "GET /wp-content/themes/default_es/images/borjanet.png HTTP/1.1" 200 16169 "http://www.foobar.com/archives/2004/12/25/nochebuena-en-chicago/" "Mozilla/4.0 (compatible; MSIE 6.0; Windows NT 5.1; SV1; .NET CLR 1.1.4322)"
81.44.165.207 - - [13/Dec/2006:09:45:42 -0600] "GET /wp-content/themes/default_es/images/kubrickbgcolor.jpg HTTP/1.1" 200 558 "http://www.foobar.com/archives/2004/12/25/nochebuena-en-chicago/" "Mozilla/4.0 (compatible; MSIE 6.0; Windows NT 5.1; SV1; .NET CLR 1.1.4322)"
81.44.165.207 - - [13/Dec/2006:09:45:43 -0600] "GET /wp-content/themes/default_es/images/kubrickbgwide.jpg HTTP/1.1" 200 1020 "http://www.foobar.com/archives/2004/12/25/nochebuena-en-chicago/" "Mozilla/4.0 (compatible; MSIE 6.0; Windows NT 5.1; SV1; .NET CLR 1.1.4322)"
81.44.165.207 - - [13/Dec/2006:09:45:43 -0600] "GET /wp-content/themes/default_es/images/kubrickheader.png HTTP/1.1" 200 3850 "http://www.foobar.com/archives/2004/12/25/nochebuena-en-chicago/" "Mozilla/4.0 (compatible; MSIE 6.0; Windows NT 5.1; SV1; .NET CLR 1.1.4322)"
81.44.165.207 - - [13/Dec/2006:09:45:43 -0600] "GET /wp-content/themes/default_es/images/kubrickfooter.jpg HTTP/1.1" 200 2601 "http://www.foobar.com/archives/2004/12/25/nochebuena-en-chicago/" "Mozilla/4.0 (compatible; MSIE 6.0; Windows NT 5.1; SV1; .NET CLR 1.1.4322)"
201.78.204.150 - - [13/Dec/2006:09:45:46 -0600] "GET /uploads/whoseline.jpg HTTP/1.1" 200 13096 "http://nowloaded.org/forum/index.php?showtopic=22254" "Mozilla/5.0 (Windows; U; Windows NT 5.1; Mozilla/4.0 (compatible; MSIE 6.0; Windows NT 5.1; SV1; MEGAUPLOAD 1.0); rv:1.8.1) Gecko/20061010 Firefox/2.0"
212.55.0.180 - - [13/Dec/2006:09:45:51 -0600] "GET /favicon.ico HTTP/1.1" 404 - "http://www.newsgator.com/ngs/subscriber/WebEd2.aspx?fid=289438" "Mozilla/5.0 (Windows; U; Windows NT 5.1; es-ES; rv:1.8.1) Gecko/20061010 Firefox/2.0"
66.68.187.239 - - [13/Dec/2006:09:46:04 -0600] "GET /favicon.ico HTTP/1.1" 404 - "-" "Mozilla/5.0 (Windows; U; Windows NT 5.1; en-US; rv:1.8.0.8) Gecko/20061025 Firefox/1.5.0.8"
212.55.0.180 - - [13/Dec/2006:09:46:05 -0600] "GET /favicon.ico HTTP/1.1" 404 - "http://www.newsgator.com/ngs/subscriber/WebEd2.aspx?fid=289438" "Mozilla/5.0 (Windows; U; Windows NT 5.1; es-ES; rv:1.8.1) Gecko/20061010 Firefox/2.0"
192.188.48.3 - - [13/Dec/2006:09:46:23 -0600] "GET /archives/2004/12/25/nochebuena-en-chicago/ HTTP/1.0" 200 22399 "http://www.google.com/search?client=safari&rls=es&q=FOTOS+DE+PAVOS+NAVIDE%C3%91OS&ie=UTF-8&oe=UTF-8" "Mozilla/5.0 (Macintosh; U; PPC Mac OS X; es) AppleWebKit/412 (KHTML, like Gecko) Safari/412"
192.188.48.3 - - [13/Dec/2006:09:46:23 -0600] "GET /wp-content/themes/default_es/style.css HTTP/1.0" 200 9885 "http://www.foobar.com/archives/2004/12/25/nochebuena-en-chicago/" "Mozilla/5.0 (Macintosh; U; PPC Mac OS X; es) AppleWebKit/412 (KHTML, like Gecko) Safari/412"
64.252.23.190 - - [13/Dec/2006:09:46:24 -0600] "GET /uploads/Family_guy_logo.png HTTP/1.1" 404 - "http://profile.myspace.com/index.cfm?fuseaction=user.viewprofile&friendid=20188994" "Mozilla/4.0 (compatible; MSIE 7.0; Windows NT 5.1)"
192.188.48.3 - - [13/Dec/2006:09:46:24 -0600] "GET /wp-content/themes/default_es/images/borjanet.png HTTP/1.0" 200 16169 "http://www.foobar.com/archives/2004/12/25/nochebuena-en-chicago/" "Mozilla/5.0 (Macintosh; U; PPC Mac OS X; es) AppleWebKit/412 (KHTML, like Gecko) Safari/412"
192.188.48.3 - - [13/Dec/2006:09:46:25 -0600] "GET /wp-content/themes/default_es/images/kubrickheader.png HTTP/1.0" 200 3850 "http://www.foobar.com/archives/2004/12/25/nochebuena-en-chicago/" "Mozilla/5.0 (Macintosh; U; PPC Mac OS X; es) AppleWebKit/412 (KHTML, like Gecko) Safari/412"
192.188.48.3 - - [13/Dec/2006:09:46:25 -0600] "GET /wp-content/themes/default_es/images/kubrickbgwide.jpg HTTP/1.0" 200 1020 "http://www.foobar.com/archives/2004/12/25/nochebuena-en-chicago/" "Mozilla/5.0 (Macintosh; U; PPC Mac OS X; es) AppleWebKit/412 (KHTML, like Gecko) Safari/412"
192.188.48.3 - - [13/Dec/2006:09:46:25 -0600] "GET /wp-content/themes/default_es/images/kubrickbgcolor.jpg HTTP/1.0" 200 558 "http://www.foobar.com/archives/2004/12/25/nochebuena-en-chicago/" "Mozilla/5.0 (Macintosh; U; PPC Mac OS X; es) AppleWebKit/412 (KHTML, like Gecko) Safari/412"
192.188.48.3 - - [13/Dec/2006:09:46:26 -0600] "GET /wp-content/themes/default_es/images/kubrickfooter.jpg HTTP/1.0" 200 2601 "http://www.foobar.com/archives/2004/12/25/nochebuena-en-chicago/" "Mozilla/5.0 (Macintosh; U; PPC Mac OS X; es) AppleWebKit/412 (KHTML, like Gecko) Safari/412"
192.188.48.3 - - [13/Dec/2006:09:46:26 -0600] "GET /favicon.ico HTTP/1.0" 404 - "-" "Mozilla/5.0 (Macintosh; U; PPC Mac OS X; es) AppleWebKit/412 (KHTML, like Gecko) Safari/412"
157.100.192.33 - - [13/Dec/2006:09:46:50 -0600] "GET / HTTP/1.1" 200 15556 "-" "Mozilla/4.0 (compatible; MSIE 6.0; Windows NT 5.1; FunWebProducts; InfoPath.1)"
210.173.180.164 - - [13/Dec/2006:09:46:51 -0600] "GET /archives/2003/12/06/el-cumpleaos-de-la-constitucin-ufff-que-pereza-p/ HTTP/1.1" 200 22717 "-" "ichiro/2.0 (http://help.goo.ne.jp/door/crawler.html)"
64.252.23.190 - - [13/Dec/2006:09:47:00 -0600] "GET /uploads/Family_guy_logo.png HTTP/1.1" 404 - "http://profile.myspace.com/index.cfm?fuseaction=user.viewprofile&friendid=20188994" "Mozilla/4.0 (compatible; MSIE 7.0; Windows NT 5.1)"
194.179.126.152 - - [13/Dec/2006:09:47:33 -0600] "GET /wp-content/themes/default_es/style.css HTTP/1.0" 200 9885 "http://www.foobar.com/archives/2002/12/18/si-turing-levantara-la-cabeza/" "Mozilla/4.0 (compatible; MSIE 6.0; Windows NT 5.0; .NET CLR 2.0.50727; .NET CLR 1.1.4322; MEGAUPLOAD 1.0)"
194.179.126.152 - - [13/Dec/2006:09:47:33 -0600] "GET /archives/2002/12/18/si-turing-levantara-la-cabeza/ HTTP/1.0" 200 39221 "http://www.google.es/search?q=%22automatas+con+pila%22&hl=es&lr=lang_es&start=20&sa=N" "Mozilla/4.0 (compatible; MSIE 6.0; Windows NT 5.0; .NET CLR 2.0.50727; .NET CLR 1.1.4322; MEGAUPLOAD 1.0)"
194.179.126.152 - - [13/Dec/2006:09:47:33 -0600] "GET /wp-content/themes/default_es/images/borjanet.png HTTP/1.0" 200 16169 "http://www.foobar.com/archives/2002/12/18/si-turing-levantara-la-cabeza/" "Mozilla/4.0 (compatible; MSIE 6.0; Windows NT 5.0; .NET CLR 2.0.50727; .NET CLR 1.1.4322; MEGAUPLOAD 1.0)"
194.179.126.152 - - [13/Dec/2006:09:47:34 -0600] "GET /wp-content/themes/default_es/images/kubrickbgcolor.jpg HTTP/1.0" 200 558 "http://www.foobar.com/archives/2002/12/18/si-turing-levantara-la-cabeza/" "Mozilla/4.0 (compatible; MSIE 6.0; Windows NT 5.0; .NET CLR 2.0.50727; .NET CLR 1.1.4322; MEGAUPLOAD 1.0)"
194.179.126.152 - - [13/Dec/2006:09:47:34 -0600] "GET /wp-content/themes/default_es/images/kubrickbgwide.jpg HTTP/1.0" 200 1020 "http://www.foobar.com/archives/2002/12/18/si-turing-levantara-la-cabeza/" "Mozilla/4.0 (compatible; MSIE 6.0; Windows NT 5.0; .NET CLR 2.0.50727; .NET CLR 1.1.4322; MEGAUPLOAD 1.0)"
194.179.126.152 - - [13/Dec/2006:09:47:34 -0600] "GET /wp-content/themes/default_es/images/kubrickheader.png HTTP/1.0" 200 3850 "http://www.foobar.com/archives/2002/12/18/si-turing-levantara-la-cabeza/" "Mozilla/4.0 (compatible; MSIE 6.0; Windows NT 5.0; .NET CLR 2.0.50727; .NET CLR 1.1.4322; MEGAUPLOAD 1.0)"
194.179.126.152 - - [13/Dec/2006:09:47:34 -0600] "GET /wp-content/themes/default_es/images/kubrickfooter.jpg HTTP/1.0" 200 2601 "http://www.foobar.com/archives/2002/12/18/si-turing-levantara-la-cabeza/" "Mozilla/4.0 (compatible; MSIE 6.0; Windows NT 5.0; .NET CLR 2.0.50727; .NET CLR 1.1.4322; MEGAUPLOAD 1.0)"
83.34.199.29 - - [13/Dec/2006:09:47:36 -0600] "GET /archives/2004/12/14/a-night-out-with-the-boys/feed/ HTTP/1.1" 200 12170 "http://www.google.es/search?hl=es&q=+%C2%BFcuanto+vale+una+entrada+para+el+baloncesto%3F&meta=" "Mozilla/4.0 (compatible; MSIE 6.0; Windows NT 5.1; SV1; .NET CLR 1.1.4322; AVPersonalSerial 60042b541c3965fe538b41f72ea61c4709e47761; .NET CLR 2.0.50727)"
212.55.0.180 - - [13/Dec/2006:09:47:47 -0600] "GET /favicon.ico HTTP/1.1" 404 - "http://www.newsgator.com/ngs/subscriber/WebEd2.aspx?fid=282582" "Mozilla/5.0 (Windows; U; Windows NT 5.1; es-ES; rv:1.8.1) Gecko/20061010 Firefox/2.0"
193.144.84.188 - - [13/Dec/2006:09:48:01 -0600] "GET /feed/ HTTP/1.1" 200 10763 "-" "Mozilla/5.0 (X11; U; Linux i686; en-US; rv:1.7.10) Gecko/20060927 Firefox/1.0.4 (Debian package 1.0.4-2sarge12)"
200.45.197.182 - - [13/Dec/2006:09:48:07 -0600] "GET /wp-content/themes/default_es/style.css HTTP/1.1" 200 9885 "http://www.foobar.com/archives/2005/12/31/buffalo-hot-wings/" "Mozilla/4.0 (compatible; MSIE 6.0; Windows NT 5.1; SV1; .NET CLR 1.1.4322)"
