164.77.127.202 - - [13/Dec/2006:07:16:59 -0600] "GET /archives/2006/01/19/television-americana/ HTTP/1.1" 200 22426 "http://www.google.cl/search?hl=es&q=Who+Line+is+it+Anyway+video+&meta=lr%3Dlang_es" "Mozilla/4.0 (compatible; MSIE 6.0; Windows NT 5.1; SV1; .NET CLR 2.0.50727)"
164.77.127.202 - - [13/Dec/2006:07:16:59 -0600] "GET /wp-content/themes/default_es/images/borjanet.png HTTP/1.1" 200 16169 "http://www.foobar.com/archives/2006/01/19/television-americana/" "Mozilla/4.0 (compatible; MSIE 6.0; Windows NT 5.1; SV1; .NET CLR 2.0.50727)"
164.77.127.202 - - [13/Dec/2006:07:17:00 -0600] "GET /uploads/Dailyshow_logo.jpg HTTP/1.1" 200 13964 "http://www.foobar.com/archives/2006/01/19/television-americana/" "Mozilla/4.0 (compatible; MSIE 6.0; Windows NT 5.1; SV1; .NET CLR 2.0.50727)"
164.77.127.202 - - [13/Dec/2006:07:17:00 -0600] "GET /uploads/TheWestWing.JPG HTTP/1.1" 200 7234 "http://www.foobar.com/archives/2006/01/19/television-americana/" "Mozilla/4.0 (compatible; MSIE 6.0; Windows NT 5.1; SV1; .NET CLR 2.0.50727)"
164.77.127.202 - - [13/Dec/2006:07:17:00 -0600] "GET /uploads/fglogo.png HTTP/1.1" 200 27895 "http://www.foobar.com/archives/2006/01/19/television-americana/" "Mozilla/4.0 (compatible; MSIE 6.0; Windows NT 5.1; SV1; .NET CLR 2.0.50727)"
164.77.127.202 - - [13/Dec/2006:07:17:02 -0600] "GET /uploads/Harvey_Birdman2C_Attorney_at_Law_title.jpg HTTP/1.1" 200 20129 "http://www.foobar.com/archives/2006/01/19/television-americana/" "Mozilla/4.0 (compatible; MSIE 6.0; Windows NT 5.1; SV1; .NET CLR 2.0.50727)"
164.77.127.202 - - [13/Dec/2006:07:17:02 -0600] "GET /uploads/Birdman.jpg HTTP/1.1" 200 23838 "http://www.foobar.com/archives/2006/01/19/television-americana/" "Mozilla/4.0 (compatible; MSIE 6.0; Windows NT 5.1; SV1; .NET CLR 2.0.50727)"
164.77.127.202 - - [13/Dec/2006:07:17:03 -0600] "GET /uploads/whoseline.jpg HTTP/1.1" 200 13096 "http://www.foobar.com/archives/2006/01/19/television-americana/" "Mozilla/4.0 (compatible; MSIE 6.0; Windows NT 5.1; SV1; .NET CLR 2.0.50727)"
164.77.127.202 - - [13/Dec/2006:07:17:05 -0600] "GET /uploads/comedy.png HTTP/1.1" 200 22619 "http://www.foobar.com/archives/2006/01/19/television-americana/" "Mozilla/4.0 (compatible; MSIE 6.0; Windows NT 5.1; SV1; .NET CLR 2.0.50727)"
164.77.127.202 - - [13/Dec/2006:07:17:05 -0600] "GET /wp-content/themes/default_es/images/kubrickheader.png HTTP/1.1" 200 3850 "http://www.foobar.com/archives/2006/01/19/television-americana/" "Mozilla/4.0 (compatible; MSIE 6.0; Windows NT 5.1; SV1; .NET CLR 2.0.50727)"
164.77.127.202 - - [13/Dec/2006:07:17:05 -0600] "GET /wp-content/themes/default_es/images/kubrickbgcolor.jpg HTTP/1.1" 200 558 "http://www.foobar.com/archives/2006/01/19/television-americana/" "Mozilla/4.0 (compatible; MSIE 6.0; Windows NT 5.1; SV1; .NET CLR 2.0.50727)"
164.77.127.202 - - [13/Dec/2006:07:17:06 -0600] "GET /wp-content/themes/default_es/images/kubrickbgwide.jpg HTTP/1.1" 200 1020 "http://www.foobar.com/archives/2006/01/19/television-americana/" "Mozilla/4.0 (compatible; MSIE 6.0; Windows NT 5.1; SV1; .NET CLR 2.0.50727)"
164.77.127.202 - - [13/Dec/2006:07:17:06 -0600] "GET /wp-content/themes/default_es/images/kubrickfooter.jpg HTTP/1.1" 200 2601 "http://www.foobar.com/archives/2006/01/19/television-americana/" "Mozilla/4.0 (compatible; MSIE 6.0; Windows NT 5.1; SV1; .NET CLR 2.0.50727)"
74.6.67.232 - - [13/Dec/2006:07:17:16 -0600] "GET /archives/2005/05/07/migracion-a-punto-de-terminar/ HTTP/1.0" 200 11961 "-" "Mozilla/5.0 (compatible; Yahoo! Slurp; http://help.yahoo.com/help/us/ysearch/slurp)"
81.202.208.214 - - [13/Dec/2006:07:17:21 -0600] "GET /favicon.ico HTTP/1.1" 404 - "http://www.netvibes.com/" "Mozilla/5.0 (Windows; U; Windows NT 5.1; es-ES; rv:1.8.0.8) Gecko/20061025 Firefox/1.5.0.8"
194.224.199.54 - - [13/Dec/2006:07:17:22 -0600] "GET /archives/category/general/page/8/ HTTP/1.1" 200 32341 "http://www.foobar.com/archives/category/general/page/7/" "noxtrumbot/1.0 (crawler@noxtrum.com)"
85.56.32.16 - - [13/Dec/2006:07:17:42 -0600] "GET /wp-content/themes/default_es/style.css HTTP/1.1" 200 9885 "http://www.foobar.com/archives/2006/01/19/television-americana/" "Mozilla/4.0 (compatible; MSIE 6.0; Windows NT 5.1; SV1; FunWebProducts; InfoPath.1; .NET CLR 1.1.4322; .NET CLR 2.0.50727)"
85.56.32.16 - - [13/Dec/2006:07:17:42 -0600] "GET /archives/2006/01/19/television-americana/ HTTP/1.1" 200 22421 "http://images.google.es/imgres?imgurl=http://www.foobar.com/uploads/Family_guy_logo.png&imgrefurl=http://www.foobar.com/archives/2006/01/19/television-americana/&h=189&w=300&sz=28&hl=es&start=16&tbnid=qlC6Gq_pQxf_tM:&tbnh=73&tbnw=116&prev=/images%3Fq%3Dpadre%2Bde%2Bfamilia%26svnum%3D10%26hl%3Des%26lr%3D%26sa%3DG" "Mozilla/4.0 (compatible; MSIE 6.0; Windows NT 5.1; SV1; FunWebProducts; InfoPath.1; .NET CLR 1.1.4322; .NET CLR 2.0.50727)"
85.56.32.16 - - [13/Dec/2006:07:17:43 -0600] "GET /wp-content/themes/default_es/images/borjanet.png HTTP/1.1" 200 16169 "http://www.foobar.com/archives/2006/01/19/television-americana/" "Mozilla/4.0 (compatible; MSIE 6.0; Windows NT 5.1; SV1; FunWebProducts; InfoPath.1; .NET CLR 1.1.4322; .NET CLR 2.0.50727)"
85.56.32.16 - - [13/Dec/2006:07:17:43 -0600] "GET /uploads/Dailyshow_logo.jpg HTTP/1.1" 200 13964 "http://www.foobar.com/archives/2006/01/19/television-americana/" "Mozilla/4.0 (compatible; MSIE 6.0; Windows NT 5.1; SV1; FunWebProducts; InfoPath.1; .NET CLR 1.1.4322; .NET CLR 2.0.50727)"
85.56.32.16 - - [13/Dec/2006:07:17:43 -0600] "GET /uploads/TheWestWing.JPG HTTP/1.1" 200 7234 "http://www.foobar.com/archives/2006/01/19/television-americana/" "Mozilla/4.0 (compatible; MSIE 6.0; Windows NT 5.1; SV1; FunWebProducts; InfoPath.1; .NET CLR 1.1.4322; .NET CLR 2.0.50727)"
85.56.32.16 - - [13/Dec/2006:07:17:43 -0600] "GET /uploads/Harvey_Birdman2C_Attorney_at_Law_title.jpg HTTP/1.1" 200 20129 "http://www.foobar.com/archives/2006/01/19/television-americana/" "Mozilla/4.0 (compatible; MSIE 6.0; Windows NT 5.1; SV1; FunWebProducts; InfoPath.1; .NET CLR 1.1.4322; .NET CLR 2.0.50727)"
85.56.32.16 - - [13/Dec/2006:07:17:44 -0600] "GET /uploads/fglogo.png HTTP/1.1" 200 27895 "http://www.foobar.com/archives/2006/01/19/television-americana/" "Mozilla/4.0 (compatible; MSIE 6.0; Windows NT 5.1; SV1; FunWebProducts; InfoPath.1; .NET CLR 1.1.4322; .NET CLR 2.0.50727)"
85.56.32.16 - - [13/Dec/2006:07:17:44 -0600] "GET /uploads/Birdman.jpg HTTP/1.1" 200 23838 "http://www.foobar.com/archives/2006/01/19/television-americana/" "Mozilla/4.0 (compatible; MSIE 6.0; Windows NT 5.1; SV1; FunWebProducts; InfoPath.1; .NET CLR 1.1.4322; .NET CLR 2.0.50727)"
85.56.32.16 - - [13/Dec/2006:07:17:44 -0600] "GET /uploads/whoseline.jpg HTTP/1.1" 200 13096 "http://www.foobar.com/archives/2006/01/19/television-americana/" "Mozilla/4.0 (compatible; MSIE 6.0; Windows NT 5.1; SV1; FunWebProducts; InfoPath.1; .NET CLR 1.1.4322; .NET CLR 2.0.50727)"
85.56.32.16 - - [13/Dec/2006:07:17:45 -0600] "GET /wp-content/themes/default_es/images/kubrickbgcolor.jpg HTTP/1.1" 200 558 "http://www.foobar.com/archives/2006/01/19/television-americana/" "Mozilla/4.0 (compatible; MSIE 6.0; Windows NT 5.1; SV1; FunWebProducts; InfoPath.1; .NET CLR 1.1.4322; .NET CLR 2.0.50727)"
85.56.32.16 - - [13/Dec/2006:07:17:45 -0600] "GET /wp-content/themes/default_es/images/kubrickbgwide.jpg HTTP/1.1" 200 1020 "http://www.foobar.com/archives/2006/01/19/television-americana/" "Mozilla/4.0 (compatible; MSIE 6.0; Windows NT 5.1; SV1; FunWebProducts; InfoPath.1; .NET CLR 1.1.4322; .NET CLR 2.0.50727)"
85.56.32.16 - - [13/Dec/2006:07:17:45 -0600] "GET /wp-content/themes/default_es/images/kubrickheader.png HTTP/1.1" 200 3850 "http://www.foobar.com/archives/2006/01/19/television-americana/" "Mozilla/4.0 (compatible; MSIE 6.0; Windows NT 5.1; SV1; FunWebProducts; InfoPath.1; .NET CLR 1.1.4322; .NET CLR 2.0.50727)"
85.56.32.16 - - [13/Dec/2006:07:17:45 -0600] "GET /uploads/Family_guy_logo.png HTTP/1.1" 404 - "http://images.google.es/imgres?imgurl=http://www.foobar.com/uploads/Family_guy_logo.png&imgrefurl=http://www.foobar.com/archives/2006/01/19/television-americana/&h=189&w=300&sz=28&tbnid=qlC6Gq_pQxf_tM:&tbnh=73&tbnw=116&hl=es&prev=/images%3Fq%3Dpadre%2Bde%2Bfamilia%26svnum%3D10%26hl%3Des%26lr%3D%26sa%3DG&frame=small" "Mozilla/4.0 (compatible; MSIE 6.0; Windows NT 5.1; SV1; FunWebProducts; InfoPath.1; .NET CLR 1.1.4322; .NET CLR 2.0.50727)"
85.56.32.16 - - [13/Dec/2006:07:17:46 -0600] "GET /wp-content/themes/default_es/images/kubrickfooter.jpg HTTP/1.1" 200 2601 "http://www.foobar.com/archives/2006/01/19/television-americana/" "Mozilla/4.0 (compatible; MSIE 6.0; Windows NT 5.1; SV1; FunWebProducts; InfoPath.1; .NET CLR 1.1.4322; .NET CLR 2.0.50727)"
141.58.5.91 - - [13/Dec/2006:07:17:46 -0600] "GET /feed/ HTTP/1.1" 200 10775 "-" "RSSOwl/1.2.3 Preview Release 2006-10-30 (Windows; U; de)"
85.56.32.16 - - [13/Dec/2006:07:17:48 -0600] "GET /wp-content/themes/default_es/images/kubrickheader.png HTTP/1.1" 206 1 "http://www.foobar.com/archives/2006/01/19/television-americana/" "Mozilla/4.0 (compatible; MSIE 6.0; Windows NT 5.1; SV1; FunWebProducts; InfoPath.1; .NET CLR 1.1.4322; .NET CLR 2.0.50727)"
85.56.32.16 - - [13/Dec/2006:07:17:48 -0600] "GET /uploads/Birdman.jpg HTTP/1.1" 206 7211 "http://www.foobar.com/archives/2006/01/19/television-americana/" "Mozilla/4.0 (compatible; MSIE 6.0; Windows NT 5.1; SV1; FunWebProducts; InfoPath.1; .NET CLR 1.1.4322; .NET CLR 2.0.50727)"
85.56.32.16 - - [13/Dec/2006:07:17:48 -0600] "GET /uploads/whoseline.jpg HTTP/1.1" 206 6409 "http://www.foobar.com/archives/2006/01/19/television-americana/" "Mozilla/4.0 (compatible; MSIE 6.0; Windows NT 5.1; SV1; FunWebProducts; InfoPath.1; .NET CLR 1.1.4322; .NET CLR 2.0.50727)"
65.23.153.40 - - [13/Dec/2006:07:18:03 -0600] "GET /archives/2003/11/16/muerte-al-spam/ HTTP/1.1" 200 15667 "http://www.foobar.com/archives/2003/11/16/muerte-al-spam/" "-"
86.56.17.186 - - [13/Dec/2006:07:18:05 -0600] "GET /archives/2003/11/16/muerte-al-spam/ HTTP/1.1" 200 15641 "http://www.foobar.com/archives/2003/11/16/muerte-al-spam/" "Mozilla/5.0 (Windows; U; Windows NT 5.1; en-US; rv:1.8.0.4) Gecko/20060508 Firefox/1.5.0.4"
80.224.29.161 - - [13/Dec/2006:07:18:13 -0600] "GET /feed/ HTTP/1.0" 304 0 "-" "Liferea/1.0.26 (Linux; http://liferea.sf.net/)"
194.224.199.54 - - [13/Dec/2006:07:18:22 -0600] "GET /archives/category/viajes/page/8/ HTTP/1.1" 200 32031 "http://www.foobar.com/archives/category/viajes/page/7/" "noxtrumbot/1.0 (crawler@noxtrum.com)"
124.191.239.223 - - [13/Dec/2006:07:18:25 -0600] "GET /uploads/Birdman.jpg HTTP/1.1" 200 23838 "http://profile.myspace.com/index.cfm?fuseaction=user.viewprofile&friendid=116614489" "Mozilla/4.0 (compatible; MSIE 6.0; Windows NT 5.1; SV1)"
24.231.174.86 - - [13/Dec/2006:07:18:29 -0600] "GET /uploads/whoseline.jpg HTTP/1.1" 304 - "http://profile.myspace.com/index.cfm?fuseaction=user.viewprofile&friendid=11275308" "Mozilla/4.0 (compatible; MSIE 6.0; Windows NT 5.1; SV1; .NET CLR 1.1.4322)"
124.191.239.223 - - [13/Dec/2006:07:19:06 -0600] "GET /uploads/Birdman.jpg HTTP/1.1" 206 2352 "http://profile.myspace.com/index.cfm?fuseaction=user.viewprofile&friendid=116614489" "Mozilla/4.0 (compatible; MSIE 6.0; Windows NT 5.1; SV1)"
200.72.33.134 - - [13/Dec/2006:07:19:11 -0600] "GET /wp-content/themes/default_es/style.css HTTP/1.1" 200 9885 "http://www.foobar.com/archives/2003/01/20/ppdd-plataforma-para-la-desaparicin-del-director/" "Mozilla/4.0 (compatible; MSIE 6.0; Windows NT 5.0; .NET CLR 1.1.4322)"
200.72.33.134 - - [13/Dec/2006:07:19:11 -0600] "GET /archives/2003/01/20/ppdd-plataforma-para-la-desaparicin-del-director/ HTTP/1.1" 200 40827 "http://www.google.cl/search?hl=es&q=lenguaje+lingo&meta=" "Mozilla/4.0 (compatible; MSIE 6.0; Windows NT 5.0; .NET CLR 1.1.4322)"
200.72.33.134 - - [13/Dec/2006:07:19:12 -0600] "GET /wp-content/themes/default_es/images/kubrickbgcolor.jpg HTTP/1.1" 200 558 "http://www.foobar.com/archives/2003/01/20/ppdd-plataforma-para-la-desaparicin-del-director/" "Mozilla/4.0 (compatible; MSIE 6.0; Windows NT 5.0; .NET CLR 1.1.4322)"
200.72.33.134 - - [13/Dec/2006:07:19:12 -0600] "GET /wp-content/themes/default_es/images/borjanet.png HTTP/1.1" 200 16169 "http://www.foobar.com/archives/2003/01/20/ppdd-plataforma-para-la-desaparicin-del-director/" "Mozilla/4.0 (compatible; MSIE 6.0; Windows NT 5.0; .NET CLR 1.1.4322)"
200.72.33.134 - - [13/Dec/2006:07:19:12 -0600] "GET /wp-content/themes/default_es/images/kubrickheader.png HTTP/1.1" 200 3850 "http://www.foobar.com/archives/2003/01/20/ppdd-plataforma-para-la-desaparicin-del-director/" "Mozilla/4.0 (compatible; MSIE 6.0; Windows NT 5.0; .NET CLR 1.1.4322)"
200.72.33.134 - - [13/Dec/2006:07:19:12 -0600] "GET /wp-content/themes/default_es/images/kubrickbgwide.jpg HTTP/1.1" 200 1020 "http://www.foobar.com/archives/2003/01/20/ppdd-plataforma-para-la-desaparicin-del-director/" "Mozilla/4.0 (compatible; MSIE 6.0; Windows NT 5.0; .NET CLR 1.1.4322)"
200.72.33.134 - - [13/Dec/2006:07:19:12 -0600] "GET /wp-content/themes/default_es/images/kubrickfooter.jpg HTTP/1.1" 200 2601 "http://www.foobar.com/archives/2003/01/20/ppdd-plataforma-para-la-desaparicin-del-director/" "Mozilla/4.0 (compatible; MSIE 6.0; Windows NT 5.0; .NET CLR 1.1.4322)"
194.224.199.54 - - [13/Dec/2006:07:19:23 -0600] "GET /page/9/ HTTP/1.1" 200 50018 "http://www.foobar.com/page/8/" "noxtrumbot/1.0 (crawler@noxtrum.com)"
85.85.12.22 - - [13/Dec/2006:07:19:28 -0600] "GET /feed/rss2/ HTTP/1.1" 200 10763 "-" "Mozilla/5.0 (Windows; U; Windows NT 5.1; es-ES; rv:1.8.0.8) Gecko/20061025 Firefox/1.5.0.8"
194.224.199.54 - - [13/Dec/2006:07:20:25 -0600] "GET /archives/category/life-in-chicago/page/9/ HTTP/1.1" 200 32979 "http://www.foobar.com/archives/category/life-in-chicago/page/8/" "noxtrumbot/1.0 (crawler@noxtrum.com)"
83.32.11.14 - - [13/Dec/2006:07:20:41 -0600] "GET /wp-content/themes/default_es/style.css HTTP/1.1" 200 9885 "http://www.foobar.com/archives/2004/09/01/chicago-da-13/" "Mozilla/4.0 (compatible; MSIE 6.0; Windows NT 5.1; SV1; FunWebProducts; HbTools 4.8.2)"
83.32.11.14 - - [13/Dec/2006:07:20:42 -0600] "GET /archives/2004/09/01/chicago-da-13/ HTTP/1.1" 200 38429 "http://www.google.es/search?hl=es&q=examenes+finales+3%C2%BA+ESO&meta=" "Mozilla/4.0 (compatible; MSIE 6.0; Windows NT 5.1; SV1; FunWebProducts; HbTools 4.8.2)"
83.32.11.14 - - [13/Dec/2006:07:20:42 -0600] "GET /wp-content/themes/default_es/images/borjanet.png HTTP/1.1" 200 16169 "http://www.foobar.com/archives/2004/09/01/chicago-da-13/" "Mozilla/4.0 (compatible; MSIE 6.0; Windows NT 5.1; SV1; FunWebProducts; HbTools 4.8.2)"
83.32.11.14 - - [13/Dec/2006:07:20:43 -0600] "GET /wp-content/themes/default_es/images/kubrickbgcolor.jpg HTTP/1.1" 200 558 "http://www.foobar.com/archives/2004/09/01/chicago-da-13/" "Mozilla/4.0 (compatible; MSIE 6.0; Windows NT 5.1; SV1; FunWebProducts; HbTools 4.8.2)"
83.32.11.14 - - [13/Dec/2006:07:20:43 -0600] "GET /wp-content/themes/default_es/images/kubrickbgwide.jpg HTTP/1.1" 200 1020 "http://www.foobar.com/archives/2004/09/01/chicago-da-13/" "Mozilla/4.0 (compatible; MSIE 6.0; Windows NT 5.1; SV1; FunWebProducts; HbTools 4.8.2)"
83.32.11.14 - - [13/Dec/2006:07:20:43 -0600] "GET /wp-content/themes/default_es/images/kubrickheader.png HTTP/1.1" 200 3850 "http://www.foobar.com/archives/2004/09/01/chicago-da-13/" "Mozilla/4.0 (compatible; MSIE 6.0; Windows NT 5.1; SV1; FunWebProducts; HbTools 4.8.2)"
83.32.11.14 - - [13/Dec/2006:07:20:43 -0600] "GET /wp-content/themes/default_es/images/kubrickfooter.jpg HTTP/1.1" 200 2601 "http://www.foobar.com/archives/2004/09/01/chicago-da-13/" "Mozilla/4.0 (compatible; MSIE 6.0; Windows NT 5.1; SV1; FunWebProducts; HbTools 4.8.2)"
62.175.249.254 - - [13/Dec/2006:07:21:02 -0600] "GET /uploads/Family_guy_logo.png HTTP/1.1" 404 - "http://images.google.es/imgres?imgurl=http://www.foobar.com/uploads/Family_guy_logo.png&imgrefurl=http://www.foobar.com/archives/2006/01/19/television-americana/&h=189&w=300&sz=28&tbnid=qlC6Gq_pQxf_tM:&tbnh=73&tbnw=116&hl=es&prev=/images%3Fq%3Dpadre%2Bde%2Bfamilia%26svnum%3D10%26hl%3Des%26lr%3D%26safe%3Dactive%26sa%3DG&frame=small" "Mozilla/5.0 (X11; U; Linux i686; es-ES; rv:1.8.0.1) Gecko/20060304 Debian/1.5.dfsg+1.5.0.1-3linex1 Firefox/1.5.0.1"
62.175.249.254 - - [13/Dec/2006:07:21:03 -0600] "GET /favicon.ico HTTP/1.1" 404 - "-" "Mozilla/5.0 (X11; U; Linux i686; es-ES; rv:1.8.0.1) Gecko/20060304 Debian/1.5.dfsg+1.5.0.1-3linex1 Firefox/1.5.0.1"
62.175.249.254 - - [13/Dec/2006:07:21:05 -0600] "GET /uploads/TheWestWing.JPG HTTP/1.1" 200 7234 "http://www.foobar.com/archives/2006/01/19/television-americana/" "Mozilla/5.0 (X11; U; Linux i686; es-ES; rv:1.8.0.1) Gecko/20060304 Debian/1.5.dfsg+1.5.0.1-3linex1 Firefox/1.5.0.1"
62.175.249.254 - - [13/Dec/2006:07:21:06 -0600] "GET /uploads/Dailyshow_logo.jpg HTTP/1.1" 200 13964 "http://www.foobar.com/archives/2006/01/19/television-americana/" "Mozilla/5.0 (X11; U; Linux i686; es-ES; rv:1.8.0.1) Gecko/20060304 Debian/1.5.dfsg+1.5.0.1-3linex1 Firefox/1.5.0.1"
209.158.165.43 - - [13/Dec/2006:07:21:10 -0600] "GET /wp-content/themes/default_es/style.css HTTP/1.0" 200 9885 "http://www.foobar.com/archives/2004/06/05/estupidos-niatos/" "Mozilla/4.0 (compatible; MSIE 6.0; Windows NT 5.0; .NET CLR 1.0.3705; .NET CLR 1.1.4322)"
209.158.165.43 - - [13/Dec/2006:07:21:11 -0600] "GET /wp-content/themes/default_es/images/borjanet.png HTTP/1.0" 200 16169 "http://www.foobar.com/archives/2004/06/05/estupidos-niatos/" "Mozilla/4.0 (compatible; MSIE 6.0; Windows NT 5.0; .NET CLR 1.0.3705; .NET CLR 1.1.4322)"
209.158.165.43 - - [13/Dec/2006:07:21:11 -0600] "GET /archives/2004/06/05/estupidos-niatos/ HTTP/1.0" 200 34150 "http://www.google.com/search?hl=en&q=Whatever+happened+to+good+manners%3F" "Mozilla/4.0 (compatible; MSIE 6.0; Windows NT 5.0; .NET CLR 1.0.3705; .NET CLR 1.1.4322)"
209.158.165.43 - - [13/Dec/2006:07:21:11 -0600] "GET /wp-content/themes/default_es/images/kubrickbgwide.jpg HTTP/1.0" 200 1020 "http://www.foobar.com/archives/2004/06/05/estupidos-niatos/" "Mozilla/4.0 (compatible; MSIE 6.0; Windows NT 5.0; .NET CLR 1.0.3705; .NET CLR 1.1.4322)"
209.158.165.43 - - [13/Dec/2006:07:21:11 -0600] "GET /wp-content/themes/default_es/images/kubrickbgcolor.jpg HTTP/1.0" 200 558 "http://www.foobar.com/archives/2004/06/05/estupidos-niatos/" "Mozilla/4.0 (compatible; MSIE 6.0; Windows NT 5.0; .NET CLR 1.0.3705; .NET CLR 1.1.4322)"
209.158.165.43 - - [13/Dec/2006:07:21:12 -0600] "GET /wp-content/themes/default_es/images/kubrickheader.png HTTP/1.0" 200 3850 "http://www.foobar.com/archives/2004/06/05/estupidos-niatos/" "Mozilla/4.0 (compatible; MSIE 6.0; Windows NT 5.0; .NET CLR 1.0.3705; .NET CLR 1.1.4322)"
209.158.165.43 - - [13/Dec/2006:07:21:12 -0600] "GET /wp-content/themes/default_es/images/kubrickfooter.jpg HTTP/1.0" 200 2601 "http://www.foobar.com/archives/2004/06/05/estupidos-niatos/" "Mozilla/4.0 (compatible; MSIE 6.0; Windows NT 5.0; .NET CLR 1.0.3705; .NET CLR 1.1.4322)"
158.227.172.65 - - [13/Dec/2006:07:21:20 -0600] "GET /wp-content/themes/default_es/style.css HTTP/1.1" 304 - "http://www.foobar.com/" "Mozilla/4.0 (compatible; MSIE 6.0; Windows NT 5.0)"
158.227.172.65 - - [13/Dec/2006:07:21:20 -0600] "GET /wp-content/themes/default_es/images/borjanet.png HTTP/1.1" 304 - "http://www.foobar.com/" "Mozilla/4.0 (compatible; MSIE 6.0; Windows NT 5.0)"
158.227.172.65 - - [13/Dec/2006:07:21:20 -0600] "GET /uploads/pronunciacion.png HTTP/1.1" 304 - "http://www.foobar.com/" "Mozilla/4.0 (compatible; MSIE 6.0; Windows NT 5.0)"
158.227.172.65 - - [13/Dec/2006:07:21:20 -0600] "GET /wp-content/themes/default_es/images/kubrickbgcolor.jpg HTTP/1.1" 304 - "http://www.foobar.com/" "Mozilla/4.0 (compatible; MSIE 6.0; Windows NT 5.0)"
158.227.172.65 - - [13/Dec/2006:07:21:21 -0600] "GET /wp-content/themes/default_es/images/kubrickbg.jpg HTTP/1.1" 304 - "http://www.foobar.com/" "Mozilla/4.0 (compatible; MSIE 6.0; Windows NT 5.0)"
158.227.172.65 - - [13/Dec/2006:07:21:21 -0600] "GET / HTTP/1.1" 200 41046 "http://www.google.es/search?hl=es&q=borjanet&meta=" "Mozilla/4.0 (compatible; MSIE 6.0; Windows NT 5.0)"
158.227.172.65 - - [13/Dec/2006:07:21:21 -0600] "GET /wp-content/themes/default_es/images/kubrickheader.png HTTP/1.1" 304 - "http://www.foobar.com/" "Mozilla/4.0 (compatible; MSIE 6.0; Windows NT 5.0)"
158.227.172.65 - - [13/Dec/2006:07:21:22 -0600] "GET /wp-content/themes/default_es/images/kubrickfooter.jpg HTTP/1.1" 304 - "http://www.foobar.com/" "Mozilla/4.0 (compatible; MSIE 6.0; Windows NT 5.0)"
81.38.8.216 - - [13/Dec/2006:07:21:24 -0600] "GET /feed/ HTTP/1.1" 304 0 "-" "Akregator/1.2.5; librss/remnants"
194.224.199.54 - - [13/Dec/2006:07:21:26 -0600] "GET /archives/category/general/page/9/ HTTP/1.1" 200 32214 "http://www.foobar.com/archives/category/general/page/8/" "noxtrumbot/1.0 (crawler@noxtrum.com)"
62.175.249.254 - - [13/Dec/2006:07:21:38 -0600] "GET /archives/2006/01/19/television-americana/ HTTP/1.1" 200 22412 "-" "Mozilla/4.0 (compatible;)"
158.227.172.65 - - [13/Dec/2006:07:21:39 -0600] "GET /archives/category/life-in-chicago/ HTTP/1.1" 200 32017 "http://www.foobar.com/" "Mozilla/4.0 (compatible; MSIE 6.0; Windows NT 5.0)"
158.227.172.65 - - [13/Dec/2006:07:21:43 -0600] "GET / HTTP/1.1" 200 41046 "-" "Mozilla/4.0 (compatible; MSIE 6.0; Windows NT 5.0)"
158.227.172.65 - - [13/Dec/2006:07:21:52 -0600] "GET /archives/category/life-in-chicago/page/2/ HTTP/1.1" 200 32766 "http://www.foobar.com/archives/category/life-in-chicago/" "Mozilla/4.0 (compatible; MSIE 6.0; Windows NT 5.0)"
158.227.172.65 - - [13/Dec/2006:07:21:54 -0600] "GET / HTTP/1.1" 200 41046 "-" "Mozilla/4.0 (compatible; MSIE 6.0; Windows NT 5.0)"
74.6.70.245 - - [13/Dec/2006:07:21:59 -0600] "GET /archives/2004/11/30/estructuras-matemticas-con-sentido-del-humor HTTP/1.0" 200 32652 "-" "Mozilla/5.0 (compatible; Yahoo! Slurp; http://help.yahoo.com/help/us/ysearch/slurp)"
158.227.172.65 - - [13/Dec/2006:07:22:03 -0600] "GET /archives/category/life-in-chicago/page/3/ HTTP/1.1" 200 32467 "http://www.foobar.com/archives/category/life-in-chicago/page/2/" "Mozilla/4.0 (compatible; MSIE 6.0; Windows NT 5.0)"
158.227.172.65 - - [13/Dec/2006:07:22:04 -0600] "GET / HTTP/1.1" 200 41046 "-" "Mozilla/4.0 (compatible; MSIE 6.0; Windows NT 5.0)"
158.227.172.65 - - [13/Dec/2006:07:22:16 -0600] "GET /archives/category/life-in-chicago/page/4/ HTTP/1.1" 200 32230 "http://www.foobar.com/archives/category/life-in-chicago/page/3/" "Mozilla/4.0 (compatible; MSIE 6.0; Windows NT 5.0)"
158.227.172.65 - - [13/Dec/2006:07:22:18 -0600] "GET / HTTP/1.1" 200 41046 "-" "Mozilla/4.0 (compatible; MSIE 6.0; Windows NT 5.0)"
194.224.199.54 - - [13/Dec/2006:07:22:23 -0600] "GET /archives/category/viajes/page/9/ HTTP/1.1" 200 31985 "http://www.foobar.com/archives/category/viajes/page/8/" "noxtrumbot/1.0 (crawler@noxtrum.com)"
158.227.172.65 - - [13/Dec/2006:07:22:25 -0600] "GET /archives/category/life-in-chicago/page/5/ HTTP/1.1" 200 32154 "http://www.foobar.com/archives/category/life-in-chicago/page/4/" "Mozilla/4.0 (compatible; MSIE 6.0; Windows NT 5.0)"
158.227.172.65 - - [13/Dec/2006:07:22:27 -0600] "GET / HTTP/1.1" 200 41046 "-" "Mozilla/4.0 (compatible; MSIE 6.0; Windows NT 5.0)"
158.227.172.65 - - [13/Dec/2006:07:22:38 -0600] "GET /archives/category/life-in-chicago/page/6/ HTTP/1.1" 200 33277 "http://www.foobar.com/archives/category/life-in-chicago/page/5/" "Mozilla/4.0 (compatible; MSIE 6.0; Windows NT 5.0)"
158.227.172.65 - - [13/Dec/2006:07:22:40 -0600] "GET / HTTP/1.1" 200 41046 "-" "Mozilla/4.0 (compatible; MSIE 6.0; Windows NT 5.0)"
195.27.215.89 - - [13/Dec/2006:07:22:51 -0600] "GET /archives/2005/05/31/meme-literario/ HTTP/1.0" 200 22632 "-" "Seekbot/1.0 (http://www.seekbot.net/bot.html) HTTPFetcher/0.3"
158.227.172.65 - - [13/Dec/2006:07:22:54 -0600] "GET /archives/category/life-in-chicago/page/7/ HTTP/1.1" 200 32932 "http://www.foobar.com/archives/category/life-in-chicago/page/6/" "Mozilla/4.0 (compatible; MSIE 6.0; Windows NT 5.0)"
158.227.172.65 - - [13/Dec/2006:07:22:56 -0600] "GET / HTTP/1.1" 200 41046 "-" "Mozilla/4.0 (compatible; MSIE 6.0; Windows NT 5.0)"
198.37.25.204 - - [13/Dec/2006:07:22:59 -0600] "GET /feed/ HTTP/1.1" 304 0 "-" "Mozilla/5.0 (Macintosh; U; PPC Mac OS X; en-us) AppleWebKit/412 (KHTML, like Gecko) Safari/412"
69.112.232.24 - - [13/Dec/2006:07:23:09 -0600] "POST /wp-comments-post.php HTTP/1.1" 200 - "http://www.foobar.com/archives/2003/11/16/muerte-al-spam/" "Mozilla/5.0 (Windows; U; Windows NT 5.1; en-US; rv:1.8.0.4) Gecko/20060508 Firefox/1.5.0.4"
158.227.172.65 - - [13/Dec/2006:07:23:10 -0600] "GET /archives/category/life-in-chicago/page/8/ HTTP/1.1" 200 33160 "http://www.foobar.com/archives/category/life-in-chicago/page/7/" "Mozilla/4.0 (compatible; MSIE 6.0; Windows NT 5.0)"
158.227.172.65 - - [13/Dec/2006:07:23:12 -0600] "GET / HTTP/1.1" 200 41046 "-" "Mozilla/4.0 (compatible; MSIE 6.0; Windows NT 5.0)"
194.224.199.54 - - [13/Dec/2006:07:23:23 -0600] "GET /page/10/ HTTP/1.1" 200 44131 "http://www.foobar.com/page/9/" "noxtrumbot/1.0 (crawler@noxtrum.com)"
158.227.172.65 - - [13/Dec/2006:07:23:29 -0600] "GET /archives/category/life-in-chicago/page/9/ HTTP/1.1" 200 32979 "http://www.foobar.com/archives/category/life-in-chicago/page/8/" "Mozilla/4.0 (compatible; MSIE 6.0; Windows NT 5.0)"
158.227.172.65 - - [13/Dec/2006:07:23:30 -0600] "GET / HTTP/1.1" 200 41046 "-" "Mozilla/4.0 (compatible; MSIE 6.0; Windows NT 5.0)"
158.227.172.65 - - [13/Dec/2006:07:23:46 -0600] "GET /archives/category/life-in-chicago/page/10/ HTTP/1.1" 200 32450 "http://www.foobar.com/archives/category/life-in-chicago/page/9/" "Mozilla/4.0 (compatible; MSIE 6.0; Windows NT 5.0)"
158.227.172.65 - - [13/Dec/2006:07:23:47 -0600] "GET / HTTP/1.1" 200 41046 "-" "Mozilla/4.0 (compatible; MSIE 6.0; Windows NT 5.0)"
213.97.176.44 - - [13/Dec/2006:07:23:48 -0600] "GET /feed/rss2/ HTTP/1.1" 304 0 "-" "Mozilla/5.0 (Macintosh; U; PPC Mac OS X Mach-O; es-AR; rv:1.8.1) Gecko/20061010 Firefox/2.0"
158.227.172.65 - - [13/Dec/2006:07:23:59 -0600] "GET /archives/category/life-in-chicago/page/11/ HTTP/1.1" 200 32322 "http://www.foobar.com/archives/category/life-in-chicago/page/10/" "Mozilla/4.0 (compatible; MSIE 6.0; Windows NT 5.0)"
158.227.172.65 - - [13/Dec/2006:07:24:00 -0600] "GET / HTTP/1.1" 200 41046 "-" "Mozilla/4.0 (compatible; MSIE 6.0; Windows NT 5.0)"
72.14.199.5 - - [13/Dec/2006:07:24:02 -0600] "GET /feed/ HTTP/1.1" 304 0 "-" "Feedfetcher-Google; (+http://www.google.com/feedfetcher.html)"
194.224.199.54 - - [13/Dec/2006:07:24:25 -0600] "GET /archives/category/life-in-chicago/page/10/ HTTP/1.1" 200 32450 "http://www.foobar.com/archives/category/life-in-chicago/page/9/" "noxtrumbot/1.0 (crawler@noxtrum.com)"
158.227.172.65 - - [13/Dec/2006:07:24:26 -0600] "GET /archives/category/life-in-chicago/page/12/ HTTP/1.1" 200 33177 "http://www.foobar.com/archives/category/life-in-chicago/page/11/" "Mozilla/4.0 (compatible; MSIE 6.0; Windows NT 5.0)"
158.227.172.65 - - [13/Dec/2006:07:24:27 -0600] "GET / HTTP/1.1" 200 41046 "-" "Mozilla/4.0 (compatible; MSIE 6.0; Windows NT 5.0)"
72.14.199.5 - - [13/Dec/2006:07:24:36 -0600] "GET /feed HTTP/1.1" 200 10763 "-" "Feedfetcher-Google; (+http://www.google.com/feedfetcher.html)"
158.227.172.65 - - [13/Dec/2006:07:24:43 -0600] "GET /archives/category/life-in-chicago/page/13/ HTTP/1.1" 200 32710 "http://www.foobar.com/archives/category/life-in-chicago/page/12/" "Mozilla/4.0 (compatible; MSIE 6.0; Windows NT 5.0)"
158.227.172.65 - - [13/Dec/2006:07:24:45 -0600] "GET / HTTP/1.1" 200 41046 "-" "Mozilla/4.0 (compatible; MSIE 6.0; Windows NT 5.0)"
158.227.172.65 - - [13/Dec/2006:07:24:52 -0600] "GET /archives/category/life-in-chicago/page/14/ HTTP/1.1" 200 25395 "http://www.foobar.com/archives/category/life-in-chicago/page/13/" "Mozilla/4.0 (compatible; MSIE 6.0; Windows NT 5.0)"
158.227.172.65 - - [13/Dec/2006:07:24:55 -0600] "GET / HTTP/1.1" 200 41046 "-" "Mozilla/4.0 (compatible; MSIE 6.0; Windows NT 5.0)"
200.144.5.57 - - [13/Dec/2006:07:24:59 -0600] "GET /uploads/whoseline.jpg HTTP/1.0" 200 13096 "http://nowloaded.org/forum/index.php?showtopic=21632&st=20" "Mozilla/4.0 (compatible; MSIE 6.0; Windows NT 5.0; .NET CLR 2.0.50727)"
158.227.172.65 - - [13/Dec/2006:07:25:09 -0600] "GET /archives/2004/09/ HTTP/1.1" 200 31648 "http://www.foobar.com/archives/category/life-in-chicago/page/14/" "Mozilla/4.0 (compatible; MSIE 6.0; Windows NT 5.0)"
158.227.172.65 - - [13/Dec/2006:07:25:11 -0600] "GET / HTTP/1.1" 200 41046 "-" "Mozilla/4.0 (compatible; MSIE 6.0; Windows NT 5.0)"
85.84.60.245 - - [13/Dec/2006:07:25:16 -0600] "GET /feed/atom/ HTTP/1.1" 304 0 "-" "Mozilla/5.0 (X11; U; Linux i686; es-ES; rv:1.8.1) Gecko/20060601 Firefox/2.0 (Ubuntu-edgy)"
161.116.12.130 - - [13/Dec/2006:07:25:17 -0600] "GET /feed/ HTTP/1.1" 200 10763 "-" "Mozilla/5.0 (X11; U; Linux i686; en-US; rv:1.8.0.8) Gecko/20061115 Thunderbird/1.5.0.8"
194.224.199.54 - - [13/Dec/2006:07:25:22 -0600] "GET /archives/2005/04/12/chicago-ciudad-sin-ley/ HTTP/1.1" 200 17783 "http://www.foobar.com/archives/category/life-in-chicago/page/9/" "noxtrumbot/1.0 (crawler@noxtrum.com)"
74.6.85.170 - - [13/Dec/2006:07:25:26 -0600] "GET /robots.txt HTTP/1.0" 404 - "-" "Mozilla/5.0 (compatible; Yahoo! Slurp; http://help.yahoo.com/help/us/ysearch/slurp)"
74.6.87.73 - - [13/Dec/2006:07:25:29 -0600] "GET /archives/2002/09/11/ HTTP/1.0" 200 24791 "-" "Mozilla/5.0 (compatible; Yahoo! Slurp; http://help.yahoo.com/help/us/ysearch/slurp)"
158.227.172.65 - - [13/Dec/2006:07:25:34 -0600] "GET /archives/2004/09/page/2/ HTTP/1.1" 200 32105 "http://www.foobar.com/archives/2004/09/" "Mozilla/4.0 (compatible; MSIE 6.0; Windows NT 5.0)"
158.227.172.65 - - [13/Dec/2006:07:25:36 -0600] "GET / HTTP/1.1" 200 41046 "-" "Mozilla/4.0 (compatible; MSIE 6.0; Windows NT 5.0)"
213.4.23.173 - - [13/Dec/2006:07:25:38 -0600] "GET /archives/2005/11/02/chocolate-a-la-taza/ HTTP/1.0" 200 17901 "http://www.google.es/search?hl=es&q=como+hacer+chocolate+a+la+taza&meta=" "Mozilla/4.0 (compatible; MSIE 6.0; Windows NT 5.1; SV1)"
213.4.23.173 - - [13/Dec/2006:07:25:40 -0600] "GET /wp-content/themes/default_es/style.css HTTP/1.0" 200 9885 "http://www.foobar.com/archives/2005/11/02/chocolate-a-la-taza/" "Mozilla/4.0 (compatible; MSIE 6.0; Windows NT 5.1; SV1)"
213.4.23.173 - - [13/Dec/2006:07:25:43 -0600] "GET /wp-content/themes/default_es/images/kubrickbgcolor.jpg HTTP/1.0" 200 558 "http://www.foobar.com/archives/2005/11/02/chocolate-a-la-taza/" "Mozilla/4.0 (compatible; MSIE 6.0; Windows NT 5.1; SV1)"
213.4.23.173 - - [13/Dec/2006:07:25:44 -0600] "GET /wp-content/themes/default_es/images/kubrickheader.png HTTP/1.0" 200 3850 "http://www.foobar.com/archives/2005/11/02/chocolate-a-la-taza/" "Mozilla/4.0 (compatible; MSIE 6.0; Windows NT 5.1; SV1)"
213.4.23.173 - - [13/Dec/2006:07:25:45 -0600] "GET /wp-content/themes/default_es/images/borjanet.png HTTP/1.0" 200 16169 "http://www.foobar.com/archives/2005/11/02/chocolate-a-la-taza/" "Mozilla/4.0 (compatible; MSIE 6.0; Windows NT 5.1; SV1)"
158.227.172.65 - - [13/Dec/2006:07:25:46 -0600] "GET /archives/2004/09/21/semana-de-orientacin-para-desorientados/ HTTP/1.1" 200 26057 "http://www.foobar.com/archives/2004/09/page/2/" "Mozilla/4.0 (compatible; MSIE 6.0; Windows NT 5.0)"
213.4.23.173 - - [13/Dec/2006:07:25:46 -0600] "GET /wp-content/themes/default_es/images/kubrickbgwide.jpg HTTP/1.0" 200 1020 "http://www.foobar.com/archives/2005/11/02/chocolate-a-la-taza/" "Mozilla/4.0 (compatible; MSIE 6.0; Windows NT 5.1; SV1)"
213.4.23.173 - - [13/Dec/2006:07:25:47 -0600] "GET /wp-content/themes/default_es/images/kubrickfooter.jpg HTTP/1.0" 200 2601 "http://www.foobar.com/archives/2005/11/02/chocolate-a-la-taza/" "Mozilla/4.0 (compatible; MSIE 6.0; Windows NT 5.1; SV1)"
158.227.172.65 - - [13/Dec/2006:07:25:48 -0600] "GET / HTTP/1.1" 200 31423 "-" "Mozilla/4.0 (compatible; MSIE 6.0; Windows NT 5.0)"
158.227.172.65 - - [13/Dec/2006:07:25:50 -0600] "GET /archives/2004/09/21/semana-de-orientacin-para-desorientados/ HTTP/1.1" 200 26066 "http://www.foobar.com/archives/2004/09/page/2/" "Mozilla/4.0 (compatible; MSIE 6.0; Windows NT 5.0)"
158.227.172.65 - - [13/Dec/2006:07:25:53 -0600] "GET / HTTP/1.1" 200 41046 "-" "Mozilla/4.0 (compatible; MSIE 6.0; Windows NT 5.0)"
158.227.172.65 - - [13/Dec/2006:07:25:53 -0600] "GET /wp-content/themes/default_es/images/kubrickbgwide.jpg HTTP/1.1" 304 - "http://www.foobar.com/archives/2004/09/21/semana-de-orientacin-para-desorientados/" "Mozilla/4.0 (compatible; MSIE 6.0; Windows NT 5.0)"
84.120.172.52 - - [13/Dec/2006:07:26:11 -0600] "GET /wp-content/themes/default_es/style.css HTTP/1.1" 200 9885 "http://www.foobar.com/" "Mozilla/5.0 (Windows; U; Windows NT 5.1; es-ES; rv:1.8.1) Gecko/20061010 Firefox/2.0"
84.120.172.52 - - [13/Dec/2006:07:26:12 -0600] "GET /wp-content/themes/default_es/images/kubrickbgcolor.jpg HTTP/1.1" 200 558 "http://www.foobar.com/" "Mozilla/5.0 (Windows; U; Windows NT 5.1; es-ES; rv:1.8.1) Gecko/20061010 Firefox/2.0"
84.120.172.52 - - [13/Dec/2006:07:26:13 -0600] "GET /wp-content/themes/default_es/images/kubrickfooter.jpg HTTP/1.1" 200 2601 "http://www.foobar.com/" "Mozilla/5.0 (Windows; U; Windows NT 5.1; es-ES; rv:1.8.1) Gecko/20061010 Firefox/2.0"
84.120.172.52 - - [13/Dec/2006:07:26:12 -0600] "GET / HTTP/1.1" 200 41046 "-" "Mozilla/5.0 (Windows; U; Windows NT 5.1; es-ES; rv:1.8.1) Gecko/20061010 Firefox/2.0"
84.120.172.52 - - [13/Dec/2006:07:26:12 -0600] "GET /wp-content/themes/default_es/images/kubrickheader.png HTTP/1.1" 200 3850 "http://www.foobar.com/" "Mozilla/5.0 (Windows; U; Windows NT 5.1; es-ES; rv:1.8.1) Gecko/20061010 Firefox/2.0"
84.120.172.52 - - [13/Dec/2006:07:26:12 -0600] "GET /wp-content/themes/default_es/images/kubrickbg.jpg HTTP/1.1" 200 1047 "http://www.foobar.com/" "Mozilla/5.0 (Windows; U; Windows NT 5.1; es-ES; rv:1.8.1) Gecko/20061010 Firefox/2.0"
84.120.172.52 - - [13/Dec/2006:07:26:13 -0600] "GET /wp-content/themes/default_es/images/borjanet.png HTTP/1.1" 200 16169 "http://www.foobar.com/" "Mozilla/5.0 (Windows; U; Windows NT 5.1; es-ES; rv:1.8.1) Gecko/20061010 Firefox/2.0"
84.120.172.52 - - [13/Dec/2006:07:26:12 -0600] "GET /uploads/pronunciacion.png HTTP/1.1" 200 2058 "http://www.foobar.com/" "Mozilla/5.0 (Windows; U; Windows NT 5.1; es-ES; rv:1.8.1) Gecko/20061010 Firefox/2.0"
84.120.172.52 - - [13/Dec/2006:07:26:13 -0600] "GET /favicon.ico HTTP/1.1" 404 - "-" "Mozilla/5.0 (Windows; U; Windows NT 5.1; es-ES; rv:1.8.1) Gecko/20061010 Firefox/2.0"
84.120.172.52 - - [13/Dec/2006:07:26:14 -0600] "GET /favicon.ico HTTP/1.1" 404 - "-" "Mozilla/5.0 (Windows; U; Windows NT 5.1; es-ES; rv:1.8.1) Gecko/20061010 Firefox/2.0"
194.224.199.54 - - [13/Dec/2006:07:26:23 -0600] "GET /archives/category/general/page/10/ HTTP/1.1" 200 32300 "http://www.foobar.com/archives/category/general/page/9/" "noxtrumbot/1.0 (crawler@noxtrum.com)"
84.120.172.52 - - [13/Dec/2006:07:26:54 -0600] "GET /archives/2006/12/11/pronunciacion/ HTTP/1.1" 200 16037 "http://www.foobar.com/" "Mozilla/5.0 (Windows; U; Windows NT 5.1; es-ES; rv:1.8.1) Gecko/20061010 Firefox/2.0"
84.120.172.52 - - [13/Dec/2006:07:26:54 -0600] "GET /wp-content/themes/default_es/images/kubrickbgwide.jpg HTTP/1.1" 200 1020 "http://www.foobar.com/archives/2006/12/11/pronunciacion/" "Mozilla/5.0 (Windows; U; Windows NT 5.1; es-ES; rv:1.8.1) Gecko/20061010 Firefox/2.0"
83.32.53.25 - - [13/Dec/2006:07:27:18 -0600] "GET /favicon.ico HTTP/1.0" 404 - "http://www.netvibes.com/" "Mozilla/5.0 (Windows; U; Windows NT 5.1; es-ES; rv:1.8.0.8) Gecko/20061025 Firefox/1.5.0.8"
158.227.172.65 - - [13/Dec/2006:07:27:25 -0600] "GET /archives/2004/09/page/3/ HTTP/1.1" 200 32876 "http://www.foobar.com/archives/2004/09/page/2/" "Mozilla/4.0 (compatible; MSIE 6.0; Windows NT 5.0)"
194.224.199.54 - - [13/Dec/2006:07:27:27 -0600] "GET /archives/category/viajes/page/10/ HTTP/1.1" 200 31878 "http://www.foobar.com/archives/category/viajes/page/9/" "noxtrumbot/1.0 (crawler@noxtrum.com)"
158.227.172.65 - - [13/Dec/2006:07:27:27 -0600] "GET / HTTP/1.1" 200 41046 "-" "Mozilla/4.0 (compatible; MSIE 6.0; Windows NT 5.0)"
158.227.172.65 - - [13/Dec/2006:07:27:41 -0600] "GET /index.php?s=podometro HTTP/1.1" 200 25057 "http://www.foobar.com/archives/2004/09/page/3/" "Mozilla/4.0 (compatible; MSIE 6.0; Windows NT 5.0)"
158.227.172.65 - - [13/Dec/2006:07:27:43 -0600] "GET / HTTP/1.1" 200 41046 "-" "Mozilla/4.0 (compatible; MSIE 6.0; Windows NT 5.0)"
158.227.172.65 - - [13/Dec/2006:07:27:51 -0600] "GET /archives/2004/09/24/8121-pasos/ HTTP/1.1" 200 19807 "http://www.foobar.com/index.php?s=podometro" "Mozilla/4.0 (compatible; MSIE 6.0; Windows NT 5.0)"
158.227.172.65 - - [13/Dec/2006:07:27:53 -0600] "GET / HTTP/1.1" 200 41046 "-" "Mozilla/4.0 (compatible; MSIE 6.0; Windows NT 5.0)"
24.231.174.86 - - [13/Dec/2006:07:27:54 -0600] "GET /uploads/whoseline.jpg HTTP/1.1" 304 - "http://profile.myspace.com/index.cfm?fuseaction=user.viewprofile&friendid=11275308&MyToken=2847fe64-0b86-4221-8c1d-3d7866b5c0bb" "Mozilla/4.0 (compatible; MSIE 6.0; Windows NT 5.1; SV1; .NET CLR 1.1.4322)"
80.224.29.161 - - [13/Dec/2006:07:28:14 -0600] "GET /feed/ HTTP/1.0" 304 0 "-" "Liferea/1.0.26 (Linux; http://liferea.sf.net/)"
194.224.199.54 - - [13/Dec/2006:07:28:23 -0600] "GET /page/11/ HTTP/1.1" 200 35807 "http://www.foobar.com/page/10/" "noxtrumbot/1.0 (crawler@noxtrum.com)"
158.227.172.65 - - [13/Dec/2006:07:28:55 -0600] "GET /archives/2004/09/ HTTP/1.1" 200 31648 "http://www.foobar.com/index.php?s=podometro" "Mozilla/4.0 (compatible; MSIE 6.0; Windows NT 5.0)"
158.227.172.65 - - [13/Dec/2006:07:28:58 -0600] "GET / HTTP/1.1" 200 41046 "-" "Mozilla/4.0 (compatible; MSIE 6.0; Windows NT 5.0)"
212.168.173.12 - - [13/Dec/2006:07:29:04 -0600] "GET /feed/rss2 HTTP/1.1" 304 0 "-" "AlestiFeedBot/0.7 (http://www.alesti.org/; 1 subscriber)"
158.227.172.65 - - [13/Dec/2006:07:29:11 -0600] "GET /archives/2004/09/22/siguen-orientndonos/ HTTP/1.1" 200 27072 "http://www.foobar.com/archives/2004/09/" "Mozilla/4.0 (compatible; MSIE 6.0; Windows NT 5.0)"
158.227.172.65 - - [13/Dec/2006:07:29:14 -0600] "GET / HTTP/1.1" 200 41046 "-" "Mozilla/4.0 (compatible; MSIE 6.0; Windows NT 5.0)"
72.14.199.5 - - [13/Dec/2006:07:29:14 -0600] "GET /weblog/rdf HTTP/1.1" 304 0 "-" "Feedfetcher-Google; (+http://www.google.com/feedfetcher.html)"
131.202.212.90 - - [13/Dec/2006:07:29:19 -0600] "GET /feed/ HTTP/1.1" 304 0 "-" "NetNewsWire/2.1.1 (Mac OS X; http://ranchero.com/netnewswire/)"
83.35.134.42 - - [13/Dec/2006:07:29:20 -0600] "GET /feed/ HTTP/1.1" 304 0 "-" "Mozilla/5.0 (Windows; U; Windows NT 5.1; ca; rv:1.8.0.8) Gecko/20061025 Firefox/1.5.0.8"
194.224.199.54 - - [13/Dec/2006:07:29:23 -0600] "GET /archives/category/life-in-chicago/page/11/ HTTP/1.1" 200 32322 "http://www.foobar.com/archives/category/life-in-chicago/page/10/" "noxtrumbot/1.0 (crawler@noxtrum.com)"
85.56.32.16 - - [13/Dec/2006:07:29:35 -0600] "GET /archives/2006/01/19/television-americana/ HTTP/1.1" 200 0 "http://images.google.es/imgres?imgurl=http://www.foobar.com/uploads/Family_guy_logo.png&imgrefurl=http://www.foobar.com/archives/2006/01/19/television-americana/&h=189&w=300&sz=28&hl=es&start=16&tbnid=qlC6Gq_pQxf_tM:&tbnh=73&tbnw=116&prev=/images%3Fq%3Dpadre%2Bde%2Bfamilia%26svnum%3D10%26hl%3Des%26lr%3D%26sa%3DG" "Mozilla/4.0 (compatible; MSIE 6.0; Windows NT 5.1; SV1; FunWebProducts; InfoPath.1; .NET CLR 1.1.4322; .NET CLR 2.0.50727)"
85.56.32.16 - - [13/Dec/2006:07:29:35 -0600] "GET /uploads/Family_guy_logo.png HTTP/1.1" 404 - "http://images.google.es/imgres?imgurl=http://www.foobar.com/uploads/Family_guy_logo.png&imgrefurl=http://www.foobar.com/archives/2006/01/19/television-americana/&h=189&w=300&sz=28&tbnid=qlC6Gq_pQxf_tM:&tbnh=73&tbnw=116&hl=es&prev=/images%3Fq%3Dpadre%2Bde%2Bfamilia%26svnum%3D10%26hl%3Des%26lr%3D%26sa%3DG&frame=small" "Mozilla/4.0 (compatible; MSIE 6.0; Windows NT 5.1; SV1; FunWebProducts; InfoPath.1; .NET CLR 1.1.4322; .NET CLR 2.0.50727)"
210.173.180.164 - - [13/Dec/2006:07:29:44 -0600] "GET /archives/2004/09/29/primer-da-de-clase/feed/ HTTP/1.1" 200 11298 "-" "ichiro/2.0 (http://help.goo.ne.jp/door/crawler.html)"
85.60.138.127 - - [13/Dec/2006:07:29:51 -0600] "GET / HTTP/1.1" 200 41046 "-" "Mozilla/5.0 (Windows; U; Windows NT 5.1; es-ES; rv:1.8.1) Gecko/20061010 Firefox/2.0"
85.60.138.127 - - [13/Dec/2006:07:29:52 -0600] "GET /wp-content/themes/default_es/style.css HTTP/1.1" 200 9885 "http://www.foobar.com/" "Mozilla/5.0 (Windows; U; Windows NT 5.1; es-ES; rv:1.8.1) Gecko/20061010 Firefox/2.0"
195.27.215.89 - - [13/Dec/2006:07:29:54 -0600] "GET /archives/2005/05/page/1/ HTTP/1.0" 200 32278 "-" "Seekbot/1.0 (http://www.seekbot.net/bot.html) HTTPFetcher/0.3"
85.60.138.127 - - [13/Dec/2006:07:29:55 -0600] "GET /wp-content/themes/default_es/images/kubrickbgcolor.jpg HTTP/1.1" 200 558 "http://www.foobar.com/" "Mozilla/5.0 (Windows; U; Windows NT 5.1; es-ES; rv:1.8.1) Gecko/20061010 Firefox/2.0"
85.60.138.127 - - [13/Dec/2006:07:29:55 -0600] "GET /uploads/pronunciacion.png HTTP/1.1" 200 2058 "http://www.foobar.com/" "Mozilla/5.0 (Windows; U; Windows NT 5.1; es-ES; rv:1.8.1) Gecko/20061010 Firefox/2.0"
85.60.138.127 - - [13/Dec/2006:07:29:55 -0600] "GET /wp-content/themes/default_es/images/borjanet.png HTTP/1.1" 200 16169 "http://www.foobar.com/" "Mozilla/5.0 (Windows; U; Windows NT 5.1; es-ES; rv:1.8.1) Gecko/20061010 Firefox/2.0"
85.60.138.127 - - [13/Dec/2006:07:29:56 -0600] "GET /wp-content/themes/default_es/images/kubrickbg.jpg HTTP/1.1" 200 1047 "http://www.foobar.com/" "Mozilla/5.0 (Windows; U; Windows NT 5.1; es-ES; rv:1.8.1) Gecko/20061010 Firefox/2.0"
85.60.138.127 - - [13/Dec/2006:07:29:56 -0600] "GET /wp-content/themes/default_es/images/kubrickheader.png HTTP/1.1" 200 3850 "http://www.foobar.com/" "Mozilla/5.0 (Windows; U; Windows NT 5.1; es-ES; rv:1.8.1) Gecko/20061010 Firefox/2.0"
85.60.138.127 - - [13/Dec/2006:07:29:56 -0600] "GET /wp-content/themes/default_es/images/kubrickfooter.jpg HTTP/1.1" 200 2601 "http://www.foobar.com/" "Mozilla/5.0 (Windows; U; Windows NT 5.1; es-ES; rv:1.8.1) Gecko/20061010 Firefox/2.0"
85.60.138.127 - - [13/Dec/2006:07:29:59 -0600] "GET /favicon.ico HTTP/1.1" 404 - "-" "Mozilla/5.0 (Windows; U; Windows NT 5.1; es-ES; rv:1.8.1) Gecko/20061010 Firefox/2.0"
194.224.199.54 - - [13/Dec/2006:07:30:25 -0600] "GET /archives/category/general/page/11/ HTTP/1.1" 200 32396 "http://www.foobar.com/archives/category/general/page/10/" "noxtrumbot/1.0 (crawler@noxtrum.com)"
190.65.69.110 - - [13/Dec/2006:07:30:27 -0600] "GET /feed/atom/ HTTP/1.1" 304 0 "-" "Mozilla/5.0 (Windows; U; Windows NT 5.1; es-AR; rv:1.8.1) Gecko/20061010 Firefox/2.0"
24.231.174.86 - - [13/Dec/2006:07:30:42 -0600] "GET /uploads/whoseline.jpg HTTP/1.1" 304 - "http://profile.myspace.com/index.cfm?fuseaction=user.viewprofile&friendid=11275308&MyToken=8c645a25-5fb7-4652-b68f-c9010538f92f" "Mozilla/4.0 (compatible; MSIE 6.0; Windows NT 5.1; SV1; .NET CLR 1.1.4322)"
201.90.202.74 - - [13/Dec/2006:07:30:57 -0600] "GET /uploads/whoseline.jpg HTTP/1.1" 200 13096 "http://nowloaded.org/forum/index.php?showtopic=22951&st=0" "Mozilla/5.0 (Windows; U; Windows NT 5.1; pt-BR; rv:1.8.0.8) Gecko/20061025 Firefox/1.5.0.8"
194.224.199.54 - - [13/Dec/2006:07:31:24 -0600] "GET /archives/category/viajes/page/11/ HTTP/1.1" 200 32565 "http://www.foobar.com/archives/category/viajes/page/10/" "noxtrumbot/1.0 (crawler@noxtrum.com)"
65.214.44.29 - - [13/Dec/2006:07:31:28 -0600] "GET /feed/atom/ HTTP/1.1" 304 0 "-" "Bloglines/3.1 (http://www.bloglines.com; 6 subscribers)"
74.6.71.99 - - [13/Dec/2006:07:31:32 -0600] "GET /archives/2003/08/28/otras-19-horas-en-avin/ HTTP/1.0" 200 17749 "-" "Mozilla/5.0 (compatible; Yahoo! Slurp; http://help.yahoo.com/help/us/ysearch/slurp)"
85.84.60.245 - - [13/Dec/2006:07:31:57 -0600] "GET /feed/atom/ HTTP/1.1" 304 0 "-" "Mozilla/5.0 (X11; U; Linux i686; es-ES; rv:1.8.1) Gecko/20060601 Firefox/2.0 (Ubuntu-edgy)"
201.252.164.254 - - [13/Dec/2006:07:32:13 -0600] "GET /uploads/Family_guy_logo.png HTTP/1.1" 404 - "http://images.google.com.ar/imgres?imgurl=http://www.foobar.com/uploads/Family_guy_logo.png&imgrefurl=http://www.foobar.com/archives/2006/01/19/television-americana/&h=189&w=300&sz=28&tbnid=qlC6Gq_pQxf_tM:&tbnh=73&tbnw=116&hl=es&prev=/images%3Fq%3DPADRE%2BDE%2BFAMILIA%26svnum%3D10%26hl%3Des%26lr%3D%26rls%3DGGLD,GGLD:2004-42,GGLD:es&frame=small" "Mozilla/4.0 (compatible; MSIE 6.0; Windows NT 5.1)"
201.252.164.254 - - [13/Dec/2006:07:32:17 -0600] "GET /archives/2006/01/19/television-americana/ HTTP/1.1" 200 0 "http://images.google.com.ar/imgres?imgurl=http://www.foobar.com/uploads/Family_guy_logo.png&imgrefurl=http://www.foobar.com/archives/2006/01/19/television-americana/&h=189&w=300&sz=28&hl=es&start=16&tbnid=qlC6Gq_pQxf_tM:&tbnh=73&tbnw=116&prev=/images%3Fq%3DPADRE%2BDE%2BFAMILIA%26svnum%3D10%26hl%3Des%26lr%3D%26rls%3DGGLD,GGLD:2004-42,GGLD:es" "Mozilla/4.0 (compatible; MSIE 6.0; Windows NT 5.1)"
83.58.251.144 - - [13/Dec/2006:07:32:24 -0600] "GET /favicon.ico HTTP/1.1" 404 - "-" "NewzCrawler/1.7 (compatible; MSIE 6.00; Newz Crawler 1.7; http://www.newzcrawler.com/ )"
83.43.49.69 - - [13/Dec/2006:07:32:26 -0600] "GET /uploads/fondo1.png HTTP/1.1" 200 20735 "http://images.google.es/imgres?imgurl=http://www.foobar.com/uploads/fondo1.png&imgrefurl=http://www.foobar.com/archives/2006/01/14/meme-avataresco-y-fondopantallesco/&h=225&w=300&sz=21&tbnid=86OSQVjaeAFCOM:&tbnh=87&tbnw=116&hl=es&prev=/images%3Fq%3Dkukuxumusu%26start%3D100%26ndsp%3D20%26svnum%3D10%26hl%3Des%26lr%3D%26rls%3DGGLJ,GGLJ:2006-45,GGLJ:es%26sa%3DN&frame=small" "Mozilla/4.0 (compatible; MSIE 6.0; Windows NT 5.0)"
83.58.251.144 - - [13/Dec/2006:07:32:26 -0600] "GET /weblog/rdf HTTP/1.1" 304 0 "-" "NewzCrawler/1.7 (compatible; MSIE 6.00; Newz Crawler 1.7; http://www.newzcrawler.com/ )"
83.43.49.69 - - [13/Dec/2006:07:32:29 -0600] "GET /archives/2006/01/14/meme-avataresco-y-fondopantallesco/ HTTP/1.1" 200 0 "http://images.google.es/imgres?imgurl=http://www.foobar.com/uploads/fondo1.png&imgrefurl=http://www.foobar.com/archives/2006/01/14/meme-avataresco-y-fondopantallesco/&h=225&w=300&sz=21&hl=es&start=115&tbnid=86OSQVjaeAFCOM:&tbnh=87&tbnw=116&prev=/images%3Fq%3Dkukuxumusu%26start%3D100%26ndsp%3D20%26svnum%3D10%26hl%3Des%26lr%3D%26rls%3DGGLJ,GGLJ:2006-45,GGLJ:es%26sa%3DN" "Mozilla/4.0 (compatible; MSIE 6.0; Windows NT 5.0)"
199.6.38.66 - - [13/Dec/2006:07:32:30 -0600] "GET /uploads/Family_guy_logo.png HTTP/1.1" 404 - "http://profile.myspace.com/index.cfm?fuseaction=user.viewprofile&friendid=15711520&MyToken=3f41a4db-1e43-4e9a-9318-0ac532ca3b21" "Mozilla/4.0 (compatible; MSIE 6.0; Windows NT 5.1; SV1; .NET CLR 1.1.4322)"
83.58.251.144 - - [13/Dec/2006:07:32:30 -0600] "GET /archives/2006/05/12/nostalgia-2/feed/ HTTP/1.1" 304 0 "-" "NewzCrawler/1.7 (compatible; MSIE 6.00; Newz Crawler 1.7; http://www.newzcrawler.com/ )"
194.224.199.54 - - [13/Dec/2006:07:32:32 -0600] "GET /archives/category/life-in-chicago/page/12/ HTTP/1.1" 200 33177 "http://www.foobar.com/archives/category/life-in-chicago/page/11/" "noxtrumbot/1.0 (crawler@noxtrum.com)"
83.58.251.144 - - [13/Dec/2006:07:32:32 -0600] "GET /archives/2006/11/14/advanced-wookie-laboratories/feed/ HTTP/1.1" 304 0 "-" "NewzCrawler/1.7 (compatible; MSIE 6.00; Newz Crawler 1.7; http://www.newzcrawler.com/ )"
83.58.251.144 - - [13/Dec/2006:07:32:34 -0600] "GET /archives/2006/11/18/acento-inclasificable/feed/ HTTP/1.1" 304 0 "-" "NewzCrawler/1.7 (compatible; MSIE 6.00; Newz Crawler 1.7; http://www.newzcrawler.com/ )"
83.58.251.144 - - [13/Dec/2006:07:32:35 -0600] "GET /archives/2006/11/26/%c2%bfpor-que-escribes-un-blog/feed/ HTTP/1.1" 304 0 "-" "NewzCrawler/1.7 (compatible; MSIE 6.00; Newz Crawler 1.7; http://www.newzcrawler.com/ )"
83.58.251.144 - - [13/Dec/2006:07:32:37 -0600] "GET /archives/2006/11/26/%c2%bfpor-que-lees-mi-blog/feed/ HTTP/1.1" 304 0 "-" "NewzCrawler/1.7 (compatible; MSIE 6.00; Newz Crawler 1.7; http://www.newzcrawler.com/ )"
83.58.251.144 - - [13/Dec/2006:07:32:38 -0600] "GET /archives/2006/11/28/gigantes-en-la-era-del-silicio/feed/ HTTP/1.1" 304 0 "-" "NewzCrawler/1.7 (compatible; MSIE 6.00; Newz Crawler 1.7; http://www.newzcrawler.com/ )"
83.58.251.144 - - [13/Dec/2006:07:32:39 -0600] "GET /archives/2006/12/01/nieve-ahora-si/feed/ HTTP/1.1" 304 0 "-" "NewzCrawler/1.7 (compatible; MSIE 6.00; Newz Crawler 1.7; http://www.newzcrawler.com/ )"
83.58.251.144 - - [13/Dec/2006:07:32:41 -0600] "GET /archives/2006/12/11/pronunciacion/feed/ HTTP/1.1" 304 0 "-" "NewzCrawler/1.7 (compatible; MSIE 6.00; Newz Crawler 1.7; http://www.newzcrawler.com/ )"
83.43.49.69 - - [13/Dec/2006:07:32:44 -0600] "GET /archives/2006/01/14/meme-avataresco-y-fondopantallesco/ HTTP/1.1" 200 17137 "http://images.google.es/imgres?imgurl=http://www.foobar.com/uploads/fondo1.png&imgrefurl=http://www.foobar.com/archives/2006/01/14/meme-avataresco-y-fondopantallesco/&h=225&w=300&sz=21&hl=es&start=115&tbnid=86OSQVjaeAFCOM:&tbnh=87&tbnw=116&prev=/images%3Fq%3Dkukuxumusu%26start%3D100%26ndsp%3D20%26svnum%3D10%26hl%3Des%26lr%3D%26rls%3DGGLJ,GGLJ:2006-45,GGLJ:es%26sa%3DN" "Mozilla/4.0 (compatible; MSIE 6.0; Windows NT 5.0)"
83.43.49.69 - - [13/Dec/2006:07:32:46 -0600] "GET /wp-content/themes/default_es/style.css HTTP/1.1" 200 9885 "http://www.foobar.com/archives/2006/01/14/meme-avataresco-y-fondopantallesco/" "Mozilla/4.0 (compatible; MSIE 6.0; Windows NT 5.0)"
83.43.49.69 - - [13/Dec/2006:07:32:47 -0600] "GET /uploads/avatar1.png HTTP/1.1" 200 31934 "http://www.foobar.com/archives/2006/01/14/meme-avataresco-y-fondopantallesco/" "Mozilla/4.0 (compatible; MSIE 6.0; Windows NT 5.0)"
83.43.49.69 - - [13/Dec/2006:07:32:47 -0600] "GET /wp-content/themes/default_es/images/borjanet.png HTTP/1.1" 200 16169 "http://www.foobar.com/archives/2006/01/14/meme-avataresco-y-fondopantallesco/" "Mozilla/4.0 (compatible; MSIE 6.0; Windows NT 5.0)"
83.43.49.69 - - [13/Dec/2006:07:32:48 -0600] "GET /uploads/avatar2.png HTTP/1.1" 200 21983 "http://www.foobar.com/archives/2006/01/14/meme-avataresco-y-fondopantallesco/" "Mozilla/4.0 (compatible; MSIE 6.0; Windows NT 5.0)"
